CREATE TABLE `ps_country_shop` (
  `id_country` int(11) unsigned NOT NULL,
  `id_shop` int(11) unsigned NOT NULL,
  PRIMARY KEY (`id_country`,`id_shop`),
  KEY `id_shop` (`id_shop`)
) ENGINE=InnoDB DEFAULT CHARSET=utf8;

--
-- Dumping data for table `ps_country_shop`
--

INSERT INTO `ps_country_shop` VALUES (1,1),(2,1),(3,1),(4,1),(5,1),(6,1),(7,1),(8,1),(9,1),(10,1),(11,1),(12,1),(13,1),(14,1),(15,1),(16,1),(17,1),(18,1),(19,1),(20,1),(21,1),(22,1),(23,1),(24,1),(25,1),(26,1),(27,1),(28,1),(29,1),(30,1),(31,1),(32,1),(33,1),(34,1),(35,1),(36,1),(37,1),(38,1),(39,1),(40,1),(41,1),(42,1),(43,1),(44,1),(45,1),(46,1),(47,1),(48,1),(49,1),(50,1),(51,1),(52,1),(53,1),(54,1),(55,1),(56,1),(57,1),(58,1),(59,1),(60,1),(61,1),(62,1),(63,1),(64,1),(65,1),(66,1),(67,1),(68,1),(69,1),(70,1),(71,1),(72,1),(73,1),(74,1),(75,1),(76,1),(77,1),(78,1),(79,1),(80,1),(81,1),(82,1),(83,1),(84,1),(85,1),(86,1),(87,1),(88,1),(89,1),(90,1),(91,1),(92,1),(93,1),(94,1),(95,1),(96,1),(97,1),(98,1),(99,1),(100,1),(101,1),(102,1),(103,1),(104,1),(105,1),(106,1),(107,1),(108,1),(109,1),(110,1),(111,1),(112,1),(113,1),(114,1),(115,1),(116,1),(117,1),(118,1),(119,1),(120,1),(121,1),(122,1),(123,1),(124,1),(125,1),(126,1),(127,1),(128,1),(129,1),(130,1),(131,1),(132,1),(133,1),(134,1),(135,1),(136,1),(137,1),(138,1),(139,1),(140,1),(141,1),(142,1),(143,1),(144,1),(145,1),(146,1),(147,1),(148,1),(149,1),(150,1),(151,1),(152,1),(153,1),(154,1),(155,1),(156,1),(157,1),(158,1),(159,1),(160,1),(161,1),(162,1),(163,1),(164,1),(165,1),(166,1),(167,1),(168,1),(169,1),(170,1),(171,1),(172,1),(173,1),(174,1),(175,1),(176,1),(177,1),(178,1),(179,1),(180,1),(181,1),(182,1),(183,1),(184,1),(185,1),(186,1),(187,1),(188,1),(189,1),(190,1),(191,1),(192,1),(193,1),(194,1),(195,1),(196,1),(197,1),(198,1),(199,1),(200,1),(201,1),(202,1),(203,1),(204,1),(205,1),(206,1),(207,1),(208,1),(209,1),(210,1),(211,1),(212,1),(213,1),(214,1),(215,1),(216,1),(217,1),(218,1),(219,1),(220,1),(221,1),(222,1),(223,1),(224,1),(225,1),(226,1),(227,1),(228,1),(229,1),(230,1),(231,1),(232,1),(233,1),(234,1),(235,1),(236,1),(237,1),(238,1),(239,1),(240,1),(241,1),(242,1),(243,1),(244,1);

--
-- Table structure for table `ps_currency`
--

CREATE TABLE `ps_currency` (
  `id_currency` int(10) unsigned NOT NULL AUTO_INCREMENT,
  `name` varchar(32) NOT NULL,
  `iso_code` varchar(3) NOT NULL DEFAULT '0',
  `iso_code_num` varchar(3) NOT NULL DEFAULT '0',
  `sign` varchar(8) NOT NULL,
  `blank` tinyint(1) unsigned NOT NULL DEFAULT '0',
  `format` tinyint(1) unsigned NOT NULL DEFAULT '0',
  `decimals` tinyint(1) unsigned NOT NULL DEFAULT '1',
  `conversion_rate` decimal(13,6) NOT NULL,
  `deleted` tinyint(1) unsigned NOT NULL DEFAULT '0',
  `active` tinyint(1) unsigned NOT NULL DEFAULT '1',
  PRIMARY KEY (`id_currency`)
) ENGINE=InnoDB AUTO_INCREMENT=2 DEFAULT CHARSET=utf8;

--
-- Dumping data for table `ps_currency`
--

INSERT INTO `ps_currency` VALUES (1,'Euro','EUR','978','€',1,2,1,1.000000,0,1);

--
-- Table structure for table `ps_currency_shop`
--

CREATE TABLE `ps_currency_shop` (
  `id_currency` int(11) unsigned NOT NULL,
  `id_shop` int(11) unsigned NOT NULL,
  `conversion_rate` decimal(13,6) NOT NULL,
  PRIMARY KEY (`id_currency`,`id_shop`),
  KEY `id_shop` (`id_shop`)
) ENGINE=InnoDB DEFAULT CHARSET=utf8;

--
-- Dumping data for table `ps_currency_shop`
--

INSERT INTO `ps_currency_shop` VALUES (1,1,1.000000);

--
-- Table structure for table `ps_customer_group`
--

CREATE TABLE `ps_customer_group` (
  `id_customer` int(10) unsigned NOT NULL,
  `id_group` int(10) unsigned NOT NULL,
  PRIMARY KEY (`id_customer`,`id_group`),
  KEY `customer_login` (`id_group`),
  KEY `id_customer` (`id_customer`)
) ENGINE=InnoDB DEFAULT CHARSET=utf8;

--
-- Dumping data for table `ps_customer_group`
--

INSERT INTO `ps_customer_group` VALUES (2,3);

--
-- Table structure for table `ps_customer_message`
--

CREATE TABLE `ps_customer_message` (
  `id_customer_message` int(10) unsigned NOT NULL AUTO_INCREMENT,
  `id_customer_thread` int(11) DEFAULT NULL,
  `id_employee` int(10) unsigned DEFAULT NULL,
  `message` mediumtext NOT NULL,
  `file_name` varchar(18) DEFAULT NULL,
  `ip_address` varchar(16) DEFAULT NULL,
  `user_agent` varchar(128) DEFAULT NULL,
  `date_add` datetime NOT NULL,
  `date_upd` datetime NOT NULL,
  `private` tinyint(4) NOT NULL DEFAULT '0',
  `read` tinyint(1) NOT NULL DEFAULT '0',
  PRIMARY KEY (`id_customer_message`),
  KEY `id_customer_thread` (`id_customer_thread`),
  KEY `id_employee` (`id_employee`)
) ENGINE=InnoDB AUTO_INCREMENT=2 DEFAULT CHARSET=utf8;

--
-- Dumping data for table `ps_customer_message`
--

INSERT INTO `ps_customer_message` VALUES (1,1,0,'sdsdsdsdsdsd','','3584479511','Mozilla/5.0 (X11; Ubuntu; Linux x86_64; rv:47.0) Gecko/20100101 Firefox/47.0','2016-12-05 11:19:25','2016-12-05 11:19:25',0,0);

--
-- Table structure for table `ps_customer_message_sync_imap`
--

CREATE TABLE `ps_customer_message_sync_imap` (
  `md5_header` varbinary(32) NOT NULL,
  KEY `md5_header_index` (`md5_header`(4))
) ENGINE=InnoDB DEFAULT CHARSET=utf8;

--
-- Dumping data for table `ps_customer_message_sync_imap`
--


--
-- Table structure for table `ps_customization`
--

CREATE TABLE `ps_customization` (
  `id_customization` int(10) unsigned NOT NULL AUTO_INCREMENT,
  `id_product_attribute` int(10) unsigned NOT NULL DEFAULT '0',
  `id_address_delivery` int(10) unsigned NOT NULL DEFAULT '0',
  `id_cart` int(10) unsigned NOT NULL,
  `id_product` int(10) NOT NULL,
  `quantity` int(10) NOT NULL,
  `quantity_refunded` int(11) NOT NULL DEFAULT '0',
  `quantity_returned` int(11) NOT NULL DEFAULT '0',
  `in_cart` tinyint(1) unsigned NOT NULL DEFAULT '0',
  PRIMARY KEY (`id_customization`,`id_cart`,`id_product`,`id_address_delivery`),
  KEY `id_product_attribute` (`id_product_attribute`),
  KEY `id_cart_product` (`id_cart`,`id_product`,`id_product_attribute`)
) ENGINE=InnoDB DEFAULT CHARSET=utf8;

--
-- Dumping data for table `ps_customization`
--


--
-- Table structure for table `ps_customization_field`
--

CREATE TABLE `ps_customization_field` (
  `id_customization_field` int(10) unsigned NOT NULL AUTO_INCREMENT,
  `id_product` int(10) unsigned NOT NULL,
  `type` tinyint(1) NOT NULL,
  `required` tinyint(1) NOT NULL,
  PRIMARY KEY (`id_customization_field`),
  KEY `id_product` (`id_product`)
) ENGINE=InnoDB DEFAULT CHARSET=utf8;

--
-- Dumping data for table `ps_customization_field`
--


--
-- Table structure for table `ps_customization_field_lang`
--

CREATE TABLE `ps_customization_field_lang` (
  `id_customization_field` int(10) unsigned NOT NULL,
  `id_lang` int(10) unsigned NOT NULL,
  `id_shop` int(10) unsigned NOT NULL DEFAULT '1',
  `name` varchar(255) NOT NULL,
  PRIMARY KEY (`id_customization_field`,`id_lang`,`id_shop`)
) ENGINE=InnoDB DEFAULT CHARSET=utf8;

--
-- Dumping data for table `ps_customization_field_lang`
--


--
-- Table structure for table `ps_customized_data`
--

CREATE TABLE `ps_customized_data` (
  `id_customization` int(10) unsigned NOT NULL,
  `type` tinyint(1) NOT NULL,
  `index` int(3) NOT NULL,
  `value` varchar(255) NOT NULL,
  PRIMARY KEY (`id_customization`,`type`,`index`)
) ENGINE=InnoDB DEFAULT CHARSET=utf8;

--
-- Dumping data for table `ps_customized_data`
--


--
-- Table structure for table `ps_date_range`
--

CREATE TABLE `ps_date_range` (
  `id_date_range` int(10) unsigned NOT NULL AUTO_INCREMENT,
  `time_start` datetime NOT NULL,
  `time_end` datetime NOT NULL,
  PRIMARY KEY (`id_date_range`)
) ENGINE=InnoDB DEFAULT CHARSET=utf8;

--
-- Dumping data for table `ps_date_range`
--


--
-- Table structure for table `ps_delivery`
--

CREATE TABLE `ps_delivery` (
  `id_delivery` int(10) unsigned NOT NULL AUTO_INCREMENT,
  `id_shop` int(10) unsigned DEFAULT NULL,
  `id_shop_group` int(10) unsigned DEFAULT NULL,
  `id_carrier` int(10) unsigned NOT NULL,
  `id_range_price` int(10) unsigned DEFAULT NULL,
  `id_range_weight` int(10) unsigned DEFAULT NULL,
  `id_zone` int(10) unsigned NOT NULL,
  `price` decimal(20,6) NOT NULL,
  PRIMARY KEY (`id_delivery`),
  KEY `id_zone` (`id_zone`),
  KEY `id_carrier` (`id_carrier`,`id_zone`),
  KEY `id_range_price` (`id_range_price`),
  KEY `id_range_weight` (`id_range_weight`)
) ENGINE=InnoDB AUTO_INCREMENT=1865 DEFAULT CHARSET=utf8;

--
-- Dumping data for table `ps_delivery`
--

INSERT INTO `ps_delivery` VALUES (1,1,1,2,1,0,1,0.000000),(2,1,1,2,1,0,2,0.000000),(3,1,1,2,0,1,1,0.000000),(4,1,1,2,0,1,2,0.000000),(5,NULL,NULL,2,0,1,1,5.000000),(6,NULL,NULL,2,0,1,2,5.000000),(7,NULL,NULL,2,1,0,1,5.000000),(8,NULL,NULL,2,1,0,2,5.000000),(11,NULL,NULL,6,NULL,2,1,5.500000),(12,NULL,NULL,6,NULL,2,7,5.500000),(15,NULL,NULL,6,NULL,3,1,6.450000),(16,NULL,NULL,6,NULL,3,7,6.450000),(19,NULL,NULL,6,NULL,4,1,7.250000),(20,NULL,NULL,6,NULL,4,7,7.250000),(23,NULL,NULL,6,NULL,5,1,7.900000),(24,NULL,NULL,6,NULL,5,7,7.900000),(27,NULL,NULL,6,NULL,6,1,8.950000),(28,NULL,NULL,6,NULL,6,7,8.950000),(31,NULL,NULL,6,NULL,7,1,11.500000),(32,NULL,NULL,6,NULL,7,7,11.500000),(35,NULL,NULL,6,NULL,8,1,16.500000),(36,NULL,NULL,6,NULL,8,7,16.500000),(39,NULL,NULL,6,NULL,9,1,24.500000),(40,NULL,NULL,6,NULL,9,7,24.500000),(43,NULL,NULL,7,NULL,10,1,8.000000),(44,NULL,NULL,7,NULL,10,7,8.000000),(47,NULL,NULL,7,NULL,11,1,8.950000),(48,NULL,NULL,7,NULL,11,7,8.950000),(51,NULL,NULL,7,NULL,12,1,9.750000),(52,NULL,NULL,7,NULL,12,7,9.750000),(55,NULL,NULL,7,NULL,13,1,10.400000),(56,NULL,NULL,7,NULL,13,7,10.400000),(59,NULL,NULL,7,NULL,14,1,11.450000),(60,NULL,NULL,7,NULL,14,7,11.450000),(63,NULL,NULL,7,NULL,15,1,14.000000),(64,NULL,NULL,7,NULL,15,7,14.000000),(67,NULL,NULL,7,NULL,16,1,19.000000),(68,NULL,NULL,7,NULL,16,7,19.000000),(71,NULL,NULL,7,NULL,17,1,27.000000),(72,NULL,NULL,7,NULL,17,7,27.000000),(75,NULL,NULL,8,NULL,18,1,8.900000),(76,NULL,NULL,8,NULL,18,7,8.900000),(79,NULL,NULL,8,NULL,19,1,9.850000),(80,NULL,NULL,8,NULL,19,7,9.850000),(83,NULL,NULL,8,NULL,20,1,10.650000),(84,NULL,NULL,8,NULL,20,7,10.650000),(87,NULL,NULL,8,NULL,21,1,11.300000),(88,NULL,NULL,8,NULL,21,7,11.300000),(91,NULL,NULL,8,NULL,22,1,12.350000),(92,NULL,NULL,8,NULL,22,7,12.350000),(95,NULL,NULL,8,NULL,23,1,14.900000),(96,NULL,NULL,8,NULL,23,7,14.900000),(99,NULL,NULL,8,NULL,24,1,19.900000),(100,NULL,NULL,8,NULL,24,7,19.900000),(103,NULL,NULL,8,NULL,25,1,27.900000),(104,NULL,NULL,8,NULL,25,7,27.900000),(108,NULL,NULL,10,NULL,26,1,15.000000),(109,NULL,NULL,10,NULL,26,7,15.000000),(110,NULL,NULL,10,NULL,26,9,5.500000),(114,NULL,NULL,10,NULL,27,1,15.000000),(115,NULL,NULL,10,NULL,27,7,15.000000),(116,NULL,NULL,10,NULL,27,9,6.500000),(120,NULL,NULL,10,NULL,28,1,17.000000),(121,NULL,NULL,10,NULL,28,7,17.000000),(122,NULL,NULL,10,NULL,28,9,7.500000),(126,NULL,NULL,10,NULL,29,1,17.000000),(127,NULL,NULL,10,NULL,29,7,17.000000),(128,NULL,NULL,10,NULL,29,9,8.000000),(132,NULL,NULL,10,NULL,30,1,17.000000),(133,NULL,NULL,10,NULL,30,7,17.000000),(134,NULL,NULL,10,NULL,30,9,9.000000),(138,NULL,NULL,10,NULL,31,1,26.000000),(139,NULL,NULL,10,NULL,31,7,26.000000),(140,NULL,NULL,10,NULL,31,9,11.000000),(144,NULL,NULL,10,NULL,32,1,45.000000),(145,NULL,NULL,10,NULL,32,7,45.000000),(146,NULL,NULL,10,NULL,32,9,15.000000),(150,NULL,NULL,10,NULL,33,1,95.000000),(151,NULL,NULL,10,NULL,33,7,95.000000),(152,NULL,NULL,10,NULL,33,9,31.000000),(154,NULL,NULL,11,NULL,34,9,5.500000),(156,NULL,NULL,11,NULL,35,9,6.500000),(158,NULL,NULL,11,NULL,36,9,7.500000),(160,NULL,NULL,11,NULL,37,9,8.000000),(162,NULL,NULL,11,NULL,38,9,9.000000),(164,NULL,NULL,11,NULL,39,9,11.000000),(166,NULL,NULL,11,NULL,40,9,15.000000),(168,NULL,NULL,11,NULL,41,9,31.000000),(171,NULL,NULL,12,NULL,42,1,5.500000),(172,NULL,NULL,12,NULL,42,9,5.500000),(175,NULL,NULL,12,NULL,43,1,6.500000),(176,NULL,NULL,12,NULL,43,9,6.500000),(179,NULL,NULL,12,NULL,44,1,7.500000),(180,NULL,NULL,12,NULL,44,9,7.500000),(183,NULL,NULL,12,NULL,45,1,8.000000),(184,NULL,NULL,12,NULL,45,9,8.000000),(187,NULL,NULL,12,NULL,46,1,9.000000),(188,NULL,NULL,12,NULL,46,9,9.000000),(191,NULL,NULL,12,NULL,47,1,11.000000),(192,NULL,NULL,12,NULL,47,9,11.000000),(195,NULL,NULL,12,NULL,48,1,15.000000),(196,NULL,NULL,12,NULL,48,9,15.000000),(199,NULL,NULL,12,NULL,49,1,31.000000),(200,NULL,NULL,12,NULL,49,9,31.000000),(204,NULL,NULL,13,NULL,50,1,5.500000),(205,NULL,NULL,13,NULL,50,7,0.000000),(206,NULL,NULL,13,NULL,50,9,5.500000),(210,NULL,NULL,13,NULL,51,1,6.450000),(211,NULL,NULL,13,NULL,51,7,0.000000),(212,NULL,NULL,13,NULL,51,9,6.450000),(216,NULL,NULL,13,NULL,52,1,7.250000),(217,NULL,NULL,13,NULL,52,7,0.000000),(218,NULL,NULL,13,NULL,52,9,7.250000),(222,NULL,NULL,13,NULL,53,1,7.900000),(223,NULL,NULL,13,NULL,53,7,0.000000),(224,NULL,NULL,13,NULL,53,9,7.900000),(228,NULL,NULL,13,NULL,54,1,8.950000),(229,NULL,NULL,13,NULL,54,7,0.000000),(230,NULL,NULL,13,NULL,54,9,8.950000),(234,NULL,NULL,13,NULL,55,1,11.500000),(235,NULL,NULL,13,NULL,55,7,0.000000),(236,NULL,NULL,13,NULL,55,9,11.500000),(240,NULL,NULL,13,NULL,56,1,16.500000),(241,NULL,NULL,13,NULL,56,7,0.000000),(242,NULL,NULL,13,NULL,56,9,16.500000),(246,NULL,NULL,13,NULL,57,1,24.500000),(247,NULL,NULL,13,NULL,57,7,0.000000),(248,NULL,NULL,13,NULL,57,9,24.500000),(252,NULL,NULL,14,NULL,58,1,11.500000),(253,NULL,NULL,14,NULL,58,7,14.000000),(254,NULL,NULL,14,NULL,58,9,5.500000),(258,NULL,NULL,14,NULL,59,1,11.500000),(259,NULL,NULL,14,NULL,59,7,14.000000),(260,NULL,NULL,14,NULL,59,9,6.450000),(264,NULL,NULL,14,NULL,60,1,14.000000),(265,NULL,NULL,14,NULL,60,7,17.000000),(266,NULL,NULL,14,NULL,60,9,7.250000),(270,NULL,NULL,14,NULL,61,1,14.000000),(271,NULL,NULL,14,NULL,61,7,17.000000),(272,NULL,NULL,14,NULL,61,9,7.900000),(276,NULL,NULL,14,NULL,62,1,15.500000),(277,NULL,NULL,14,NULL,62,7,26.000000),(278,NULL,NULL,14,NULL,62,9,8.950000),(282,NULL,NULL,14,NULL,63,1,20.000000),(283,NULL,NULL,14,NULL,63,7,26.000000),(284,NULL,NULL,14,NULL,63,9,11.500000),(288,NULL,NULL,14,NULL,64,1,31.000000),(289,NULL,NULL,14,NULL,64,7,43.000000),(290,NULL,NULL,14,NULL,64,9,16.500000),(294,NULL,NULL,14,NULL,65,1,50.000000),(295,NULL,NULL,14,NULL,65,7,91.000000),(296,NULL,NULL,14,NULL,65,9,31.000000),(300,NULL,NULL,15,NULL,66,1,11.500000),(301,NULL,NULL,15,NULL,66,7,14.000000),(302,NULL,NULL,15,NULL,66,9,5.500000),(306,NULL,NULL,15,NULL,67,1,11.500000),(307,NULL,NULL,15,NULL,67,7,14.000000),(308,NULL,NULL,15,NULL,67,9,6.450000),(312,NULL,NULL,15,NULL,68,1,14.000000),(313,NULL,NULL,15,NULL,68,7,17.000000),(314,NULL,NULL,15,NULL,68,9,7.250000),(318,NULL,NULL,15,NULL,69,1,14.000000),(319,NULL,NULL,15,NULL,69,7,17.000000),(320,NULL,NULL,15,NULL,69,9,7.900000),(324,NULL,NULL,15,NULL,70,1,15.500000),(325,NULL,NULL,15,NULL,70,7,18.000000),(326,NULL,NULL,15,NULL,70,9,8.950000),(330,NULL,NULL,15,NULL,71,1,20.000000),(331,NULL,NULL,15,NULL,71,7,26.000000),(332,NULL,NULL,15,NULL,71,9,11.500000),(336,NULL,NULL,15,NULL,72,1,31.000000),(337,NULL,NULL,15,NULL,72,7,43.000000),(338,NULL,NULL,15,NULL,72,9,16.500000),(342,NULL,NULL,15,NULL,73,1,50.000000),(343,NULL,NULL,15,NULL,73,7,91.000000),(344,NULL,NULL,15,NULL,73,9,31.000000),(346,NULL,NULL,16,NULL,74,9,10.000000),(348,NULL,NULL,16,NULL,75,9,11.000000),(350,NULL,NULL,16,NULL,76,9,11.500000),(352,NULL,NULL,16,NULL,77,9,12.000000),(354,NULL,NULL,16,NULL,78,9,13.000000),(356,NULL,NULL,16,NULL,79,9,15.000000),(358,NULL,NULL,16,NULL,80,9,19.000000),(360,NULL,NULL,16,NULL,81,9,24.000000),(362,NULL,NULL,17,NULL,82,9,11.000000),(364,NULL,NULL,17,NULL,83,9,12.000000),(366,NULL,NULL,17,NULL,84,9,12.500000),(368,NULL,NULL,17,NULL,85,9,13.000000),(370,NULL,NULL,17,NULL,86,9,14.000000),(372,NULL,NULL,17,NULL,87,9,16.000000),(374,NULL,NULL,17,NULL,88,9,20.000000),(376,NULL,NULL,17,NULL,89,9,25.000000),(380,NULL,NULL,18,NULL,90,1,11.500000),(381,NULL,NULL,18,NULL,90,7,14.000000),(382,NULL,NULL,18,NULL,90,9,5.500000),(386,NULL,NULL,18,NULL,91,1,11.500000),(387,NULL,NULL,18,NULL,91,7,14.000000),(388,NULL,NULL,18,NULL,91,9,6.450000),(392,NULL,NULL,18,NULL,92,1,14.000000),(393,NULL,NULL,18,NULL,92,7,17.000000),(394,NULL,NULL,18,NULL,92,9,7.250000),(398,NULL,NULL,18,NULL,93,1,14.000000),(399,NULL,NULL,18,NULL,93,7,17.000000),(400,NULL,NULL,18,NULL,93,9,7.900000),(404,NULL,NULL,18,NULL,94,1,15.500000),(405,NULL,NULL,18,NULL,94,7,18.000000),(406,NULL,NULL,18,NULL,94,9,8.950000),(410,NULL,NULL,18,NULL,95,1,20.000000),(411,NULL,NULL,18,NULL,95,7,26.000000),(412,NULL,NULL,18,NULL,95,9,11.500000),(416,NULL,NULL,18,NULL,96,1,31.000000),(417,NULL,NULL,18,NULL,96,7,43.000000),(418,NULL,NULL,18,NULL,96,9,16.500000),(422,NULL,NULL,18,NULL,97,1,50.000000),(423,NULL,NULL,18,NULL,97,7,91.000000),(424,NULL,NULL,18,NULL,97,9,31.000000),(428,NULL,NULL,20,NULL,98,1,11.500000),(429,NULL,NULL,20,NULL,98,7,14.000000),(430,NULL,NULL,20,NULL,98,9,5.500000),(434,NULL,NULL,20,NULL,99,1,11.500000),(435,NULL,NULL,20,NULL,99,7,14.000000),(436,NULL,NULL,20,NULL,99,9,6.450000),(440,NULL,NULL,20,NULL,100,1,14.000000),(441,NULL,NULL,20,NULL,100,7,17.000000),(442,NULL,NULL,20,NULL,100,9,7.250000),(446,NULL,NULL,20,NULL,101,1,14.000000),(447,NULL,NULL,20,NULL,101,7,17.000000),(448,NULL,NULL,20,NULL,101,9,7.900000),(452,NULL,NULL,20,NULL,102,1,15.500000),(453,NULL,NULL,20,NULL,102,7,18.000000),(454,NULL,NULL,20,NULL,102,9,8.950000),(458,NULL,NULL,20,NULL,103,1,20.000000),(459,NULL,NULL,20,NULL,103,7,26.000000),(460,NULL,NULL,20,NULL,103,9,11.500000),(464,NULL,NULL,20,NULL,104,1,31.000000),(465,NULL,NULL,20,NULL,104,7,43.000000),(466,NULL,NULL,20,NULL,104,9,16.500000),(470,NULL,NULL,20,NULL,105,1,50.000000),(471,NULL,NULL,20,NULL,105,7,91.000000),(472,NULL,NULL,20,NULL,105,9,31.000000),(476,NULL,NULL,21,NULL,106,1,11.500000),(477,NULL,NULL,21,NULL,106,7,14.000000),(478,NULL,NULL,21,NULL,106,9,5.500000),(482,NULL,NULL,21,NULL,107,1,11.500000),(483,NULL,NULL,21,NULL,107,7,14.000000),(484,NULL,NULL,21,NULL,107,9,6.450000),(488,NULL,NULL,21,NULL,108,1,14.000000),(489,NULL,NULL,21,NULL,108,7,17.000000),(490,NULL,NULL,21,NULL,108,9,7.250000),(494,NULL,NULL,21,NULL,109,1,14.000000),(495,NULL,NULL,21,NULL,109,7,17.000000),(496,NULL,NULL,21,NULL,109,9,7.900000),(500,NULL,NULL,21,NULL,110,1,15.500000),(501,NULL,NULL,21,NULL,110,7,18.000000),(502,NULL,NULL,21,NULL,110,9,8.950000),(506,NULL,NULL,21,NULL,111,1,20.000000),(507,NULL,NULL,21,NULL,111,7,26.000000),(508,NULL,NULL,21,NULL,111,9,11.500000),(512,NULL,NULL,21,NULL,112,1,31.000000),(513,NULL,NULL,21,NULL,112,7,43.000000),(514,NULL,NULL,21,NULL,112,9,16.500000),(518,NULL,NULL,21,NULL,113,1,50.000000),(519,NULL,NULL,21,NULL,113,7,91.000000),(520,NULL,NULL,21,NULL,113,9,31.000000),(524,NULL,NULL,22,NULL,114,1,11.500000),(525,NULL,NULL,22,NULL,114,7,14.000000),(526,NULL,NULL,22,NULL,114,9,5.700000),(530,NULL,NULL,22,NULL,115,1,11.500000),(531,NULL,NULL,22,NULL,115,7,14.000000),(532,NULL,NULL,22,NULL,115,9,6.450000),(536,NULL,NULL,22,NULL,116,1,14.000000),(537,NULL,NULL,22,NULL,116,7,17.000000),(538,NULL,NULL,22,NULL,116,9,7.250000),(542,NULL,NULL,22,NULL,117,1,14.000000),(543,NULL,NULL,22,NULL,117,7,17.000000),(544,NULL,NULL,22,NULL,117,9,7.900000),(548,NULL,NULL,22,NULL,118,1,15.500000),(549,NULL,NULL,22,NULL,118,7,18.000000),(550,NULL,NULL,22,NULL,118,9,8.950000),(554,NULL,NULL,22,NULL,119,1,20.000000),(555,NULL,NULL,22,NULL,119,7,26.000000),(556,NULL,NULL,22,NULL,119,9,11.500000),(560,NULL,NULL,22,NULL,120,1,31.000000),(561,NULL,NULL,22,NULL,120,7,43.000000),(562,NULL,NULL,22,NULL,120,9,16.500000),(566,NULL,NULL,22,NULL,121,1,50.000000),(567,NULL,NULL,22,NULL,121,7,91.000000),(568,NULL,NULL,22,NULL,121,9,31.000000),(572,NULL,NULL,23,NULL,122,1,11.500000),(573,NULL,NULL,23,NULL,122,7,14.000000),(574,NULL,NULL,23,NULL,122,9,5.800000),(578,NULL,NULL,23,NULL,123,1,11.500000),(579,NULL,NULL,23,NULL,123,7,14.000000),(580,NULL,NULL,23,NULL,123,9,6.450000),(584,NULL,NULL,23,NULL,124,1,14.000000),(585,NULL,NULL,23,NULL,124,7,17.000000),(586,NULL,NULL,23,NULL,124,9,7.250000),(590,NULL,NULL,23,NULL,125,1,14.000000),(591,NULL,NULL,23,NULL,125,7,17.000000),(592,NULL,NULL,23,NULL,125,9,7.900000),(596,NULL,NULL,23,NULL,126,1,15.500000),(597,NULL,NULL,23,NULL,126,7,18.000000),(598,NULL,NULL,23,NULL,126,9,8.950000),(602,NULL,NULL,23,NULL,127,1,20.000000),(603,NULL,NULL,23,NULL,127,7,26.000000),(604,NULL,NULL,23,NULL,127,9,11.500000),(608,NULL,NULL,23,NULL,128,1,31.000000),(609,NULL,NULL,23,NULL,128,7,43.000000),(610,NULL,NULL,23,NULL,128,9,16.500000),(614,NULL,NULL,23,NULL,129,1,50.000000),(615,NULL,NULL,23,NULL,129,7,91.000000),(616,NULL,NULL,23,NULL,129,9,31.000000),(620,NULL,NULL,24,NULL,130,1,11.500000),(621,NULL,NULL,24,NULL,130,7,14.000000),(622,NULL,NULL,24,NULL,130,9,5.820000),(626,NULL,NULL,24,NULL,131,1,11.500000),(627,NULL,NULL,24,NULL,131,7,14.000000),(628,NULL,NULL,24,NULL,131,9,6.450000),(632,NULL,NULL,24,NULL,132,1,14.000000),(633,NULL,NULL,24,NULL,132,7,17.000000),(634,NULL,NULL,24,NULL,132,9,7.250000),(638,NULL,NULL,24,NULL,133,1,14.000000),(639,NULL,NULL,24,NULL,133,7,17.000000),(640,NULL,NULL,24,NULL,133,9,7.900000),(644,NULL,NULL,24,NULL,134,1,15.500000),(645,NULL,NULL,24,NULL,134,7,18.000000),(646,NULL,NULL,24,NULL,134,9,8.950000),(650,NULL,NULL,24,NULL,135,1,20.000000),(651,NULL,NULL,24,NULL,135,7,26.000000),(652,NULL,NULL,24,NULL,135,9,11.500000),(656,NULL,NULL,24,NULL,136,1,31.000000),(657,NULL,NULL,24,NULL,136,7,43.000000),(658,NULL,NULL,24,NULL,136,9,16.500000),(662,NULL,NULL,24,NULL,137,1,50.000000),(663,NULL,NULL,24,NULL,137,7,91.000000),(664,NULL,NULL,24,NULL,137,9,31.000000),(668,NULL,NULL,25,NULL,138,1,11.500000),(669,NULL,NULL,25,NULL,138,7,14.000000),(670,NULL,NULL,25,NULL,138,9,5.830000),(674,NULL,NULL,25,NULL,139,1,11.500000),(675,NULL,NULL,25,NULL,139,7,14.000000),(676,NULL,NULL,25,NULL,139,9,6.450000),(680,NULL,NULL,25,NULL,140,1,14.000000),(681,NULL,NULL,25,NULL,140,7,17.000000),(682,NULL,NULL,25,NULL,140,9,7.250000),(686,NULL,NULL,25,NULL,141,1,14.000000),(687,NULL,NULL,25,NULL,141,7,17.000000),(688,NULL,NULL,25,NULL,141,9,7.900000),(692,NULL,NULL,25,NULL,142,1,15.500000),(693,NULL,NULL,25,NULL,142,7,18.000000),(694,NULL,NULL,25,NULL,142,9,8.950000),(698,NULL,NULL,25,NULL,143,1,20.000000),(699,NULL,NULL,25,NULL,143,7,26.000000),(700,NULL,NULL,25,NULL,143,9,11.500000),(704,NULL,NULL,25,NULL,144,1,31.000000),(705,NULL,NULL,25,NULL,144,7,43.000000),(706,NULL,NULL,25,NULL,144,9,16.500000),(710,NULL,NULL,25,NULL,145,1,50.000000),(711,NULL,NULL,25,NULL,145,7,91.000000),(712,NULL,NULL,25,NULL,145,9,31.000000),(716,NULL,NULL,26,NULL,146,1,11.500000),(717,NULL,NULL,26,NULL,146,7,14.000000),(718,NULL,NULL,26,NULL,146,9,5.830000),(722,NULL,NULL,26,NULL,147,1,11.500000),(723,NULL,NULL,26,NULL,147,7,14.000000),(724,NULL,NULL,26,NULL,147,9,6.680000),(728,NULL,NULL,26,NULL,148,1,14.000000),(729,NULL,NULL,26,NULL,148,7,17.000000),(730,NULL,NULL,26,NULL,148,9,7.250000),(734,NULL,NULL,26,NULL,149,1,14.000000),(735,NULL,NULL,26,NULL,149,7,17.000000),(736,NULL,NULL,26,NULL,149,9,7.900000),(740,NULL,NULL,26,NULL,150,1,15.500000),(741,NULL,NULL,26,NULL,150,7,18.000000),(742,NULL,NULL,26,NULL,150,9,8.950000),(746,NULL,NULL,26,NULL,151,1,20.000000),(747,NULL,NULL,26,NULL,151,7,26.000000),(748,NULL,NULL,26,NULL,151,9,11.500000),(752,NULL,NULL,26,NULL,152,1,31.000000),(753,NULL,NULL,26,NULL,152,7,43.000000),(754,NULL,NULL,26,NULL,152,9,16.500000),(758,NULL,NULL,26,NULL,153,1,50.000000),(759,NULL,NULL,26,NULL,153,7,91.000000),(760,NULL,NULL,26,NULL,153,9,31.000000),(764,NULL,NULL,27,NULL,154,1,11.500000),(765,NULL,NULL,27,NULL,154,7,14.000000),(766,NULL,NULL,27,NULL,154,9,5.830000),(770,NULL,NULL,27,NULL,155,1,11.500000),(771,NULL,NULL,27,NULL,155,7,14.000000),(772,NULL,NULL,27,NULL,155,9,6.780000),(776,NULL,NULL,27,NULL,156,1,14.000000),(777,NULL,NULL,27,NULL,156,7,17.000000),(778,NULL,NULL,27,NULL,156,9,7.250000),(782,NULL,NULL,27,NULL,157,1,14.000000),(783,NULL,NULL,27,NULL,157,7,17.000000),(784,NULL,NULL,27,NULL,157,9,7.900000),(788,NULL,NULL,27,NULL,158,1,15.500000),(789,NULL,NULL,27,NULL,158,7,18.000000),(790,NULL,NULL,27,NULL,158,9,8.950000),(794,NULL,NULL,27,NULL,159,1,20.000000),(795,NULL,NULL,27,NULL,159,7,26.000000),(796,NULL,NULL,27,NULL,159,9,11.500000),(800,NULL,NULL,27,NULL,160,1,31.000000),(801,NULL,NULL,27,NULL,160,7,43.000000),(802,NULL,NULL,27,NULL,160,9,16.500000),(806,NULL,NULL,27,NULL,161,1,50.000000),(807,NULL,NULL,27,NULL,161,7,91.000000),(808,NULL,NULL,27,NULL,161,9,31.000000),(812,NULL,NULL,28,NULL,162,1,11.500000),(813,NULL,NULL,28,NULL,162,7,14.000000),(814,NULL,NULL,28,NULL,162,9,5.830000),(818,NULL,NULL,28,NULL,163,1,11.500000),(819,NULL,NULL,28,NULL,163,7,14.000000),(820,NULL,NULL,28,NULL,163,9,7.000000),(824,NULL,NULL,28,NULL,164,1,14.000000),(825,NULL,NULL,28,NULL,164,7,17.000000),(826,NULL,NULL,28,NULL,164,9,7.250000),(830,NULL,NULL,28,NULL,165,1,14.000000),(831,NULL,NULL,28,NULL,165,7,17.000000),(832,NULL,NULL,28,NULL,165,9,7.900000),(836,NULL,NULL,28,NULL,166,1,15.500000),(837,NULL,NULL,28,NULL,166,7,18.000000),(838,NULL,NULL,28,NULL,166,9,8.950000),(842,NULL,NULL,28,NULL,167,1,20.000000),(843,NULL,NULL,28,NULL,167,7,26.000000),(844,NULL,NULL,28,NULL,167,9,11.500000),(848,NULL,NULL,28,NULL,168,1,31.000000),(849,NULL,NULL,28,NULL,168,7,43.000000),(850,NULL,NULL,28,NULL,168,9,16.500000),(854,NULL,NULL,28,NULL,169,1,50.000000),(855,NULL,NULL,28,NULL,169,7,91.000000),(856,NULL,NULL,28,NULL,169,9,31.000000),(860,NULL,NULL,29,NULL,170,1,11.500000),(861,NULL,NULL,29,NULL,170,7,14.000000),(862,NULL,NULL,29,NULL,170,9,5.830000),(866,NULL,NULL,29,NULL,171,1,11.500000),(867,NULL,NULL,29,NULL,171,7,14.000000),(868,NULL,NULL,29,NULL,171,9,6.450000),(872,NULL,NULL,29,NULL,172,1,14.000000),(873,NULL,NULL,29,NULL,172,7,17.000000),(874,NULL,NULL,29,NULL,172,9,7.250000),(878,NULL,NULL,29,NULL,173,1,14.000000),(879,NULL,NULL,29,NULL,173,7,17.000000),(880,NULL,NULL,29,NULL,173,9,7.900000),(884,NULL,NULL,29,NULL,174,1,15.500000),(885,NULL,NULL,29,NULL,174,7,18.000000),(886,NULL,NULL,29,NULL,174,9,8.950000),(890,NULL,NULL,29,NULL,175,1,20.000000),(891,NULL,NULL,29,NULL,175,7,26.000000),(892,NULL,NULL,29,NULL,175,9,11.500000),(896,NULL,NULL,29,NULL,176,1,31.000000),(897,NULL,NULL,29,NULL,176,7,43.000000),(898,NULL,NULL,29,NULL,176,9,16.500000),(902,NULL,NULL,29,NULL,177,1,50.000000),(903,NULL,NULL,29,NULL,177,7,91.000000),(904,NULL,NULL,29,NULL,177,9,31.000000),(908,NULL,NULL,30,NULL,178,1,11.500000),(909,NULL,NULL,30,NULL,178,7,14.000000),(910,NULL,NULL,30,NULL,178,9,5.830000),(914,NULL,NULL,30,NULL,179,1,11.500000),(915,NULL,NULL,30,NULL,179,7,14.000000),(916,NULL,NULL,30,NULL,179,9,6.850000),(920,NULL,NULL,30,NULL,180,1,14.000000),(921,NULL,NULL,30,NULL,180,7,17.000000),(922,NULL,NULL,30,NULL,180,9,7.250000),(926,NULL,NULL,30,NULL,181,1,14.000000),(927,NULL,NULL,30,NULL,181,7,17.000000),(928,NULL,NULL,30,NULL,181,9,7.900000),(932,NULL,NULL,30,NULL,182,1,15.500000),(933,NULL,NULL,30,NULL,182,7,18.000000),(934,NULL,NULL,30,NULL,182,9,8.950000),(938,NULL,NULL,30,NULL,183,1,20.000000),(939,NULL,NULL,30,NULL,183,7,26.000000),(940,NULL,NULL,30,NULL,183,9,11.500000),(944,NULL,NULL,30,NULL,184,1,31.000000),(945,NULL,NULL,30,NULL,184,7,43.000000),(946,NULL,NULL,30,NULL,184,9,16.500000),(950,NULL,NULL,30,NULL,185,1,50.000000),(951,NULL,NULL,30,NULL,185,7,91.000000),(952,NULL,NULL,30,NULL,185,9,31.000000),(956,NULL,NULL,31,NULL,186,1,11.500000),(957,NULL,NULL,31,NULL,186,7,14.000000),(958,NULL,NULL,31,NULL,186,9,5.830000),(962,NULL,NULL,31,NULL,187,1,11.500000),(963,NULL,NULL,31,NULL,187,7,14.000000),(964,NULL,NULL,31,NULL,187,9,6.750000),(968,NULL,NULL,31,NULL,188,1,14.000000),(969,NULL,NULL,31,NULL,188,7,17.000000),(970,NULL,NULL,31,NULL,188,9,7.250000),(974,NULL,NULL,31,NULL,189,1,14.000000),(975,NULL,NULL,31,NULL,189,7,17.000000),(976,NULL,NULL,31,NULL,189,9,7.900000),(980,NULL,NULL,31,NULL,190,1,15.500000),(981,NULL,NULL,31,NULL,190,7,18.000000),(982,NULL,NULL,31,NULL,190,9,8.950000),(986,NULL,NULL,31,NULL,191,1,20.000000),(987,NULL,NULL,31,NULL,191,7,26.000000),(988,NULL,NULL,31,NULL,191,9,11.500000),(992,NULL,NULL,31,NULL,192,1,31.000000),(993,NULL,NULL,31,NULL,192,7,43.000000),(994,NULL,NULL,31,NULL,192,9,16.500000),(998,NULL,NULL,31,NULL,193,1,50.000000),(999,NULL,NULL,31,NULL,193,7,91.000000),(1000,NULL,NULL,31,NULL,193,9,31.000000),(1004,NULL,NULL,32,NULL,194,1,11.500000),(1005,NULL,NULL,32,NULL,194,7,14.000000),(1006,NULL,NULL,32,NULL,194,9,5.830000),(1010,NULL,NULL,32,NULL,195,1,11.500000),(1011,NULL,NULL,32,NULL,195,7,14.000000),(1012,NULL,NULL,32,NULL,195,9,6.730000),(1016,NULL,NULL,32,NULL,196,1,14.000000),(1017,NULL,NULL,32,NULL,196,7,17.000000),(1018,NULL,NULL,32,NULL,196,9,7.250000),(1022,NULL,NULL,32,NULL,197,1,14.000000),(1023,NULL,NULL,32,NULL,197,7,17.000000),(1024,NULL,NULL,32,NULL,197,9,7.900000),(1028,NULL,NULL,32,NULL,198,1,15.500000),(1029,NULL,NULL,32,NULL,198,7,18.000000),(1030,NULL,NULL,32,NULL,198,9,8.950000),(1034,NULL,NULL,32,NULL,199,1,20.000000),(1035,NULL,NULL,32,NULL,199,7,26.000000),(1036,NULL,NULL,32,NULL,199,9,11.500000),(1040,NULL,NULL,32,NULL,200,1,31.000000),(1041,NULL,NULL,32,NULL,200,7,43.000000),(1042,NULL,NULL,32,NULL,200,9,16.500000),(1046,NULL,NULL,32,NULL,201,1,50.000000),(1047,NULL,NULL,32,NULL,201,7,91.000000),(1048,NULL,NULL,32,NULL,201,9,31.000000),(1052,NULL,NULL,33,NULL,202,1,11.500000),(1053,NULL,NULL,33,NULL,202,7,14.000000),(1054,NULL,NULL,33,NULL,202,9,5.830000),(1058,NULL,NULL,33,NULL,203,1,11.500000),(1059,NULL,NULL,33,NULL,203,7,14.000000),(1060,NULL,NULL,33,NULL,203,9,6.700000),(1064,NULL,NULL,33,NULL,204,1,14.000000),(1065,NULL,NULL,33,NULL,204,7,17.000000),(1066,NULL,NULL,33,NULL,204,9,7.250000),(1070,NULL,NULL,33,NULL,205,1,14.000000),(1071,NULL,NULL,33,NULL,205,7,17.000000),(1072,NULL,NULL,33,NULL,205,9,7.900000),(1076,NULL,NULL,33,NULL,206,1,15.500000),(1077,NULL,NULL,33,NULL,206,7,18.000000),(1078,NULL,NULL,33,NULL,206,9,8.950000),(1082,NULL,NULL,33,NULL,207,1,20.000000),(1083,NULL,NULL,33,NULL,207,7,26.000000),(1084,NULL,NULL,33,NULL,207,9,11.500000),(1088,NULL,NULL,33,NULL,208,1,31.000000),(1089,NULL,NULL,33,NULL,208,7,43.000000),(1090,NULL,NULL,33,NULL,208,9,16.500000),(1094,NULL,NULL,33,NULL,209,1,50.000000),(1095,NULL,NULL,33,NULL,209,7,91.000000),(1096,NULL,NULL,33,NULL,209,9,31.000000),(1100,NULL,NULL,34,NULL,210,1,11.500000),(1101,NULL,NULL,34,NULL,210,7,14.000000),(1102,NULL,NULL,34,NULL,210,9,5.830000),(1106,NULL,NULL,34,NULL,211,1,11.500000),(1107,NULL,NULL,34,NULL,211,7,14.000000),(1108,NULL,NULL,34,NULL,211,9,6.680000),(1112,NULL,NULL,34,NULL,212,1,14.000000),(1113,NULL,NULL,34,NULL,212,7,17.000000),(1114,NULL,NULL,34,NULL,212,9,7.250000),(1118,NULL,NULL,34,NULL,213,1,14.000000),(1119,NULL,NULL,34,NULL,213,7,17.000000),(1120,NULL,NULL,34,NULL,213,9,7.900000),(1124,NULL,NULL,34,NULL,214,1,15.500000),(1125,NULL,NULL,34,NULL,214,7,18.000000),(1126,NULL,NULL,34,NULL,214,9,8.950000),(1130,NULL,NULL,34,NULL,215,1,20.000000),(1131,NULL,NULL,34,NULL,215,7,26.000000),(1132,NULL,NULL,34,NULL,215,9,11.500000),(1136,NULL,NULL,34,NULL,216,1,31.000000),(1137,NULL,NULL,34,NULL,216,7,43.000000),(1138,NULL,NULL,34,NULL,216,9,16.500000),(1142,NULL,NULL,34,NULL,217,1,50.000000),(1143,NULL,NULL,34,NULL,217,7,91.000000),(1144,NULL,NULL,34,NULL,217,9,31.000000),(1148,NULL,NULL,35,NULL,218,1,11.500000),(1149,NULL,NULL,35,NULL,218,7,14.000000),(1150,NULL,NULL,35,NULL,218,9,5.830000),(1154,NULL,NULL,35,NULL,219,1,11.500000),(1155,NULL,NULL,35,NULL,219,7,14.000000),(1156,NULL,NULL,35,NULL,219,9,6.670000),(1160,NULL,NULL,35,NULL,220,1,14.000000),(1161,NULL,NULL,35,NULL,220,7,17.000000),(1162,NULL,NULL,35,NULL,220,9,7.250000),(1166,NULL,NULL,35,NULL,221,1,14.000000),(1167,NULL,NULL,35,NULL,221,7,17.000000),(1168,NULL,NULL,35,NULL,221,9,7.900000),(1172,NULL,NULL,35,NULL,222,1,15.500000),(1173,NULL,NULL,35,NULL,222,7,18.000000),(1174,NULL,NULL,35,NULL,222,9,8.950000),(1178,NULL,NULL,35,NULL,223,1,20.000000),(1179,NULL,NULL,35,NULL,223,7,26.000000),(1180,NULL,NULL,35,NULL,223,9,11.500000),(1184,NULL,NULL,35,NULL,224,1,31.000000),(1185,NULL,NULL,35,NULL,224,7,43.000000),(1186,NULL,NULL,35,NULL,224,9,16.500000),(1190,NULL,NULL,35,NULL,225,1,50.000000),(1191,NULL,NULL,35,NULL,225,7,91.000000),(1192,NULL,NULL,35,NULL,225,9,31.000000),(1196,NULL,NULL,36,NULL,226,1,11.500000),(1197,NULL,NULL,36,NULL,226,7,14.000000),(1198,NULL,NULL,36,NULL,226,9,5.830000),(1202,NULL,NULL,36,NULL,227,1,11.500000),(1203,NULL,NULL,36,NULL,227,7,14.000000),(1204,NULL,NULL,36,NULL,227,9,6.670000),(1208,NULL,NULL,36,NULL,228,1,14.000000),(1209,NULL,NULL,36,NULL,228,7,17.000000),(1210,NULL,NULL,36,NULL,228,9,7.350000),(1214,NULL,NULL,36,NULL,229,1,14.000000),(1215,NULL,NULL,36,NULL,229,7,17.000000),(1216,NULL,NULL,36,NULL,229,9,7.900000),(1220,NULL,NULL,36,NULL,230,1,15.500000),(1221,NULL,NULL,36,NULL,230,7,18.000000),(1222,NULL,NULL,36,NULL,230,9,8.950000),(1226,NULL,NULL,36,NULL,231,1,20.000000),(1227,NULL,NULL,36,NULL,231,7,26.000000),(1228,NULL,NULL,36,NULL,231,9,11.500000),(1232,NULL,NULL,36,NULL,232,1,31.000000),(1233,NULL,NULL,36,NULL,232,7,43.000000),(1234,NULL,NULL,36,NULL,232,9,16.500000),(1238,NULL,NULL,36,NULL,233,1,50.000000),(1239,NULL,NULL,36,NULL,233,7,91.000000),(1240,NULL,NULL,36,NULL,233,9,31.000000),(1244,NULL,NULL,37,NULL,234,1,11.500000),(1245,NULL,NULL,37,NULL,234,7,14.000000),(1246,NULL,NULL,37,NULL,234,9,5.830000),(1250,NULL,NULL,37,NULL,235,1,11.500000),(1251,NULL,NULL,37,NULL,235,7,14.000000),(1252,NULL,NULL,37,NULL,235,9,6.670000),(1256,NULL,NULL,37,NULL,236,1,14.000000),(1257,NULL,NULL,37,NULL,236,7,17.000000),(1258,NULL,NULL,37,NULL,236,9,7.440000),(1262,NULL,NULL,37,NULL,237,1,14.000000),(1263,NULL,NULL,37,NULL,237,7,17.000000),(1264,NULL,NULL,37,NULL,237,9,7.900000),(1268,NULL,NULL,37,NULL,238,1,15.500000),(1269,NULL,NULL,37,NULL,238,7,18.000000),(1270,NULL,NULL,37,NULL,238,9,8.950000),(1274,NULL,NULL,37,NULL,239,1,20.000000),(1275,NULL,NULL,37,NULL,239,7,26.000000),(1276,NULL,NULL,37,NULL,239,9,11.500000),(1280,NULL,NULL,37,NULL,240,1,31.000000),(1281,NULL,NULL,37,NULL,240,7,43.000000),(1282,NULL,NULL,37,NULL,240,9,16.500000),(1286,NULL,NULL,37,NULL,241,1,50.000000),(1287,NULL,NULL,37,NULL,241,7,91.000000),(1288,NULL,NULL,37,NULL,241,9,31.000000),(1292,NULL,NULL,38,NULL,242,1,11.500000),(1293,NULL,NULL,38,NULL,242,7,14.000000),(1294,NULL,NULL,38,NULL,242,9,5.830000),(1298,NULL,NULL,38,NULL,243,1,11.500000),(1299,NULL,NULL,38,NULL,243,7,14.000000),(1300,NULL,NULL,38,NULL,243,9,6.670000),(1304,NULL,NULL,38,NULL,244,1,14.000000),(1305,NULL,NULL,38,NULL,244,7,17.000000),(1306,NULL,NULL,38,NULL,244,9,7.470000),(1310,NULL,NULL,38,NULL,245,1,14.000000),(1311,NULL,NULL,38,NULL,245,7,17.000000),(1312,NULL,NULL,38,NULL,245,9,7.900000),(1316,NULL,NULL,38,NULL,246,1,15.500000),(1317,NULL,NULL,38,NULL,246,7,18.000000),(1318,NULL,NULL,38,NULL,246,9,8.950000),(1322,NULL,NULL,38,NULL,247,1,20.000000),(1323,NULL,NULL,38,NULL,247,7,26.000000),(1324,NULL,NULL,38,NULL,247,9,11.500000),(1328,NULL,NULL,38,NULL,248,1,31.000000),(1329,NULL,NULL,38,NULL,248,7,43.000000),(1330,NULL,NULL,38,NULL,248,9,16.500000),(1334,NULL,NULL,38,NULL,249,1,50.000000),(1335,NULL,NULL,38,NULL,249,7,91.000000),(1336,NULL,NULL,38,NULL,249,9,31.000000),(1340,NULL,NULL,39,NULL,250,1,11.500000),(1341,NULL,NULL,39,NULL,250,7,14.000000),(1342,NULL,NULL,39,NULL,250,9,5.830000),(1346,NULL,NULL,39,NULL,251,1,11.500000),(1347,NULL,NULL,39,NULL,251,7,14.000000),(1348,NULL,NULL,39,NULL,251,9,6.670000),(1352,NULL,NULL,39,NULL,252,1,14.000000),(1353,NULL,NULL,39,NULL,252,7,17.000000),(1354,NULL,NULL,39,NULL,252,9,7.490000),(1358,NULL,NULL,39,NULL,253,1,14.000000),(1359,NULL,NULL,39,NULL,253,7,17.000000),(1360,NULL,NULL,39,NULL,253,9,7.900000),(1364,NULL,NULL,39,NULL,254,1,15.500000),(1365,NULL,NULL,39,NULL,254,7,18.000000),(1366,NULL,NULL,39,NULL,254,9,8.950000),(1370,NULL,NULL,39,NULL,255,1,20.000000),(1371,NULL,NULL,39,NULL,255,7,26.000000),(1372,NULL,NULL,39,NULL,255,9,11.500000),(1376,NULL,NULL,39,NULL,256,1,31.000000),(1377,NULL,NULL,39,NULL,256,7,43.000000),(1378,NULL,NULL,39,NULL,256,9,16.500000),(1382,NULL,NULL,39,NULL,257,1,50.000000),(1383,NULL,NULL,39,NULL,257,7,91.000000),(1384,NULL,NULL,39,NULL,257,9,31.000000),(1388,NULL,NULL,40,NULL,258,1,11.500000),(1389,NULL,NULL,40,NULL,258,7,14.000000),(1390,NULL,NULL,40,NULL,258,9,5.830000),(1394,NULL,NULL,40,NULL,259,1,11.500000),(1395,NULL,NULL,40,NULL,259,7,14.000000),(1396,NULL,NULL,40,NULL,259,9,6.670000),(1400,NULL,NULL,40,NULL,260,1,14.000000),(1401,NULL,NULL,40,NULL,260,7,17.000000),(1402,NULL,NULL,40,NULL,260,9,7.500000),(1406,NULL,NULL,40,NULL,261,1,14.000000),(1407,NULL,NULL,40,NULL,261,7,17.000000),(1408,NULL,NULL,40,NULL,261,9,7.900000),(1412,NULL,NULL,40,NULL,262,1,15.500000),(1413,NULL,NULL,40,NULL,262,7,18.000000),(1414,NULL,NULL,40,NULL,262,9,8.950000),(1418,NULL,NULL,40,NULL,263,1,20.000000),(1419,NULL,NULL,40,NULL,263,7,26.000000),(1420,NULL,NULL,40,NULL,263,9,11.500000),(1424,NULL,NULL,40,NULL,264,1,31.000000),(1425,NULL,NULL,40,NULL,264,7,43.000000),(1426,NULL,NULL,40,NULL,264,9,16.500000),(1430,NULL,NULL,40,NULL,265,1,50.000000),(1431,NULL,NULL,40,NULL,265,7,91.000000),(1432,NULL,NULL,40,NULL,265,9,31.000000),(1436,NULL,NULL,41,NULL,266,1,11.500000),(1437,NULL,NULL,41,NULL,266,7,14.000000),(1438,NULL,NULL,41,NULL,266,9,5.830000),(1442,NULL,NULL,41,NULL,267,1,11.500000),(1443,NULL,NULL,41,NULL,267,7,14.000000),(1444,NULL,NULL,41,NULL,267,9,6.670000),(1448,NULL,NULL,41,NULL,268,1,14.000000),(1449,NULL,NULL,41,NULL,268,7,17.000000),(1450,NULL,NULL,41,NULL,268,9,7.500000),(1454,NULL,NULL,41,NULL,269,1,14.000000),(1455,NULL,NULL,41,NULL,269,7,17.000000),(1456,NULL,NULL,41,NULL,269,9,7.900000),(1460,NULL,NULL,41,NULL,270,1,15.500000),(1461,NULL,NULL,41,NULL,270,7,18.000000),(1462,NULL,NULL,41,NULL,270,9,9.160000),(1466,NULL,NULL,41,NULL,271,1,20.000000),(1467,NULL,NULL,41,NULL,271,7,26.000000),(1468,NULL,NULL,41,NULL,271,9,11.500000),(1472,NULL,NULL,41,NULL,272,1,31.000000),(1473,NULL,NULL,41,NULL,272,7,43.000000),(1474,NULL,NULL,41,NULL,272,9,16.500000),(1478,NULL,NULL,41,NULL,273,1,50.000000),(1479,NULL,NULL,41,NULL,273,7,91.000000),(1480,NULL,NULL,41,NULL,273,9,31.000000),(1484,NULL,NULL,42,NULL,274,1,11.500000),(1485,NULL,NULL,42,NULL,274,7,14.000000),(1486,NULL,NULL,42,NULL,274,9,5.830000),(1490,NULL,NULL,42,NULL,275,1,11.500000),(1491,NULL,NULL,42,NULL,275,7,14.000000),(1492,NULL,NULL,42,NULL,275,9,6.670000),(1496,NULL,NULL,42,NULL,276,1,14.000000),(1497,NULL,NULL,42,NULL,276,7,17.000000),(1498,NULL,NULL,42,NULL,276,9,7.500000),(1502,NULL,NULL,42,NULL,277,1,14.000000),(1503,NULL,NULL,42,NULL,277,7,17.000000),(1504,NULL,NULL,42,NULL,277,9,7.920000),(1508,NULL,NULL,42,NULL,278,1,15.500000),(1509,NULL,NULL,42,NULL,278,7,18.000000),(1510,NULL,NULL,42,NULL,278,9,9.170000),(1514,NULL,NULL,42,NULL,279,1,20.000000),(1515,NULL,NULL,42,NULL,279,7,26.000000),(1516,NULL,NULL,42,NULL,279,9,11.500000),(1520,NULL,NULL,42,NULL,280,1,31.000000),(1521,NULL,NULL,42,NULL,280,7,43.000000),(1522,NULL,NULL,42,NULL,280,9,16.500000),(1526,NULL,NULL,42,NULL,281,1,50.000000),(1527,NULL,NULL,42,NULL,281,7,91.000000),(1528,NULL,NULL,42,NULL,281,9,31.000000),(1532,NULL,NULL,43,NULL,282,1,11.500000),(1533,NULL,NULL,43,NULL,282,7,14.000000),(1534,NULL,NULL,43,NULL,282,9,5.830000),(1538,NULL,NULL,43,NULL,283,1,11.500000),(1539,NULL,NULL,43,NULL,283,7,14.000000),(1540,NULL,NULL,43,NULL,283,9,6.670000),(1544,NULL,NULL,43,NULL,284,1,14.000000),(1545,NULL,NULL,43,NULL,284,7,17.000000),(1546,NULL,NULL,43,NULL,284,9,7.500000),(1550,NULL,NULL,43,NULL,285,1,14.000000),(1551,NULL,NULL,43,NULL,285,7,17.000000),(1552,NULL,NULL,43,NULL,285,9,7.920000),(1556,NULL,NULL,43,NULL,286,1,15.500000),(1557,NULL,NULL,43,NULL,286,7,18.000000),(1558,NULL,NULL,43,NULL,286,9,9.170000),(1562,NULL,NULL,43,NULL,287,1,20.000000),(1563,NULL,NULL,43,NULL,287,7,26.000000),(1564,NULL,NULL,43,NULL,287,9,11.700000),(1568,NULL,NULL,43,NULL,288,1,31.000000),(1569,NULL,NULL,43,NULL,288,7,43.000000),(1570,NULL,NULL,43,NULL,288,9,16.500000),(1574,NULL,NULL,43,NULL,289,1,50.000000),(1575,NULL,NULL,43,NULL,289,7,91.000000),(1576,NULL,NULL,43,NULL,289,9,31.000000),(1580,NULL,NULL,44,NULL,290,1,11.500000),(1581,NULL,NULL,44,NULL,290,7,14.000000),(1582,NULL,NULL,44,NULL,290,9,5.830000),(1586,NULL,NULL,44,NULL,291,1,11.500000),(1587,NULL,NULL,44,NULL,291,7,14.000000),(1588,NULL,NULL,44,NULL,291,9,6.670000),(1592,NULL,NULL,44,NULL,292,1,14.000000),(1593,NULL,NULL,44,NULL,292,7,17.000000),(1594,NULL,NULL,44,NULL,292,9,7.500000),(1598,NULL,NULL,44,NULL,293,1,14.000000),(1599,NULL,NULL,44,NULL,293,7,17.000000),(1600,NULL,NULL,44,NULL,293,9,7.920000),(1604,NULL,NULL,44,NULL,294,1,15.500000),(1605,NULL,NULL,44,NULL,294,7,18.000000),(1606,NULL,NULL,44,NULL,294,9,9.170000),(1610,NULL,NULL,44,NULL,295,1,20.000000),(1611,NULL,NULL,44,NULL,295,7,26.000000),(1612,NULL,NULL,44,NULL,295,9,11.690000),(1616,NULL,NULL,44,NULL,296,1,31.000000),(1617,NULL,NULL,44,NULL,296,7,43.000000),(1618,NULL,NULL,44,NULL,296,9,16.500000),(1622,NULL,NULL,44,NULL,297,1,50.000000),(1623,NULL,NULL,44,NULL,297,7,91.000000),(1624,NULL,NULL,44,NULL,297,9,31.000000),(1628,NULL,NULL,45,NULL,298,1,11.500000),(1629,NULL,NULL,45,NULL,298,7,14.000000),(1630,NULL,NULL,45,NULL,298,9,5.830000),(1634,NULL,NULL,45,NULL,299,1,11.500000),(1635,NULL,NULL,45,NULL,299,7,14.000000),(1636,NULL,NULL,45,NULL,299,9,6.670000),(1640,NULL,NULL,45,NULL,300,1,14.000000),(1641,NULL,NULL,45,NULL,300,7,17.000000),(1642,NULL,NULL,45,NULL,300,9,7.500000),(1646,NULL,NULL,45,NULL,301,1,14.000000),(1647,NULL,NULL,45,NULL,301,7,17.000000),(1648,NULL,NULL,45,NULL,301,9,7.920000),(1652,NULL,NULL,45,NULL,302,1,15.500000),(1653,NULL,NULL,45,NULL,302,7,18.000000),(1654,NULL,NULL,45,NULL,302,9,9.170000),(1658,NULL,NULL,45,NULL,303,1,20.000000),(1659,NULL,NULL,45,NULL,303,7,26.000000),(1660,NULL,NULL,45,NULL,303,9,11.670000),(1664,NULL,NULL,45,NULL,304,1,31.000000),(1665,NULL,NULL,45,NULL,304,7,43.000000),(1666,NULL,NULL,45,NULL,304,9,16.500000),(1670,NULL,NULL,45,NULL,305,1,50.000000),(1671,NULL,NULL,45,NULL,305,7,91.000000),(1672,NULL,NULL,45,NULL,305,9,31.000000),(1676,NULL,NULL,46,NULL,306,1,11.500000),(1677,NULL,NULL,46,NULL,306,7,14.000000),(1678,NULL,NULL,46,NULL,306,9,5.830000),(1682,NULL,NULL,46,NULL,307,1,11.500000),(1683,NULL,NULL,46,NULL,307,7,14.000000),(1684,NULL,NULL,46,NULL,307,9,6.670000),(1688,NULL,NULL,46,NULL,308,1,14.000000),(1689,NULL,NULL,46,NULL,308,7,17.000000),(1690,NULL,NULL,46,NULL,308,9,7.500000),(1694,NULL,NULL,46,NULL,309,1,14.000000),(1695,NULL,NULL,46,NULL,309,7,17.000000),(1696,NULL,NULL,46,NULL,309,9,7.920000),(1700,NULL,NULL,46,NULL,310,1,15.500000),(1701,NULL,NULL,46,NULL,310,7,18.000000),(1702,NULL,NULL,46,NULL,310,9,9.170000),(1706,NULL,NULL,46,NULL,311,1,20.000000),(1707,NULL,NULL,46,NULL,311,7,26.000000),(1708,NULL,NULL,46,NULL,311,9,11.670000),(1712,NULL,NULL,46,NULL,312,1,31.000000),(1713,NULL,NULL,46,NULL,312,7,43.000000),(1714,NULL,NULL,46,NULL,312,9,16.660000),(1718,NULL,NULL,46,NULL,313,1,50.000000),(1719,NULL,NULL,46,NULL,313,7,91.000000),(1720,NULL,NULL,46,NULL,313,9,31.000000),(1724,NULL,NULL,47,NULL,314,1,11.500000),(1725,NULL,NULL,47,NULL,314,7,14.000000),(1726,NULL,NULL,47,NULL,314,9,5.830000),(1730,NULL,NULL,47,NULL,315,1,11.500000),(1731,NULL,NULL,47,NULL,315,7,14.000000),(1732,NULL,NULL,47,NULL,315,9,6.670000),(1736,NULL,NULL,47,NULL,316,1,14.000000),(1737,NULL,NULL,47,NULL,316,7,17.000000),(1738,NULL,NULL,47,NULL,316,9,7.500000),(1742,NULL,NULL,47,NULL,317,1,14.000000),(1743,NULL,NULL,47,NULL,317,7,17.000000),(1744,NULL,NULL,47,NULL,317,9,7.920000),(1748,NULL,NULL,47,NULL,318,1,15.500000),(1749,NULL,NULL,47,NULL,318,7,18.000000),(1750,NULL,NULL,47,NULL,318,9,9.170000),(1754,NULL,NULL,47,NULL,319,1,20.000000),(1755,NULL,NULL,47,NULL,319,7,26.000000),(1756,NULL,NULL,47,NULL,319,9,11.670000),(1760,NULL,NULL,47,NULL,320,1,31.000000),(1761,NULL,NULL,47,NULL,320,7,43.000000),(1762,NULL,NULL,47,NULL,320,9,16.670000),(1766,NULL,NULL,47,NULL,321,1,50.000000),(1767,NULL,NULL,47,NULL,321,7,91.000000),(1768,NULL,NULL,47,NULL,321,9,31.000000),(1772,NULL,NULL,48,NULL,322,1,11.500000),(1773,NULL,NULL,48,NULL,322,7,14.000000),(1774,NULL,NULL,48,NULL,322,9,5.830000),(1778,NULL,NULL,48,NULL,323,1,11.500000),(1779,NULL,NULL,48,NULL,323,7,14.000000),(1780,NULL,NULL,48,NULL,323,9,6.670000),(1784,NULL,NULL,48,NULL,324,1,14.000000),(1785,NULL,NULL,48,NULL,324,7,17.000000),(1786,NULL,NULL,48,NULL,324,9,7.500000),(1790,NULL,NULL,48,NULL,325,1,14.000000),(1791,NULL,NULL,48,NULL,325,7,17.000000),(1792,NULL,NULL,48,NULL,325,9,7.920000),(1796,NULL,NULL,48,NULL,326,1,15.500000),(1797,NULL,NULL,48,NULL,326,7,18.000000),(1798,NULL,NULL,48,NULL,326,9,9.170000),(1802,NULL,NULL,48,NULL,327,1,20.000000),(1803,NULL,NULL,48,NULL,327,7,26.000000),(1804,NULL,NULL,48,NULL,327,9,11.670000),(1808,NULL,NULL,48,NULL,328,1,31.000000),(1809,NULL,NULL,48,NULL,328,7,43.000000),(1810,NULL,NULL,48,NULL,328,9,16.670000),(1814,NULL,NULL,48,NULL,329,1,50.000000),(1815,NULL,NULL,48,NULL,329,7,91.000000),(1816,NULL,NULL,48,NULL,329,9,30.840000),(1820,NULL,NULL,49,NULL,330,1,11.500000),(1821,NULL,NULL,49,NULL,330,7,14.000000),(1822,NULL,NULL,49,NULL,330,9,5.830000),(1826,NULL,NULL,49,NULL,331,1,11.500000),(1827,NULL,NULL,49,NULL,331,7,14.000000),(1828,NULL,NULL,49,NULL,331,9,6.670000),(1832,NULL,NULL,49,NULL,332,1,14.000000),(1833,NULL,NULL,49,NULL,332,7,17.000000),(1834,NULL,NULL,49,NULL,332,9,7.500000),(1838,NULL,NULL,49,NULL,333,1,14.000000),(1839,NULL,NULL,49,NULL,333,7,17.000000),(1840,NULL,NULL,49,NULL,333,9,7.920000),(1844,NULL,NULL,49,NULL,334,1,15.500000),(1845,NULL,NULL,49,NULL,334,7,18.000000),(1846,NULL,NULL,49,NULL,334,9,9.170000),(1850,NULL,NULL,49,NULL,335,1,20.000000),(1851,NULL,NULL,49,NULL,335,7,26.000000),(1852,NULL,NULL,49,NULL,335,9,11.670000),(1856,NULL,NULL,49,NULL,336,1,31.000000),(1857,NULL,NULL,49,NULL,336,7,43.000000),(1858,NULL,NULL,49,NULL,336,9,16.670000),(1862,NULL,NULL,49,NULL,337,1,50.000000),(1863,NULL,NULL,49,NULL,337,7,91.000000),(1864,NULL,NULL,49,NULL,337,9,30.830000);

--
-- Table structure for table `ps_employee_shop`
--

CREATE TABLE `ps_employee_shop` (
  `id_employee` int(11) unsigned NOT NULL,
  `id_shop` int(11) unsigned NOT NULL,
  PRIMARY KEY (`id_employee`,`id_shop`),
  KEY `id_shop` (`id_shop`)
) ENGINE=InnoDB DEFAULT CHARSET=utf8;

--
-- Dumping data for table `ps_employee_shop`
--

INSERT INTO `ps_employee_shop` VALUES (1,1),(2,1);

--
-- Table structure for table `ps_feature`
--

CREATE TABLE `ps_feature` (
  `id_feature` int(10) unsigned NOT NULL AUTO_INCREMENT,
  `position` int(10) unsigned NOT NULL DEFAULT '0',
  PRIMARY KEY (`id_feature`)
) ENGINE=InnoDB AUTO_INCREMENT=8 DEFAULT CHARSET=utf8;

--
-- Dumping data for table `ps_feature`
--

INSERT INTO `ps_feature` VALUES (1,0),(2,1),(3,2),(4,3),(5,4),(6,5),(7,6);

--
-- Table structure for table `ps_feature_lang`
--

CREATE TABLE `ps_feature_lang` (
  `id_feature` int(10) unsigned NOT NULL,
  `id_lang` int(10) unsigned NOT NULL,
  `name` varchar(128) DEFAULT NULL,
  PRIMARY KEY (`id_feature`,`id_lang`),
  KEY `id_lang` (`id_lang`,`name`)
) ENGINE=InnoDB DEFAULT CHARSET=utf8;

--
-- Dumping data for table `ps_feature_lang`
--

INSERT INTO `ps_feature_lang` VALUES (5,1,'Compositions'),(1,1,'Hauteur'),(2,1,'Largeur'),(4,1,'Poids'),(3,1,'Profondeur'),(7,1,'Propriétés'),(6,1,'Styles');

--
-- Table structure for table `ps_feature_product`
--

CREATE TABLE `ps_feature_product` (
  `id_feature` int(10) unsigned NOT NULL,
  `id_product` int(10) unsigned NOT NULL,
  `id_feature_value` int(10) unsigned NOT NULL,
  PRIMARY KEY (`id_feature`,`id_product`),
  KEY `id_feature_value` (`id_feature_value`),
  KEY `id_product` (`id_product`)
) ENGINE=InnoDB DEFAULT CHARSET=utf8;

--
-- Dumping data for table `ps_feature_product`
--

INSERT INTO `ps_feature_product` VALUES (5,10,5);

--
-- Table structure for table `ps_feature_shop`
--

CREATE TABLE `ps_feature_shop` (
  `id_feature` int(11) unsigned NOT NULL,
  `id_shop` int(11) unsigned NOT NULL,
  PRIMARY KEY (`id_feature`,`id_shop`),
  KEY `id_shop` (`id_shop`)
) ENGINE=InnoDB DEFAULT CHARSET=utf8;

--
-- Dumping data for table `ps_feature_shop`
--

INSERT INTO `ps_feature_shop` VALUES (1,1),(2,1),(3,1),(4,1),(5,1),(6,1),(7,1);

--
-- Table structure for table `ps_feature_value`
--

CREATE TABLE `ps_feature_value` (
  `id_feature_value` int(10) unsigned NOT NULL AUTO_INCREMENT,
  `id_feature` int(10) unsigned NOT NULL,
  `custom` tinyint(3) unsigned DEFAULT NULL,
  PRIMARY KEY (`id_feature_value`),
  KEY `feature` (`id_feature`)
) ENGINE=InnoDB AUTO_INCREMENT=35 DEFAULT CHARSET=utf8;

--
-- Dumping data for table `ps_feature_value`
--

INSERT INTO `ps_feature_value` VALUES (1,5,0),(2,5,0),(3,5,0),(4,5,0),(5,5,0),(6,5,0),(7,5,0),(8,5,0),(9,5,0),(10,6,0),(11,6,0),(12,6,0),(13,6,0),(14,6,0),(15,6,0),(16,6,0),(17,7,0),(18,7,0),(19,7,0),(20,7,0),(21,7,0),(22,1,1),(23,2,1),(24,4,1),(25,3,1),(26,1,1),(27,2,1),(28,4,1),(29,3,1),(30,1,1),(31,2,1),(32,4,1),(33,3,1),(34,4,0);

--
-- Table structure for table `ps_feature_value_lang`
--

CREATE TABLE `ps_feature_value_lang` (
  `id_feature_value` int(10) unsigned NOT NULL,
  `id_lang` int(10) unsigned NOT NULL,
  `value` varchar(255) DEFAULT NULL,
  PRIMARY KEY (`id_feature_value`,`id_lang`)
) ENGINE=InnoDB DEFAULT CHARSET=utf8;

--
-- Dumping data for table `ps_feature_value_lang`
--

INSERT INTO `ps_feature_value_lang` VALUES (1,1,'Polyester'),(2,1,'Laine'),(3,1,'Viscose'),(4,1,'Elasthanne'),(5,1,'Coton'),(6,1,'Soie'),(7,1,'Daim'),(8,1,'Paille'),(9,1,'Cuir'),(10,1,'Classique'),(11,1,'Décontracté'),(12,1,'Militaire'),(13,1,'Féminin'),(14,1,'Rock'),(15,1,'Basique'),(16,1,'Habillé'),(17,1,'Manches courtes'),(18,1,'Robe colorée'),(19,1,'Robe courte'),(20,1,'Robe midi'),(21,1,'Maxi-robe'),(22,1,'2.75 in'),(23,1,'2.06 in'),(24,1,'49.2 g'),(25,1,'0.26 in'),(26,1,'1.07 in'),(27,1,'1.62 in'),(28,1,'15.5 g'),(29,1,'0.41 in (clip included)'),(30,1,'4.33 in'),(31,1,'2.76 in'),(32,1,'120g'),(33,1,'0.31 in'),(34,1,'1000');

--
-- Table structure for table `ps_ganalytics`
--

CREATE TABLE `ps_ganalytics` (
  `id_google_analytics` int(11) NOT NULL AUTO_INCREMENT,
  `id_order` int(11) NOT NULL,
  `id_customer` int(10) NOT NULL,
  `id_shop` int(11) NOT NULL,
  `sent` tinyint(1) DEFAULT NULL,
  `date_add` datetime DEFAULT NULL,
  PRIMARY KEY (`id_google_analytics`),
  KEY `id_order` (`id_order`),
  KEY `sent` (`sent`)
) ENGINE=InnoDB AUTO_INCREMENT=3 DEFAULT CHARSET=utf8;

--
-- Dumping data for table `ps_ganalytics`
--

INSERT INTO `ps_ganalytics` VALUES (1,6,0,1,1,'2016-12-05 13:41:12'),(2,7,0,1,1,'2016-12-05 13:41:12');

--
-- Table structure for table `ps_gender`
--

CREATE TABLE `ps_gender` (
  `id_gender` int(11) NOT NULL AUTO_INCREMENT,
  `type` tinyint(1) NOT NULL,
  PRIMARY KEY (`id_gender`)
) ENGINE=InnoDB AUTO_INCREMENT=3 DEFAULT CHARSET=utf8;

--
-- Dumping data for table `ps_gender`
--

INSERT INTO `ps_gender` VALUES (1,0),(2,1);

--
-- Table structure for table `ps_gender_lang`
--

CREATE TABLE `ps_gender_lang` (
  `id_gender` int(10) unsigned NOT NULL,
  `id_lang` int(10) unsigned NOT NULL,
  `name` varchar(20) NOT NULL,
  PRIMARY KEY (`id_gender`,`id_lang`),
  KEY `id_gender` (`id_gender`)
) ENGINE=InnoDB DEFAULT CHARSET=utf8;

--
-- Dumping data for table `ps_gender_lang`
--

INSERT INTO `ps_gender_lang` VALUES (1,1,'M'),(2,1,'Mme');

--
-- Table structure for table `ps_group`
--

CREATE TABLE `ps_group` (
  `id_group` int(10) unsigned NOT NULL AUTO_INCREMENT,
  `reduction` decimal(17,2) NOT NULL DEFAULT '0.00',
  `price_display_method` tinyint(4) NOT NULL DEFAULT '0',
  `show_prices` tinyint(1) unsigned NOT NULL DEFAULT '1',
  `date_add` datetime NOT NULL,
  `date_upd` datetime NOT NULL,
  PRIMARY KEY (`id_group`)
) ENGINE=InnoDB AUTO_INCREMENT=4 DEFAULT CHARSET=utf8;

--
-- Dumping data for table `ps_group`
--

INSERT INTO `ps_group` VALUES (1,0.00,0,1,'2016-12-04 12:14:30','2016-12-04 12:14:30'),(2,0.00,0,1,'2016-12-04 12:14:30','2016-12-04 12:14:30'),(3,0.00,0,1,'2016-12-04 12:14:30','2016-12-04 12:14:30');

--
-- Table structure for table `ps_group_lang`
--

CREATE TABLE `ps_group_lang` (
  `id_group` int(10) unsigned NOT NULL,
  `id_lang` int(10) unsigned NOT NULL,
  `name` varchar(32) NOT NULL,
  PRIMARY KEY (`id_group`,`id_lang`)
) ENGINE=InnoDB DEFAULT CHARSET=utf8;

--
-- Dumping data for table `ps_group_lang`
--

INSERT INTO `ps_group_lang` VALUES (1,1,'Visiteur'),(2,1,'Invité'),(3,1,'Client');

--
-- Table structure for table `ps_group_reduction`
--

CREATE TABLE `ps_group_reduction` (
  `id_group_reduction` mediumint(8) unsigned NOT NULL AUTO_INCREMENT,
  `id_group` int(10) unsigned NOT NULL,
  `id_category` int(10) unsigned NOT NULL,
  `reduction` decimal(4,3) NOT NULL,
  PRIMARY KEY (`id_group_reduction`),
  UNIQUE KEY `id_group` (`id_group`,`id_category`)
) ENGINE=InnoDB DEFAULT CHARSET=utf8;

--
-- Dumping data for table `ps_group_reduction`
--


--
-- Table structure for table `ps_group_shop`
--

CREATE TABLE `ps_group_shop` (
  `id_group` int(11) unsigned NOT NULL,
  `id_shop` int(11) unsigned NOT NULL,
  PRIMARY KEY (`id_group`,`id_shop`),
  KEY `id_shop` (`id_shop`)
) ENGINE=InnoDB DEFAULT CHARSET=utf8;

--
-- Dumping data for table `ps_group_shop`
--

INSERT INTO `ps_group_shop` VALUES (1,1),(2,1),(3,1);

--
-- Table structure for table `ps_guest`
--

CREATE TABLE `ps_guest` (
  `id_guest` int(10) unsigned NOT NULL AUTO_INCREMENT,
  `id_operating_system` int(10) unsigned DEFAULT NULL,
  `id_web_browser` int(10) unsigned DEFAULT NULL,
  `id_customer` int(10) unsigned DEFAULT NULL,
  `javascript` tinyint(1) DEFAULT '0',
  `screen_resolution_x` smallint(5) unsigned DEFAULT NULL,
  `screen_resolution_y` smallint(5) unsigned DEFAULT NULL,
  `screen_color` tinyint(3) unsigned DEFAULT NULL,
  `sun_java` tinyint(1) DEFAULT NULL,
  `adobe_flash` tinyint(1) DEFAULT NULL,
  `adobe_director` tinyint(1) DEFAULT NULL,
  `apple_quicktime` tinyint(1) DEFAULT NULL,
  `real_player` tinyint(1) DEFAULT NULL,
  `windows_media` tinyint(1) DEFAULT NULL,
  `accept_language` varchar(8) DEFAULT NULL,
  `mobile_theme` tinyint(1) NOT NULL DEFAULT '0',
  PRIMARY KEY (`id_guest`),
  KEY `id_customer` (`id_customer`),
  KEY `id_operating_system` (`id_operating_system`),
  KEY `id_web_browser` (`id_web_browser`)
) ENGINE=InnoDB AUTO_INCREMENT=14 DEFAULT CHARSET=utf8;

--
-- Dumping data for table `ps_guest`
--

INSERT INTO `ps_guest` VALUES (1,0,0,1,0,0,0,0,0,0,0,0,0,0,'',0),(2,6,3,2,0,0,0,0,0,0,0,0,0,0,'',0),(4,6,3,0,0,0,0,0,0,0,0,0,0,0,'',0),(6,6,3,0,0,0,0,0,0,0,0,0,0,0,'',0),(7,6,3,0,0,0,0,0,0,0,0,0,0,0,'',0),(9,6,3,0,0,0,0,0,0,0,0,0,0,0,'',0),(10,3,11,0,0,0,0,0,0,0,0,0,0,0,'fr',0),(11,6,3,0,0,0,0,0,0,0,0,0,0,0,'',0),(12,6,3,0,0,0,0,0,0,0,0,0,0,0,'',0),(13,3,3,0,0,0,0,0,0,0,0,0,0,0,'fr',0);

--
-- Table structure for table `ps_homeslider`
--

CREATE TABLE `ps_homeslider` (
  `id_homeslider_slides` int(10) unsigned NOT NULL AUTO_INCREMENT,
  `id_shop` int(10) unsigned NOT NULL,
  PRIMARY KEY (`id_homeslider_slides`,`id_shop`)
) ENGINE=InnoDB AUTO_INCREMENT=7 DEFAULT CHARSET=utf8;

--
-- Dumping data for table `ps_homeslider`
--

INSERT INTO `ps_homeslider` VALUES (4,1),(5,1),(6,1);

--
-- Table structure for table `ps_homeslider_slides`
--

CREATE TABLE `ps_homeslider_slides` (
  `id_homeslider_slides` int(10) unsigned NOT NULL AUTO_INCREMENT,
  `position` int(10) unsigned NOT NULL DEFAULT '0',
  `active` tinyint(1) unsigned NOT NULL DEFAULT '0',
  PRIMARY KEY (`id_homeslider_slides`)
) ENGINE=InnoDB AUTO_INCREMENT=7 DEFAULT CHARSET=utf8;

--
-- Dumping data for table `ps_homeslider_slides`
--

INSERT INTO `ps_homeslider_slides` VALUES (4,0,1),(5,0,1),(6,0,1);

--
-- Table structure for table `ps_homeslider_slides_lang`
--

CREATE TABLE `ps_homeslider_slides_lang` (
  `id_homeslider_slides` int(10) unsigned NOT NULL,
  `id_lang` int(10) unsigned NOT NULL,
  `title` varchar(255) NOT NULL,
  `description` text NOT NULL,
  `legend` varchar(255) NOT NULL,
  `url` varchar(255) NOT NULL,
  `image` varchar(255) NOT NULL,
  PRIMARY KEY (`id_homeslider_slides`,`id_lang`)
) ENGINE=InnoDB DEFAULT CHARSET=utf8;

--
-- Dumping data for table `ps_homeslider_slides_lang`
--

INSERT INTO `ps_homeslider_slides_lang` VALUES (4,1,'slide 1','','boutique facebook pandalook','http://fb.pandalook.com','4238996d4cda7bc53503233012a4eac0bd2ab1b7_slide1.jpg'),(5,1,'rejoignez nous sur facebook','','rejoignez nous sur facebook','http://www.facebook.com/personnalisationPOURparticulier','1c7dd4bfd5f8b53210fbe4f174168fbf43b35761_slide2.jpg'),(6,1,'et aussi pandalook.com','<h2><span style=\"color:#020101;\">Et aussi visitez </span></h2>\n<h2><span style=\"color:#020101;\">pandalook.com</span></h2>','pandalook.com','http://pandalook.com','5ce2404fc13830b57fa58ec405c935e972414d5f_slide3.jpg');

--
-- Table structure for table `ps_hook`
--

CREATE TABLE `ps_hook` (
  `id_hook` int(10) unsigned NOT NULL AUTO_INCREMENT,
  `name` varchar(64) NOT NULL,
  `title` varchar(64) NOT NULL,
  `description` text,
  `position` tinyint(1) NOT NULL DEFAULT '1',
  `live_edit` tinyint(1) NOT NULL DEFAULT '0',
  PRIMARY KEY (`id_hook`),
  UNIQUE KEY `hook_name` (`name`)
) ENGINE=InnoDB AUTO_INCREMENT=152 DEFAULT CHARSET=utf8;

--
-- Dumping data for table `ps_hook`
--

INSERT INTO `ps_hook` VALUES (1,'displayPayment','Payment','This hook displays new elements on the payment page',1,1),(2,'actionValidateOrder','New orders','',1,0),(3,'displayMaintenance','Maintenance Page','This hook displays new elements on the maintenance page',1,0),(4,'actionPaymentConfirmation','Payment confirmation','This hook displays new elements after the payment is validated',1,0),(5,'displayPaymentReturn','Payment return','',1,0),(6,'actionUpdateQuantity','Quantity update','Quantity is updated only when a customer effectively places their order',1,0),(7,'displayRightColumn','Right column blocks','This hook displays new elements in the right-hand column',1,1),(8,'displayLeftColumn','Left column blocks','This hook displays new elements in the left-hand column',1,1),(9,'displayHome','Homepage content','This hook displays new elements on the homepage',1,1),(10,'Header','Pages html head section','This hook adds additional elements in the head section of your pages (head section of html)',1,0),(11,'actionCartSave','Cart creation and update','This hook is displayed when a product is added to the cart or if the cart\'s content is modified',1,0),(12,'actionAuthentication','Successful customer authentication','This hook is displayed after a customer successfully signs in',1,0),(13,'actionProductAdd','Product creation','This hook is displayed after a product is created',1,0),(14,'actionProductUpdate','Product update','This hook is displayed after a product has been updated',1,0),(15,'displayTop','Top of pages','This hook displays additional elements at the top of your pages',1,0),(16,'displayRightColumnProduct','New elements on the product page (right column)','This hook displays new elements in the right-hand column of the product page',1,0),(17,'actionProductDelete','Product deletion','This hook is called when a product is deleted',1,0),(18,'displayFooterProduct','Product footer','This hook adds new blocks under the product\'s description',1,1),(19,'displayInvoice','Invoice','This hook displays new blocks on the invoice (order)',1,0),(20,'actionOrderStatusUpdate','Order status update - Event','This hook launches modules when the status of an order changes.',1,0),(21,'displayAdminOrder','Display new elements in the Back Office, tab AdminOrder','This hook launches modules when the AdminOrder tab is displayed in the Back Office',1,0),(22,'displayAdminOrderTabOrder','Display new elements in Back Office, AdminOrder, panel Order','This hook launches modules when the AdminOrder tab is displayed in the Back Office and extends / override Order panel tabs',1,0),(23,'displayAdminOrderTabShip','Display new elements in Back Office, AdminOrder, panel Shipping','This hook launches modules when the AdminOrder tab is displayed in the Back Office and extends / override Shipping panel tabs',1,0),(24,'displayAdminOrderContentOrder','Display new elements in Back Office, AdminOrder, panel Order','This hook launches modules when the AdminOrder tab is displayed in the Back Office and extends / override Order panel content',1,0),(25,'displayAdminOrderContentShip','Display new elements in Back Office, AdminOrder, panel Shipping','This hook launches modules when the AdminOrder tab is displayed in the Back Office and extends / override Shipping panel content',1,0),(26,'displayFooter','Footer','This hook displays new blocks in the footer',1,0),(27,'displayPDFInvoice','PDF Invoice','This hook allows you to display additional information on PDF invoices',1,0),(28,'displayInvoiceLegalFreeText','PDF Invoice - Legal Free Text','This hook allows you to modify the legal free text on PDF invoices',1,0),(29,'displayAdminCustomers','Display new elements in the Back Office, tab AdminCustomers','This hook launches modules when the AdminCustomers tab is displayed in the Back Office',1,0),(30,'displayOrderConfirmation','Order confirmation page','This hook is called within an order\'s confirmation page',1,0),(31,'actionCustomerAccountAdd','Successful customer account creation','This hook is called when a new customer creates an account successfully',1,0),(32,'displayCustomerAccount','Customer account displayed in Front Office','This hook displays new elements on the customer account page',1,0),(33,'displayCustomerIdentityForm','Customer identity form displayed in Front Office','This hook displays new elements on the form to update a customer identity',1,0),(34,'actionOrderSlipAdd','Order slip creation','This hook is called when a new credit slip is added regarding client order',1,0),(35,'displayProductTab','Tabs on product page','This hook is called on the product page\'s tab',1,0),(36,'displayProductTabContent','Tabs content on the product page','This hook is called on the product page\'s tab',1,0),(37,'displayShoppingCartFooter','Shopping cart footer','This hook displays some specific information on the shopping cart\'s page',1,0),(38,'displayCustomerAccountForm','Customer account creation form','This hook displays some information on the form to create a customer account',1,0),(39,'displayAdminStatsModules','Stats - Modules','',1,0),(40,'displayAdminStatsGraphEngine','Graph engines','',1,0),(41,'actionOrderReturn','Returned product','This hook is displayed when a customer returns a product ',1,0),(42,'displayProductButtons','Product page actions','This hook adds new action buttons on the product page',1,0),(43,'displayBackOfficeHome','Administration panel homepage','This hook is displayed on the admin panel\'s homepage',1,0),(44,'displayAdminStatsGridEngine','Grid engines','',1,0),(45,'actionWatermark','Watermark','',1,0),(46,'actionProductCancel','Product cancelled','This hook is called when you cancel a product in an order',1,0),(47,'displayLeftColumnProduct','New elements on the product page (left column)','This hook displays new elements in the left-hand column of the product page',1,0),(48,'actionProductOutOfStock','Out-of-stock product','This hook displays new action buttons if a product is out of stock',1,0),(49,'actionProductAttributeUpdate','Product attribute update','This hook is displayed when a product\'s attribute is updated',1,0),(50,'displayCarrierList','Extra carrier (module mode)','',1,0),(51,'displayShoppingCart','Shopping cart - Additional button','This hook displays new action buttons within the shopping cart',1,0),(52,'actionSearch','Search','',1,0),(53,'displayBeforePayment','Redirect during the order process','This hook redirects the user to the module instead of displaying payment modules',1,0),(54,'actionCarrierUpdate','Carrier Update','This hook is called when a carrier is updated',1,0),(55,'actionOrderStatusPostUpdate','Post update of order status','',1,0),(56,'displayCustomerAccountFormTop','Block above the form for create an account','This hook is displayed above the customer\'s account creation form',1,0),(57,'displayBackOfficeHeader','Administration panel header','This hook is displayed in the header of the admin panel',1,0),(58,'displayBackOfficeTop','Administration panel hover the tabs','This hook is displayed on the roll hover of the tabs within the admin panel',1,0),(59,'displayBackOfficeFooter','Administration panel footer','This hook is displayed within the admin panel\'s footer',1,0),(60,'actionProductAttributeDelete','Product attribute deletion','This hook is displayed when a product\'s attribute is deleted',1,0),(61,'actionCarrierProcess','Carrier process','',1,0),(62,'actionOrderDetail','Order detail','This hook is used to set the follow-up in Smarty when an order\'s detail is called',1,0),(63,'displayBeforeCarrier','Before carriers list','This hook is displayed before the carrier list in Front Office',1,0),(64,'displayOrderDetail','Order detail','This hook is displayed within the order\'s details in Front Office',1,0),(65,'actionPaymentCCAdd','Payment CC added','',1,0),(66,'displayProductComparison','Extra product comparison','',1,0),(67,'actionCategoryAdd','Category creation','This hook is displayed when a category is created',1,0),(68,'actionCategoryUpdate','Category modification','This hook is displayed when a category is modified',1,0),(69,'actionCategoryDelete','Category deletion','This hook is displayed when a category is deleted',1,0),(70,'actionBeforeAuthentication','Before authentication','This hook is displayed before the customer\'s authentication',1,0),(71,'displayPaymentTop','Top of payment page','This hook is displayed at the top of the payment page',1,0),(72,'actionHtaccessCreate','After htaccess creation','This hook is displayed after the htaccess creation',1,0),(73,'actionAdminMetaSave','After saving the configuration in AdminMeta','This hook is displayed after saving the configuration in AdminMeta',1,0),(74,'displayAttributeGroupForm','Add fields to the form \'attribute group\'','This hook adds fields to the form \'attribute group\'',1,0),(75,'actionAttributeGroupSave','Saving an attribute group','This hook is called while saving an attributes group',1,0),(76,'actionAttributeGroupDelete','Deleting attribute group','This hook is called while deleting an attributes  group',1,0),(77,'displayFeatureForm','Add fields to the form \'feature\'','This hook adds fields to the form \'feature\'',1,0),(78,'actionFeatureSave','Saving attributes\' features','This hook is called while saving an attributes features',1,0),(79,'actionFeatureDelete','Deleting attributes\' features','This hook is called while deleting an attributes features',1,0),(80,'actionProductSave','Saving products','This hook is called while saving products',1,0),(81,'actionProductListOverride','Assign a products list to a category','This hook assigns a products list to a category',1,0),(82,'displayAttributeGroupPostProcess','On post-process in admin attribute group','This hook is called on post-process in admin attribute group',1,0),(83,'displayFeaturePostProcess','On post-process in admin feature','This hook is called on post-process in admin feature',1,0),(84,'displayFeatureValueForm','Add fields to the form \'feature value\'','This hook adds fields to the form \'feature value\'',1,0),(85,'displayFeatureValuePostProcess','On post-process in admin feature value','This hook is called on post-process in admin feature value',1,0),(86,'actionFeatureValueDelete','Deleting attributes\' features\' values','This hook is called while deleting an attributes features value',1,0),(87,'actionFeatureValueSave','Saving an attributes features value','This hook is called while saving an attributes features value',1,0),(88,'displayAttributeForm','Add fields to the form \'attribute value\'','This hook adds fields to the form \'attribute value\'',1,0),(89,'actionAttributePostProcess','On post-process in admin feature value','This hook is called on post-process in admin feature value',1,0),(90,'actionAttributeDelete','Deleting an attributes features value','This hook is called while deleting an attributes features value',1,0),(91,'actionAttributeSave','Saving an attributes features value','This hook is called while saving an attributes features value',1,0),(92,'actionTaxManager','Tax Manager Factory','',1,0),(93,'displayMyAccountBlock','My account block','This hook displays extra information within the \'my account\' block\"',1,0),(94,'actionModuleInstallBefore','actionModuleInstallBefore','',1,0),(95,'actionModuleInstallAfter','actionModuleInstallAfter','',1,0),(96,'displayHomeTab','Home Page Tabs','This hook displays new elements on the homepage tabs',1,1),(97,'displayHomeTabContent','Home Page Tabs Content','This hook displays new elements on the homepage tabs content',1,1),(98,'displayTopColumn','Top column blocks','This hook displays new elements in the top of columns',1,1),(99,'displayBackOfficeCategory','Display new elements in the Back Office, tab AdminCategories','This hook launches modules when the AdminCategories tab is displayed in the Back Office',1,0),(100,'displayProductListFunctionalButtons','Display new elements in the Front Office, products list','This hook launches modules when the products list is displayed in the Front Office',1,0),(101,'displayNav','Navigation','',1,1),(102,'displayOverrideTemplate','Change the default template of current controller','',1,0),(103,'actionAdminLoginControllerSetMedia','Set media on admin login page header','This hook is called after adding media to admin login page header',1,0),(104,'actionOrderEdited','Order edited','This hook is called when an order is edited.',1,0),(105,'actionEmailAddBeforeContent','Add extra content before mail content','This hook is called just before fetching mail template',1,0),(106,'actionEmailAddAfterContent','Add extra content after mail content','This hook is called just after fetching mail template',1,0),(107,'displayCartExtraProductActions','Extra buttons in shopping cart','This hook adds extra buttons to the product lines, in the shopping cart',1,0),(108,'actionObjectProductUpdateAfter','actionObjectProductUpdateAfter','',0,0),(109,'actionObjectProductDeleteAfter','actionObjectProductDeleteAfter','',0,0),(110,'displayCompareExtraInformation','displayCompareExtraInformation','',1,1),(111,'displaySocialSharing','displaySocialSharing','',1,1),(112,'displayBanner','displayBanner','',1,1),(113,'actionObjectLanguageAddAfter','actionObjectLanguageAddAfter','',0,0),(114,'displayPaymentEU','displayPaymentEU','',1,1),(115,'actionCartListOverride','actionCartListOverride','',0,0),(116,'actionAdminMetaControllerUpdate_optionsBefore','actionAdminMetaControllerUpdate_optionsBefore','',0,0),(117,'actionAdminLanguagesControllerStatusBefore','actionAdminLanguagesControllerStatusBefore','',0,0),(118,'actionObjectCmsUpdateAfter','actionObjectCmsUpdateAfter','',0,0),(119,'actionObjectCmsDeleteAfter','actionObjectCmsDeleteAfter','',0,0),(120,'actionShopDataDuplication','actionShopDataDuplication','',0,0),(121,'actionAdminStoresControllerUpdate_optionsAfter','actionAdminStoresControllerUpdate_optionsAfter','',0,0),(122,'actionObjectManufacturerDeleteAfter','actionObjectManufacturerDeleteAfter','',0,0),(123,'actionObjectManufacturerAddAfter','actionObjectManufacturerAddAfter','',0,0),(124,'actionObjectManufacturerUpdateAfter','actionObjectManufacturerUpdateAfter','',0,0),(126,'actionModuleRegisterHookAfter','actionModuleRegisterHookAfter','',0,0),(127,'actionModuleUnRegisterHookAfter','actionModuleUnRegisterHookAfter','',0,0),(128,'displayMyAccountBlockfooter','My account block','Display extra informations inside the \"my account\" block',1,0),(129,'displayMobileTopSiteMap','displayMobileTopSiteMap','',1,1),(130,'displaySearch','displaySearch','',1,1),(131,'actionObjectSupplierDeleteAfter','actionObjectSupplierDeleteAfter','',0,0),(132,'actionObjectSupplierAddAfter','actionObjectSupplierAddAfter','',0,0),(133,'actionObjectSupplierUpdateAfter','actionObjectSupplierUpdateAfter','',0,0),(134,'actionObjectCategoryUpdateAfter','actionObjectCategoryUpdateAfter','',0,0),(135,'actionObjectCategoryDeleteAfter','actionObjectCategoryDeleteAfter','',0,0),(136,'actionObjectCategoryAddAfter','actionObjectCategoryAddAfter','',0,0),(137,'actionObjectCmsAddAfter','actionObjectCmsAddAfter','',0,0),(138,'actionObjectProductAddAfter','actionObjectProductAddAfter','',0,0),(139,'dashboardZoneOne','dashboardZoneOne','',0,0),(140,'dashboardData','dashboardData','',0,0),(141,'actionObjectOrderAddAfter','actionObjectOrderAddAfter','',0,0),(142,'actionObjectCustomerAddAfter','actionObjectCustomerAddAfter','',0,0),(143,'actionObjectCustomerMessageAddAfter','actionObjectCustomerMessageAddAfter','',0,0),(144,'actionObjectCustomerThreadAddAfter','actionObjectCustomerThreadAddAfter','',0,0),(145,'actionObjectOrderReturnAddAfter','actionObjectOrderReturnAddAfter','',0,0),(146,'actionAdminControllerSetMedia','actionAdminControllerSetMedia','',0,0),(147,'dashboardZoneTwo','dashboardZoneTwo','',0,0),(148,'displayMobileHeader','displayMobileHeader','',1,1),(149,'displayMobileShoppingCartTop','displayMobileShoppingCartTop','',1,1),(150,'displayMobileAddToCartTop','displayMobileAddToCartTop','',1,1),(151,'actionPSCleanerGetModulesTables','actionPSCleanerGetModulesTables','',0,0);

--
-- Table structure for table `ps_hook_alias`
--

CREATE TABLE `ps_hook_alias` (
  `id_hook_alias` int(10) unsigned NOT NULL AUTO_INCREMENT,
  `alias` varchar(64) NOT NULL,
  `name` varchar(64) NOT NULL,
  PRIMARY KEY (`id_hook_alias`),
  UNIQUE KEY `alias` (`alias`)
) ENGINE=InnoDB AUTO_INCREMENT=87 DEFAULT CHARSET=utf8;

--
-- Dumping data for table `ps_hook_alias`
--

INSERT INTO `ps_hook_alias` VALUES (1,'payment','displayPayment'),(2,'newOrder','actionValidateOrder'),(3,'paymentConfirm','actionPaymentConfirmation'),(4,'paymentReturn','displayPaymentReturn'),(5,'updateQuantity','actionUpdateQuantity'),(6,'rightColumn','displayRightColumn'),(7,'leftColumn','displayLeftColumn'),(8,'home','displayHome'),(9,'displayHeader','Header'),(10,'cart','actionCartSave'),(11,'authentication','actionAuthentication'),(12,'addproduct','actionProductAdd'),(13,'updateproduct','actionProductUpdate'),(14,'top','displayTop'),(15,'extraRight','displayRightColumnProduct'),(16,'deleteproduct','actionProductDelete'),(17,'productfooter','displayFooterProduct'),(18,'invoice','displayInvoice'),(19,'updateOrderStatus','actionOrderStatusUpdate'),(20,'adminOrder','displayAdminOrder'),(21,'footer','displayFooter'),(22,'PDFInvoice','displayPDFInvoice'),(23,'adminCustomers','displayAdminCustomers'),(24,'orderConfirmation','displayOrderConfirmation'),(25,'createAccount','actionCustomerAccountAdd'),(26,'customerAccount','displayCustomerAccount'),(27,'orderSlip','actionOrderSlipAdd'),(28,'productTab','displayProductTab'),(29,'productTabContent','displayProductTabContent'),(30,'shoppingCart','displayShoppingCartFooter'),(31,'createAccountForm','displayCustomerAccountForm'),(32,'AdminStatsModules','displayAdminStatsModules'),(33,'GraphEngine','displayAdminStatsGraphEngine'),(34,'orderReturn','actionOrderReturn'),(35,'productActions','displayProductButtons'),(36,'backOfficeHome','displayBackOfficeHome'),(37,'GridEngine','displayAdminStatsGridEngine'),(38,'watermark','actionWatermark'),(39,'cancelProduct','actionProductCancel'),(40,'extraLeft','displayLeftColumnProduct'),(41,'productOutOfStock','actionProductOutOfStock'),(42,'updateProductAttribute','actionProductAttributeUpdate'),(43,'extraCarrier','displayCarrierList'),(44,'shoppingCartExtra','displayShoppingCart'),(45,'search','actionSearch'),(46,'backBeforePayment','displayBeforePayment'),(47,'updateCarrier','actionCarrierUpdate'),(48,'postUpdateOrderStatus','actionOrderStatusPostUpdate'),(49,'createAccountTop','displayCustomerAccountFormTop'),(50,'backOfficeHeader','displayBackOfficeHeader'),(51,'backOfficeTop','displayBackOfficeTop'),(52,'backOfficeFooter','displayBackOfficeFooter'),(53,'deleteProductAttribute','actionProductAttributeDelete'),(54,'processCarrier','actionCarrierProcess'),(55,'orderDetail','actionOrderDetail'),(56,'beforeCarrier','displayBeforeCarrier'),(57,'orderDetailDisplayed','displayOrderDetail'),(58,'paymentCCAdded','actionPaymentCCAdd'),(59,'extraProductComparison','displayProductComparison'),(60,'categoryAddition','actionCategoryAdd'),(61,'categoryUpdate','actionCategoryUpdate'),(62,'categoryDeletion','actionCategoryDelete'),(63,'beforeAuthentication','actionBeforeAuthentication'),(64,'paymentTop','displayPaymentTop'),(65,'afterCreateHtaccess','actionHtaccessCreate'),(66,'afterSaveAdminMeta','actionAdminMetaSave'),(67,'attributeGroupForm','displayAttributeGroupForm'),(68,'afterSaveAttributeGroup','actionAttributeGroupSave'),(69,'afterDeleteAttributeGroup','actionAttributeGroupDelete'),(70,'featureForm','displayFeatureForm'),(71,'afterSaveFeature','actionFeatureSave'),(72,'afterDeleteFeature','actionFeatureDelete'),(73,'afterSaveProduct','actionProductSave'),(74,'productListAssign','actionProductListOverride'),(75,'postProcessAttributeGroup','displayAttributeGroupPostProcess'),(76,'postProcessFeature','displayFeaturePostProcess'),(77,'featureValueForm','displayFeatureValueForm'),(78,'postProcessFeatureValue','displayFeatureValuePostProcess'),(79,'afterDeleteFeatureValue','actionFeatureValueDelete'),(80,'afterSaveFeatureValue','actionFeatureValueSave'),(81,'attributeForm','displayAttributeForm'),(82,'postProcessAttribute','actionAttributePostProcess'),(83,'afterDeleteAttribute','actionAttributeDelete'),(84,'afterSaveAttribute','actionAttributeSave'),(85,'taxManager','actionTaxManager'),(86,'myAccountBlock','displayMyAccountBlock');

--
-- Table structure for table `ps_hook_module`
--

CREATE TABLE `ps_hook_module` (
  `id_module` int(10) unsigned NOT NULL,
  `id_shop` int(11) unsigned NOT NULL DEFAULT '1',
  `id_hook` int(10) unsigned NOT NULL,
  `position` tinyint(2) unsigned NOT NULL,
  PRIMARY KEY (`id_module`,`id_hook`,`id_shop`),
  KEY `id_hook` (`id_hook`),
  KEY `id_module` (`id_module`),
  KEY `position` (`id_shop`,`position`)
) ENGINE=InnoDB DEFAULT CHARSET=utf8;

--
-- Dumping data for table `ps_hook_module`
--

INSERT INTO `ps_hook_module` VALUES (1,1,10,1),(1,1,16,1),(1,1,108,1),(1,1,109,1),(1,1,110,1),(1,1,111,1),(2,1,113,1),(3,1,1,1),(3,1,5,1),(3,1,114,1),(4,1,13,1),(4,1,14,1),(4,1,17,1),(4,1,55,1),(4,1,96,1),(4,1,97,1),(5,1,15,1),(5,1,115,1),(7,1,8,1),(7,1,67,1),(7,1,68,1),(7,1,69,1),(7,1,99,1),(7,1,116,1),(7,1,117,1),(12,1,118,1),(12,1,119,1),(12,1,120,1),(12,1,121,1),(17,1,126,1),(17,1,127,1),(20,1,26,1),(20,1,31,1),(28,1,101,1),(31,1,139,1),(31,1,140,1),(31,1,141,1),(31,1,142,1),(31,1,143,1),(31,1,144,1),(31,1,145,1),(31,1,146,1),(32,1,147,1),(34,1,52,1),(40,1,39,1),(50,1,12,1),(63,1,57,1),(64,1,7,1),(64,1,18,1),(64,1,21,1),(64,1,46,1),(64,1,51,1),(64,1,53,1),(64,1,148,1),(64,1,149,1),(64,1,150,1),(64,1,151,1),(66,1,9,1),(66,1,11,1),(66,1,30,1),(67,1,47,1),(70,1,122,1),(70,1,123,1),(70,1,124,1),(70,1,131,1),(70,1,132,1),(70,1,133,1),(70,1,134,1),(70,1,135,1),(70,1,136,1),(70,1,137,1),(70,1,138,1),(2,1,10,2),(6,1,26,2),(7,1,7,2),(10,1,101,2),(13,1,9,2),(18,1,126,2),(18,1,127,2),(30,1,1,2),(30,1,5,2),(30,1,114,2),(32,1,55,2),(32,1,140,2),(32,1,146,2),(33,1,147,2),(34,1,141,2),(37,1,15,2),(37,1,120,2),(39,1,42,2),(41,1,39,2),(50,1,31,2),(60,1,52,2),(63,1,8,2),(63,1,113,2),(64,1,57,2),(66,1,18,2),(66,1,21,2),(66,1,46,2),(69,1,13,2),(69,1,14,2),(69,1,17,2),(69,1,96,2),(69,1,97,2),(70,1,68,2),(70,1,108,2),(70,1,109,2),(70,1,118,2),(70,1,119,2),(4,1,10,3),(12,1,26,3),(14,1,101,3),(28,1,15,3),(33,1,140,3),(33,1,146,3),(34,1,147,3),(43,1,39,3),(64,1,1,3),(64,1,5,3),(64,1,114,3),(66,1,57,3),(70,1,120,3),(7,1,10,4),(18,1,26,4),(34,1,140,4),(40,1,15,4),(44,1,39,4),(5,1,10,5),(15,1,26,5),(41,1,15,5),(45,1,39,5),(6,1,10,6),(46,1,39,6),(50,1,26,6),(70,1,15,6),(9,1,10,7),(47,1,39,7),(63,1,26,7),(10,1,10,8),(48,1,39,8),(66,1,26,8),(12,1,10,9),(49,1,39,9),(14,1,10,10),(51,1,39,10),(15,1,10,11),(52,1,39,11),(17,1,10,12),(53,1,39,12),(18,1,10,13),(54,1,39,13),(20,1,10,14),(55,1,39,14),(21,1,10,15),(56,1,39,15),(24,1,10,16),(58,1,39,16),(28,1,10,17),(59,1,39,17),(39,1,10,18),(60,1,39,18),(61,1,39,19),(63,1,10,19),(62,1,39,20),(64,1,10,20),(66,1,10,21),(69,1,10,22),(37,1,10,23),(70,1,10,24);

--
-- Table structure for table `ps_hook_module_exceptions`
--

CREATE TABLE `ps_hook_module_exceptions` (
  `id_hook_module_exceptions` int(10) unsigned NOT NULL AUTO_INCREMENT,
  `id_shop` int(11) unsigned NOT NULL DEFAULT '1',
  `id_module` int(10) unsigned NOT NULL,
  `id_hook` int(10) unsigned NOT NULL,
  `file_name` varchar(255) DEFAULT NULL,
  PRIMARY KEY (`id_hook_module_exceptions`),
  KEY `id_module` (`id_module`),
  KEY `id_hook` (`id_hook`)
) ENGINE=InnoDB AUTO_INCREMENT=8 DEFAULT CHARSET=utf8;

--
-- Dumping data for table `ps_hook_module_exceptions`
--

INSERT INTO `ps_hook_module_exceptions` VALUES (1,1,4,8,'category'),(3,1,17,8,'category'),(4,1,21,8,'category');

--
-- Table structure for table `ps_image`
--

CREATE TABLE `ps_image` (
  `id_image` int(10) unsigned NOT NULL AUTO_INCREMENT,
  `id_product` int(10) unsigned NOT NULL,
  `position` smallint(2) unsigned NOT NULL DEFAULT '0',
  `cover` tinyint(1) unsigned DEFAULT NULL,
  PRIMARY KEY (`id_image`),
  UNIQUE KEY `id_product_cover` (`id_product`,`cover`),
  UNIQUE KEY `idx_product_image` (`id_image`,`id_product`,`cover`),
  KEY `image_product` (`id_product`)
) ENGINE=InnoDB AUTO_INCREMENT=35 DEFAULT CHARSET=utf8;

--
-- Dumping data for table `ps_image`
--

INSERT INTO `ps_image` VALUES (24,8,1,1),(25,8,2,NULL),(26,8,3,NULL),(27,8,4,NULL),(28,8,5,NULL),(29,9,1,1),(30,9,2,NULL),(31,9,3,NULL),(32,9,4,NULL),(33,9,5,NULL),(34,10,1,1);

--
-- Table structure for table `ps_image_lang`
--

CREATE TABLE `ps_image_lang` (
  `id_image` int(10) unsigned NOT NULL,
  `id_lang` int(10) unsigned NOT NULL,
  `legend` varchar(128) DEFAULT NULL,
  PRIMARY KEY (`id_image`,`id_lang`),
  KEY `id_image` (`id_image`)
) ENGINE=InnoDB DEFAULT CHARSET=utf8;

--
-- Dumping data for table `ps_image_lang`
--

INSERT INTO `ps_image_lang` VALUES (24,1,'debardeur col U - motif 1'),(25,1,'debardeur col U - motif 1'),(26,1,'debardeur col U - motif 1'),(27,1,'debardeur col U - motif 1'),(28,1,'debardeur col U - motif 1'),(29,1,'debardeur col U - motif 1'),(30,1,'debardeur col U - motif 1'),(31,1,'debardeur col U - motif 1'),(32,1,'debardeur col U - motif 1'),(33,1,'debardeur col U - motif 1'),(34,1,'tshirt femme');

--
-- Table structure for table `ps_image_shop`
--

CREATE TABLE `ps_image_shop` (
  `id_product` int(10) unsigned NOT NULL,
  `id_image` int(11) unsigned NOT NULL,
  `id_shop` int(11) unsigned NOT NULL,
  `cover` tinyint(1) unsigned DEFAULT NULL,
  PRIMARY KEY (`id_image`,`id_shop`),
  UNIQUE KEY `id_product` (`id_product`,`id_shop`,`cover`),
  KEY `id_shop` (`id_shop`)
) ENGINE=InnoDB DEFAULT CHARSET=utf8;

--
-- Dumping data for table `ps_image_shop`
--

INSERT INTO `ps_image_shop` VALUES (8,25,1,NULL),(8,26,1,NULL),(8,27,1,NULL),(8,28,1,NULL),(8,24,1,1),(9,30,1,NULL),(9,31,1,NULL),(9,32,1,NULL),(9,33,1,NULL),(9,29,1,1),(10,34,1,1);

--
-- Table structure for table `ps_image_type`
--

CREATE TABLE `ps_image_type` (
  `id_image_type` int(10) unsigned NOT NULL AUTO_INCREMENT,
  `name` varchar(64) NOT NULL,
  `width` int(10) unsigned NOT NULL,
  `height` int(10) unsigned NOT NULL,
  `products` tinyint(1) NOT NULL DEFAULT '1',
  `categories` tinyint(1) NOT NULL DEFAULT '1',
  `manufacturers` tinyint(1) NOT NULL DEFAULT '1',
  `suppliers` tinyint(1) NOT NULL DEFAULT '1',
  `scenes` tinyint(1) NOT NULL DEFAULT '1',
  `stores` tinyint(1) NOT NULL DEFAULT '1',
  PRIMARY KEY (`id_image_type`),
  KEY `image_type_name` (`name`)
) ENGINE=InnoDB AUTO_INCREMENT=10 DEFAULT CHARSET=utf8;

--
-- Dumping data for table `ps_image_type`
--

INSERT INTO `ps_image_type` VALUES (1,'cart_default',80,80,1,0,0,0,0,0),(2,'small_default',98,98,1,0,1,1,0,0),(3,'medium_default',125,125,1,1,1,1,0,1),(4,'home_default',250,250,1,0,0,0,0,0),(5,'large_default',458,458,1,0,1,1,0,0),(6,'thickbox_default',800,800,1,0,0,0,0,0),(7,'category_default',870,217,0,1,0,0,0,0),(8,'scene_default',870,270,0,0,0,0,1,0),(9,'m_scene_default',161,58,0,0,0,0,1,0);

--
-- Table structure for table `ps_import_match`
--

CREATE TABLE `ps_import_match` (
  `id_import_match` int(10) NOT NULL AUTO_INCREMENT,
  `name` varchar(32) NOT NULL,
  `match` text NOT NULL,
  `skip` int(2) NOT NULL,
  PRIMARY KEY (`id_import_match`)
) ENGINE=InnoDB DEFAULT CHARSET=utf8;

--
-- Dumping data for table `ps_import_match`
--


--
-- Table structure for table `ps_info`
--

CREATE TABLE `ps_info` (
  `id_info` int(10) unsigned NOT NULL AUTO_INCREMENT,
  `id_shop` int(10) unsigned DEFAULT NULL,
  PRIMARY KEY (`id_info`)
) ENGINE=InnoDB AUTO_INCREMENT=4 DEFAULT CHARSET=utf8;

--
-- Dumping data for table `ps_info`
--


--
-- Table structure for table `ps_info_lang`
--

CREATE TABLE `ps_info_lang` (
  `id_info` int(10) unsigned NOT NULL,
  `id_lang` int(10) unsigned NOT NULL,
  `text` text NOT NULL,
  PRIMARY KEY (`id_info`,`id_lang`)
) ENGINE=InnoDB DEFAULT CHARSET=utf8;

--
-- Dumping data for table `ps_info_lang`
--


--
-- Table structure for table `ps_lang`
--

CREATE TABLE `ps_lang` (
  `id_lang` int(10) unsigned NOT NULL AUTO_INCREMENT,
  `name` varchar(32) NOT NULL,
  `active` tinyint(3) unsigned NOT NULL DEFAULT '0',
  `iso_code` char(2) NOT NULL,
  `language_code` char(5) NOT NULL,
  `date_format_lite` char(32) NOT NULL DEFAULT 'Y-m-d',
  `date_format_full` char(32) NOT NULL DEFAULT 'Y-m-d H:i:s',
  `is_rtl` tinyint(1) NOT NULL DEFAULT '0',
  PRIMARY KEY (`id_lang`),
  KEY `lang_iso_code` (`iso_code`)
) ENGINE=InnoDB AUTO_INCREMENT=2 DEFAULT CHARSET=utf8;

--
-- Dumping data for table `ps_lang`
--

INSERT INTO `ps_lang` VALUES (1,'Français (French)',1,'fr','fr-fr','d/m/Y','d/m/Y H:i:s',0);

--
-- Table structure for table `ps_lang_shop`
--

CREATE TABLE `ps_lang_shop` (
  `id_lang` int(11) unsigned NOT NULL,
  `id_shop` int(11) unsigned NOT NULL,
  PRIMARY KEY (`id_lang`,`id_shop`),
  KEY `id_shop` (`id_shop`)
) ENGINE=InnoDB DEFAULT CHARSET=utf8;

--
-- Dumping data for table `ps_lang_shop`
--

INSERT INTO `ps_lang_shop` VALUES (1,1);

--
-- Table structure for table `ps_linksmenutop`
--

CREATE TABLE `ps_linksmenutop` (
  `id_linksmenutop` int(10) unsigned NOT NULL AUTO_INCREMENT,
  `id_shop` int(11) unsigned NOT NULL,
  `new_window` tinyint(1) NOT NULL,
  PRIMARY KEY (`id_linksmenutop`),
  KEY `id_shop` (`id_shop`)
) ENGINE=InnoDB AUTO_INCREMENT=3 DEFAULT CHARSET=utf8;

--
-- Dumping data for table `ps_linksmenutop`
--

INSERT INTO `ps_linksmenutop` VALUES (1,1,1),(2,1,1);

--
-- Table structure for table `ps_linksmenutop_lang`
--

CREATE TABLE `ps_linksmenutop_lang` (
  `id_linksmenutop` int(11) unsigned NOT NULL,
  `id_lang` int(11) unsigned NOT NULL,
  `id_shop` int(11) unsigned NOT NULL,
  `label` varchar(128) NOT NULL,
  `link` varchar(128) NOT NULL,
  KEY `id_linksmenutop` (`id_linksmenutop`,`id_lang`,`id_shop`)
) ENGINE=InnoDB DEFAULT CHARSET=utf8;

--
-- Dumping data for table `ps_linksmenutop_lang`
--

INSERT INTO `ps_linksmenutop_lang` VALUES (1,1,1,'Pandalook.com','http://pandalook.com'),(2,1,1,'Pandalook sur Facebook','http://www.facebook.com/personnalisationPOURparticulier');

--
-- Table structure for table `ps_log`
--

CREATE TABLE `ps_log` (
  `id_log` int(10) unsigned NOT NULL AUTO_INCREMENT,
  `severity` tinyint(1) NOT NULL,
  `error_code` int(11) DEFAULT NULL,
  `message` text NOT NULL,
  `object_type` varchar(32) DEFAULT NULL,
  `object_id` int(10) unsigned DEFAULT NULL,
  `id_employee` int(10) unsigned DEFAULT NULL,
  `date_add` datetime NOT NULL,
  `date_upd` datetime NOT NULL,
  PRIMARY KEY (`id_log`)
) ENGINE=InnoDB AUTO_INCREMENT=119 DEFAULT CHARSET=utf8;

--
-- Dumping data for table `ps_log`
--

INSERT INTO `ps_log` VALUES (1,1,0,'Connexion au back-office depuis 213.166.220.80','',0,1,'2016-12-04 13:53:19','2016-12-04 13:53:19'),(2,1,0,'Connexion au back-office depuis 213.166.220.80','',0,1,'2016-12-04 14:47:07','2016-12-04 14:47:07'),(3,1,0,'Connexion au back-office depuis 213.166.220.80','',0,1,'2016-12-04 15:12:30','2016-12-04 15:12:30'),(4,1,0,'Frontcontroller::init - Cart cannot be loaded or an order has already been placed using this cart','Cart',7,0,'2016-12-04 15:33:16','2016-12-04 15:33:16'),(5,1,0,'Connexion au back-office depuis 213.166.220.80','',0,1,'2016-12-04 15:51:48','2016-12-04 15:51:48'),(6,1,0,'Connexion au back-office depuis 213.166.220.80','',0,1,'2016-12-04 16:40:41','2016-12-04 16:40:41'),(7,1,0,'Création : FeatureValue','FeatureValue',34,1,'2016-12-04 16:51:02','2016-12-04 16:51:02'),(8,1,0,'modification Product','Product',1,1,'2016-12-04 17:01:37','2016-12-04 17:01:37'),(9,1,0,'Frontcontroller::init - Cart cannot be loaded or an order has already been placed using this cart','Cart',8,0,'2016-12-04 17:03:07','2016-12-04 17:03:07'),(10,1,0,'modification Product','Product',1,1,'2016-12-04 17:06:25','2016-12-04 17:06:25'),(11,1,0,'Connexion au back-office depuis 213.166.220.80','',0,1,'2016-12-04 20:37:30','2016-12-04 20:37:30'),(12,1,0,'Création : Employee','Employee',2,1,'2016-12-04 20:52:57','2016-12-04 20:52:57'),(13,1,0,'Connexion au back-office depuis 213.166.220.80','',0,2,'2016-12-04 21:05:13','2016-12-04 21:05:13'),(14,1,0,'modification Contact','Contact',2,1,'2016-12-04 21:22:53','2016-12-04 21:22:53'),(15,1,0,'Connexion au back-office depuis 213.166.209.23','',0,1,'2016-12-05 04:01:33','2016-12-05 04:01:33'),(16,1,0,'Connexion au back-office depuis 213.166.209.23','',0,1,'2016-12-05 05:04:53','2016-12-05 05:04:53'),(17,1,0,'modification Product','Product',1,1,'2016-12-05 05:07:47','2016-12-05 05:07:47'),(18,1,0,'modification Product','Product',1,1,'2016-12-05 05:08:12','2016-12-05 05:08:12'),(19,1,0,'modification Product','Product',1,1,'2016-12-05 05:12:06','2016-12-05 05:12:06'),(20,1,0,'modification Product','Product',1,1,'2016-12-05 05:12:31','2016-12-05 05:12:31'),(21,1,0,'Suppression : Store','Store',1,1,'2016-12-05 05:23:42','2016-12-05 05:23:42'),(22,1,0,'Suppression : Store','Store',2,1,'2016-12-05 05:23:42','2016-12-05 05:23:42'),(23,1,0,'Suppression : Store','Store',3,1,'2016-12-05 05:23:42','2016-12-05 05:23:42'),(24,1,0,'Suppression : Store','Store',4,1,'2016-12-05 05:23:42','2016-12-05 05:23:42'),(25,1,0,'Suppression : Store','Store',5,1,'2016-12-05 05:23:42','2016-12-05 05:23:42'),(26,1,0,'modification Customer','Customer',2,1,'2016-12-05 05:42:24','2016-12-05 05:42:24'),(27,1,0,'modification Employee','Employee',2,1,'2016-12-05 05:56:57','2016-12-05 05:56:57'),(28,1,0,'Connexion au back-office depuis 213.166.209.23','',0,2,'2016-12-05 05:57:47','2016-12-05 05:57:47'),(29,1,0,'Connexion au back-office depuis 213.166.209.23','',0,2,'2016-12-05 06:45:04','2016-12-05 06:45:04'),(30,1,0,'Suppression : Product','Product',1,2,'2016-12-05 06:45:31','2016-12-05 06:45:31'),(31,1,0,'Suppression : Product','Product',2,2,'2016-12-05 06:45:31','2016-12-05 06:45:31'),(32,1,0,'Suppression : Product','Product',3,2,'2016-12-05 06:45:31','2016-12-05 06:45:31'),(33,1,0,'Suppression : Product','Product',4,2,'2016-12-05 06:45:32','2016-12-05 06:45:32'),(34,1,0,'Suppression : Product','Product',5,2,'2016-12-05 06:45:32','2016-12-05 06:45:32'),(35,1,0,'Suppression : Product','Product',6,2,'2016-12-05 06:45:32','2016-12-05 06:45:32'),(36,1,0,'Suppression : Product','Product',7,2,'2016-12-05 06:45:32','2016-12-05 06:45:32'),(37,1,0,'Suppression : Category','Category',3,2,'2016-12-05 06:46:09','2016-12-05 06:46:09'),(38,1,0,'Création : Category','Category',12,2,'2016-12-05 06:47:17','2016-12-05 06:47:17'),(39,1,0,'Création : Product','Product',8,1,'2016-12-05 06:57:52','2016-12-05 06:57:52'),(40,1,0,'modification Product','Product',8,1,'2016-12-05 06:58:26','2016-12-05 06:58:26'),(41,1,0,'modification Product','Product',8,1,'2016-12-05 06:59:01','2016-12-05 06:59:01'),(42,1,0,'modification Product','Product',8,2,'2016-12-05 07:04:08','2016-12-05 07:04:08'),(43,1,0,'modification Product','Product',8,2,'2016-12-05 07:04:24','2016-12-05 07:04:24'),(44,1,0,'Connexion au back-office depuis 213.166.209.23','',0,2,'2016-12-05 07:24:21','2016-12-05 07:24:21'),(45,1,0,'modification Product','Product',8,2,'2016-12-05 07:25:28','2016-12-05 07:25:28'),(46,1,0,'Suppression : AttributeGroup','AttributeGroup',2,2,'2016-12-05 07:25:49','2016-12-05 07:25:49'),(47,1,0,'modification Product','Product',8,2,'2016-12-05 07:28:41','2016-12-05 07:28:41'),(48,1,0,'modification Product','Product',8,2,'2016-12-05 07:28:52','2016-12-05 07:28:52'),(49,1,0,'modification Product','Product',8,2,'2016-12-05 07:29:14','2016-12-05 07:29:14'),(50,1,0,'modification Product','Product',8,2,'2016-12-05 07:29:32','2016-12-05 07:29:32'),(51,1,0,'modification Product','Product',8,2,'2016-12-05 07:29:45','2016-12-05 07:29:45'),(52,1,0,'modification Product','Product',8,2,'2016-12-05 07:30:00','2016-12-05 07:30:00'),(53,1,0,'modification Product','Product',8,2,'2016-12-05 07:30:11','2016-12-05 07:30:11'),(54,1,0,'modification Product','Product',8,2,'2016-12-05 07:30:26','2016-12-05 07:30:26'),(55,1,0,'modification Product','Product',8,2,'2016-12-05 07:30:48','2016-12-05 07:30:48'),(56,1,0,'modification Product','Product',8,2,'2016-12-05 07:31:02','2016-12-05 07:31:02'),(57,1,0,'modification Product','Product',8,2,'2016-12-05 07:31:15','2016-12-05 07:31:15'),(58,1,0,'modification Product','Product',8,2,'2016-12-05 07:31:36','2016-12-05 07:31:36'),(59,1,0,'modification Product','Product',8,2,'2016-12-05 07:32:05','2016-12-05 07:32:05'),(60,1,0,'modification Product','Product',8,2,'2016-12-05 07:32:17','2016-12-05 07:32:17'),(61,1,0,'Connexion au back-office depuis 213.166.209.23','',0,1,'2016-12-05 07:36:53','2016-12-05 07:36:53'),(62,1,0,'Connexion au back-office depuis 213.166.209.23','',0,1,'2016-12-05 07:59:49','2016-12-05 07:59:49'),(63,1,0,'Connexion au back-office depuis 213.166.209.23','',0,2,'2016-12-05 08:01:14','2016-12-05 08:01:14'),(64,1,0,'Connexion au back-office depuis 213.166.209.23','',0,1,'2016-12-05 08:36:17','2016-12-05 08:36:17'),(65,1,0,'Product status switched to enable','Product',9,1,'2016-12-05 08:41:41','2016-12-05 08:41:41'),(66,1,0,'modification Product','Product',8,1,'2016-12-05 09:46:52','2016-12-05 09:46:52'),(67,1,0,'modification Product','Product',9,1,'2016-12-05 09:47:27','2016-12-05 09:47:27'),(68,1,0,'Création : Category','Category',13,1,'2016-12-05 10:22:31','2016-12-05 10:22:31'),(69,1,0,'modification Category','Category',12,1,'2016-12-05 10:23:07','2016-12-05 10:23:07'),(70,1,0,'Connexion au back-office depuis 213.166.209.23','',0,1,'2016-12-05 10:52:29','2016-12-05 10:52:29'),(71,1,0,'modification Category','Category',13,1,'2016-12-05 10:53:51','2016-12-05 10:53:51'),(72,1,0,'modification Category','Category',12,1,'2016-12-05 10:57:08','2016-12-05 10:57:08'),(73,1,0,'modification Category','Category',12,1,'2016-12-05 10:58:51','2016-12-05 10:58:51'),(74,1,0,'Création : Category','Category',14,1,'2016-12-05 10:59:35','2016-12-05 10:59:35'),(75,1,0,'modification Product','Product',8,1,'2016-12-05 11:00:22','2016-12-05 11:00:22'),(76,1,0,'modification Product','Product',9,1,'2016-12-05 11:00:47','2016-12-05 11:00:47'),(77,1,0,'modification Category','Category',13,1,'2016-12-05 11:06:06','2016-12-05 11:06:06'),(78,1,0,'modification Category','Category',13,1,'2016-12-05 11:07:09','2016-12-05 11:07:09'),(79,1,0,'Connexion au back-office depuis 213.166.209.23','',0,1,'2016-12-05 11:29:20','2016-12-05 11:29:20'),(80,1,0,'modification Category','Category',12,1,'2016-12-05 11:38:29','2016-12-05 11:38:29'),(81,1,0,'Création : Category','Category',15,1,'2016-12-05 11:38:58','2016-12-05 11:38:58'),(82,1,0,'Création : QuickAccess','QuickAccess',4,1,'2016-12-05 11:42:09','2016-12-05 11:42:09'),(83,1,0,'Création : Tab','Tab',105,1,'2016-12-05 11:44:42','2016-12-05 11:44:42'),(84,1,0,'modification Tab','Tab',105,1,'2016-12-05 11:46:59','2016-12-05 11:46:59'),(85,1,0,'Suppression : Tab','Tab',105,1,'2016-12-05 12:00:59','2016-12-05 12:00:59'),(86,1,0,'Connexion au back-office depuis 213.166.209.23','',0,2,'2016-12-05 12:02:43','2016-12-05 12:02:43'),(87,1,0,'modification Product','Product',9,2,'2016-12-05 12:10:07','2016-12-05 12:10:07'),(88,1,0,'Connexion au back-office depuis 213.166.209.23','',0,2,'2016-12-05 12:48:36','2016-12-05 12:48:36'),(89,1,0,'Connexion au back-office depuis 213.166.209.23','',0,1,'2016-12-05 13:00:02','2016-12-05 13:00:02'),(90,1,0,'Connexion au back-office depuis 213.166.209.23','',0,1,'2016-12-05 13:04:55','2016-12-05 13:04:55'),(91,1,0,'Connexion au back-office depuis 213.166.209.23','',0,1,'2016-12-05 13:41:12','2016-12-05 13:41:12'),(92,1,0,'Suppression : Order','Order',7,1,'2016-12-05 13:41:32','2016-12-05 13:41:32'),(93,1,0,'Suppression : Order','Order',6,1,'2016-12-05 13:41:46','2016-12-05 13:41:46'),(94,1,0,'Suppression : Order','Order',5,1,'2016-12-05 13:41:46','2016-12-05 13:41:46'),(95,1,0,'Suppression : Order','Order',4,1,'2016-12-05 13:41:46','2016-12-05 13:41:46'),(96,1,0,'Suppression : Order','Order',3,1,'2016-12-05 13:41:46','2016-12-05 13:41:46'),(97,1,0,'Suppression : Order','Order',2,1,'2016-12-05 13:41:46','2016-12-05 13:41:46'),(98,1,0,'Suppression : Order','Order',1,1,'2016-12-05 13:41:46','2016-12-05 13:41:46'),(99,1,0,'Connexion au back-office depuis 213.166.209.23','',0,1,'2016-12-05 14:12:19','2016-12-05 14:12:19'),(100,1,0,'Connexion au back-office depuis 89.84.190.192','',0,2,'2016-12-05 20:26:36','2016-12-05 20:26:36'),(101,1,0,'modification Customer','Customer',2,2,'2016-12-05 20:39:05','2016-12-05 20:39:05'),(102,1,0,'Création : Product','Product',10,2,'2016-12-05 20:47:25','2016-12-05 20:47:25'),(103,1,0,'modification Product','Product',10,2,'2016-12-05 20:47:58','2016-12-05 20:47:58'),(104,1,0,'modification Product','Product',10,2,'2016-12-05 20:48:23','2016-12-05 20:48:23'),(105,1,0,'modification Product','Product',10,2,'2016-12-05 20:48:36','2016-12-05 20:48:36'),(106,1,0,'modification Product','Product',10,2,'2016-12-05 20:49:13','2016-12-05 20:49:13'),(107,1,0,'modification Product','Product',10,2,'2016-12-05 20:49:40','2016-12-05 20:49:40'),(108,1,0,'Création : Attribute','Attribute',25,2,'2016-12-05 20:55:45','2016-12-05 20:55:45'),(109,1,0,'modification Product','Product',10,2,'2016-12-05 20:56:39','2016-12-05 20:56:39'),(110,1,0,'modification Product','Product',10,2,'2016-12-05 20:57:43','2016-12-05 20:57:43'),(111,1,0,'Connexion au back-office depuis 89.84.190.192','',0,1,'2016-12-05 21:01:46','2016-12-05 21:01:46'),(112,1,0,'Connexion au back-office depuis 89.84.190.192','',0,2,'2016-12-05 21:33:33','2016-12-05 21:33:33'),(113,1,0,'Connexion au back-office depuis 89.84.190.192','',0,1,'2016-12-05 21:34:55','2016-12-05 21:34:55'),(114,1,0,'Connexion au back-office depuis 89.84.190.192','',0,2,'2016-12-05 21:36:52','2016-12-05 21:36:52'),(115,1,0,'Connexion au back-office depuis 89.84.190.192','',0,2,'2016-12-05 21:39:17','2016-12-05 21:39:17'),(116,1,0,'modification Employee','Employee',2,1,'2016-12-05 21:44:54','2016-12-05 21:44:54'),(117,1,0,'Suppression : Customer','Customer',1,1,'2016-12-05 21:47:58','2016-12-05 21:47:58'),(118,1,0,'Connexion au back-office depuis 89.84.190.192','',0,2,'2016-12-05 21:56:17','2016-12-05 21:56:17');

--
-- Table structure for table `ps_mail`
--

CREATE TABLE `ps_mail` (
  `id_mail` int(11) unsigned NOT NULL AUTO_INCREMENT,
  `recipient` varchar(126) NOT NULL,
  `template` varchar(62) NOT NULL,
  `subject` varchar(254) NOT NULL,
  `id_lang` int(11) unsigned NOT NULL,
  `date_add` timestamp NOT NULL DEFAULT CURRENT_TIMESTAMP,
  PRIMARY KEY (`id_mail`),
  KEY `recipient` (`recipient`(10))
) ENGINE=InnoDB AUTO_INCREMENT=12 DEFAULT CHARSET=utf8;

--
-- Dumping data for table `ps_mail`
--

INSERT INTO `ps_mail` VALUES (1,'nono@cosmickitchen.org','account','[pandaface] Bienvenue !',1,'2016-12-04 14:27:22'),(2,'nono@cosmickitchen.org','bankwire','[pandaface] En attente de virement bancaire',1,'2016-12-04 14:33:15'),(3,'nono@cosmickitchen.org','order_conf','[pandaface] Confirmation de commande',1,'2016-12-04 14:33:15'),(4,'nono@cosmickitchen.org','cheque','[pandaface] En attente de paiement par chèque',1,'2016-12-04 16:03:06'),(5,'nono@cosmickitchen.org','outofstock','[pandaface] En attente de réapprovisionnement (non payé)',1,'2016-12-04 16:03:07'),(6,'nono@cosmickitchen.org','order_conf','[pandaface] Confirmation de commande',1,'2016-12-04 16:03:07'),(7,'nono@lairdutemps.com','contact','[boutique facebook] Message depuis le formulaire de contact [no_sync]',1,'2016-12-05 10:19:25'),(8,'nono@cosmickitchen.org','contact_form','[boutique facebook] Votre message a été correctement envoyé #ct1 #tcuP9Hv7SIx96W',1,'2016-12-05 10:19:25'),(9,'nono@cosmickitchen.org','order_canceled','[boutique facebook] Annulé',1,'2016-12-05 12:03:43'),(10,'nono@cosmickitchen.org','order_canceled','[boutique facebook] Annulé',1,'2016-12-05 12:16:23'),(11,'pub@prestashop.com','order_canceled','[boutique facebook] Annulé',1,'2016-12-05 12:19:25');

--
-- Table structure for table `ps_manufacturer`
--

CREATE TABLE `ps_manufacturer` (
  `id_manufacturer` int(10) unsigned NOT NULL AUTO_INCREMENT,
  `name` varchar(64) NOT NULL,
  `date_add` datetime NOT NULL,
  `date_upd` datetime NOT NULL,
  `active` tinyint(1) NOT NULL DEFAULT '0',
  PRIMARY KEY (`id_manufacturer`)
) ENGINE=InnoDB AUTO_INCREMENT=2 DEFAULT CHARSET=utf8;

--
-- Dumping data for table `ps_manufacturer`
--

INSERT INTO `ps_manufacturer` VALUES (1,'Fashion Manufacturer','2016-12-04 12:14:36','2016-12-04 12:14:36',1);

--
-- Table structure for table `ps_manufacturer_lang`
--

CREATE TABLE `ps_manufacturer_lang` (
  `id_manufacturer` int(10) unsigned NOT NULL,
  `id_lang` int(10) unsigned NOT NULL,
  `description` text,
  `short_description` text,
  `meta_title` varchar(128) DEFAULT NULL,
  `meta_keywords` varchar(255) DEFAULT NULL,
  `meta_description` varchar(255) DEFAULT NULL,
  PRIMARY KEY (`id_manufacturer`,`id_lang`)
) ENGINE=InnoDB DEFAULT CHARSET=utf8;

--
-- Dumping data for table `ps_manufacturer_lang`
--

INSERT INTO `ps_manufacturer_lang` VALUES (1,1,'','','','','');

--
-- Table structure for table `ps_manufacturer_shop`
--

CREATE TABLE `ps_manufacturer_shop` (
  `id_manufacturer` int(11) unsigned NOT NULL,
  `id_shop` int(11) unsigned NOT NULL,
  PRIMARY KEY (`id_manufacturer`,`id_shop`),
  KEY `id_shop` (`id_shop`)
) ENGINE=InnoDB DEFAULT CHARSET=utf8;

--
-- Dumping data for table `ps_manufacturer_shop`
--

INSERT INTO `ps_manufacturer_shop` VALUES (1,1);

--
-- Table structure for table `ps_memcached_servers`
--

CREATE TABLE `ps_memcached_servers` (
  `id_memcached_server` int(11) unsigned NOT NULL AUTO_INCREMENT,
  `ip` varchar(254) NOT NULL,
  `port` int(11) unsigned NOT NULL,
  `weight` int(11) unsigned NOT NULL,
  PRIMARY KEY (`id_memcached_server`)
) ENGINE=InnoDB DEFAULT CHARSET=utf8;

--
-- Dumping data for table `ps_memcached_servers`
--


--
-- Table structure for table `ps_message`
--

CREATE TABLE `ps_message` (
  `id_message` int(10) unsigned NOT NULL AUTO_INCREMENT,
  `id_cart` int(10) unsigned DEFAULT NULL,
  `id_customer` int(10) unsigned NOT NULL,
  `id_employee` int(10) unsigned DEFAULT NULL,
  `id_order` int(10) unsigned NOT NULL,
  `message` text NOT NULL,
  `private` tinyint(1) unsigned NOT NULL DEFAULT '1',
  `date_add` datetime NOT NULL,
  PRIMARY KEY (`id_message`),
  KEY `message_order` (`id_order`),
  KEY `id_cart` (`id_cart`),
  KEY `id_customer` (`id_customer`),
  KEY `id_employee` (`id_employee`)
) ENGINE=InnoDB DEFAULT CHARSET=utf8;

--
-- Dumping data for table `ps_message`
--


--
-- Table structure for table `ps_message_readed`
--

CREATE TABLE `ps_message_readed` (
  `id_message` int(10) unsigned NOT NULL,
  `id_employee` int(10) unsigned NOT NULL,
  `date_add` datetime NOT NULL,
  PRIMARY KEY (`id_message`,`id_employee`)
) ENGINE=InnoDB DEFAULT CHARSET=utf8;

--
-- Dumping data for table `ps_message_readed`
--


--
-- Table structure for table `ps_meta`
--

CREATE TABLE `ps_meta` (
  `id_meta` int(10) unsigned NOT NULL AUTO_INCREMENT,
  `page` varchar(64) NOT NULL,
  `configurable` tinyint(1) unsigned NOT NULL DEFAULT '1',
  PRIMARY KEY (`id_meta`),
  UNIQUE KEY `page` (`page`)
) ENGINE=InnoDB AUTO_INCREMENT=37 DEFAULT CHARSET=utf8;

--
-- Dumping data for table `ps_meta`
--



--
-- Table structure for table `ps_meta_lang`
--

CREATE TABLE `ps_meta_lang` (
  `id_meta` int(10) unsigned NOT NULL,
  `id_shop` int(11) unsigned NOT NULL DEFAULT '1',
  `id_lang` int(10) unsigned NOT NULL,
  `title` varchar(128) DEFAULT NULL,
  `description` varchar(255) DEFAULT NULL,
  `keywords` varchar(255) DEFAULT NULL,
  `url_rewrite` varchar(254) NOT NULL,
  PRIMARY KEY (`id_meta`,`id_shop`,`id_lang`),
  KEY `id_shop` (`id_shop`),
  KEY `id_lang` (`id_lang`)
) ENGINE=InnoDB DEFAULT CHARSET=utf8;

--
-- Dumping data for table `ps_meta_lang`
--

INSERT INTO `ps_meta_lang` VALUES (1,1,1,'Erreur 404','Impossible de trouver la page','','page-introuvable'),(2,1,1,'Meilleures ventes','Nos meilleures ventes','','meilleures-ventes'),(3,1,1,'Nous contacter','Utiliser le formulaire pour nous contacter','','nous-contacter'),(4,1,1,'','Boutique propulsée par PrestaShop','',''),(5,1,1,'Fabricants','Liste des fabricants','','fabricants'),(6,1,1,'Nouveaux produits','Nos nouveaux produits','','nouveaux-produits'),(7,1,1,'Mot de passe oublié','Entrez l\'adresse e-mail que vous utilisez pour vous connecter afin de recevoir un e-mail avec un nouveau mot de passe','','recuperation-mot-de-passe'),(8,1,1,'Promotions','Nos promotions','','promotions'),(9,1,1,'Plan du site','Vous êtes perdu ? Trouvez ce que vous cherchez','','plan-site'),(10,1,1,'Fournisseurs','Liste des fournisseurs','','fournisseur'),(11,1,1,'Adresse','','','adresse'),(12,1,1,'Adresses','','','adresses'),(13,1,1,'Connexion','','','connexion'),(14,1,1,'Panier','','','panier'),(15,1,1,'Réduction','','','reduction'),(16,1,1,'Historique des commandes','','','historique-commandes'),(17,1,1,'Identité','','','identite'),(18,1,1,'Mon compte','','','mon-compte'),(19,1,1,'Suivi de commande','','','suivi-commande'),(20,1,1,'Avoirs','','','avoirs'),(21,1,1,'Commande','','','commande'),(22,1,1,'Recherche','','','recherche'),(23,1,1,'Magasins','','','magasins'),(24,1,1,'Commande','','','commande-rapide'),(25,1,1,'Suivi de commande invité','','','suivi-commande-invite'),(26,1,1,'Confirmation de commande','','','confirmation-commande'),(35,1,1,'Comparaison de produits','','','comparaison-produits'),(36,1,1,'','','','');

--
-- Table structure for table `ps_module`
--

CREATE TABLE `ps_module` (
  `id_module` int(10) unsigned NOT NULL AUTO_INCREMENT,
  `name` varchar(64) NOT NULL,
  `active` tinyint(1) unsigned NOT NULL DEFAULT '0',
  `version` varchar(8) NOT NULL,
  PRIMARY KEY (`id_module`),
  KEY `name` (`name`)
) ENGINE=InnoDB AUTO_INCREMENT=71 DEFAULT CHARSET=utf8;

--
-- Dumping data for table `ps_module`
--

INSERT INTO `ps_module` VALUES (1,'socialsharing',1,'1.4.3'),(2,'blockbanner',1,'1.4.1'),(3,'bankwire',1,'1.1.2'),(4,'blockbestsellers',1,'1.8.1'),(5,'blockcart',1,'1.6.1'),(6,'blocksocial',1,'1.2.2'),(7,'blockcategories',1,'2.9.4'),(9,'blockfacebook',1,'1.4.1'),(10,'blocklanguages',1,'1.5.1'),(12,'blockcms',1,'2.1.2'),(13,'blockcmsinfo',1,'1.6.1'),(14,'blockcontact',1,'1.4.1'),(15,'blockcontactinfos',1,'1.2.1'),(17,'blockmyaccount',1,'1.4.1'),(18,'blockmyaccountfooter',1,'1.6.1'),(20,'blocknewsletter',1,'2.3.2'),(21,'blockpaymentlogo',1,'0.4.1'),(24,'blockstore',1,'1.3.1'),(28,'blockuserinfo',1,'0.4.1'),(30,'cheque',1,'2.7.2'),(31,'dashactivity',1,'0.6.0'),(32,'dashtrends',1,'0.8.1'),(33,'dashgoals',1,'0.7.0'),(34,'dashproducts',1,'0.3.5'),(37,'homeslider',1,'1.6.1'),(39,'productpaymentlogos',1,'1.4.1'),(40,'pagesnotfound',1,'1.5.0'),(41,'sekeywords',1,'1.4.0'),(43,'statsbestcustomers',1,'1.5.0'),(44,'statsbestproducts',1,'1.5.0'),(45,'statsbestsuppliers',1,'1.4.0'),(46,'statsbestvouchers',1,'1.5.0'),(47,'statscarrier',1,'1.4.0'),(48,'statscatalog',1,'1.3.0'),(49,'statscheckup',1,'1.4.0'),(50,'statsdata',1,'1.6.1'),(51,'statsequipment',1,'1.3.0'),(52,'statsforecast',1,'1.4.0'),(53,'statslive',1,'1.3.0'),(54,'statsnewsletter',1,'1.4.1'),(55,'statsorigin',1,'1.4.0'),(56,'statspersonalinfos',1,'1.4.0'),(58,'statsregistrations',1,'1.4.0'),(59,'statssales',1,'1.3.0'),(60,'statssearch',1,'1.4.0'),(61,'statsstock',1,'1.5.0'),(62,'statsvisits',1,'1.6.0'),(63,'themeconfigurator',1,'2.1.2'),(64,'paypal',1,'3.10.10'),(65,'gapi',1,'1.2.1'),(66,'ganalytics',1,'2.3.4'),(67,'blocksharefb',1,'1.3.1'),(69,'blocknewproducts',1,'1.10.1'),(70,'blocktopmenu',1,'2.2.4');

--
-- Table structure for table `ps_module_access`
--

CREATE TABLE `ps_module_access` (
  `id_profile` int(10) unsigned NOT NULL,
  `id_module` int(10) unsigned NOT NULL,
  `view` tinyint(1) NOT NULL DEFAULT '0',
  `configure` tinyint(1) NOT NULL DEFAULT '0',
  `uninstall` tinyint(1) NOT NULL DEFAULT '0',
  PRIMARY KEY (`id_profile`,`id_module`)
) ENGINE=InnoDB DEFAULT CHARSET=utf8;

--
-- Dumping data for table `ps_module_access`
--

INSERT INTO `ps_module_access` VALUES (2,1,0,0,0),(2,2,1,1,1),(2,3,0,0,0),(2,4,0,0,0),(2,5,0,0,0),(2,6,1,1,1),(2,7,1,1,1),(2,9,1,1,1),(2,10,0,0,0),(2,12,0,0,0),(2,13,1,1,1),(2,14,1,1,1),(2,15,1,1,1),(2,17,0,0,0),(2,18,0,0,0),(2,20,1,1,1),(2,21,1,1,1),(2,24,0,0,0),(2,28,1,1,1),(2,30,0,0,0),(2,31,1,1,1),(2,32,1,1,1),(2,33,0,0,0),(2,34,1,1,1),(2,37,1,1,1),(2,39,0,0,0),(2,40,0,0,0),(2,41,0,0,0),(2,43,1,1,1),(2,44,1,1,1),(2,45,0,0,0),(2,46,0,0,0),(2,47,0,0,0),(2,48,0,0,0),(2,49,0,0,0),(2,50,0,0,0),(2,51,0,0,0),(2,52,0,0,0),(2,53,0,0,0),(2,54,1,1,1),(2,55,0,0,0),(2,56,0,0,0),(2,58,0,0,0),(2,59,0,0,0),(2,60,0,0,0),(2,61,0,0,0),(2,62,0,0,0),(2,63,0,0,0),(2,64,0,0,0),(2,65,1,1,1),(2,66,1,1,1),(2,67,1,1,1),(2,69,1,1,1),(2,70,1,1,1),(3,1,1,0,0),(3,2,1,0,0),(3,3,1,0,0),(3,4,1,0,0),(3,5,1,0,0),(3,6,1,0,0),(3,7,1,0,0),(3,9,1,0,0),(3,10,1,0,0),(3,12,1,0,0),(3,13,1,0,0),(3,14,1,0,0),(3,15,1,0,0),(3,17,1,0,0),(3,18,1,0,0),(3,20,1,0,0),(3,21,1,0,0),(3,24,1,0,0),(3,28,1,0,0),(3,30,1,0,0),(3,31,1,0,0),(3,32,1,0,0),(3,33,1,0,0),(3,34,1,0,0),(3,37,1,0,0),(3,39,1,0,0),(3,40,1,0,0),(3,41,1,0,0),(3,43,1,0,0),(3,44,1,0,0),(3,45,1,0,0),(3,46,1,0,0),(3,47,1,0,0),(3,48,1,0,0),(3,49,1,0,0),(3,50,1,0,0),(3,51,1,0,0),(3,52,1,0,0),(3,53,1,0,0),(3,54,1,0,0),(3,55,1,0,0),(3,56,1,0,0),(3,58,1,0,0),(3,59,1,0,0),(3,60,1,0,0),(3,61,1,0,0),(3,62,1,0,0),(3,63,1,0,0),(3,64,1,0,0),(3,65,1,0,0),(3,66,1,0,0),(3,67,1,0,0),(3,69,1,0,0),(3,70,1,0,0),(4,1,1,1,1),(4,2,1,1,1),(4,3,1,1,1),(4,4,1,1,1),(4,5,1,1,1),(4,6,1,1,1),(4,7,1,1,1),(4,9,1,1,1),(4,10,1,1,1),(4,12,1,1,1),(4,13,1,1,1),(4,14,1,1,1),(4,15,1,1,1),(4,17,1,1,1),(4,18,1,1,1),(4,20,1,1,1),(4,21,1,1,1),(4,24,1,1,1),(4,28,1,1,1),(4,30,1,1,1),(4,31,1,1,1),(4,32,1,1,1),(4,33,1,1,1),(4,34,1,1,1),(4,37,1,1,1),(4,39,1,1,1),(4,40,1,1,1),(4,41,1,1,1),(4,43,1,1,1),(4,44,1,1,1),(4,45,1,1,1),(4,46,1,1,1),(4,47,1,1,1),(4,48,1,1,1),(4,49,1,1,1),(4,50,1,1,1),(4,51,1,1,1),(4,52,1,1,1),(4,53,1,1,1),(4,54,1,1,1),(4,55,1,1,1),(4,56,1,1,1),(4,58,1,1,1),(4,59,1,1,1),(4,60,1,1,1),(4,61,1,1,1),(4,62,1,1,1),(4,63,1,1,1),(4,64,1,1,1),(4,65,1,1,1),(4,66,1,1,1),(4,67,1,1,1),(4,69,1,1,1),(4,70,1,1,1);

--
-- Table structure for table `ps_module_country`
--

CREATE TABLE `ps_module_country` (
  `id_module` int(10) unsigned NOT NULL,
  `id_shop` int(11) unsigned NOT NULL DEFAULT '1',
  `id_country` int(10) unsigned NOT NULL,
  PRIMARY KEY (`id_module`,`id_shop`,`id_country`)
) ENGINE=InnoDB DEFAULT CHARSET=utf8;

--
-- Dumping data for table `ps_module_country`
--

INSERT INTO `ps_module_country` VALUES (3,1,1),(3,1,3),(3,1,6),(3,1,8),(3,1,10),(3,1,12),(3,1,13),(3,1,15),(3,1,17),(3,1,19),(3,1,26),(3,1,40),(3,1,96),(3,1,107),(3,1,139),(3,1,148),(3,1,211),(30,1,1),(30,1,3),(30,1,6),(30,1,8),(30,1,10),(30,1,12),(30,1,13),(30,1,15),(30,1,17),(30,1,19),(30,1,26),(30,1,40),(30,1,96),(30,1,107),(30,1,139),(30,1,148),(30,1,211),(64,1,1),(64,1,3),(64,1,6),(64,1,8),(64,1,10),(64,1,12),(64,1,13),(64,1,15),(64,1,17),(64,1,19),(64,1,26),(64,1,40),(64,1,96),(64,1,107),(64,1,139),(64,1,148),(64,1,211);

--
-- Table structure for table `ps_module_currency`
--

CREATE TABLE `ps_module_currency` (
  `id_module` int(10) unsigned NOT NULL,
  `id_shop` int(11) unsigned NOT NULL DEFAULT '1',
  `id_currency` int(11) NOT NULL,
  PRIMARY KEY (`id_module`,`id_shop`,`id_currency`),
  KEY `id_module` (`id_module`)
) ENGINE=InnoDB DEFAULT CHARSET=utf8;

--
-- Dumping data for table `ps_module_currency`
--

INSERT INTO `ps_module_currency` VALUES (3,1,1),(30,1,1),(64,1,-2);

--
-- Table structure for table `ps_module_group`
--

CREATE TABLE `ps_module_group` (
  `id_module` int(10) unsigned NOT NULL,
  `id_shop` int(11) unsigned NOT NULL DEFAULT '1',
  `id_group` int(11) unsigned NOT NULL,
  PRIMARY KEY (`id_module`,`id_shop`,`id_group`)
) ENGINE=InnoDB DEFAULT CHARSET=utf8;

--
-- Dumping data for table `ps_module_group`
--

INSERT INTO `ps_module_group` VALUES (1,1,1),(1,1,2),(1,1,3),(2,1,1),(2,1,2),(2,1,3),(3,1,1),(3,1,2),(3,1,3),(4,1,1),(4,1,2),(4,1,3),(5,1,1),(5,1,2),(5,1,3),(6,1,1),(6,1,2),(6,1,3),(7,1,1),(7,1,2),(7,1,3),(9,1,1),(9,1,2),(9,1,3),(10,1,1),(10,1,2),(10,1,3),(12,1,1),(12,1,2),(12,1,3),(13,1,1),(13,1,2),(13,1,3),(14,1,1),(14,1,2),(14,1,3),(15,1,1),(15,1,2),(15,1,3),(17,1,1),(17,1,2),(17,1,3),(18,1,1),(18,1,2),(18,1,3),(20,1,1),(20,1,2),(20,1,3),(21,1,1),(21,1,2),(21,1,3),(24,1,1),(24,1,2),(24,1,3),(28,1,1),(28,1,2),(28,1,3),(30,1,1),(30,1,2),(30,1,3),(31,1,1),(31,1,2),(31,1,3),(32,1,1),(32,1,2),(32,1,3),(33,1,1),(33,1,2),(33,1,3),(34,1,1),(34,1,2),(34,1,3),(37,1,1),(37,1,2),(37,1,3),(39,1,1),(39,1,2),(39,1,3),(40,1,1),(40,1,2),(40,1,3),(41,1,1),(41,1,2),(41,1,3),(43,1,1),(43,1,2),(43,1,3),(44,1,1),(44,1,2),(44,1,3),(45,1,1),(45,1,2),(45,1,3),(46,1,1),(46,1,2),(46,1,3),(47,1,1),(47,1,2),(47,1,3),(48,1,1),(48,1,2),(48,1,3),(49,1,1),(49,1,2),(49,1,3),(50,1,1),(50,1,2),(50,1,3),(51,1,1),(51,1,2),(51,1,3),(52,1,1),(52,1,2),(52,1,3),(53,1,1),(53,1,2),(53,1,3),(54,1,1),(54,1,2),(54,1,3),(55,1,1),(55,1,2),(55,1,3),(56,1,1),(56,1,2),(56,1,3),(58,1,1),(58,1,2),(58,1,3),(59,1,1),(59,1,2),(59,1,3),(60,1,1),(60,1,2),(60,1,3),(61,1,1),(61,1,2),(61,1,3),(62,1,1),(62,1,2),(62,1,3),(63,1,1),(63,1,2),(63,1,3),(64,1,1),(64,1,2),(64,1,3),(65,1,1),(65,1,2),(65,1,3),(66,1,1),(66,1,2),(66,1,3),(67,1,1),(67,1,2),(67,1,3),(69,1,1),(69,1,2),(69,1,3),(70,1,1),(70,1,2),(70,1,3);

--
-- Table structure for table `ps_module_preference`
--

CREATE TABLE `ps_module_preference` (
  `id_module_preference` int(11) NOT NULL AUTO_INCREMENT,
  `id_employee` int(11) NOT NULL,
  `module` varchar(255) NOT NULL,
  `interest` tinyint(1) DEFAULT NULL,
  `favorite` tinyint(1) DEFAULT NULL,
  PRIMARY KEY (`id_module_preference`),
  UNIQUE KEY `employee_module` (`id_employee`,`module`)
) ENGINE=InnoDB AUTO_INCREMENT=3 DEFAULT CHARSET=utf8;

--
-- Dumping data for table `ps_module_preference`
--

INSERT INTO `ps_module_preference` VALUES (1,2,'blockcmsinfo',NULL,1),(2,2,'blockfacebook',NULL,1);

--
-- Table structure for table `ps_module_shop`
--

CREATE TABLE `ps_module_shop` (
  `id_module` int(11) unsigned NOT NULL,
  `id_shop` int(11) unsigned NOT NULL,
  `enable_device` tinyint(1) NOT NULL DEFAULT '7',
  PRIMARY KEY (`id_module`,`id_shop`),
  KEY `id_shop` (`id_shop`)
) ENGINE=InnoDB DEFAULT CHARSET=utf8;

--
-- Dumping data for table `ps_module_shop`
--

INSERT INTO `ps_module_shop` VALUES (1,1,7),(2,1,3),(3,1,7),(5,1,7),(6,1,7),(7,1,7),(9,1,7),(10,1,7),(13,1,1),(14,1,7),(15,1,7),(17,1,7),(18,1,7),(20,1,7),(21,1,7),(24,1,7),(28,1,7),(30,1,7),(31,1,7),(32,1,7),(33,1,7),(34,1,7),(37,1,3),(39,1,7),(40,1,7),(41,1,7),(43,1,7),(44,1,7),(45,1,7),(46,1,7),(47,1,7),(48,1,7),(49,1,7),(50,1,7),(51,1,7),(52,1,7),(53,1,7),(54,1,7),(55,1,7),(56,1,7),(58,1,7),(59,1,7),(60,1,7),(61,1,7),(62,1,7),(63,1,7),(64,1,7),(65,1,7),(66,1,7),(67,1,7),(69,1,7),(70,1,7);

--
-- Table structure for table `ps_modules_perfs`
--

CREATE TABLE `ps_modules_perfs` (
  `id_modules_perfs` int(11) unsigned NOT NULL AUTO_INCREMENT,
  `session` int(11) unsigned NOT NULL,
  `module` varchar(62) NOT NULL,
  `method` varchar(126) NOT NULL,
  `time_start` double unsigned NOT NULL,
  `time_end` double unsigned NOT NULL,
  `memory_start` int(10) unsigned NOT NULL,
  `memory_end` int(10) unsigned NOT NULL,
  PRIMARY KEY (`id_modules_perfs`),
  KEY `session` (`session`)
) ENGINE=InnoDB DEFAULT CHARSET=utf8;

--
-- Dumping data for table `ps_modules_perfs`
--


--
-- Table structure for table `ps_newsletter`
--

CREATE TABLE `ps_newsletter` (
  `id` int(6) NOT NULL AUTO_INCREMENT,
  `id_shop` int(10) unsigned NOT NULL DEFAULT '1',
  `id_shop_group` int(10) unsigned NOT NULL DEFAULT '1',
  `email` varchar(255) NOT NULL,
  `newsletter_date_add` datetime DEFAULT NULL,
  `ip_registration_newsletter` varchar(15) NOT NULL,
  `http_referer` varchar(255) DEFAULT NULL,
  `active` tinyint(1) NOT NULL DEFAULT '0',
  PRIMARY KEY (`id`)
) ENGINE=InnoDB AUTO_INCREMENT=3 DEFAULT CHARSET=utf8;

--
-- Dumping data for table `ps_newsletter`
--

INSERT INTO `ps_newsletter` VALUES (1,1,1,'gudule@lilo.com','2016-12-04 21:24:09','213.166.220.80','',1),(2,1,1,'huhu@vatican.com','2016-12-05 20:42:59','89.84.190.192','',1);

--
-- Table structure for table `ps_operating_system`
--

CREATE TABLE `ps_operating_system` (
  `id_operating_system` int(10) unsigned NOT NULL AUTO_INCREMENT,
  `name` varchar(64) DEFAULT NULL,
  PRIMARY KEY (`id_operating_system`)
) ENGINE=InnoDB AUTO_INCREMENT=8 DEFAULT CHARSET=utf8;

--
-- Dumping data for table `ps_operating_system`
--

INSERT INTO `ps_operating_system` VALUES (1,'Windows XP'),(2,'Windows Vista'),(3,'Windows 7'),(4,'Windows 8'),(5,'MacOsX'),(6,'Linux'),(7,'Android');

--
-- Table structure for table `ps_order_carrier`
--

CREATE TABLE `ps_order_carrier` (
  `id_order_carrier` int(11) NOT NULL AUTO_INCREMENT,
  `id_order` int(11) unsigned NOT NULL,
  `id_carrier` int(11) unsigned NOT NULL,
  `id_order_invoice` int(11) unsigned DEFAULT NULL,
  `weight` decimal(20,6) DEFAULT NULL,
  `shipping_cost_tax_excl` decimal(20,6) DEFAULT NULL,
  `shipping_cost_tax_incl` decimal(20,6) DEFAULT NULL,
  `tracking_number` varchar(64) DEFAULT NULL,
  `date_add` datetime NOT NULL,
  PRIMARY KEY (`id_order_carrier`),
  KEY `id_order` (`id_order`),
  KEY `id_carrier` (`id_carrier`),
  KEY `id_order_invoice` (`id_order_invoice`)
) ENGINE=InnoDB AUTO_INCREMENT=8 DEFAULT CHARSET=utf8;

--
-- Dumping data for table `ps_order_carrier`
--

INSERT INTO `ps_order_carrier` VALUES (1,1,2,0,0.000000,2.000000,2.000000,'','2016-12-04 12:14:39'),(2,2,2,0,0.000000,2.000000,2.000000,'','2016-12-04 12:14:39'),(3,3,2,0,0.000000,2.000000,2.000000,'','2016-12-04 12:14:39'),(4,4,2,0,0.000000,2.000000,2.000000,'','2016-12-04 12:14:39'),(5,5,2,0,0.000000,2.000000,2.000000,'','2016-12-04 12:14:39'),(6,6,49,0,0.000000,11.500000,13.800000,'','2016-12-04 15:33:15'),(7,7,49,0,0.600000,14.000000,16.800000,'','2016-12-04 17:03:06');

--
-- Table structure for table `ps_order_cart_rule`
--

CREATE TABLE `ps_order_cart_rule` (
  `id_order_cart_rule` int(10) unsigned NOT NULL AUTO_INCREMENT,
  `id_order` int(10) unsigned NOT NULL,
  `id_cart_rule` int(10) unsigned NOT NULL,
  `id_order_invoice` int(10) unsigned DEFAULT '0',
  `name` varchar(254) NOT NULL,
  `value` decimal(17,2) NOT NULL DEFAULT '0.00',
  `value_tax_excl` decimal(17,2) NOT NULL DEFAULT '0.00',
  `free_shipping` tinyint(1) NOT NULL DEFAULT '0',
  PRIMARY KEY (`id_order_cart_rule`),
  KEY `id_order` (`id_order`),
  KEY `id_cart_rule` (`id_cart_rule`)
) ENGINE=InnoDB DEFAULT CHARSET=utf8;

--
-- Dumping data for table `ps_order_cart_rule`
--


--
-- Table structure for table `ps_order_detail`
--

CREATE TABLE `ps_order_detail` (
  `id_order_detail` int(10) unsigned NOT NULL AUTO_INCREMENT,
  `id_order` int(10) unsigned NOT NULL,
  `id_order_invoice` int(11) DEFAULT NULL,
  `id_warehouse` int(10) unsigned DEFAULT '0',
  `id_shop` int(11) unsigned NOT NULL,
  `product_id` int(10) unsigned NOT NULL,
  `product_attribute_id` int(10) unsigned DEFAULT NULL,
  `product_name` varchar(255) NOT NULL,
  `product_quantity` int(10) unsigned NOT NULL DEFAULT '0',
  `product_quantity_in_stock` int(10) NOT NULL DEFAULT '0',
  `product_quantity_refunded` int(10) unsigned NOT NULL DEFAULT '0',
  `product_quantity_return` int(10) unsigned NOT NULL DEFAULT '0',
  `product_quantity_reinjected` int(10) unsigned NOT NULL DEFAULT '0',
  `product_price` decimal(20,6) NOT NULL DEFAULT '0.000000',
  `reduction_percent` decimal(10,2) NOT NULL DEFAULT '0.00',
  `reduction_amount` decimal(20,6) NOT NULL DEFAULT '0.000000',
  `reduction_amount_tax_incl` decimal(20,6) NOT NULL DEFAULT '0.000000',
  `reduction_amount_tax_excl` decimal(20,6) NOT NULL DEFAULT '0.000000',
  `group_reduction` decimal(10,2) NOT NULL DEFAULT '0.00',
  `product_quantity_discount` decimal(20,6) NOT NULL DEFAULT '0.000000',
  `product_ean13` varchar(13) DEFAULT NULL,
  `product_upc` varchar(12) DEFAULT NULL,
  `product_reference` varchar(32) DEFAULT NULL,
  `product_supplier_reference` varchar(32) DEFAULT NULL,
  `product_weight` decimal(20,6) NOT NULL,
  `id_tax_rules_group` int(11) unsigned DEFAULT '0',
  `tax_computation_method` tinyint(1) unsigned NOT NULL DEFAULT '0',
  `tax_name` varchar(16) NOT NULL,
  `tax_rate` decimal(10,3) NOT NULL DEFAULT '0.000',
  `ecotax` decimal(21,6) NOT NULL DEFAULT '0.000000',
  `ecotax_tax_rate` decimal(5,3) NOT NULL DEFAULT '0.000',
  `discount_quantity_applied` tinyint(1) NOT NULL DEFAULT '0',
  `download_hash` varchar(255) DEFAULT NULL,
  `download_nb` int(10) unsigned DEFAULT '0',
  `download_deadline` datetime DEFAULT NULL,
  `total_price_tax_incl` decimal(20,6) NOT NULL DEFAULT '0.000000',
  `total_price_tax_excl` decimal(20,6) NOT NULL DEFAULT '0.000000',
  `unit_price_tax_incl` decimal(20,6) NOT NULL DEFAULT '0.000000',
  `unit_price_tax_excl` decimal(20,6) NOT NULL DEFAULT '0.000000',
  `total_shipping_price_tax_incl` decimal(20,6) NOT NULL DEFAULT '0.000000',
  `total_shipping_price_tax_excl` decimal(20,6) NOT NULL DEFAULT '0.000000',
  `purchase_supplier_price` decimal(20,6) NOT NULL DEFAULT '0.000000',
  `original_product_price` decimal(20,6) NOT NULL DEFAULT '0.000000',
  `original_wholesale_price` decimal(20,6) NOT NULL DEFAULT '0.000000',
  PRIMARY KEY (`id_order_detail`),
  KEY `order_detail_order` (`id_order`),
  KEY `product_id` (`product_id`),
  KEY `product_attribute_id` (`product_attribute_id`),
  KEY `id_tax_rules_group` (`id_tax_rules_group`),
  KEY `id_order_id_order_detail` (`id_order`,`id_order_detail`)
) ENGINE=InnoDB AUTO_INCREMENT=19 DEFAULT CHARSET=utf8;

--
-- Dumping data for table `ps_order_detail`
--

INSERT INTO `ps_order_detail` VALUES (1,1,0,0,1,2,10,'Blouse - Color : White, Size : M',1,1,0,0,0,26.999852,0.00,0.000000,0.000000,0.000000,0.00,0.000000,'','','demo_2','',0.000000,0,0,'',0.000,0.000000,0.000,0,'',0,'0000-00-00 00:00:00',27.000000,27.000000,27.000000,27.000000,0.000000,0.000000,0.000000,26.999852,8.100000),(2,1,0,0,1,3,13,'Printed Dress - Color : Orange, Size : S',1,1,0,0,0,25.999852,0.00,0.000000,0.000000,0.000000,0.00,0.000000,'','','demo_3','',0.000000,0,0,'',0.000,0.000000,0.000,0,'',0,'0000-00-00 00:00:00',26.000000,26.000000,26.000000,26.000000,0.000000,0.000000,0.000000,25.999852,7.800000),(3,2,0,0,1,2,10,'Blouse - Color : White, Size : M',1,1,0,0,0,26.999852,0.00,0.000000,0.000000,0.000000,0.00,0.000000,'','','demo_2','',0.000000,0,0,'',0.000,0.000000,0.000,0,'',0,'0000-00-00 00:00:00',27.000000,27.000000,27.000000,27.000000,0.000000,0.000000,0.000000,26.999852,8.100000),(4,2,0,0,1,6,32,'Printed Summer Dress - Color : Yellow, Size : M',1,1,0,0,0,30.502569,0.00,0.000000,0.000000,0.000000,0.00,0.000000,'','','demo_6','',0.000000,0,0,'',0.000,0.000000,0.000,0,'',0,'0000-00-00 00:00:00',30.500000,30.500000,30.500000,30.500000,0.000000,0.000000,0.000000,30.502569,9.150000),(5,2,0,0,1,7,34,'Printed Chiffon Dress - Color : Yellow, Size : S',1,1,0,0,0,20.501236,20.00,0.000000,0.000000,0.000000,0.00,17.400000,'','','demo_7','',0.000000,0,0,'',0.000,0.000000,0.000,0,'',0,'0000-00-00 00:00:00',16.400000,16.400000,16.400000,16.400000,0.000000,0.000000,0.000000,20.501236,6.150000),(6,3,0,0,1,1,1,'Faded Short Sleeve T-shirts - Color : Orange, Size : S',1,1,0,0,0,16.510000,0.00,0.000000,0.000000,0.000000,0.00,0.000000,'','','demo_1','',0.000000,0,0,'',0.000,0.000000,0.000,0,'',0,'0000-00-00 00:00:00',16.510000,16.510000,16.510000,16.510000,0.000000,0.000000,0.000000,16.510000,4.950000),(7,3,0,0,1,2,10,'Blouse - Color : White, Size : M',1,1,0,0,0,26.999852,0.00,0.000000,0.000000,0.000000,0.00,0.000000,'','','demo_2','',0.000000,0,0,'',0.000,0.000000,0.000,0,'',0,'0000-00-00 00:00:00',27.000000,27.000000,27.000000,27.000000,0.000000,0.000000,0.000000,26.999852,8.100000),(8,3,0,0,1,6,32,'Printed Summer Dress - Color : Yellow, Size : M',1,1,0,0,0,30.502569,0.00,0.000000,0.000000,0.000000,0.00,0.000000,'','','demo_6','',0.000000,0,0,'',0.000,0.000000,0.000,0,'',0,'0000-00-00 00:00:00',30.500000,30.500000,30.500000,30.500000,0.000000,0.000000,0.000000,30.502569,9.150000),(9,4,0,0,1,1,1,'Faded Short Sleeve T-shirts - Color : Orange, Size : S',1,1,0,0,0,16.510000,0.00,0.000000,0.000000,0.000000,0.00,0.000000,'','','demo_1','',0.000000,0,0,'',0.000,0.000000,0.000,0,'',0,'0000-00-00 00:00:00',16.510000,16.510000,16.510000,16.510000,0.000000,0.000000,0.000000,16.510000,4.950000),(10,4,0,0,1,3,13,'Printed Dress - Color : Orange, Size : S',1,1,0,0,0,25.999852,0.00,0.000000,0.000000,0.000000,0.00,0.000000,'','','demo_3','',0.000000,0,0,'',0.000,0.000000,0.000,0,'',0,'0000-00-00 00:00:00',26.000000,26.000000,26.000000,26.000000,0.000000,0.000000,0.000000,25.999852,7.800000),(11,4,0,0,1,5,19,'Printed Summer Dress - Color : Yellow, Size : S',1,1,0,0,0,30.506321,5.00,0.000000,0.000000,0.000000,0.00,29.980000,'','','demo_5','',0.000000,0,0,'',0.000,0.000000,0.000,0,'',0,'0000-00-00 00:00:00',28.980000,28.980000,28.980000,28.980000,0.000000,0.000000,0.000000,30.506321,9.150000),(12,4,0,0,1,7,34,'Printed Chiffon Dress - Color : Yellow, Size : S',1,1,0,0,0,20.501236,20.00,0.000000,0.000000,0.000000,0.00,17.400000,'','','demo_7','',0.000000,0,0,'',0.000,0.000000,0.000,0,'',0,'0000-00-00 00:00:00',16.400000,16.400000,16.400000,16.400000,0.000000,0.000000,0.000000,20.501236,6.150000),(13,5,0,0,1,1,1,'Faded Short Sleeve T-shirts - Color : Orange, Size : S',1,1,0,0,0,16.510000,0.00,0.000000,0.000000,0.000000,0.00,0.000000,'','','demo_1','',0.000000,0,0,'',0.000,0.000000,0.000,0,'',0,'0000-00-00 00:00:00',16.510000,16.510000,16.510000,16.510000,0.000000,0.000000,0.000000,16.510000,4.950000),(14,5,0,0,1,2,7,'Blouse - Color : Black, Size : S',1,1,0,0,0,26.999852,0.00,0.000000,0.000000,0.000000,0.00,0.000000,'','','demo_2','',0.000000,0,0,'',0.000,0.000000,0.000,0,'',0,'0000-00-00 00:00:00',27.000000,27.000000,27.000000,27.000000,0.000000,0.000000,0.000000,26.999852,8.100000),(15,5,0,0,1,3,13,'Printed Dress - Color : Orange, Size : S',1,1,0,0,0,25.999852,0.00,0.000000,0.000000,0.000000,0.00,0.000000,'','','demo_3','',0.000000,0,0,'',0.000,0.000000,0.000,0,'',0,'0000-00-00 00:00:00',26.000000,26.000000,26.000000,26.000000,0.000000,0.000000,0.000000,25.999852,7.800000),(16,6,0,0,1,1,2,'T-shirt délavé à manches courtes - Taille : S, Couleur : Bleu',1,1,0,0,0,16.510000,0.00,0.000000,0.000000,0.000000,0.00,0.000000,'','','demo_1','',0.000000,1,0,'',0.000,0.000000,0.000,0,'',0,'0000-00-00 00:00:00',19.810000,16.510000,19.812000,16.510000,0.000000,0.000000,4.950000,16.510000,4.950000),(17,7,0,0,1,3,48,'Robe imprimée - Taille : M, Couleur : Orange',2,0,0,0,0,25.999852,0.00,0.000000,0.000000,0.000000,0.00,0.000000,'','','demo_3','',0.000000,1,0,'',0.000,0.000000,0.000,0,'',0,'0000-00-00 00:00:00',62.400000,52.000000,31.199822,25.999852,0.000000,0.000000,7.800000,25.999852,7.800000),(18,7,0,0,1,1,1,'T-shirt délavé à manches courtes - Taille : S, Couleur : Orange',2,2,0,0,0,16.510000,0.00,0.000000,0.000000,0.000000,0.00,0.000000,'','','demo_1','',0.300000,1,0,'',0.000,0.000000,0.000,0,'',0,'0000-00-00 00:00:00',39.620000,33.020000,19.812000,16.510000,0.000000,0.000000,4.950000,16.510000,4.950000);

--
-- Table structure for table `ps_order_detail_tax`
--

CREATE TABLE `ps_order_detail_tax` (
  `id_order_detail` int(11) NOT NULL,
  `id_tax` int(11) NOT NULL,
  `unit_amount` decimal(16,6) NOT NULL DEFAULT '0.000000',
  `total_amount` decimal(16,6) NOT NULL DEFAULT '0.000000',
  KEY `id_order_detail` (`id_order_detail`),
  KEY `id_tax` (`id_tax`)
) ENGINE=InnoDB DEFAULT CHARSET=utf8;

--
-- Dumping data for table `ps_order_detail_tax`
--

INSERT INTO `ps_order_detail_tax` VALUES (16,1,3.302000,3.300000),(17,1,5.199970,10.400000),(18,1,3.302000,6.600000);

--
-- Table structure for table `ps_order_history`
--

CREATE TABLE `ps_order_history` (
  `id_order_history` int(10) unsigned NOT NULL AUTO_INCREMENT,
  `id_employee` int(10) unsigned NOT NULL,
  `id_order` int(10) unsigned NOT NULL,
  `id_order_state` int(10) unsigned NOT NULL,
  `date_add` datetime NOT NULL,
  PRIMARY KEY (`id_order_history`),
  KEY `order_history_order` (`id_order`),
  KEY `id_employee` (`id_employee`),
  KEY `id_order_state` (`id_order_state`)
) ENGINE=InnoDB AUTO_INCREMENT=14 DEFAULT CHARSET=utf8;

--
-- Dumping data for table `ps_order_history`
--

INSERT INTO `ps_order_history` VALUES (1,0,1,1,'2016-12-04 12:14:38'),(2,0,2,1,'2016-12-04 12:14:38'),(3,0,3,1,'2016-12-04 12:14:38'),(4,0,4,1,'2016-12-04 12:14:38'),(5,0,5,10,'2016-12-04 12:14:38'),(6,1,1,6,'2016-12-04 12:14:38'),(7,1,3,8,'2016-12-04 12:14:38'),(8,0,6,10,'2016-12-04 15:33:15'),(9,0,7,1,'2016-12-04 17:03:06'),(10,0,7,13,'2016-12-04 17:03:06'),(11,1,6,6,'2016-12-05 13:03:43'),(12,1,7,6,'2016-12-05 13:16:23'),(13,1,5,6,'2016-12-05 13:19:25');

--
-- Table structure for table `ps_order_invoice`
--

CREATE TABLE `ps_order_invoice` (
  `id_order_invoice` int(11) unsigned NOT NULL AUTO_INCREMENT,
  `id_order` int(11) NOT NULL,
  `number` int(11) NOT NULL,
  `delivery_number` int(11) NOT NULL,
  `delivery_date` datetime DEFAULT NULL,
  `total_discount_tax_excl` decimal(20,6) NOT NULL DEFAULT '0.000000',
  `total_discount_tax_incl` decimal(20,6) NOT NULL DEFAULT '0.000000',
  `total_paid_tax_excl` decimal(20,6) NOT NULL DEFAULT '0.000000',
  `total_paid_tax_incl` decimal(20,6) NOT NULL DEFAULT '0.000000',
  `total_products` decimal(20,6) NOT NULL DEFAULT '0.000000',
  `total_products_wt` decimal(20,6) NOT NULL DEFAULT '0.000000',
  `total_shipping_tax_excl` decimal(20,6) NOT NULL DEFAULT '0.000000',
  `total_shipping_tax_incl` decimal(20,6) NOT NULL DEFAULT '0.000000',
  `shipping_tax_computation_method` int(10) unsigned NOT NULL,
  `total_wrapping_tax_excl` decimal(20,6) NOT NULL DEFAULT '0.000000',
  `total_wrapping_tax_incl` decimal(20,6) NOT NULL DEFAULT '0.000000',
  `shop_address` text,
  `invoice_address` text,
  `delivery_address` text,
  `note` text,
  `date_add` datetime NOT NULL,
  PRIMARY KEY (`id_order_invoice`),
  KEY `id_order` (`id_order`)
) ENGINE=InnoDB DEFAULT CHARSET=utf8;

--
-- Dumping data for table `ps_order_invoice`
--


--
-- Table structure for table `ps_order_invoice_payment`
--

CREATE TABLE `ps_order_invoice_payment` (
  `id_order_invoice` int(11) unsigned NOT NULL,
  `id_order_payment` int(11) unsigned NOT NULL,
  `id_order` int(11) unsigned NOT NULL,
  PRIMARY KEY (`id_order_invoice`,`id_order_payment`),
  KEY `order_payment` (`id_order_payment`),
  KEY `id_order` (`id_order`)
) ENGINE=InnoDB DEFAULT CHARSET=utf8;

--
-- Dumping data for table `ps_order_invoice_payment`
--


--
-- Table structure for table `ps_order_invoice_tax`
--

CREATE TABLE `ps_order_invoice_tax` (
  `id_order_invoice` int(11) NOT NULL,
  `type` varchar(15) NOT NULL,
  `id_tax` int(11) NOT NULL,
  `amount` decimal(10,6) NOT NULL DEFAULT '0.000000',
  KEY `id_tax` (`id_tax`)
) ENGINE=InnoDB DEFAULT CHARSET=utf8;

--
-- Dumping data for table `ps_order_invoice_tax`
--


--
-- Table structure for table `ps_order_message`
--

CREATE TABLE `ps_order_message` (
  `id_order_message` int(10) unsigned NOT NULL AUTO_INCREMENT,
  `date_add` datetime NOT NULL,
  PRIMARY KEY (`id_order_message`)
) ENGINE=InnoDB AUTO_INCREMENT=2 DEFAULT CHARSET=utf8;

--
-- Dumping data for table `ps_order_message`
--

INSERT INTO `ps_order_message` VALUES (1,'2016-12-04 12:14:38');

--
-- Table structure for table `ps_order_message_lang`
--

CREATE TABLE `ps_order_message_lang` (
  `id_order_message` int(10) unsigned NOT NULL,
  `id_lang` int(10) unsigned NOT NULL,
  `name` varchar(128) NOT NULL,
  `message` text NOT NULL,
  PRIMARY KEY (`id_order_message`,`id_lang`)
) ENGINE=InnoDB DEFAULT CHARSET=utf8;

--
-- Dumping data for table `ps_order_message_lang`
--

INSERT INTO `ps_order_message_lang` VALUES (1,1,'Retard','Bonjour,\n\nMalheureusement, un article que vous avez commandé est actuellement en rupture de stock. Pour cette raison, il est possible que la livraison de votre commande soit légèrement retardée.\nNous vous prions de bien vouloir accepter nos excuses. Nous faisons tout notre possible pour remédier à cette situation.\n\nCordialement,');

--
-- Table structure for table `ps_order_payment`
--

CREATE TABLE `ps_order_payment` (
  `id_order_payment` int(11) NOT NULL AUTO_INCREMENT,
  `order_reference` varchar(9) DEFAULT NULL,
  `id_currency` int(10) unsigned NOT NULL,
  `amount` decimal(10,2) NOT NULL,
  `payment_method` varchar(255) NOT NULL,
  `conversion_rate` decimal(13,6) NOT NULL DEFAULT '1.000000',
  `transaction_id` varchar(254) DEFAULT NULL,
  `card_number` varchar(254) DEFAULT NULL,
  `card_brand` varchar(254) DEFAULT NULL,
  `card_expiration` char(7) DEFAULT NULL,
  `card_holder` varchar(254) DEFAULT NULL,
  `date_add` datetime NOT NULL,
  PRIMARY KEY (`id_order_payment`),
  KEY `order_reference` (`order_reference`)
) ENGINE=InnoDB DEFAULT CHARSET=utf8;

--
-- Dumping data for table `ps_order_payment`
--


--
-- Table structure for table `ps_order_return`
--

CREATE TABLE `ps_order_return` (
  `id_order_return` int(10) unsigned NOT NULL AUTO_INCREMENT,
  `id_customer` int(10) unsigned NOT NULL,
  `id_order` int(10) unsigned NOT NULL,
  `state` tinyint(1) unsigned NOT NULL DEFAULT '1',
  `question` text NOT NULL,
  `date_add` datetime NOT NULL,
  `date_upd` datetime NOT NULL,
  PRIMARY KEY (`id_order_return`),
  KEY `order_return_customer` (`id_customer`),
  KEY `id_order` (`id_order`)
) ENGINE=InnoDB DEFAULT CHARSET=utf8;

--
-- Dumping data for table `ps_order_return`
--


--
-- Table structure for table `ps_order_return_detail`
--

CREATE TABLE `ps_order_return_detail` (
  `id_order_return` int(10) unsigned NOT NULL,
  `id_order_detail` int(10) unsigned NOT NULL,
  `id_customization` int(10) unsigned NOT NULL DEFAULT '0',
  `product_quantity` int(10) unsigned NOT NULL DEFAULT '0',
  PRIMARY KEY (`id_order_return`,`id_order_detail`,`id_customization`)
) ENGINE=InnoDB DEFAULT CHARSET=utf8;

--
-- Dumping data for table `ps_order_return_detail`
--


--
-- Table structure for table `ps_order_return_state`
--

CREATE TABLE `ps_order_return_state` (
  `id_order_return_state` int(10) unsigned NOT NULL AUTO_INCREMENT,
  `color` varchar(32) DEFAULT NULL,
  PRIMARY KEY (`id_order_return_state`)
) ENGINE=InnoDB AUTO_INCREMENT=6 DEFAULT CHARSET=utf8;

--
-- Dumping data for table `ps_order_return_state`
--

INSERT INTO `ps_order_return_state` VALUES (1,'#4169E1'),(2,'#8A2BE2'),(3,'#32CD32'),(4,'#DC143C'),(5,'#108510');

--
-- Table structure for table `ps_order_return_state_lang`
--

CREATE TABLE `ps_order_return_state_lang` (
  `id_order_return_state` int(10) unsigned NOT NULL,
  `id_lang` int(10) unsigned NOT NULL,
  `name` varchar(64) NOT NULL,
  PRIMARY KEY (`id_order_return_state`,`id_lang`)
) ENGINE=InnoDB DEFAULT CHARSET=utf8;

--
-- Dumping data for table `ps_order_return_state_lang`
--

INSERT INTO `ps_order_return_state_lang` VALUES (1,1,'En attente de confirmation'),(2,1,'En attente du colis'),(3,1,'Colis reçu'),(4,1,'Retour refusé'),(5,1,'Retour terminé');

--
-- Table structure for table `ps_order_slip`
--

CREATE TABLE `ps_order_slip` (
  `id_order_slip` int(10) unsigned NOT NULL AUTO_INCREMENT,
  `conversion_rate` decimal(13,6) NOT NULL DEFAULT '1.000000',
  `id_customer` int(10) unsigned NOT NULL,
  `id_order` int(10) unsigned NOT NULL,
  `total_products_tax_excl` decimal(20,6) DEFAULT NULL,
  `total_products_tax_incl` decimal(20,6) DEFAULT NULL,
  `total_shipping_tax_excl` decimal(20,6) DEFAULT NULL,
  `total_shipping_tax_incl` decimal(20,6) DEFAULT NULL,
  `shipping_cost` tinyint(3) unsigned NOT NULL DEFAULT '0',
  `amount` decimal(10,2) NOT NULL,
  `shipping_cost_amount` decimal(10,2) NOT NULL,
  `partial` tinyint(1) NOT NULL,
  `order_slip_type` tinyint(1) unsigned NOT NULL DEFAULT '0',
  `date_add` datetime NOT NULL,
  `date_upd` datetime NOT NULL,
  PRIMARY KEY (`id_order_slip`),
  KEY `order_slip_customer` (`id_customer`),
  KEY `id_order` (`id_order`)
) ENGINE=InnoDB DEFAULT CHARSET=utf8;

--
-- Dumping data for table `ps_order_slip`
--


--
-- Table structure for table `ps_order_slip_detail`
--

CREATE TABLE `ps_order_slip_detail` (
  `id_order_slip` int(10) unsigned NOT NULL,
  `id_order_detail` int(10) unsigned NOT NULL,
  `product_quantity` int(10) unsigned NOT NULL DEFAULT '0',
  `unit_price_tax_excl` decimal(20,6) DEFAULT NULL,
  `unit_price_tax_incl` decimal(20,6) DEFAULT NULL,
  `total_price_tax_excl` decimal(20,6) DEFAULT NULL,
  `total_price_tax_incl` decimal(20,6) DEFAULT NULL,
  `amount_tax_excl` decimal(20,6) DEFAULT NULL,
  `amount_tax_incl` decimal(20,6) DEFAULT NULL,
  PRIMARY KEY (`id_order_slip`,`id_order_detail`)
) ENGINE=InnoDB DEFAULT CHARSET=utf8;

--
-- Dumping data for table `ps_order_slip_detail`
--


--
-- Table structure for table `ps_order_slip_detail_tax`
--

CREATE TABLE `ps_order_slip_detail_tax` (
  `id_order_slip_detail` int(11) unsigned NOT NULL,
  `id_tax` int(11) unsigned NOT NULL,
  `unit_amount` decimal(16,6) NOT NULL DEFAULT '0.000000',
  `total_amount` decimal(16,6) NOT NULL DEFAULT '0.000000',
  KEY `id_order_slip_detail` (`id_order_slip_detail`),
  KEY `id_tax` (`id_tax`)
) ENGINE=InnoDB DEFAULT CHARSET=utf8;

--
-- Dumping data for table `ps_order_slip_detail_tax`
--


--
-- Table structure for table `ps_order_state`
--

CREATE TABLE `ps_order_state` (
  `id_order_state` int(10) unsigned NOT NULL AUTO_INCREMENT,
  `invoice` tinyint(1) unsigned DEFAULT '0',
  `send_email` tinyint(1) unsigned NOT NULL DEFAULT '0',
  `module_name` varchar(255) DEFAULT NULL,
  `color` varchar(32) DEFAULT NULL,
  `unremovable` tinyint(1) unsigned NOT NULL,
  `hidden` tinyint(1) unsigned NOT NULL DEFAULT '0',
  `logable` tinyint(1) NOT NULL DEFAULT '0',
  `delivery` tinyint(1) unsigned NOT NULL DEFAULT '0',
  `shipped` tinyint(1) unsigned NOT NULL DEFAULT '0',
  `paid` tinyint(1) unsigned NOT NULL DEFAULT '0',
  `pdf_invoice` tinyint(1) unsigned NOT NULL DEFAULT '0',
  `pdf_delivery` tinyint(1) unsigned NOT NULL DEFAULT '0',
  `deleted` tinyint(1) unsigned NOT NULL DEFAULT '0',
  PRIMARY KEY (`id_order_state`),
  KEY `module_name` (`module_name`)
) ENGINE=InnoDB AUTO_INCREMENT=16 DEFAULT CHARSET=utf8;

--
-- Dumping data for table `ps_order_state`
--

INSERT INTO `ps_order_state` VALUES (1,0,1,'cheque','#4169E1',1,0,0,0,0,0,0,0,0),(2,1,1,'','#32CD32',1,0,1,0,0,1,1,0,0),(3,1,1,'','#FF8C00',1,0,1,1,0,1,0,0,0),(4,1,1,'','#8A2BE2',1,0,1,1,1,1,0,0,0),(5,1,0,'','#108510',1,0,1,1,1,1,0,0,0),(6,0,1,'','#DC143C',1,0,0,0,0,0,0,0,0),(7,1,1,'','#ec2e15',1,0,0,0,0,0,0,0,0),(8,0,1,'','#8f0621',1,0,0,0,0,0,0,0,0),(9,1,1,'','#FF69B4',1,0,0,0,0,1,0,0,0),(10,0,1,'bankwire','#4169E1',1,0,0,0,0,0,0,0,0),(11,0,0,'','#4169E1',1,0,0,0,0,0,0,0,0),(12,1,1,'','#32CD32',1,0,1,0,0,1,0,0,0),(13,0,1,'','#FF69B4',1,0,0,0,0,0,0,0,0),(14,0,0,'cashondelivery','#4169E1',1,0,0,0,0,0,0,0,0),(15,1,0,'','#DDEEFF',0,0,1,0,0,0,0,0,0);

--
-- Table structure for table `ps_order_state_lang`
--

CREATE TABLE `ps_order_state_lang` (
  `id_order_state` int(10) unsigned NOT NULL,
  `id_lang` int(10) unsigned NOT NULL,
  `name` varchar(64) NOT NULL,
  `template` varchar(64) NOT NULL,
  PRIMARY KEY (`id_order_state`,`id_lang`)
) ENGINE=InnoDB DEFAULT CHARSET=utf8;

--
-- Dumping data for table `ps_order_state_lang`
--

INSERT INTO `ps_order_state_lang` VALUES (1,1,'En attente de paiement par chèque','cheque'),(2,1,'Paiement accepté','payment'),(3,1,'En cours de préparation','preparation'),(4,1,'Expédié','shipped'),(5,1,'Livré',''),(6,1,'Annulé','order_canceled'),(7,1,'Remboursé','refund'),(8,1,'Erreur de paiement','payment_error'),(9,1,'En attente de réapprovisionnement (payé)','outofstock'),(10,1,'En attente de virement bancaire','bankwire'),(11,1,'En attente de paiement PayPal',''),(12,1,'Paiement à distance accepté','payment'),(13,1,'En attente de réapprovisionnement (non payé)','outofstock'),(14,1,'En attente de paiement à la livraison','cashondelivery'),(15,1,'Autorisation acceptée par PayPal','');

--
-- Table structure for table `ps_orders`
--

CREATE TABLE `ps_orders` (
  `id_order` int(10) unsigned NOT NULL AUTO_INCREMENT,
  `reference` varchar(9) DEFAULT NULL,
  `id_shop_group` int(11) unsigned NOT NULL DEFAULT '1',
  `id_shop` int(11) unsigned NOT NULL DEFAULT '1',
  `id_carrier` int(10) unsigned NOT NULL,
  `id_lang` int(10) unsigned NOT NULL,
  `id_customer` int(10) unsigned NOT NULL,
  `id_cart` int(10) unsigned NOT NULL,
  `id_currency` int(10) unsigned NOT NULL,
  `id_address_delivery` int(10) unsigned NOT NULL,
  `id_address_invoice` int(10) unsigned NOT NULL,
  `current_state` int(10) unsigned NOT NULL,
  `secure_key` varchar(32) NOT NULL DEFAULT '-1',
  `payment` varchar(255) NOT NULL,
  `conversion_rate` decimal(13,6) NOT NULL DEFAULT '1.000000',
  `module` varchar(255) DEFAULT NULL,
  `recyclable` tinyint(1) unsigned NOT NULL DEFAULT '0',
  `gift` tinyint(1) unsigned NOT NULL DEFAULT '0',
  `gift_message` text,
  `mobile_theme` tinyint(1) NOT NULL DEFAULT '0',
  `shipping_number` varchar(64) DEFAULT NULL,
  `total_discounts` decimal(20,6) NOT NULL DEFAULT '0.000000',
  `total_discounts_tax_incl` decimal(20,6) NOT NULL DEFAULT '0.000000',
  `total_discounts_tax_excl` decimal(20,6) NOT NULL DEFAULT '0.000000',
  `total_paid` decimal(20,6) NOT NULL DEFAULT '0.000000',
  `total_paid_tax_incl` decimal(20,6) NOT NULL DEFAULT '0.000000',
  `total_paid_tax_excl` decimal(20,6) NOT NULL DEFAULT '0.000000',
  `total_paid_real` decimal(20,6) NOT NULL DEFAULT '0.000000',
  `total_products` decimal(20,6) NOT NULL DEFAULT '0.000000',
  `total_products_wt` decimal(20,6) NOT NULL DEFAULT '0.000000',
  `total_shipping` decimal(20,6) NOT NULL DEFAULT '0.000000',
  `total_shipping_tax_incl` decimal(20,6) NOT NULL DEFAULT '0.000000',
  `total_shipping_tax_excl` decimal(20,6) NOT NULL DEFAULT '0.000000',
  `carrier_tax_rate` decimal(10,3) NOT NULL DEFAULT '0.000',
  `total_wrapping` decimal(20,6) NOT NULL DEFAULT '0.000000',
  `total_wrapping_tax_incl` decimal(20,6) NOT NULL DEFAULT '0.000000',
  `total_wrapping_tax_excl` decimal(20,6) NOT NULL DEFAULT '0.000000',
  `round_mode` tinyint(1) NOT NULL DEFAULT '2',
  `round_type` tinyint(1) NOT NULL DEFAULT '1',
  `invoice_number` int(10) unsigned NOT NULL DEFAULT '0',
  `delivery_number` int(10) unsigned NOT NULL DEFAULT '0',
  `invoice_date` datetime NOT NULL,
  `delivery_date` datetime NOT NULL,
  `valid` int(1) unsigned NOT NULL DEFAULT '0',
  `date_add` datetime NOT NULL,
  `date_upd` datetime NOT NULL,
  PRIMARY KEY (`id_order`),
  KEY `reference` (`reference`),
  KEY `id_customer` (`id_customer`),
  KEY `id_cart` (`id_cart`),
  KEY `invoice_number` (`invoice_number`),
  KEY `id_carrier` (`id_carrier`),
  KEY `id_lang` (`id_lang`),
  KEY `id_currency` (`id_currency`),
  KEY `id_address_delivery` (`id_address_delivery`),
  KEY `id_address_invoice` (`id_address_invoice`),
  KEY `id_shop_group` (`id_shop_group`),
  KEY `current_state` (`current_state`),
  KEY `id_shop` (`id_shop`),
  KEY `date_add` (`date_add`)
) ENGINE=InnoDB AUTO_INCREMENT=8 DEFAULT CHARSET=utf8;

--
-- Dumping data for table `ps_orders`
--


--
-- Table structure for table `ps_pack`
--

CREATE TABLE `ps_pack` (
  `id_product_pack` int(10) unsigned NOT NULL,
  `id_product_item` int(10) unsigned NOT NULL,
  `id_product_attribute_item` int(10) unsigned NOT NULL,
  `quantity` int(10) unsigned NOT NULL DEFAULT '1',
  PRIMARY KEY (`id_product_pack`,`id_product_item`,`id_product_attribute_item`),
  KEY `product_item` (`id_product_item`,`id_product_attribute_item`)
) ENGINE=InnoDB DEFAULT CHARSET=utf8;

--
-- Dumping data for table `ps_pack`
--


--
-- Table structure for table `ps_page`
--

CREATE TABLE `ps_page` (
  `id_page` int(10) unsigned NOT NULL AUTO_INCREMENT,
  `id_page_type` int(10) unsigned NOT NULL,
  `id_object` int(10) unsigned DEFAULT NULL,
  PRIMARY KEY (`id_page`),
  KEY `id_page_type` (`id_page_type`),
  KEY `id_object` (`id_object`)
) ENGINE=InnoDB AUTO_INCREMENT=8 DEFAULT CHARSET=utf8;

--
-- Dumping data for table `ps_page`
--

INSERT INTO `ps_page` VALUES (1,1,NULL),(2,2,NULL),(3,3,NULL),(4,4,1),(5,4,8),(6,4,9),(7,4,10);

--
-- Table structure for table `ps_page_type`
--

CREATE TABLE `ps_page_type` (
  `id_page_type` int(10) unsigned NOT NULL AUTO_INCREMENT,
  `name` varchar(255) NOT NULL,
  PRIMARY KEY (`id_page_type`),
  KEY `name` (`name`)
) ENGINE=InnoDB AUTO_INCREMENT=5 DEFAULT CHARSET=utf8;

--
-- Dumping data for table `ps_page_type`
--

INSERT INTO `ps_page_type` VALUES (3,'authentication'),(1,'index'),(2,'pagenotfound'),(4,'product');

--
-- Table structure for table `ps_page_viewed`
--

CREATE TABLE `ps_page_viewed` (
  `id_page` int(10) unsigned NOT NULL,
  `id_shop_group` int(10) unsigned NOT NULL DEFAULT '1',
  `id_shop` int(10) unsigned NOT NULL DEFAULT '1',
  `id_date_range` int(10) unsigned NOT NULL,
  `counter` int(10) unsigned NOT NULL,
  PRIMARY KEY (`id_page`,`id_date_range`,`id_shop`)
) ENGINE=InnoDB DEFAULT CHARSET=utf8;

--
-- Dumping data for table `ps_page_viewed`
--


--
-- Table structure for table `ps_pagenotfound`
--

CREATE TABLE `ps_pagenotfound` (
  `id_pagenotfound` int(10) unsigned NOT NULL AUTO_INCREMENT,
  `id_shop` int(10) unsigned NOT NULL DEFAULT '1',
  `id_shop_group` int(10) unsigned NOT NULL DEFAULT '1',
  `request_uri` varchar(256) NOT NULL,
  `http_referer` varchar(256) NOT NULL,
  `date_add` datetime NOT NULL,
  PRIMARY KEY (`id_pagenotfound`),
  KEY `date_add` (`date_add`)
) ENGINE=InnoDB AUTO_INCREMENT=14 DEFAULT CHARSET=utf8;

--
-- Dumping data for table `ps_pagenotfound`
--

INSERT INTO `ps_pagenotfound` VALUES (1,1,1,'/admin/','','2016-12-04 13:51:41'),(2,1,1,'/shirts','','2016-12-05 07:37:52'),(3,1,1,'/shirt','','2016-12-05 07:37:56'),(4,1,1,'/paradeise','','2016-12-05 21:14:39'),(5,1,1,'/paradise/ajax.php?rand=1480968944510','http://fb.pandalook.com/paradise/index.php?controller=AdminDashboard&token=b515ba3c8d91cb22e5f9f90119a72252','2016-12-05 21:16:40'),(6,1,1,'/paradise/ajax.php?rand=1480968954636','http://fb.pandalook.com/paradise/index.php?controller=AdminModules&configure=blocknewsletter&tab_module=front_office_features&module_name=blocknewsletter&token=3650b9e14efe47e9fc4f14d1b2128ba6','2016-12-05 21:16:50'),(7,1,1,'/paradise/index.php?controller=AdminLogin&token=a382da7a6a3dc1bf350b8747e5857b76','','2016-12-05 21:29:13'),(8,1,1,'/paradi','','2016-12-05 21:29:35'),(9,1,1,'/paradie','','2016-12-05 21:29:48'),(10,1,1,'/paradie','','2016-12-05 21:29:53'),(11,1,1,'/paradi','','2016-12-05 21:30:02'),(12,1,1,'/paradise/index.php?controller=AdminModules&configure=blocknewsletter&tab_module=front_office_features&module_name=blocknewsletter&token=3650b9e14efe47e9fc4f14d1b2128ba6','http://fb.pandalook.com/paradise/index.php?controller=AdminModules&configure=blocknewsletter&tab_module=front_office_features&module_name=blocknewsletter&token=3650b9e14efe47e9fc4f14d1b2128ba6','2016-12-05 21:34:28'),(13,1,1,'/paradise/index.php?controller=AdminDashboard&token=b515ba3c8d91cb22e5f9f90119a72252','http://fb.pandalook.com/paradise/index.php?controller=AdminModules&token=2bab37aeb18a347f8a0b1f7e1e38bc18&configure=themeconfigurator','2016-12-05 21:36:26');

--
-- Table structure for table `ps_paypal_capture`
--

CREATE TABLE `ps_paypal_capture` (
  `id_paypal_capture` int(11) NOT NULL AUTO_INCREMENT,
  `id_order` int(11) NOT NULL,
  `capture_amount` float NOT NULL,
  `result` text NOT NULL,
  `date_add` datetime NOT NULL,
  `date_upd` datetime NOT NULL,
  PRIMARY KEY (`id_paypal_capture`)
) ENGINE=InnoDB DEFAULT CHARSET=utf8;

--
-- Dumping data for table `ps_paypal_capture`
--


--
-- Table structure for table `ps_paypal_customer`
--

CREATE TABLE `ps_paypal_customer` (
  `id_paypal_customer` int(10) unsigned NOT NULL AUTO_INCREMENT,
  `id_customer` int(10) unsigned NOT NULL,
  `paypal_email` varchar(255) NOT NULL,
  PRIMARY KEY (`id_paypal_customer`)
) ENGINE=InnoDB DEFAULT CHARSET=utf8;

--
-- Dumping data for table `ps_paypal_customer`
--


--
-- Table structure for table `ps_paypal_login_user`
--

CREATE TABLE `ps_paypal_login_user` (
  `id_paypal_login_user` int(11) NOT NULL AUTO_INCREMENT,
  `id_customer` int(11) NOT NULL,
  `token_type` varchar(255) NOT NULL,
  `expires_in` varchar(255) NOT NULL,
  `refresh_token` varchar(255) NOT NULL,
  `id_token` varchar(255) NOT NULL,
  `access_token` varchar(255) NOT NULL,
  `account_type` varchar(255) NOT NULL,
  `user_id` varchar(255) NOT NULL,
  `verified_account` varchar(255) NOT NULL,
  `zoneinfo` varchar(255) NOT NULL,
  `age_range` varchar(255) NOT NULL,
  PRIMARY KEY (`id_paypal_login_user`)
) ENGINE=InnoDB DEFAULT CHARSET=utf8;

--
-- Dumping data for table `ps_paypal_login_user`
--


--
-- Table structure for table `ps_paypal_order`
--

CREATE TABLE `ps_paypal_order` (
  `id_order` int(10) unsigned NOT NULL,
  `id_transaction` varchar(255) NOT NULL,
  `id_invoice` varchar(255) DEFAULT NULL,
  `currency` varchar(10) NOT NULL,
  `total_paid` varchar(50) NOT NULL,
  `shipping` varchar(50) NOT NULL,
  `capture` int(2) NOT NULL,
  `payment_date` varchar(50) NOT NULL,
  `payment_method` int(2) unsigned NOT NULL,
  `payment_status` varchar(255) DEFAULT NULL,
  PRIMARY KEY (`id_order`)
) ENGINE=InnoDB DEFAULT CHARSET=utf8;

--
-- Dumping data for table `ps_paypal_order`
--


--
-- Table structure for table `ps_product`
--

CREATE TABLE `ps_product` (
  `id_product` int(10) unsigned NOT NULL AUTO_INCREMENT,
  `id_supplier` int(10) unsigned DEFAULT NULL,
  `id_manufacturer` int(10) unsigned DEFAULT NULL,
  `id_category_default` int(10) unsigned DEFAULT NULL,
  `id_shop_default` int(10) unsigned NOT NULL DEFAULT '1',
  `id_tax_rules_group` int(11) unsigned NOT NULL,
  `on_sale` tinyint(1) unsigned NOT NULL DEFAULT '0',
  `online_only` tinyint(1) unsigned NOT NULL DEFAULT '0',
  `ean13` varchar(13) DEFAULT NULL,
  `upc` varchar(12) DEFAULT NULL,
  `ecotax` decimal(17,6) NOT NULL DEFAULT '0.000000',
  `quantity` int(10) NOT NULL DEFAULT '0',
  `minimal_quantity` int(10) unsigned NOT NULL DEFAULT '1',
  `price` decimal(20,6) NOT NULL DEFAULT '0.000000',
  `wholesale_price` decimal(20,6) NOT NULL DEFAULT '0.000000',
  `unity` varchar(255) DEFAULT NULL,
  `unit_price_ratio` decimal(20,6) NOT NULL DEFAULT '0.000000',
  `additional_shipping_cost` decimal(20,2) NOT NULL DEFAULT '0.00',
  `reference` varchar(32) DEFAULT NULL,
  `supplier_reference` varchar(32) DEFAULT NULL,
  `location` varchar(64) DEFAULT NULL,
  `width` decimal(20,6) NOT NULL DEFAULT '0.000000',
  `height` decimal(20,6) NOT NULL DEFAULT '0.000000',
  `depth` decimal(20,6) NOT NULL DEFAULT '0.000000',
  `weight` decimal(20,6) NOT NULL DEFAULT '0.000000',
  `out_of_stock` int(10) unsigned NOT NULL DEFAULT '2',
  `quantity_discount` tinyint(1) DEFAULT '0',
  `customizable` tinyint(2) NOT NULL DEFAULT '0',
  `uploadable_files` tinyint(4) NOT NULL DEFAULT '0',
  `text_fields` tinyint(4) NOT NULL DEFAULT '0',
  `active` tinyint(1) unsigned NOT NULL DEFAULT '0',
  `redirect_type` enum('','404','301','302') NOT NULL DEFAULT '',
  `id_product_redirected` int(10) unsigned NOT NULL DEFAULT '0',
  `available_for_order` tinyint(1) NOT NULL DEFAULT '1',
  `available_date` date NOT NULL DEFAULT '0000-00-00',
  `condition` enum('new','used','refurbished') NOT NULL DEFAULT 'new',
  `show_price` tinyint(1) NOT NULL DEFAULT '1',
  `indexed` tinyint(1) NOT NULL DEFAULT '0',
  `visibility` enum('both','catalog','search','none') NOT NULL DEFAULT 'both',
  `cache_is_pack` tinyint(1) NOT NULL DEFAULT '0',
  `cache_has_attachments` tinyint(1) NOT NULL DEFAULT '0',
  `is_virtual` tinyint(1) NOT NULL DEFAULT '0',
  `cache_default_attribute` int(10) unsigned DEFAULT NULL,
  `date_add` datetime NOT NULL,
  `date_upd` datetime NOT NULL,
  `advanced_stock_management` tinyint(1) NOT NULL DEFAULT '0',
  `pack_stock_type` int(11) unsigned NOT NULL DEFAULT '3',
  PRIMARY KEY (`id_product`),
  KEY `product_supplier` (`id_supplier`),
  KEY `product_manufacturer` (`id_manufacturer`,`id_product`),
  KEY `id_category_default` (`id_category_default`),
  KEY `indexed` (`indexed`),
  KEY `date_add` (`date_add`)
) ENGINE=InnoDB AUTO_INCREMENT=11 DEFAULT CHARSET=utf8;

--
-- Dumping data for table `ps_product`
--

INSERT INTO `ps_product` VALUES (8,0,0,12,1,1,0,0,'','',0.000000,0,1,20.833333,0.000000,'',0.000000,0.00,'','','',0.000000,0.000000,0.000000,0.300000,2,0,0,0,0,1,'404',0,1,'0000-00-00','new',1,1,'both',0,0,0,61,'2016-12-05 06:57:52','2016-12-05 11:00:22',0,3),(9,0,0,12,1,1,0,0,'','',0.000000,0,1,20.833333,0.000000,'',0.000000,0.00,'','','',0.000000,0.000000,0.000000,0.300000,2,0,0,0,0,1,'404',0,1,'0000-00-00','new',1,1,'both',0,0,0,76,'2016-12-05 08:41:34','2016-12-05 12:10:07',0,3),(10,0,0,12,1,1,0,0,'','',0.000000,0,1,25.000000,0.000000,'',0.000000,0.00,'','','',0.000000,0.000000,0.000000,0.300000,2,0,0,0,0,1,'404',0,1,'0000-00-00','new',1,1,'both',0,0,0,91,'2016-12-05 20:47:25','2016-12-05 20:57:43',0,3);

--
-- Table structure for table `ps_product_attachment`
--

CREATE TABLE `ps_product_attachment` (
  `id_product` int(10) unsigned NOT NULL,
  `id_attachment` int(10) unsigned NOT NULL,
  PRIMARY KEY (`id_product`,`id_attachment`)
) ENGINE=InnoDB DEFAULT CHARSET=utf8;

--
-- Dumping data for table `ps_product_attachment`
--


--
-- Table structure for table `ps_product_attribute`
--

CREATE TABLE `ps_product_attribute` (
  `id_product_attribute` int(10) unsigned NOT NULL AUTO_INCREMENT,
  `id_product` int(10) unsigned NOT NULL,
  `reference` varchar(32) DEFAULT NULL,
  `supplier_reference` varchar(32) DEFAULT NULL,
  `location` varchar(64) DEFAULT NULL,
  `ean13` varchar(13) DEFAULT NULL,
  `upc` varchar(12) DEFAULT NULL,
  `wholesale_price` decimal(20,6) NOT NULL DEFAULT '0.000000',
  `price` decimal(20,6) NOT NULL DEFAULT '0.000000',
  `ecotax` decimal(17,6) NOT NULL DEFAULT '0.000000',
  `quantity` int(10) NOT NULL DEFAULT '0',
  `weight` decimal(20,6) NOT NULL DEFAULT '0.000000',
  `unit_price_impact` decimal(20,6) NOT NULL DEFAULT '0.000000',
  `default_on` tinyint(1) unsigned DEFAULT NULL,
  `minimal_quantity` int(10) unsigned NOT NULL DEFAULT '1',
  `available_date` date NOT NULL DEFAULT '0000-00-00',
  PRIMARY KEY (`id_product_attribute`),
  UNIQUE KEY `product_default` (`id_product`,`default_on`),
  KEY `product_attribute_product` (`id_product`),
  KEY `reference` (`reference`),
  KEY `supplier_reference` (`supplier_reference`),
  KEY `id_product_id_product_attribute` (`id_product_attribute`,`id_product`)
) ENGINE=InnoDB AUTO_INCREMENT=95 DEFAULT CHARSET=utf8;

--
-- Dumping data for table `ps_product_attribute`
--

INSERT INTO `ps_product_attribute` VALUES (61,8,'','','','','',0.000000,0.000000,0.000000,0,0.000000,0.000000,1,1,'0000-00-00'),(62,8,'','','','','',0.000000,0.000000,0.000000,0,0.000000,0.000000,NULL,1,'0000-00-00'),(63,8,'','','','','',0.000000,0.000000,0.000000,0,0.000000,0.000000,NULL,1,'0000-00-00'),(64,8,'','','','','',0.000000,0.000000,0.000000,0,0.000000,0.000000,NULL,1,'0000-00-00'),(65,8,'','','','','',0.000000,0.000000,0.000000,0,0.000000,0.000000,NULL,1,'0000-00-00'),(66,8,'','','','','',0.000000,0.000000,0.000000,0,0.000000,0.000000,NULL,1,'0000-00-00'),(67,8,'','','','','',0.000000,0.000000,0.000000,0,0.000000,0.000000,NULL,1,'0000-00-00'),(68,8,'','','','','',0.000000,0.000000,0.000000,0,0.000000,0.000000,NULL,1,'0000-00-00'),(69,8,'','','','','',0.000000,0.000000,0.000000,0,0.000000,0.000000,NULL,1,'0000-00-00'),(70,8,'','','','','',0.000000,0.000000,0.000000,0,0.000000,0.000000,NULL,1,'0000-00-00'),(71,8,'','','','','',0.000000,0.000000,0.000000,0,0.000000,0.000000,NULL,1,'0000-00-00'),(72,8,'','','','','',0.000000,0.000000,0.000000,0,0.000000,0.000000,NULL,1,'0000-00-00'),(73,8,'','','','','',0.000000,0.000000,0.000000,0,0.000000,0.000000,NULL,1,'0000-00-00'),(74,8,'','','','','',0.000000,0.000000,0.000000,0,0.000000,0.000000,NULL,1,'0000-00-00'),(75,8,'','','','','',0.000000,0.000000,0.000000,0,0.000000,0.000000,NULL,1,'0000-00-00'),(76,9,'','','','','',0.000000,0.000000,0.000000,0,0.000000,0.000000,1,1,'0000-00-00'),(77,9,'','','','','',0.000000,0.000000,0.000000,0,0.000000,0.000000,NULL,1,'0000-00-00'),(78,9,'','','','','',0.000000,0.000000,0.000000,0,0.000000,0.000000,NULL,1,'0000-00-00'),(79,9,'','','','','',0.000000,0.000000,0.000000,0,0.000000,0.000000,NULL,1,'0000-00-00'),(80,9,'','','','','',0.000000,0.000000,0.000000,0,0.000000,0.000000,NULL,1,'0000-00-00'),(81,9,'','','','','',0.000000,0.000000,0.000000,0,0.000000,0.000000,NULL,1,'0000-00-00'),(82,9,'','','','','',0.000000,0.000000,0.000000,0,0.000000,0.000000,NULL,1,'0000-00-00'),(83,9,'','','','','',0.000000,0.000000,0.000000,0,0.000000,0.000000,NULL,1,'0000-00-00'),(84,9,'','','','','',0.000000,0.000000,0.000000,0,0.000000,0.000000,NULL,1,'0000-00-00'),(85,9,'','','','','',0.000000,0.000000,0.000000,0,0.000000,0.000000,NULL,1,'0000-00-00'),(86,9,'','','','','',0.000000,0.000000,0.000000,0,0.000000,0.000000,NULL,1,'0000-00-00'),(87,9,'','','','','',0.000000,0.000000,0.000000,0,0.000000,0.000000,NULL,1,'0000-00-00'),(88,9,'','','','','',0.000000,0.000000,0.000000,0,0.000000,0.000000,NULL,1,'0000-00-00'),(89,9,'','','','','',0.000000,0.000000,0.000000,0,0.000000,0.000000,NULL,1,'0000-00-00'),(90,9,'','','','','',0.000000,0.000000,0.000000,0,0.000000,0.000000,NULL,1,'0000-00-00'),(91,10,'','','','','',0.000000,0.000000,0.000000,0,0.000000,0.000000,1,1,'0000-00-00'),(92,10,'','','','','',0.000000,0.000000,0.000000,0,0.000000,0.000000,NULL,1,'0000-00-00'),(93,10,'','','','','',0.000000,0.000000,0.000000,0,0.000000,0.000000,NULL,1,'0000-00-00'),(94,10,'','','','','',0.000000,0.000000,0.000000,0,0.000000,0.000000,NULL,1,'0000-00-00');

--
-- Table structure for table `ps_product_attribute_combination`
--

CREATE TABLE `ps_product_attribute_combination` (
  `id_attribute` int(10) unsigned NOT NULL,
  `id_product_attribute` int(10) unsigned NOT NULL,
  PRIMARY KEY (`id_attribute`,`id_product_attribute`),
  KEY `id_product_attribute` (`id_product_attribute`)
) ENGINE=InnoDB DEFAULT CHARSET=utf8;

--
-- Dumping data for table `ps_product_attribute_combination`
--

INSERT INTO `ps_product_attribute_combination` VALUES (1,61),(5,61),(1,62),(10,62),(1,63),(14,63),(1,64),(16,64),(1,65),(24,65),(2,66),(5,66),(2,67),(10,67),(2,68),(14,68),(2,69),(16,69),(2,70),(24,70),(3,71),(5,71),(3,72),(10,72),(3,73),(14,73),(3,74),(16,74),(3,75),(24,75),(1,76),(5,76),(1,77),(10,77),(1,78),(14,78),(1,79),(16,79),(1,80),(24,80),(2,81),(5,81),(2,82),(10,82),(2,83),(14,83),(2,84),(16,84),(2,85),(24,85),(3,86),(5,86),(3,87),(10,87),(3,88),(14,88),(3,89),(16,89),(3,90),(24,90),(1,91),(8,91),(2,92),(8,92),(3,93),(8,93),(8,94),(25,94);

--
-- Table structure for table `ps_product_attribute_image`
--

CREATE TABLE `ps_product_attribute_image` (
  `id_product_attribute` int(10) unsigned NOT NULL,
  `id_image` int(10) unsigned NOT NULL,
  PRIMARY KEY (`id_product_attribute`,`id_image`),
  KEY `id_image` (`id_image`)
) ENGINE=InnoDB DEFAULT CHARSET=utf8;

--
-- Dumping data for table `ps_product_attribute_image`
--

INSERT INTO `ps_product_attribute_image` VALUES (61,24),(66,24),(71,24),(64,25),(69,25),(74,25),(65,26),(70,26),(75,26),(62,27),(67,27),(72,27),(63,28),(68,28),(73,28),(76,29),(81,29),(86,29),(79,30),(84,30),(89,30),(80,31),(85,31),(90,31),(77,32),(82,32),(87,32),(78,33),(83,33),(88,33);

--
-- Table structure for table `ps_product_attribute_shop`
--

CREATE TABLE `ps_product_attribute_shop` (
  `id_product` int(10) unsigned NOT NULL,
  `id_product_attribute` int(10) unsigned NOT NULL,
  `id_shop` int(10) unsigned NOT NULL,
  `wholesale_price` decimal(20,6) NOT NULL DEFAULT '0.000000',
  `price` decimal(20,6) NOT NULL DEFAULT '0.000000',
  `ecotax` decimal(17,6) NOT NULL DEFAULT '0.000000',
  `weight` decimal(20,6) NOT NULL DEFAULT '0.000000',
  `unit_price_impact` decimal(20,6) NOT NULL DEFAULT '0.000000',
  `default_on` tinyint(1) unsigned DEFAULT NULL,
  `minimal_quantity` int(10) unsigned NOT NULL DEFAULT '1',
  `available_date` date NOT NULL DEFAULT '0000-00-00',
  PRIMARY KEY (`id_product_attribute`,`id_shop`),
  UNIQUE KEY `id_product` (`id_product`,`id_shop`,`default_on`)
) ENGINE=InnoDB DEFAULT CHARSET=utf8;

--
-- Dumping data for table `ps_product_attribute_shop`
--

INSERT INTO `ps_product_attribute_shop` VALUES (8,61,1,0.000000,0.000000,0.000000,0.000000,0.000000,1,1,'0000-00-00'),(8,62,1,0.000000,0.000000,0.000000,0.000000,0.000000,NULL,1,'0000-00-00'),(8,63,1,0.000000,0.000000,0.000000,0.000000,0.000000,NULL,1,'0000-00-00'),(8,64,1,0.000000,0.000000,0.000000,0.000000,0.000000,NULL,1,'0000-00-00'),(8,65,1,0.000000,0.000000,0.000000,0.000000,0.000000,NULL,1,'0000-00-00'),(8,66,1,0.000000,0.000000,0.000000,0.000000,0.000000,NULL,1,'0000-00-00'),(8,67,1,0.000000,0.000000,0.000000,0.000000,0.000000,NULL,1,'0000-00-00'),(8,68,1,0.000000,0.000000,0.000000,0.000000,0.000000,NULL,1,'0000-00-00'),(8,69,1,0.000000,0.000000,0.000000,0.000000,0.000000,NULL,1,'0000-00-00'),(8,70,1,0.000000,0.000000,0.000000,0.000000,0.000000,NULL,1,'0000-00-00'),(8,71,1,0.000000,0.000000,0.000000,0.000000,0.000000,NULL,1,'0000-00-00'),(8,72,1,0.000000,0.000000,0.000000,0.000000,0.000000,NULL,1,'0000-00-00'),(8,73,1,0.000000,0.000000,0.000000,0.000000,0.000000,NULL,1,'0000-00-00'),(8,74,1,0.000000,0.000000,0.000000,0.000000,0.000000,NULL,1,'0000-00-00'),(8,75,1,0.000000,0.000000,0.000000,0.000000,0.000000,NULL,1,'0000-00-00'),(9,76,1,0.000000,0.000000,0.000000,0.000000,0.000000,1,1,'0000-00-00'),(9,77,1,0.000000,0.000000,0.000000,0.000000,0.000000,NULL,1,'0000-00-00'),(9,78,1,0.000000,0.000000,0.000000,0.000000,0.000000,NULL,1,'0000-00-00'),(9,79,1,0.000000,0.000000,0.000000,0.000000,0.000000,NULL,1,'0000-00-00'),(9,80,1,0.000000,0.000000,0.000000,0.000000,0.000000,NULL,1,'0000-00-00'),(9,81,1,0.000000,0.000000,0.000000,0.000000,0.000000,NULL,1,'0000-00-00'),(9,82,1,0.000000,0.000000,0.000000,0.000000,0.000000,NULL,1,'0000-00-00'),(9,83,1,0.000000,0.000000,0.000000,0.000000,0.000000,NULL,1,'0000-00-00'),(9,84,1,0.000000,0.000000,0.000000,0.000000,0.000000,NULL,1,'0000-00-00'),(9,85,1,0.000000,0.000000,0.000000,0.000000,0.000000,NULL,1,'0000-00-00'),(9,86,1,0.000000,0.000000,0.000000,0.000000,0.000000,NULL,1,'0000-00-00'),(9,87,1,0.000000,0.000000,0.000000,0.000000,0.000000,NULL,1,'0000-00-00'),(9,88,1,0.000000,0.000000,0.000000,0.000000,0.000000,NULL,1,'0000-00-00'),(9,89,1,0.000000,0.000000,0.000000,0.000000,0.000000,NULL,1,'0000-00-00'),(9,90,1,0.000000,0.000000,0.000000,0.000000,0.000000,NULL,1,'0000-00-00'),(10,91,1,0.000000,0.000000,0.000000,0.000000,0.000000,1,1,'0000-00-00'),(10,92,1,0.000000,0.000000,0.000000,0.000000,0.000000,NULL,1,'0000-00-00'),(10,93,1,0.000000,0.000000,0.000000,0.000000,0.000000,NULL,1,'0000-00-00'),(10,94,1,0.000000,0.000000,0.000000,0.000000,0.000000,NULL,1,'0000-00-00');

--
-- Table structure for table `ps_product_carrier`
--

CREATE TABLE `ps_product_carrier` (
  `id_product` int(10) unsigned NOT NULL,
  `id_carrier_reference` int(10) unsigned NOT NULL,
  `id_shop` int(10) unsigned NOT NULL,
  PRIMARY KEY (`id_product`,`id_carrier_reference`,`id_shop`)
) ENGINE=InnoDB DEFAULT CHARSET=utf8;

--
-- Dumping data for table `ps_product_carrier`
--


--
-- Table structure for table `ps_product_country_tax`
--

CREATE TABLE `ps_product_country_tax` (
  `id_product` int(11) NOT NULL,
  `id_country` int(11) NOT NULL,
  `id_tax` int(11) NOT NULL,
  PRIMARY KEY (`id_product`,`id_country`)
) ENGINE=InnoDB DEFAULT CHARSET=utf8;

--
-- Dumping data for table `ps_product_country_tax`
--


--
-- Table structure for table `ps_product_download`
--

CREATE TABLE `ps_product_download` (
  `id_product_download` int(10) unsigned NOT NULL AUTO_INCREMENT,
  `id_product` int(10) unsigned NOT NULL,
  `display_filename` varchar(255) DEFAULT NULL,
  `filename` varchar(255) DEFAULT NULL,
  `date_add` datetime NOT NULL,
  `date_expiration` datetime DEFAULT NULL,
  `nb_days_accessible` int(10) unsigned DEFAULT NULL,
  `nb_downloadable` int(10) unsigned DEFAULT '1',
  `active` tinyint(1) unsigned NOT NULL DEFAULT '1',
  `is_shareable` tinyint(1) unsigned NOT NULL DEFAULT '0',
  PRIMARY KEY (`id_product_download`),
  UNIQUE KEY `id_product` (`id_product`),
  KEY `product_active` (`id_product`,`active`)
) ENGINE=InnoDB DEFAULT CHARSET=utf8;

--
-- Dumping data for table `ps_product_download`
--


--
-- Table structure for table `ps_product_group_reduction_cache`
--

CREATE TABLE `ps_product_group_reduction_cache` (
  `id_product` int(10) unsigned NOT NULL,
  `id_group` int(10) unsigned NOT NULL,
  `reduction` decimal(4,3) NOT NULL,
  PRIMARY KEY (`id_product`,`id_group`)
) ENGINE=InnoDB DEFAULT CHARSET=utf8;

--
-- Dumping data for table `ps_product_group_reduction_cache`
--


--
-- Table structure for table `ps_product_lang`
--

CREATE TABLE `ps_product_lang` (
  `id_product` int(10) unsigned NOT NULL,
  `id_shop` int(11) unsigned NOT NULL DEFAULT '1',
  `id_lang` int(10) unsigned NOT NULL,
  `description` text,
  `description_short` text,
  `link_rewrite` varchar(128) NOT NULL,
  `meta_description` varchar(255) DEFAULT NULL,
  `meta_keywords` varchar(255) DEFAULT NULL,
  `meta_title` varchar(128) DEFAULT NULL,
  `name` varchar(128) NOT NULL,
  `available_now` varchar(255) DEFAULT NULL,
  `available_later` varchar(255) DEFAULT NULL,
  PRIMARY KEY (`id_product`,`id_shop`,`id_lang`),
  KEY `id_lang` (`id_lang`),
  KEY `name` (`name`)
) ENGINE=InnoDB DEFAULT CHARSET=utf8;

--
-- Dumping data for table `ps_product_lang`
--

INSERT INTO `ps_product_lang` VALUES (8,1,1,'<p><span class=\"sh-ds__trunc\"><span class=\"sh-ds__trunc-txt\">- Débardeur en coton stretch <br />- Col U <br />- Larges bretelles <br />- Encolure arrondie au dos <br />- Longueur dos : 63 cm. <br /><br />Notre mannequin porte une taille M et mesure 1m77. <br /></span></span></p>\n<p id=\"productLength\">Lavable en machine.</p>\n<div>\n<p>Référence: GH516</p>\n</div>','<p>Le basique à glisser sous vos blouses ou à porter tout simplement aux beaux jours !</p>','debardeur-col-u-motif-1','','','','debardeur col U - motif dance','',''),(9,1,1,'<p><span class=\"sh-ds__trunc\"><span class=\"sh-ds__trunc-txt\">- Débardeur en coton stretch <br />- Col U <br />- Larges bretelles <br />- Encolure arrondie au dos <br />- Longueur dos : 63 cm. <br /><br />Notre mannequin porte une taille M et mesure 1m77. <br /></span></span></p>\n<p id=\"productLength\">Lavable en machine.</p>\n<div>\n<p>Référence: GH516</p>\n</div>','<p>Le basique à glisser sous vos blouses ou à porter tout simplement aux beaux jours !</p>','debardeur-col-u-motif-1','','','','debardeur col U - motif autre','',''),(10,1,1,'<p>100%coton , les coutures tiennent</p>\n<p></p>','<p>magnifique tshirt</p>','tshirt-femmelette','','','','tshirt femme','','');

--
-- Table structure for table `ps_product_sale`
--

CREATE TABLE `ps_product_sale` (
  `id_product` int(10) unsigned NOT NULL,
  `quantity` int(10) unsigned NOT NULL DEFAULT '0',
  `sale_nbr` int(10) unsigned NOT NULL DEFAULT '0',
  `date_upd` date NOT NULL,
  PRIMARY KEY (`id_product`),
  KEY `quantity` (`quantity`)
) ENGINE=InnoDB DEFAULT CHARSET=utf8;

--
-- Dumping data for table `ps_product_sale`
--


--
-- Table structure for table `ps_product_shop`
--

CREATE TABLE `ps_product_shop` (
  `id_product` int(10) unsigned NOT NULL,
  `id_shop` int(10) unsigned NOT NULL,
  `id_category_default` int(10) unsigned DEFAULT NULL,
  `id_tax_rules_group` int(11) unsigned NOT NULL,
  `on_sale` tinyint(1) unsigned NOT NULL DEFAULT '0',
  `online_only` tinyint(1) unsigned NOT NULL DEFAULT '0',
  `ecotax` decimal(17,6) NOT NULL DEFAULT '0.000000',
  `minimal_quantity` int(10) unsigned NOT NULL DEFAULT '1',
  `price` decimal(20,6) NOT NULL DEFAULT '0.000000',
  `wholesale_price` decimal(20,6) NOT NULL DEFAULT '0.000000',
  `unity` varchar(255) DEFAULT NULL,
  `unit_price_ratio` decimal(20,6) NOT NULL DEFAULT '0.000000',
  `additional_shipping_cost` decimal(20,2) NOT NULL DEFAULT '0.00',
  `customizable` tinyint(2) NOT NULL DEFAULT '0',
  `uploadable_files` tinyint(4) NOT NULL DEFAULT '0',
  `text_fields` tinyint(4) NOT NULL DEFAULT '0',
  `active` tinyint(1) unsigned NOT NULL DEFAULT '0',
  `redirect_type` enum('','404','301','302') NOT NULL DEFAULT '',
  `id_product_redirected` int(10) unsigned NOT NULL DEFAULT '0',
  `available_for_order` tinyint(1) NOT NULL DEFAULT '1',
  `available_date` date NOT NULL DEFAULT '0000-00-00',
  `condition` enum('new','used','refurbished') NOT NULL DEFAULT 'new',
  `show_price` tinyint(1) NOT NULL DEFAULT '1',
  `indexed` tinyint(1) NOT NULL DEFAULT '0',
  `visibility` enum('both','catalog','search','none') NOT NULL DEFAULT 'both',
  `cache_default_attribute` int(10) unsigned DEFAULT NULL,
  `advanced_stock_management` tinyint(1) NOT NULL DEFAULT '0',
  `date_add` datetime NOT NULL,
  `date_upd` datetime NOT NULL,
  `pack_stock_type` int(11) unsigned NOT NULL DEFAULT '3',
  PRIMARY KEY (`id_product`,`id_shop`),
  KEY `id_category_default` (`id_category_default`),
  KEY `date_add` (`date_add`,`active`,`visibility`),
  KEY `indexed` (`indexed`,`active`,`id_product`)
) ENGINE=InnoDB DEFAULT CHARSET=utf8;

--
-- Dumping data for table `ps_product_shop`
--

INSERT INTO `ps_product_shop` VALUES (8,1,12,1,0,0,0.000000,1,20.833333,0.000000,'',0.000000,0.00,0,0,0,1,'404',0,1,'0000-00-00','new',1,1,'both',61,0,'2016-12-05 06:57:52','2016-12-05 11:00:22',3),(9,1,12,1,0,0,0.000000,1,20.833333,0.000000,'',0.000000,0.00,0,0,0,1,'404',0,1,'0000-00-00','new',1,1,'both',76,0,'2016-12-05 08:41:34','2016-12-05 12:10:07',3),(10,1,12,1,0,0,0.000000,1,25.000000,0.000000,'',0.000000,0.00,0,0,0,1,'404',0,1,'0000-00-00','new',1,1,'both',91,0,'2016-12-05 20:47:25','2016-12-05 20:57:43',3);

--
-- Table structure for table `ps_product_supplier`
--

CREATE TABLE `ps_product_supplier` (
  `id_product_supplier` int(11) unsigned NOT NULL AUTO_INCREMENT,
  `id_product` int(11) unsigned NOT NULL,
  `id_product_attribute` int(11) unsigned NOT NULL DEFAULT '0',
  `id_supplier` int(11) unsigned NOT NULL,
  `product_supplier_reference` varchar(32) DEFAULT NULL,
  `product_supplier_price_te` decimal(20,6) NOT NULL DEFAULT '0.000000',
  `id_currency` int(11) unsigned NOT NULL,
  PRIMARY KEY (`id_product_supplier`),
  UNIQUE KEY `id_product` (`id_product`,`id_product_attribute`,`id_supplier`),
  KEY `id_supplier` (`id_supplier`,`id_product`)
) ENGINE=InnoDB AUTO_INCREMENT=23 DEFAULT CHARSET=utf8;

--
-- Dumping data for table `ps_product_supplier`
--


--
-- Table structure for table `ps_product_tag`
--

CREATE TABLE `ps_product_tag` (
  `id_product` int(10) unsigned NOT NULL,
  `id_tag` int(10) unsigned NOT NULL,
  `id_lang` int(10) unsigned NOT NULL,
  PRIMARY KEY (`id_product`,`id_tag`),
  KEY `id_tag` (`id_tag`),
  KEY `id_lang` (`id_lang`,`id_tag`)
) ENGINE=InnoDB DEFAULT CHARSET=utf8;

--
-- Dumping data for table `ps_product_tag`
--


--
-- Table structure for table `ps_profile`
--

CREATE TABLE `ps_profile` (
  `id_profile` int(10) unsigned NOT NULL AUTO_INCREMENT,
  PRIMARY KEY (`id_profile`)
) ENGINE=InnoDB AUTO_INCREMENT=5 DEFAULT CHARSET=utf8;

--
-- Dumping data for table `ps_profile`
--

INSERT INTO `ps_profile` VALUES (1),(2),(3),(4);

--
-- Table structure for table `ps_profile_lang`
--

CREATE TABLE `ps_profile_lang` (
  `id_lang` int(10) unsigned NOT NULL,
  `id_profile` int(10) unsigned NOT NULL,
  `name` varchar(128) NOT NULL,
  PRIMARY KEY (`id_profile`,`id_lang`)
) ENGINE=InnoDB DEFAULT CHARSET=utf8;

--
-- Dumping data for table `ps_profile_lang`
--

INSERT INTO `ps_profile_lang` VALUES (1,1,'SuperAdmin'),(1,2,'Logisticien'),(1,3,'Traducteur'),(1,4,'Commercial');

--
-- Table structure for table `ps_quick_access`
--

CREATE TABLE `ps_quick_access` (
  `id_quick_access` int(10) unsigned NOT NULL AUTO_INCREMENT,
  `new_window` tinyint(1) NOT NULL DEFAULT '0',
  `link` varchar(255) NOT NULL,
  PRIMARY KEY (`id_quick_access`)
) ENGINE=InnoDB AUTO_INCREMENT=5 DEFAULT CHARSET=utf8;

--
-- Dumping data for table `ps_quick_access`
--

INSERT INTO `ps_quick_access` VALUES (1,0,'index.php?controller=AdminCategories&addcategory'),(2,0,'index.php?controller=AdminProducts&addproduct'),(3,0,'index.php?controller=AdminCartRules&addcart_rule'),(4,0,'index.php?controller=AdminModules&configure=blocknewsletter&tab_module=front_office_features&module_name=blocknewsletter');

--
-- Table structure for table `ps_quick_access_lang`
--

CREATE TABLE `ps_quick_access_lang` (
  `id_quick_access` int(10) unsigned NOT NULL,
  `id_lang` int(10) unsigned NOT NULL,
  `name` varchar(32) NOT NULL,
  PRIMARY KEY (`id_quick_access`,`id_lang`)
) ENGINE=InnoDB DEFAULT CHARSET=utf8;

--
-- Dumping data for table `ps_quick_access_lang`
--

INSERT INTO `ps_quick_access_lang` VALUES (1,1,'Nouvelle catégorie'),(2,1,'Nouveau produit'),(3,1,'Nouveau bon de réduction'),(4,1,'newsletter');

--
-- Table structure for table `ps_range_price`
--

CREATE TABLE `ps_range_price` (
  `id_range_price` int(10) unsigned NOT NULL AUTO_INCREMENT,
  `id_carrier` int(10) unsigned NOT NULL,
  `delimiter1` decimal(20,6) NOT NULL,
  `delimiter2` decimal(20,6) NOT NULL,
  PRIMARY KEY (`id_range_price`),
  UNIQUE KEY `id_carrier` (`id_carrier`,`delimiter1`,`delimiter2`)
) ENGINE=InnoDB AUTO_INCREMENT=2 DEFAULT CHARSET=utf8;

--
-- Dumping data for table `ps_range_price`
--

INSERT INTO `ps_range_price` VALUES (1,2,0.000000,10000.000000);

--
-- Table structure for table `ps_range_weight`
--

CREATE TABLE `ps_range_weight` (
  `id_range_weight` int(10) unsigned NOT NULL AUTO_INCREMENT,
  `id_carrier` int(10) unsigned NOT NULL,
  `delimiter1` decimal(20,6) NOT NULL,
  `delimiter2` decimal(20,6) NOT NULL,
  PRIMARY KEY (`id_range_weight`),
  UNIQUE KEY `id_carrier` (`id_carrier`,`delimiter1`,`delimiter2`)
) ENGINE=InnoDB AUTO_INCREMENT=338 DEFAULT CHARSET=utf8;

--
-- Dumping data for table `ps_range_weight`
--

INSERT INTO `ps_range_weight` VALUES (1,2,0.000000,10000.000000),(2,6,0.000000,0.250000),(3,6,0.250000,0.500000),(4,6,0.500000,0.750000),(5,6,0.750000,1.000000),(6,6,1.000000,2.000000),(7,6,2.000000,5.000000),(8,6,5.000000,10.000000),(9,6,10.000000,30.000000),(10,7,0.000000,0.250000),(11,7,0.250000,0.500000),(12,7,0.500000,0.750000),(13,7,0.750000,1.000000),(14,7,1.000000,2.000000),(15,7,2.000000,5.000000),(16,7,5.000000,10.000000),(17,7,10.000000,30.000000),(18,8,0.000000,0.250000),(19,8,0.250000,0.500000),(20,8,0.500000,0.750000),(21,8,0.750000,1.000000),(22,8,1.000000,2.000000),(23,8,2.000000,5.000000),(24,8,5.000000,10.000000),(25,8,10.000000,30.000000),(26,10,0.000000,0.250000),(27,10,0.250000,0.500000),(28,10,0.500000,0.750000),(29,10,0.750000,1.000000),(30,10,1.000000,2.000000),(31,10,2.000000,5.000000),(32,10,5.000000,10.000000),(33,10,10.000000,30.000000),(34,11,0.000000,0.250000),(35,11,0.250000,0.500000),(36,11,0.500000,0.750000),(37,11,0.750000,1.000000),(38,11,1.000000,2.000000),(39,11,2.000000,5.000000),(40,11,5.000000,10.000000),(41,11,10.000000,30.000000),(42,12,0.000000,0.250000),(43,12,0.250000,0.500000),(44,12,0.500000,0.750000),(45,12,0.750000,1.000000),(46,12,1.000000,2.000000),(47,12,2.000000,5.000000),(48,12,5.000000,10.000000),(49,12,10.000000,30.000000),(50,13,0.000000,0.250000),(51,13,0.250000,0.500000),(52,13,0.500000,0.750000),(53,13,0.750000,1.000000),(54,13,1.000000,2.000000),(55,13,2.000000,5.000000),(56,13,5.000000,10.000000),(57,13,10.000000,30.000000),(58,14,0.000000,0.250000),(59,14,0.250000,0.500000),(60,14,0.500000,0.750000),(61,14,0.750000,1.000000),(62,14,1.000000,2.000000),(63,14,2.000000,5.000000),(64,14,5.000000,10.000000),(65,14,10.000000,30.000000),(66,15,0.000000,0.250000),(67,15,0.250000,0.500000),(68,15,0.500000,0.750000),(69,15,0.750000,1.000000),(70,15,1.000000,2.000000),(71,15,2.000000,5.000000),(72,15,5.000000,10.000000),(73,15,10.000000,30.000000),(74,16,0.000000,0.250000),(75,16,0.250000,0.500000),(76,16,0.500000,0.750000),(77,16,0.750000,1.000000),(78,16,1.000000,2.000000),(79,16,2.000000,5.000000),(80,16,5.000000,10.000000),(81,16,10.000000,30.000000),(82,17,0.000000,0.250000),(83,17,0.250000,0.500000),(84,17,0.500000,0.750000),(85,17,0.750000,1.000000),(86,17,1.000000,2.000000),(87,17,2.000000,5.000000),(88,17,5.000000,10.000000),(89,17,10.000000,30.000000),(90,18,0.000000,0.250000),(91,18,0.250000,0.500000),(92,18,0.500000,0.750000),(93,18,0.750000,1.000000),(94,18,1.000000,2.000000),(95,18,2.000000,5.000000),(96,18,5.000000,10.000000),(97,18,10.000000,30.000000),(98,20,0.000000,0.250000),(99,20,0.250000,0.500000),(100,20,0.500000,0.750000),(101,20,0.750000,1.000000),(102,20,1.000000,2.000000),(103,20,2.000000,5.000000),(104,20,5.000000,10.000000),(105,20,10.000000,30.000000),(106,21,0.000000,0.250000),(107,21,0.250000,0.500000),(108,21,0.500000,0.750000),(109,21,0.750000,1.000000),(110,21,1.000000,2.000000),(111,21,2.000000,5.000000),(112,21,5.000000,10.000000),(113,21,10.000000,30.000000),(114,22,0.000000,0.250000),(115,22,0.250000,0.500000),(116,22,0.500000,0.750000),(117,22,0.750000,1.000000),(118,22,1.000000,2.000000),(119,22,2.000000,5.000000),(120,22,5.000000,10.000000),(121,22,10.000000,30.000000),(122,23,0.000000,0.250000),(123,23,0.250000,0.500000),(124,23,0.500000,0.750000),(125,23,0.750000,1.000000),(126,23,1.000000,2.000000),(127,23,2.000000,5.000000),(128,23,5.000000,10.000000),(129,23,10.000000,30.000000),(130,24,0.000000,0.250000),(131,24,0.250000,0.500000),(132,24,0.500000,0.750000),(133,24,0.750000,1.000000),(134,24,1.000000,2.000000),(135,24,2.000000,5.000000),(136,24,5.000000,10.000000),(137,24,10.000000,30.000000),(138,25,0.000000,0.250000),(139,25,0.250000,0.500000),(140,25,0.500000,0.750000),(141,25,0.750000,1.000000),(142,25,1.000000,2.000000),(143,25,2.000000,5.000000),(144,25,5.000000,10.000000),(145,25,10.000000,30.000000),(146,26,0.000000,0.250000),(147,26,0.250000,0.500000),(148,26,0.500000,0.750000),(149,26,0.750000,1.000000),(150,26,1.000000,2.000000),(151,26,2.000000,5.000000),(152,26,5.000000,10.000000),(153,26,10.000000,30.000000),(154,27,0.000000,0.250000),(155,27,0.250000,0.500000),(156,27,0.500000,0.750000),(157,27,0.750000,1.000000),(158,27,1.000000,2.000000),(159,27,2.000000,5.000000),(160,27,5.000000,10.000000),(161,27,10.000000,30.000000),(162,28,0.000000,0.250000),(163,28,0.250000,0.500000),(164,28,0.500000,0.750000),(165,28,0.750000,1.000000),(166,28,1.000000,2.000000),(167,28,2.000000,5.000000),(168,28,5.000000,10.000000),(169,28,10.000000,30.000000),(170,29,0.000000,0.250000),(171,29,0.250000,0.500000),(172,29,0.500000,0.750000),(173,29,0.750000,1.000000),(174,29,1.000000,2.000000),(175,29,2.000000,5.000000),(176,29,5.000000,10.000000),(177,29,10.000000,30.000000),(178,30,0.000000,0.250000),(179,30,0.250000,0.500000),(180,30,0.500000,0.750000),(181,30,0.750000,1.000000),(182,30,1.000000,2.000000),(183,30,2.000000,5.000000),(184,30,5.000000,10.000000),(185,30,10.000000,30.000000),(186,31,0.000000,0.250000),(187,31,0.250000,0.500000),(188,31,0.500000,0.750000),(189,31,0.750000,1.000000),(190,31,1.000000,2.000000),(191,31,2.000000,5.000000),(192,31,5.000000,10.000000),(193,31,10.000000,30.000000),(194,32,0.000000,0.250000),(195,32,0.250000,0.500000),(196,32,0.500000,0.750000),(197,32,0.750000,1.000000),(198,32,1.000000,2.000000),(199,32,2.000000,5.000000),(200,32,5.000000,10.000000),(201,32,10.000000,30.000000),(202,33,0.000000,0.250000),(203,33,0.250000,0.500000),(204,33,0.500000,0.750000),(205,33,0.750000,1.000000),(206,33,1.000000,2.000000),(207,33,2.000000,5.000000),(208,33,5.000000,10.000000),(209,33,10.000000,30.000000),(210,34,0.000000,0.250000),(211,34,0.250000,0.500000),(212,34,0.500000,0.750000),(213,34,0.750000,1.000000),(214,34,1.000000,2.000000),(215,34,2.000000,5.000000),(216,34,5.000000,10.000000),(217,34,10.000000,30.000000),(218,35,0.000000,0.250000),(219,35,0.250000,0.500000),(220,35,0.500000,0.750000),(221,35,0.750000,1.000000),(222,35,1.000000,2.000000),(223,35,2.000000,5.000000),(224,35,5.000000,10.000000),(225,35,10.000000,30.000000),(226,36,0.000000,0.250000),(227,36,0.250000,0.500000),(228,36,0.500000,0.750000),(229,36,0.750000,1.000000),(230,36,1.000000,2.000000),(231,36,2.000000,5.000000),(232,36,5.000000,10.000000),(233,36,10.000000,30.000000),(234,37,0.000000,0.250000),(235,37,0.250000,0.500000),(236,37,0.500000,0.750000),(237,37,0.750000,1.000000),(238,37,1.000000,2.000000),(239,37,2.000000,5.000000),(240,37,5.000000,10.000000),(241,37,10.000000,30.000000),(242,38,0.000000,0.250000),(243,38,0.250000,0.500000),(244,38,0.500000,0.750000),(245,38,0.750000,1.000000),(246,38,1.000000,2.000000),(247,38,2.000000,5.000000),(248,38,5.000000,10.000000),(249,38,10.000000,30.000000),(250,39,0.000000,0.250000),(251,39,0.250000,0.500000),(252,39,0.500000,0.750000),(253,39,0.750000,1.000000),(254,39,1.000000,2.000000),(255,39,2.000000,5.000000),(256,39,5.000000,10.000000),(257,39,10.000000,30.000000),(258,40,0.000000,0.250000),(259,40,0.250000,0.500000),(260,40,0.500000,0.750000),(261,40,0.750000,1.000000),(262,40,1.000000,2.000000),(263,40,2.000000,5.000000),(264,40,5.000000,10.000000),(265,40,10.000000,30.000000),(266,41,0.000000,0.250000),(267,41,0.250000,0.500000),(268,41,0.500000,0.750000),(269,41,0.750000,1.000000),(270,41,1.000000,2.000000),(271,41,2.000000,5.000000),(272,41,5.000000,10.000000),(273,41,10.000000,30.000000),(274,42,0.000000,0.250000),(275,42,0.250000,0.500000),(276,42,0.500000,0.750000),(277,42,0.750000,1.000000),(278,42,1.000000,2.000000),(279,42,2.000000,5.000000),(280,42,5.000000,10.000000),(281,42,10.000000,30.000000),(282,43,0.000000,0.250000),(283,43,0.250000,0.500000),(284,43,0.500000,0.750000),(285,43,0.750000,1.000000),(286,43,1.000000,2.000000),(287,43,2.000000,5.000000),(288,43,5.000000,10.000000),(289,43,10.000000,30.000000),(290,44,0.000000,0.250000),(291,44,0.250000,0.500000),(292,44,0.500000,0.750000),(293,44,0.750000,1.000000),(294,44,1.000000,2.000000),(295,44,2.000000,5.000000),(296,44,5.000000,10.000000),(297,44,10.000000,30.000000),(298,45,0.000000,0.250000),(299,45,0.250000,0.500000),(300,45,0.500000,0.750000),(301,45,0.750000,1.000000),(302,45,1.000000,2.000000),(303,45,2.000000,5.000000),(304,45,5.000000,10.000000),(305,45,10.000000,30.000000),(306,46,0.000000,0.250000),(307,46,0.250000,0.500000),(308,46,0.500000,0.750000),(309,46,0.750000,1.000000),(310,46,1.000000,2.000000),(311,46,2.000000,5.000000),(312,46,5.000000,10.000000),(313,46,10.000000,30.000000),(314,47,0.000000,0.250000),(315,47,0.250000,0.500000),(316,47,0.500000,0.750000),(317,47,0.750000,1.000000),(318,47,1.000000,2.000000),(319,47,2.000000,5.000000),(320,47,5.000000,10.000000),(321,47,10.000000,30.000000),(322,48,0.000000,0.250000),(323,48,0.250000,0.500000),(324,48,0.500000,0.750000),(325,48,0.750000,1.000000),(326,48,1.000000,2.000000),(327,48,2.000000,5.000000),(328,48,5.000000,10.000000),(329,48,10.000000,30.000000),(330,49,0.000000,0.250000),(331,49,0.250000,0.500000),(332,49,0.500000,0.750000),(333,49,0.750000,1.000000),(334,49,1.000000,2.000000),(335,49,2.000000,5.000000),(336,49,5.000000,10.000000),(337,49,10.000000,30.000000);

--
-- Table structure for table `ps_referrer`
--

CREATE TABLE `ps_referrer` (
  `id_referrer` int(10) unsigned NOT NULL AUTO_INCREMENT,
  `name` varchar(64) NOT NULL,
  `passwd` varchar(32) DEFAULT NULL,
  `http_referer_regexp` varchar(64) DEFAULT NULL,
  `http_referer_like` varchar(64) DEFAULT NULL,
  `request_uri_regexp` varchar(64) DEFAULT NULL,
  `request_uri_like` varchar(64) DEFAULT NULL,
  `http_referer_regexp_not` varchar(64) DEFAULT NULL,
  `http_referer_like_not` varchar(64) DEFAULT NULL,
  `request_uri_regexp_not` varchar(64) DEFAULT NULL,
  `request_uri_like_not` varchar(64) DEFAULT NULL,
  `base_fee` decimal(5,2) NOT NULL DEFAULT '0.00',
  `percent_fee` decimal(5,2) NOT NULL DEFAULT '0.00',
  `click_fee` decimal(5,2) NOT NULL DEFAULT '0.00',
  `date_add` datetime NOT NULL,
  PRIMARY KEY (`id_referrer`)
) ENGINE=InnoDB DEFAULT CHARSET=utf8;

--
-- Dumping data for table `ps_referrer`
--


--
-- Table structure for table `ps_referrer_cache`
--

CREATE TABLE `ps_referrer_cache` (
  `id_connections_source` int(11) unsigned NOT NULL,
  `id_referrer` int(11) unsigned NOT NULL,
  PRIMARY KEY (`id_connections_source`,`id_referrer`)
) ENGINE=InnoDB DEFAULT CHARSET=utf8;

--
-- Dumping data for table `ps_referrer_cache`
--


--
-- Table structure for table `ps_referrer_shop`
--

CREATE TABLE `ps_referrer_shop` (
  `id_referrer` int(10) unsigned NOT NULL AUTO_INCREMENT,
  `id_shop` int(10) unsigned NOT NULL DEFAULT '1',
  `cache_visitors` int(11) DEFAULT NULL,
  `cache_visits` int(11) DEFAULT NULL,
  `cache_pages` int(11) DEFAULT NULL,
  `cache_registrations` int(11) DEFAULT NULL,
  `cache_orders` int(11) DEFAULT NULL,
  `cache_sales` decimal(17,2) DEFAULT NULL,
  `cache_reg_rate` decimal(5,4) DEFAULT NULL,
  `cache_order_rate` decimal(5,4) DEFAULT NULL,
  PRIMARY KEY (`id_referrer`,`id_shop`)
) ENGINE=InnoDB DEFAULT CHARSET=utf8;

--
-- Dumping data for table `ps_referrer_shop`
--


--
-- Table structure for table `ps_request_sql`
--

CREATE TABLE `ps_request_sql` (
  `id_request_sql` int(11) NOT NULL AUTO_INCREMENT,
  `name` varchar(200) NOT NULL,
  `sql` text NOT NULL,
  PRIMARY KEY (`id_request_sql`)
) ENGINE=InnoDB DEFAULT CHARSET=utf8;

--
-- Dumping data for table `ps_request_sql`
--


--
-- Table structure for table `ps_required_field`
--

CREATE TABLE `ps_required_field` (
  `id_required_field` int(11) NOT NULL AUTO_INCREMENT,
  `object_name` varchar(32) NOT NULL,
  `field_name` varchar(32) NOT NULL,
  PRIMARY KEY (`id_required_field`),
  KEY `object_name` (`object_name`)
) ENGINE=InnoDB DEFAULT CHARSET=utf8;

--
-- Dumping data for table `ps_required_field`
--


--
-- Table structure for table `ps_risk`
--

CREATE TABLE `ps_risk` (
  `id_risk` int(11) unsigned NOT NULL AUTO_INCREMENT,
  `percent` tinyint(3) NOT NULL,
  `color` varchar(32) DEFAULT NULL,
  PRIMARY KEY (`id_risk`)
) ENGINE=InnoDB AUTO_INCREMENT=5 DEFAULT CHARSET=utf8;

--
-- Dumping data for table `ps_risk`
--

INSERT INTO `ps_risk` VALUES (1,0,'#32CD32'),(2,35,'#FF8C00'),(3,75,'#DC143C'),(4,100,'#ec2e15');

--
-- Table structure for table `ps_risk_lang`
--

CREATE TABLE `ps_risk_lang` (
  `id_risk` int(10) unsigned NOT NULL,
  `id_lang` int(10) unsigned NOT NULL,
  `name` varchar(20) NOT NULL,
  PRIMARY KEY (`id_risk`,`id_lang`),
  KEY `id_risk` (`id_risk`)
) ENGINE=InnoDB DEFAULT CHARSET=utf8;

--
-- Dumping data for table `ps_risk_lang`
--

INSERT INTO `ps_risk_lang` VALUES (1,1,'Aucun'),(2,1,'Faible'),(3,1,'Moyen'),(4,1,'Élevé');

--
-- Table structure for table `ps_scene`
--

CREATE TABLE `ps_scene` (
  `id_scene` int(10) unsigned NOT NULL AUTO_INCREMENT,
  `active` tinyint(1) NOT NULL DEFAULT '1',
  PRIMARY KEY (`id_scene`)
) ENGINE=InnoDB DEFAULT CHARSET=utf8;

--
-- Dumping data for table `ps_scene`
--


--
-- Table structure for table `ps_scene_category`
--

CREATE TABLE `ps_scene_category` (
  `id_scene` int(10) unsigned NOT NULL,
  `id_category` int(10) unsigned NOT NULL,
  PRIMARY KEY (`id_scene`,`id_category`)
) ENGINE=InnoDB DEFAULT CHARSET=utf8;

--
-- Dumping data for table `ps_scene_category`
--


--
-- Table structure for table `ps_scene_lang`
--

CREATE TABLE `ps_scene_lang` (
  `id_scene` int(10) unsigned NOT NULL,
  `id_lang` int(10) unsigned NOT NULL,
  `name` varchar(100) NOT NULL,
  PRIMARY KEY (`id_scene`,`id_lang`)
) ENGINE=InnoDB DEFAULT CHARSET=utf8;

--
-- Dumping data for table `ps_scene_lang`
--


--
-- Table structure for table `ps_scene_products`
--

CREATE TABLE `ps_scene_products` (
  `id_scene` int(10) unsigned NOT NULL,
  `id_product` int(10) unsigned NOT NULL,
  `x_axis` int(4) NOT NULL,
  `y_axis` int(4) NOT NULL,
  `zone_width` int(3) NOT NULL,
  `zone_height` int(3) NOT NULL,
  PRIMARY KEY (`id_scene`,`id_product`,`x_axis`,`y_axis`)
) ENGINE=InnoDB DEFAULT CHARSET=utf8;

--
-- Dumping data for table `ps_scene_products`
--


--
-- Table structure for table `ps_scene_shop`
--

CREATE TABLE `ps_scene_shop` (
  `id_scene` int(11) unsigned NOT NULL,
  `id_shop` int(11) unsigned NOT NULL,
  PRIMARY KEY (`id_scene`,`id_shop`),
  KEY `id_shop` (`id_shop`)
) ENGINE=InnoDB DEFAULT CHARSET=utf8;

--
-- Dumping data for table `ps_scene_shop`
--


--
-- Table structure for table `ps_search_engine`
--

CREATE TABLE `ps_search_engine` (
  `id_search_engine` int(10) unsigned NOT NULL AUTO_INCREMENT,
  `server` varchar(64) NOT NULL,
  `getvar` varchar(16) NOT NULL,
  PRIMARY KEY (`id_search_engine`)
) ENGINE=InnoDB AUTO_INCREMENT=39 DEFAULT CHARSET=utf8;

--
-- Dumping data for table `ps_search_engine`
--

INSERT INTO `ps_search_engine` VALUES (1,'google','q'),(2,'aol','q'),(3,'yandex','text'),(4,'ask.com','q'),(5,'nhl.com','q'),(6,'yahoo','p'),(7,'baidu','wd'),(8,'lycos','query'),(9,'exalead','q'),(10,'search.live','q'),(11,'voila','rdata'),(12,'altavista','q'),(13,'bing','q'),(14,'daum','q'),(15,'eniro','search_word'),(16,'naver','query'),(17,'msn','q'),(18,'netscape','query'),(19,'cnn','query'),(20,'about','terms'),(21,'mamma','query'),(22,'alltheweb','q'),(23,'virgilio','qs'),(24,'alice','qs'),(25,'najdi','q'),(26,'mama','query'),(27,'seznam','q'),(28,'onet','qt'),(29,'szukacz','q'),(30,'yam','k'),(31,'pchome','q'),(32,'kvasir','q'),(33,'sesam','q'),(34,'ozu','q'),(35,'terra','query'),(36,'mynet','q'),(37,'ekolay','q'),(38,'rambler','words');

--
-- Table structure for table `ps_search_index`
--

CREATE TABLE `ps_search_index` (
  `id_product` int(11) unsigned NOT NULL,
  `id_word` int(11) unsigned NOT NULL,
  `weight` smallint(4) unsigned NOT NULL DEFAULT '1',
  PRIMARY KEY (`id_word`,`id_product`),
  KEY `id_product` (`id_product`)
) ENGINE=InnoDB DEFAULT CHARSET=utf8;

--
-- Dumping data for table `ps_search_index`
--

INSERT INTO `ps_search_index` VALUES (2,3,3),(4,3,1),(6,3,1),(2,4,3),(2,5,10),(3,5,10),(4,5,10),(5,5,10),(6,5,10),(7,5,10),(2,18,6),(3,18,6),(4,18,6),(5,18,6),(6,18,6),(7,18,6),(2,19,2),(3,19,2),(4,19,2),(5,19,2),(6,19,2),(7,19,2),(2,20,2),(3,20,2),(4,20,2),(5,20,2),(6,20,2),(7,20,2),(2,21,1),(3,21,1),(4,21,1),(5,21,1),(6,21,1),(7,21,1),(2,22,1),(3,22,1),(4,22,1),(5,22,1),(6,22,1),(7,22,1),(2,23,1),(3,23,1),(4,23,1),(5,23,1),(6,23,1),(7,23,1),(2,24,4),(3,24,5),(4,24,4),(5,24,4),(6,24,4),(7,24,4),(2,25,2),(3,25,2),(4,25,2),(5,25,2),(6,25,2),(7,25,2),(2,26,1),(3,26,1),(4,26,1),(5,26,1),(6,26,1),(7,26,1),(2,27,1),(3,27,1),(4,27,1),(5,27,1),(6,27,1),(7,27,1),(2,28,1),(3,28,1),(4,28,1),(5,28,1),(6,28,1),(7,28,1),(2,29,1),(3,29,1),(4,29,1),(5,29,1),(6,29,1),(7,29,1),(2,30,1),(3,30,4),(4,30,4),(5,30,4),(6,30,4),(7,30,4),(2,31,1),(3,31,1),(4,31,1),(5,31,1),(6,31,1),(7,31,1),(2,32,2),(3,32,2),(4,32,2),(5,32,2),(6,32,2),(7,32,2),(2,33,1),(3,33,1),(4,33,1),(5,33,1),(6,33,1),(7,33,1),(2,34,2),(3,34,2),(4,34,2),(5,34,2),(6,34,2),(7,34,2),(2,35,1),(3,35,1),(4,35,1),(5,35,1),(6,35,1),(7,35,1),(2,36,1),(3,36,1),(4,36,1),(5,36,1),(6,36,1),(7,36,1),(2,37,1),(3,37,1),(4,37,1),(5,37,1),(6,37,1),(7,37,1),(2,38,1),(3,38,1),(4,38,1),(5,38,1),(6,38,1),(7,38,1),(2,39,1),(3,39,1),(4,39,1),(5,39,1),(6,39,1),(7,39,1),(2,40,2),(3,40,2),(4,40,2),(5,40,2),(6,40,2),(7,40,2),(2,41,1),(3,41,1),(4,41,1),(5,41,1),(6,41,1),(7,41,1),(2,42,1),(3,42,1),(4,42,1),(5,42,1),(6,42,1),(7,42,1),(2,43,1),(3,43,10),(4,43,10),(5,43,11),(6,43,10),(7,43,10),(2,44,1),(3,44,1),(4,44,1),(5,44,1),(6,44,1),(7,44,1),(2,45,1),(3,45,1),(4,45,1),(5,45,1),(6,45,1),(7,45,1),(2,46,1),(3,46,1),(4,46,1),(5,46,1),(6,46,1),(7,46,1),(2,47,1),(3,47,1),(4,47,1),(5,47,1),(6,47,1),(7,47,1),(2,48,1),(3,48,1),(4,48,1),(5,48,1),(6,48,1),(7,48,1),(2,49,1),(3,49,1),(4,49,1),(5,49,1),(6,49,1),(7,49,1),(2,50,1),(3,50,1),(4,50,1),(5,50,1),(6,50,1),(7,50,1),(2,51,1),(3,51,1),(4,51,1),(5,51,1),(6,51,1),(7,51,1),(2,52,2),(3,52,1),(4,52,1),(5,52,1),(6,52,1),(7,52,1),(2,53,1),(3,53,1),(4,53,1),(5,53,1),(6,53,1),(7,53,1),(2,54,1),(3,54,1),(4,54,1),(5,54,1),(6,54,1),(7,54,1),(2,55,1),(3,55,1),(4,55,1),(5,55,1),(6,55,1),(7,55,1),(2,56,1),(3,56,1),(4,56,1),(5,56,1),(6,56,1),(7,56,1),(2,57,1),(3,57,1),(4,57,1),(5,57,1),(6,57,1),(7,57,1),(2,58,1),(3,58,1),(4,58,1),(5,58,1),(6,58,1),(7,58,1),(2,59,2),(3,59,2),(4,59,2),(5,59,2),(6,59,2),(7,59,2),(2,60,1),(3,60,1),(4,60,1),(5,60,1),(6,60,1),(7,60,1),(2,61,1),(3,61,1),(4,61,1),(5,61,1),(6,61,1),(7,61,1),(2,62,1),(3,62,1),(4,62,1),(5,62,1),(6,62,1),(7,62,1),(2,63,1),(3,63,1),(4,63,1),(5,63,1),(6,63,1),(7,63,1),(2,64,1),(3,64,1),(4,64,1),(5,64,1),(6,64,1),(7,64,1),(2,65,1),(3,65,1),(4,65,1),(5,65,1),(6,65,1),(7,65,1),(2,66,1),(3,66,1),(4,66,1),(5,66,1),(6,66,1),(7,66,1),(2,67,1),(3,67,1),(4,67,1),(5,67,1),(6,67,1),(7,67,1),(2,68,1),(3,68,1),(4,68,1),(5,68,1),(6,68,1),(7,68,1),(2,69,1),(3,69,1),(4,69,1),(5,69,1),(6,69,1),(7,69,1),(8,70,3),(2,71,3),(3,71,3),(4,71,3),(5,71,3),(6,71,3),(7,71,3),(3,72,6),(5,72,6),(5,73,6),(2,74,2),(3,74,3),(2,75,2),(5,75,2),(3,78,2),(6,78,2),(7,78,2),(3,81,1),(5,81,6),(3,82,1),(6,82,6),(4,141,7),(5,141,7),(6,141,6),(7,141,7),(5,144,1),(4,148,1),(5,213,1),(5,219,2),(6,221,2),(7,281,1),(6,283,1),(7,283,1),(6,285,1),(6,286,6),(7,286,6),(7,350,7),(7,351,1),(7,352,1),(7,354,2),(8,935,7),(9,935,7),(8,936,7),(9,936,7),(8,937,6),(9,937,6),(8,938,1),(9,938,1),(8,939,1),(9,939,1),(8,940,1),(9,940,1),(8,941,1),(9,941,1),(8,942,1),(9,942,1),(8,943,1),(9,943,1),(8,944,1),(9,944,1),(8,945,1),(9,945,1),(8,946,1),(9,946,1),(8,947,1),(9,947,1),(10,947,3),(8,948,1),(9,948,1),(8,949,1),(9,949,1),(8,950,1),(9,950,1),(8,951,1),(9,951,1),(8,952,1),(9,952,1),(8,953,1),(9,953,1),(8,954,1),(9,954,1),(8,955,1),(9,955,1),(8,956,1),(9,956,1),(8,957,1),(9,957,1),(8,958,1),(9,958,1),(8,959,1),(9,959,1),(8,960,1),(9,960,1),(8,961,1),(9,961,1),(8,962,1),(9,962,1),(8,963,1),(9,963,1),(8,1085,6),(8,1116,6),(9,1116,6),(8,1117,6),(9,1117,6),(8,1118,6),(9,1118,6),(8,1119,6),(9,1119,6),(8,1120,6),(9,1120,6),(9,1764,3),(10,1764,3),(10,1799,7),(10,1800,6),(10,1801,1),(10,1802,1),(10,1803,1),(10,1804,1),(10,1847,8);

--
-- Table structure for table `ps_search_word`
--

CREATE TABLE `ps_search_word` (
  `id_word` int(10) unsigned NOT NULL AUTO_INCREMENT,
  `id_shop` int(11) unsigned NOT NULL DEFAULT '1',
  `id_lang` int(10) unsigned NOT NULL,
  `word` varchar(15) NOT NULL,
  PRIMARY KEY (`id_word`),
  UNIQUE KEY `id_lang` (`id_lang`,`id_shop`,`word`)
) ENGINE=InnoDB AUTO_INCREMENT=1865 DEFAULT CHARSET=utf8;

--
-- Dumping data for table `ps_search_word`
--

INSERT INTO `ps_search_word` VALUES (1802,1,1,'100'),(959,1,1,'1m77'),(708,1,1,'accueil'),(952,1,1,'arrondie'),(944,1,1,'aux'),(938,1,1,'basique'),(945,1,1,'beaux'),(1847,1,1,'blanc'),(1117,1,1,'bleu'),(941,1,1,'blouses'),(950,1,1,'bretelles'),(936,1,1,'col'),(947,1,1,'coton'),(1803,1,1,'coutures'),(1085,1,1,'dance'),(935,1,1,'debardeur'),(951,1,1,'encolure'),(1800,1,1,'femme'),(1764,1,1,'femmes'),(963,1,1,'gh516'),(939,1,1,'glisser'),(1120,1,1,'gris'),(1118,1,1,'jaune'),(946,1,1,'jours'),(949,1,1,'larges'),(960,1,1,'lavable'),(953,1,1,'longueur'),(961,1,1,'machine'),(1801,1,1,'magnifique'),(954,1,1,'mannequin'),(958,1,1,'mesure'),(937,1,1,'motif'),(955,1,1,'porte'),(942,1,1,'porter'),(962,1,1,'reference'),(1119,1,1,'rose'),(1116,1,1,'rouge'),(70,1,1,'shirts'),(943,1,1,'simplement'),(948,1,1,'stretch'),(957,1,1,'taille'),(1804,1,1,'tiennent'),(1799,1,1,'tshirt'),(956,1,1,'une'),(940,1,1,'vos');

--
-- Table structure for table `ps_sekeyword`
--

CREATE TABLE `ps_sekeyword` (
  `id_sekeyword` int(10) unsigned NOT NULL AUTO_INCREMENT,
  `id_shop` int(10) unsigned NOT NULL DEFAULT '1',
  `id_shop_group` int(10) unsigned NOT NULL DEFAULT '1',
  `keyword` varchar(256) NOT NULL,
  `date_add` datetime NOT NULL,
  PRIMARY KEY (`id_sekeyword`)
) ENGINE=InnoDB DEFAULT CHARSET=utf8;

--
-- Dumping data for table `ps_sekeyword`
--


--
-- Table structure for table `ps_shop`
--

CREATE TABLE `ps_shop` (
  `id_shop` int(11) unsigned NOT NULL AUTO_INCREMENT,
  `id_shop_group` int(11) unsigned NOT NULL,
  `name` varchar(64) NOT NULL,
  `id_category` int(11) unsigned NOT NULL DEFAULT '1',
  `id_theme` int(1) unsigned NOT NULL,
  `active` tinyint(1) NOT NULL DEFAULT '1',
  `deleted` tinyint(1) NOT NULL DEFAULT '0',
  PRIMARY KEY (`id_shop`),
  KEY `id_shop_group` (`id_shop_group`,`deleted`),
  KEY `id_category` (`id_category`),
  KEY `id_theme` (`id_theme`)
) ENGINE=InnoDB AUTO_INCREMENT=2 DEFAULT CHARSET=utf8;

--
-- Dumping data for table `ps_shop`
--

INSERT INTO `ps_shop` VALUES (1,1,'pandaface',2,1,1,0);

--
-- Table structure for table `ps_shop_group`
--

CREATE TABLE `ps_shop_group` (
  `id_shop_group` int(11) unsigned NOT NULL AUTO_INCREMENT,
  `name` varchar(64) NOT NULL,
  `share_customer` tinyint(1) NOT NULL,
  `share_order` tinyint(1) NOT NULL,
  `share_stock` tinyint(1) NOT NULL,
  `active` tinyint(1) NOT NULL DEFAULT '1',
  `deleted` tinyint(1) NOT NULL DEFAULT '0',
  PRIMARY KEY (`id_shop_group`),
  KEY `deleted` (`deleted`,`name`)
) ENGINE=InnoDB AUTO_INCREMENT=2 DEFAULT CHARSET=utf8;

--
-- Dumping data for table `ps_shop_group`
--

INSERT INTO `ps_shop_group` VALUES (1,'Default',0,0,0,1,0);

--
-- Table structure for table `ps_shop_url`
--

CREATE TABLE `ps_shop_url` (
  `id_shop_url` int(11) unsigned NOT NULL AUTO_INCREMENT,
  `id_shop` int(11) unsigned NOT NULL,
  `domain` varchar(150) NOT NULL,
  `domain_ssl` varchar(150) NOT NULL,
  `physical_uri` varchar(64) NOT NULL,
  `virtual_uri` varchar(64) NOT NULL,
  `main` tinyint(1) NOT NULL,
  `active` tinyint(1) NOT NULL,
  PRIMARY KEY (`id_shop_url`),
  UNIQUE KEY `full_shop_url` (`domain`,`physical_uri`,`virtual_uri`),
  UNIQUE KEY `full_shop_url_ssl` (`domain_ssl`,`physical_uri`,`virtual_uri`),
  KEY `id_shop` (`id_shop`,`main`)
) ENGINE=InnoDB AUTO_INCREMENT=2 DEFAULT CHARSET=utf8;

--
-- Dumping data for table `ps_shop_url`
--

INSERT INTO `ps_shop_url` VALUES (1,1,'fb.pandalook.com','fb.pandalook.com','/','',1,1);

--
-- Table structure for table `ps_smarty_cache`
--

CREATE TABLE `ps_smarty_cache` (
  `id_smarty_cache` char(40) NOT NULL,
  `name` char(40) NOT NULL,
  `cache_id` varchar(254) DEFAULT NULL,
  `modified` timestamp NOT NULL DEFAULT CURRENT_TIMESTAMP,
  `content` longtext NOT NULL,
  PRIMARY KEY (`id_smarty_cache`),
  KEY `name` (`name`),
  KEY `cache_id` (`cache_id`),
  KEY `modified` (`modified`)
) ENGINE=InnoDB DEFAULT CHARSET=utf8;

--
-- Dumping data for table `ps_smarty_cache`
--


--
-- Table structure for table `ps_smarty_last_flush`
--

CREATE TABLE `ps_smarty_last_flush` (
  `type` enum('compile','template') NOT NULL DEFAULT 'compile',
  `last_flush` datetime NOT NULL DEFAULT '0000-00-00 00:00:00',
  PRIMARY KEY (`type`)
) ENGINE=InnoDB DEFAULT CHARSET=utf8;

--
-- Dumping data for table `ps_smarty_last_flush`
--

INSERT INTO `ps_smarty_last_flush` VALUES ('compile','2016-12-05 13:21:42'),('template','2016-12-05 21:03:19');

--
-- Table structure for table `ps_smarty_lazy_cache`
--

CREATE TABLE `ps_smarty_lazy_cache` (
  `template_hash` varchar(32) NOT NULL DEFAULT '',
  `cache_id` varchar(255) NOT NULL DEFAULT '',
  `compile_id` varchar(32) NOT NULL DEFAULT '',
  `filepath` varchar(255) NOT NULL DEFAULT '',
  `last_update` datetime NOT NULL DEFAULT '0000-00-00 00:00:00',
  PRIMARY KEY (`template_hash`,`cache_id`,`compile_id`)
) ENGINE=InnoDB DEFAULT CHARSET=utf8;

--
-- Dumping data for table `ps_smarty_lazy_cache`
--


--
-- Table structure for table `ps_specific_price`
--

CREATE TABLE `ps_specific_price` (
  `id_specific_price` int(10) unsigned NOT NULL AUTO_INCREMENT,
  `id_specific_price_rule` int(11) unsigned NOT NULL,
  `id_cart` int(11) unsigned NOT NULL,
  `id_product` int(10) unsigned NOT NULL,
  `id_shop` int(11) unsigned NOT NULL DEFAULT '1',
  `id_shop_group` int(11) unsigned NOT NULL,
  `id_currency` int(10) unsigned NOT NULL,
  `id_country` int(10) unsigned NOT NULL,
  `id_group` int(10) unsigned NOT NULL,
  `id_customer` int(10) unsigned NOT NULL,
  `id_product_attribute` int(10) unsigned NOT NULL,
  `price` decimal(20,6) NOT NULL,
  `from_quantity` mediumint(8) unsigned NOT NULL,
  `reduction` decimal(20,6) NOT NULL,
  `reduction_tax` tinyint(1) NOT NULL DEFAULT '1',
  `reduction_type` enum('amount','percentage') NOT NULL,
  `from` datetime NOT NULL,
  `to` datetime NOT NULL,
  PRIMARY KEY (`id_specific_price`),
  UNIQUE KEY `id_product_2` (`id_product`,`id_product_attribute`,`id_customer`,`id_cart`,`from`,`to`,`id_shop`,`id_shop_group`,`id_currency`,`id_country`,`id_group`,`from_quantity`,`id_specific_price_rule`),
  KEY `id_product` (`id_product`,`id_shop`,`id_currency`,`id_country`,`id_group`,`id_customer`,`from_quantity`,`from`,`to`),
  KEY `from_quantity` (`from_quantity`),
  KEY `id_specific_price_rule` (`id_specific_price_rule`),
  KEY `id_cart` (`id_cart`),
  KEY `id_product_attribute` (`id_product_attribute`),
  KEY `id_shop` (`id_shop`),
  KEY `id_customer` (`id_customer`),
  KEY `from` (`from`),
  KEY `to` (`to`)
) ENGINE=InnoDB AUTO_INCREMENT=3 DEFAULT CHARSET=utf8;

--
-- Dumping data for table `ps_specific_price`
--


--
-- Table structure for table `ps_specific_price_priority`
--

CREATE TABLE `ps_specific_price_priority` (
  `id_specific_price_priority` int(11) NOT NULL AUTO_INCREMENT,
  `id_product` int(11) NOT NULL,
  `priority` varchar(80) NOT NULL,
  PRIMARY KEY (`id_specific_price_priority`,`id_product`),
  UNIQUE KEY `id_product` (`id_product`)
) ENGINE=InnoDB AUTO_INCREMENT=38 DEFAULT CHARSET=utf8;

--
-- Dumping data for table `ps_specific_price_priority`
--

INSERT INTO `ps_specific_price_priority` VALUES (1,1,'id_shop;id_currency;id_country;id_group'),(7,8,'id_shop;id_currency;id_country;id_group'),(27,9,'id_shop;id_currency;id_country;id_group'),(31,10,'id_shop;id_currency;id_country;id_group');

--
-- Table structure for table `ps_specific_price_rule`
--

CREATE TABLE `ps_specific_price_rule` (
  `id_specific_price_rule` int(10) unsigned NOT NULL AUTO_INCREMENT,
  `name` varchar(255) NOT NULL,
  `id_shop` int(11) unsigned NOT NULL DEFAULT '1',
  `id_currency` int(10) unsigned NOT NULL,
  `id_country` int(10) unsigned NOT NULL,
  `id_group` int(10) unsigned NOT NULL,
  `from_quantity` mediumint(8) unsigned NOT NULL,
  `price` decimal(20,6) DEFAULT NULL,
  `reduction` decimal(20,6) NOT NULL,
  `reduction_tax` tinyint(1) NOT NULL DEFAULT '1',
  `reduction_type` enum('amount','percentage') NOT NULL,
  `from` datetime NOT NULL,
  `to` datetime NOT NULL,
  PRIMARY KEY (`id_specific_price_rule`),
  KEY `id_product` (`id_shop`,`id_currency`,`id_country`,`id_group`,`from_quantity`,`from`,`to`)
) ENGINE=InnoDB DEFAULT CHARSET=utf8;

--
-- Dumping data for table `ps_specific_price_rule`
--


--
-- Table structure for table `ps_specific_price_rule_condition`
--

CREATE TABLE `ps_specific_price_rule_condition` (
  `id_specific_price_rule_condition` int(11) unsigned NOT NULL AUTO_INCREMENT,
  `id_specific_price_rule_condition_group` int(11) unsigned NOT NULL,
  `type` varchar(255) NOT NULL,
  `value` varchar(255) NOT NULL,
  PRIMARY KEY (`id_specific_price_rule_condition`),
  KEY `id_specific_price_rule_condition_group` (`id_specific_price_rule_condition_group`)
) ENGINE=InnoDB DEFAULT CHARSET=utf8;

--
-- Dumping data for table `ps_specific_price_rule_condition`
--


--
-- Table structure for table `ps_specific_price_rule_condition_group`
--

CREATE TABLE `ps_specific_price_rule_condition_group` (
  `id_specific_price_rule_condition_group` int(11) unsigned NOT NULL AUTO_INCREMENT,
  `id_specific_price_rule` int(11) unsigned NOT NULL,
  PRIMARY KEY (`id_specific_price_rule_condition_group`,`id_specific_price_rule`)
) ENGINE=InnoDB DEFAULT CHARSET=utf8;

--
-- Dumping data for table `ps_specific_price_rule_condition_group`
--


--
-- Table structure for table `ps_state`
--

CREATE TABLE `ps_state` (
  `id_state` int(10) unsigned NOT NULL AUTO_INCREMENT,
  `id_country` int(11) unsigned NOT NULL,
  `id_zone` int(11) unsigned NOT NULL,
  `name` varchar(64) NOT NULL,
  `iso_code` varchar(7) NOT NULL,
  `tax_behavior` smallint(1) NOT NULL DEFAULT '0',
  `active` tinyint(1) NOT NULL DEFAULT '0',
  PRIMARY KEY (`id_state`),
  KEY `id_country` (`id_country`),
  KEY `name` (`name`),
  KEY `id_zone` (`id_zone`)
) ENGINE=InnoDB AUTO_INCREMENT=313 DEFAULT CHARSET=utf8;

--
-- Dumping data for table `ps_state`
--

INSERT INTO `ps_state` VALUES (1,21,2,'Alabama','AL',0,1),(2,21,2,'Alaska','AK',0,1),(3,21,2,'Arizona','AZ',0,1),(4,21,2,'Arkansas','AR',0,1),(5,21,2,'California','CA',0,1),(6,21,2,'Colorado','CO',0,1),(7,21,2,'Connecticut','CT',0,1),(8,21,2,'Delaware','DE',0,1),(9,21,2,'Florida','FL',0,1),(10,21,2,'Georgia','GA',0,1),(11,21,2,'Hawaii','HI',0,1),(12,21,2,'Idaho','ID',0,1),(13,21,2,'Illinois','IL',0,1),(14,21,2,'Indiana','IN',0,1),(15,21,2,'Iowa','IA',0,1),(16,21,2,'Kansas','KS',0,1),(17,21,2,'Kentucky','KY',0,1),(18,21,2,'Louisiana','LA',0,1),(19,21,2,'Maine','ME',0,1),(20,21,2,'Maryland','MD',0,1),(21,21,2,'Massachusetts','MA',0,1),(22,21,2,'Michigan','MI',0,1),(23,21,2,'Minnesota','MN',0,1),(24,21,2,'Mississippi','MS',0,1),(25,21,2,'Missouri','MO',0,1),(26,21,2,'Montana','MT',0,1),(27,21,2,'Nebraska','NE',0,1),(28,21,2,'Nevada','NV',0,1),(29,21,2,'New Hampshire','NH',0,1),(30,21,2,'New Jersey','NJ',0,1),(31,21,2,'New Mexico','NM',0,1),(32,21,2,'New York','NY',0,1),(33,21,2,'North Carolina','NC',0,1),(34,21,2,'North Dakota','ND',0,1),(35,21,2,'Ohio','OH',0,1),(36,21,2,'Oklahoma','OK',0,1),(37,21,2,'Oregon','OR',0,1),(38,21,2,'Pennsylvania','PA',0,1),(39,21,2,'Rhode Island','RI',0,1),(40,21,2,'South Carolina','SC',0,1),(41,21,2,'South Dakota','SD',0,1),(42,21,2,'Tennessee','TN',0,1),(43,21,2,'Texas','TX',0,1),(44,21,2,'Utah','UT',0,1),(45,21,2,'Vermont','VT',0,1),(46,21,2,'Virginia','VA',0,1),(47,21,2,'Washington','WA',0,1),(48,21,2,'West Virginia','WV',0,1),(49,21,2,'Wisconsin','WI',0,1),(50,21,2,'Wyoming','WY',0,1),(51,21,2,'Puerto Rico','PR',0,1),(52,21,2,'US Virgin Islands','VI',0,1),(53,21,2,'District of Columbia','DC',0,1),(54,145,2,'Aguascalientes','AGS',0,1),(55,145,2,'Baja California','BCN',0,1),(56,145,2,'Baja California Sur','BCS',0,1),(57,145,2,'Campeche','CAM',0,1),(58,145,2,'Chiapas','CHP',0,1),(59,145,2,'Chihuahua','CHH',0,1),(60,145,2,'Coahuila','COA',0,1),(61,145,2,'Colima','COL',0,1),(62,145,2,'Distrito Federal','DIF',0,1),(63,145,2,'Durango','DUR',0,1),(64,145,2,'Guanajuato','GUA',0,1),(65,145,2,'Guerrero','GRO',0,1),(66,145,2,'Hidalgo','HID',0,1),(67,145,2,'Jalisco','JAL',0,1),(68,145,2,'Estado de México','MEX',0,1),(69,145,2,'Michoacán','MIC',0,1),(70,145,2,'Morelos','MOR',0,1),(71,145,2,'Nayarit','NAY',0,1),(72,145,2,'Nuevo León','NLE',0,1),(73,145,2,'Oaxaca','OAX',0,1),(74,145,2,'Puebla','PUE',0,1),(75,145,2,'Querétaro','QUE',0,1),(76,145,2,'Quintana Roo','ROO',0,1),(77,145,2,'San Luis Potosí','SLP',0,1),(78,145,2,'Sinaloa','SIN',0,1),(79,145,2,'Sonora','SON',0,1),(80,145,2,'Tabasco','TAB',0,1),(81,145,2,'Tamaulipas','TAM',0,1),(82,145,2,'Tlaxcala','TLA',0,1),(83,145,2,'Veracruz','VER',0,1),(84,145,2,'Yucatán','YUC',0,1),(85,145,2,'Zacatecas','ZAC',0,1),(86,4,2,'Ontario','ON',0,1),(87,4,2,'Quebec','QC',0,1),(88,4,2,'British Columbia','BC',0,1),(89,4,2,'Alberta','AB',0,1),(90,4,2,'Manitoba','MB',0,1),(91,4,2,'Saskatchewan','SK',0,1),(92,4,2,'Nova Scotia','NS',0,1),(93,4,2,'New Brunswick','NB',0,1),(94,4,2,'Newfoundland and Labrador','NL',0,1),(95,4,2,'Prince Edward Island','PE',0,1),(96,4,2,'Northwest Territories','NT',0,1),(97,4,2,'Yukon','YT',0,1),(98,4,2,'Nunavut','NU',0,1),(99,44,6,'Buenos Aires','B',0,1),(100,44,6,'Catamarca','K',0,1),(101,44,6,'Chaco','H',0,1),(102,44,6,'Chubut','U',0,1),(103,44,6,'Ciudad de Buenos Aires','C',0,1),(104,44,6,'Córdoba','X',0,1),(105,44,6,'Corrientes','W',0,1),(106,44,6,'Entre Ríos','E',0,1),(107,44,6,'Formosa','P',0,1),(108,44,6,'Jujuy','Y',0,1),(109,44,6,'La Pampa','L',0,1),(110,44,6,'La Rioja','F',0,1),(111,44,6,'Mendoza','M',0,1),(112,44,6,'Misiones','N',0,1),(113,44,6,'Neuquén','Q',0,1),(114,44,6,'Río Negro','R',0,1),(115,44,6,'Salta','A',0,1),(116,44,6,'San Juan','J',0,1),(117,44,6,'San Luis','D',0,1),(118,44,6,'Santa Cruz','Z',0,1),(119,44,6,'Santa Fe','S',0,1),(120,44,6,'Santiago del Estero','G',0,1),(121,44,6,'Tierra del Fuego','V',0,1),(122,44,6,'Tucumán','T',0,1),(123,10,1,'Agrigento','AG',0,1),(124,10,1,'Alessandria','AL',0,1),(125,10,1,'Ancona','AN',0,1),(126,10,1,'Aosta','AO',0,1),(127,10,1,'Arezzo','AR',0,1),(128,10,1,'Ascoli Piceno','AP',0,1),(129,10,1,'Asti','AT',0,1),(130,10,1,'Avellino','AV',0,1),(131,10,1,'Bari','BA',0,1),(132,10,1,'Barletta-Andria-Trani','BT',0,1),(133,10,1,'Belluno','BL',0,1),(134,10,1,'Benevento','BN',0,1),(135,10,1,'Bergamo','BG',0,1),(136,10,1,'Biella','BI',0,1),(137,10,1,'Bologna','BO',0,1),(138,10,1,'Bolzano','BZ',0,1),(139,10,1,'Brescia','BS',0,1),(140,10,1,'Brindisi','BR',0,1),(141,10,1,'Cagliari','CA',0,1),(142,10,1,'Caltanissetta','CL',0,1),(143,10,1,'Campobasso','CB',0,1),(144,10,1,'Carbonia-Iglesias','CI',0,1),(145,10,1,'Caserta','CE',0,1),(146,10,1,'Catania','CT',0,1),(147,10,1,'Catanzaro','CZ',0,1),(148,10,1,'Chieti','CH',0,1),(149,10,1,'Como','CO',0,1),(150,10,1,'Cosenza','CS',0,1),(151,10,1,'Cremona','CR',0,1),(152,10,1,'Crotone','KR',0,1),(153,10,1,'Cuneo','CN',0,1),(154,10,1,'Enna','EN',0,1),(155,10,1,'Fermo','FM',0,1),(156,10,1,'Ferrara','FE',0,1),(157,10,1,'Firenze','FI',0,1),(158,10,1,'Foggia','FG',0,1),(159,10,1,'Forlì-Cesena','FC',0,1),(160,10,1,'Frosinone','FR',0,1),(161,10,1,'Genova','GE',0,1),(162,10,1,'Gorizia','GO',0,1),(163,10,1,'Grosseto','GR',0,1),(164,10,1,'Imperia','IM',0,1),(165,10,1,'Isernia','IS',0,1),(166,10,1,'L\'Aquila','AQ',0,1),(167,10,1,'La Spezia','SP',0,1),(168,10,1,'Latina','LT',0,1),(169,10,1,'Lecce','LE',0,1),(170,10,1,'Lecco','LC',0,1),(171,10,1,'Livorno','LI',0,1),(172,10,1,'Lodi','LO',0,1),(173,10,1,'Lucca','LU',0,1),(174,10,1,'Macerata','MC',0,1),(175,10,1,'Mantova','MN',0,1),(176,10,1,'Massa','MS',0,1),(177,10,1,'Matera','MT',0,1),(178,10,1,'Medio Campidano','VS',0,1),(179,10,1,'Messina','ME',0,1),(180,10,1,'Milano','MI',0,1),(181,10,1,'Modena','MO',0,1),(182,10,1,'Monza e della Brianza','MB',0,1),(183,10,1,'Napoli','NA',0,1),(184,10,1,'Novara','NO',0,1),(185,10,1,'Nuoro','NU',0,1),(186,10,1,'Ogliastra','OG',0,1),(187,10,1,'Olbia-Tempio','OT',0,1),(188,10,1,'Oristano','OR',0,1),(189,10,1,'Padova','PD',0,1),(190,10,1,'Palermo','PA',0,1),(191,10,1,'Parma','PR',0,1),(192,10,1,'Pavia','PV',0,1),(193,10,1,'Perugia','PG',0,1),(194,10,1,'Pesaro-Urbino','PU',0,1),(195,10,1,'Pescara','PE',0,1),(196,10,1,'Piacenza','PC',0,1),(197,10,1,'Pisa','PI',0,1),(198,10,1,'Pistoia','PT',0,1),(199,10,1,'Pordenone','PN',0,1),(200,10,1,'Potenza','PZ',0,1),(201,10,1,'Prato','PO',0,1),(202,10,1,'Ragusa','RG',0,1),(203,10,1,'Ravenna','RA',0,1),(204,10,1,'Reggio Calabria','RC',0,1),(205,10,1,'Reggio Emilia','RE',0,1),(206,10,1,'Rieti','RI',0,1),(207,10,1,'Rimini','RN',0,1),(208,10,1,'Roma','RM',0,1),(209,10,1,'Rovigo','RO',0,1),(210,10,1,'Salerno','SA',0,1),(211,10,1,'Sassari','SS',0,1),(212,10,1,'Savona','SV',0,1),(213,10,1,'Siena','SI',0,1),(214,10,1,'Siracusa','SR',0,1),(215,10,1,'Sondrio','SO',0,1),(216,10,1,'Taranto','TA',0,1),(217,10,1,'Teramo','TE',0,1),(218,10,1,'Terni','TR',0,1),(219,10,1,'Torino','TO',0,1),(220,10,1,'Trapani','TP',0,1),(221,10,1,'Trento','TN',0,1),(222,10,1,'Treviso','TV',0,1),(223,10,1,'Trieste','TS',0,1),(224,10,1,'Udine','UD',0,1),(225,10,1,'Varese','VA',0,1),(226,10,1,'Venezia','VE',0,1),(227,10,1,'Verbano-Cusio-Ossola','VB',0,1),(228,10,1,'Vercelli','VC',0,1),(229,10,1,'Verona','VR',0,1),(230,10,1,'Vibo Valentia','VV',0,1),(231,10,1,'Vicenza','VI',0,1),(232,10,1,'Viterbo','VT',0,1),(233,111,3,'Aceh','AC',0,1),(234,111,3,'Bali','BA',0,1),(235,111,3,'Bangka','BB',0,1),(236,111,3,'Banten','BT',0,1),(237,111,3,'Bengkulu','BE',0,1),(238,111,3,'Central Java','JT',0,1),(239,111,3,'Central Kalimantan','KT',0,1),(240,111,3,'Central Sulawesi','ST',0,1),(241,111,3,'Coat of arms of East Java','JI',0,1),(242,111,3,'East kalimantan','KI',0,1),(243,111,3,'East Nusa Tenggara','NT',0,1),(244,111,3,'Lambang propinsi','GO',0,1),(245,111,3,'Jakarta','JK',0,1),(246,111,3,'Jambi','JA',0,1),(247,111,3,'Lampung','LA',0,1),(248,111,3,'Maluku','MA',0,1),(249,111,3,'North Maluku','MU',0,1),(250,111,3,'North Sulawesi','SA',0,1),(251,111,3,'North Sumatra','SU',0,1),(252,111,3,'Papua','PA',0,1),(253,111,3,'Riau','RI',0,1),(254,111,3,'Lambang Riau','KR',0,1),(255,111,3,'Southeast Sulawesi','SG',0,1),(256,111,3,'South Kalimantan','KS',0,1),(257,111,3,'South Sulawesi','SN',0,1),(258,111,3,'South Sumatra','SS',0,1),(259,111,3,'West Java','JB',0,1),(260,111,3,'West Kalimantan','KB',0,1),(261,111,3,'West Nusa Tenggara','NB',0,1),(262,111,3,'Lambang Provinsi Papua Barat','PB',0,1),(263,111,3,'West Sulawesi','SR',0,1),(264,111,3,'West Sumatra','SB',0,1),(265,111,3,'Yogyakarta','YO',0,1),(266,11,3,'Aichi','23',0,1),(267,11,3,'Akita','05',0,1),(268,11,3,'Aomori','02',0,1),(269,11,3,'Chiba','12',0,1),(270,11,3,'Ehime','38',0,1),(271,11,3,'Fukui','18',0,1),(272,11,3,'Fukuoka','40',0,1),(273,11,3,'Fukushima','07',0,1),(274,11,3,'Gifu','21',0,1),(275,11,3,'Gunma','10',0,1),(276,11,3,'Hiroshima','34',0,1),(277,11,3,'Hokkaido','01',0,1),(278,11,3,'Hyogo','28',0,1),(279,11,3,'Ibaraki','08',0,1),(280,11,3,'Ishikawa','17',0,1),(281,11,3,'Iwate','03',0,1),(282,11,3,'Kagawa','37',0,1),(283,11,3,'Kagoshima','46',0,1),(284,11,3,'Kanagawa','14',0,1),(285,11,3,'Kochi','39',0,1),(286,11,3,'Kumamoto','43',0,1),(287,11,3,'Kyoto','26',0,1),(288,11,3,'Mie','24',0,1),(289,11,3,'Miyagi','04',0,1),(290,11,3,'Miyazaki','45',0,1),(291,11,3,'Nagano','20',0,1),(292,11,3,'Nagasaki','42',0,1),(293,11,3,'Nara','29',0,1),(294,11,3,'Niigata','15',0,1),(295,11,3,'Oita','44',0,1),(296,11,3,'Okayama','33',0,1),(297,11,3,'Okinawa','47',0,1),(298,11,3,'Osaka','27',0,1),(299,11,3,'Saga','41',0,1),(300,11,3,'Saitama','11',0,1),(301,11,3,'Shiga','25',0,1),(302,11,3,'Shimane','32',0,1),(303,11,3,'Shizuoka','22',0,1),(304,11,3,'Tochigi','09',0,1),(305,11,3,'Tokushima','36',0,1),(306,11,3,'Tokyo','13',0,1),(307,11,3,'Tottori','31',0,1),(308,11,3,'Toyama','16',0,1),(309,11,3,'Wakayama','30',0,1),(310,11,3,'Yamagata','06',0,1),(311,11,3,'Yamaguchi','35',0,1),(312,11,3,'Yamanashi','19',0,1);

--
-- Table structure for table `ps_statssearch`
--

CREATE TABLE `ps_statssearch` (
  `id_statssearch` int(10) unsigned NOT NULL AUTO_INCREMENT,
  `id_shop` int(10) unsigned NOT NULL DEFAULT '1',
  `id_shop_group` int(10) unsigned NOT NULL DEFAULT '1',
  `keywords` varchar(255) NOT NULL,
  `results` int(6) NOT NULL DEFAULT '0',
  `date_add` datetime NOT NULL,
  PRIMARY KEY (`id_statssearch`)
) ENGINE=InnoDB DEFAULT CHARSET=utf8;

--
-- Dumping data for table `ps_statssearch`
--


--
-- Table structure for table `ps_stock`
--

CREATE TABLE `ps_stock` (
  `id_stock` int(11) unsigned NOT NULL AUTO_INCREMENT,
  `id_warehouse` int(11) unsigned NOT NULL,
  `id_product` int(11) unsigned NOT NULL,
  `id_product_attribute` int(11) unsigned NOT NULL,
  `reference` varchar(32) NOT NULL,
  `ean13` varchar(13) DEFAULT NULL,
  `upc` varchar(12) DEFAULT NULL,
  `physical_quantity` int(11) unsigned NOT NULL,
  `usable_quantity` int(11) unsigned NOT NULL,
  `price_te` decimal(20,6) DEFAULT '0.000000',
  PRIMARY KEY (`id_stock`),
  KEY `id_warehouse` (`id_warehouse`),
  KEY `id_product` (`id_product`),
  KEY `id_product_attribute` (`id_product_attribute`)
) ENGINE=InnoDB DEFAULT CHARSET=utf8;

--
-- Dumping data for table `ps_stock`
--


--
-- Table structure for table `ps_stock_available`
--

CREATE TABLE `ps_stock_available` (
  `id_stock_available` int(11) unsigned NOT NULL AUTO_INCREMENT,
  `id_product` int(11) unsigned NOT NULL,
  `id_product_attribute` int(11) unsigned NOT NULL,
  `id_shop` int(11) unsigned NOT NULL,
  `id_shop_group` int(11) unsigned NOT NULL,
  `quantity` int(10) NOT NULL DEFAULT '0',
  `depends_on_stock` tinyint(1) unsigned NOT NULL DEFAULT '0',
  `out_of_stock` tinyint(1) unsigned NOT NULL DEFAULT '0',
  PRIMARY KEY (`id_stock_available`),
  UNIQUE KEY `product_sqlstock` (`id_product`,`id_product_attribute`,`id_shop`,`id_shop_group`),
  KEY `id_shop` (`id_shop`),
  KEY `id_shop_group` (`id_shop_group`),
  KEY `id_product` (`id_product`),
  KEY `id_product_attribute` (`id_product_attribute`)
) ENGINE=InnoDB AUTO_INCREMENT=112 DEFAULT CHARSET=utf8;

--
-- Dumping data for table `ps_stock_available`
--

INSERT INTO `ps_stock_available` VALUES (68,1,0,1,0,0,0,0),(69,2,0,1,0,0,0,0),(70,3,0,1,0,0,0,0),(71,4,0,1,0,0,0,0),(72,5,0,1,0,0,0,0),(73,6,0,1,0,0,0,0),(74,7,0,1,0,0,0,0),(75,8,0,1,0,0,0,2),(76,8,61,1,0,0,0,2),(77,8,62,1,0,0,0,2),(78,8,63,1,0,0,0,2),(79,8,64,1,0,0,0,2),(80,8,65,1,0,0,0,2),(81,8,66,1,0,0,0,2),(82,8,67,1,0,0,0,2),(83,8,68,1,0,0,0,2),(84,8,69,1,0,0,0,2),(85,8,70,1,0,0,0,2),(86,8,71,1,0,0,0,2),(87,8,72,1,0,0,0,2),(88,8,73,1,0,0,0,2),(89,8,74,1,0,0,0,2),(90,8,75,1,0,0,0,2),(91,9,0,1,0,0,0,2),(92,9,76,1,0,0,0,2),(93,9,77,1,0,0,0,2),(94,9,78,1,0,0,0,2),(95,9,79,1,0,0,0,2),(96,9,80,1,0,0,0,2),(97,9,81,1,0,0,0,2),(98,9,82,1,0,0,0,2),(99,9,83,1,0,0,0,2),(100,9,84,1,0,0,0,2),(101,9,85,1,0,0,0,2),(102,9,86,1,0,0,0,2),(103,9,87,1,0,0,0,2),(104,9,88,1,0,0,0,2),(105,9,89,1,0,0,0,2),(106,9,90,1,0,0,0,2),(107,10,0,1,0,0,0,2),(108,10,91,1,0,0,0,2),(109,10,92,1,0,0,0,2),(110,10,93,1,0,0,0,2),(111,10,94,1,0,0,0,2);

--
-- Table structure for table `ps_stock_mvt`
--

CREATE TABLE `ps_stock_mvt` (
  `id_stock_mvt` bigint(20) unsigned NOT NULL AUTO_INCREMENT,
  `id_stock` int(11) unsigned NOT NULL,
  `id_order` int(11) unsigned DEFAULT NULL,
  `id_supply_order` int(11) unsigned DEFAULT NULL,
  `id_stock_mvt_reason` int(11) unsigned NOT NULL,
  `id_employee` int(11) unsigned NOT NULL,
  `employee_lastname` varchar(32) DEFAULT '',
  `employee_firstname` varchar(32) DEFAULT '',
  `physical_quantity` int(11) unsigned NOT NULL,
  `date_add` datetime NOT NULL,
  `sign` tinyint(1) NOT NULL DEFAULT '1',
  `price_te` decimal(20,6) DEFAULT '0.000000',
  `last_wa` decimal(20,6) DEFAULT '0.000000',
  `current_wa` decimal(20,6) DEFAULT '0.000000',
  `referer` bigint(20) unsigned DEFAULT NULL,
  PRIMARY KEY (`id_stock_mvt`),
  KEY `id_stock` (`id_stock`),
  KEY `id_stock_mvt_reason` (`id_stock_mvt_reason`)
) ENGINE=InnoDB DEFAULT CHARSET=utf8;

--
-- Dumping data for table `ps_stock_mvt`
--


--
-- Table structure for table `ps_stock_mvt_reason`
--

CREATE TABLE `ps_stock_mvt_reason` (
  `id_stock_mvt_reason` int(11) unsigned NOT NULL AUTO_INCREMENT,
  `sign` tinyint(1) NOT NULL DEFAULT '1',
  `date_add` datetime NOT NULL,
  `date_upd` datetime NOT NULL,
  `deleted` tinyint(1) unsigned NOT NULL DEFAULT '0',
  PRIMARY KEY (`id_stock_mvt_reason`)
) ENGINE=InnoDB AUTO_INCREMENT=9 DEFAULT CHARSET=utf8;

--
-- Dumping data for table `ps_stock_mvt_reason`
--

INSERT INTO `ps_stock_mvt_reason` VALUES (1,1,'2016-12-04 12:14:33','2016-12-04 12:14:33',0),(2,-1,'2016-12-04 12:14:33','2016-12-04 12:14:33',0),(3,-1,'2016-12-04 12:14:33','2016-12-04 12:14:33',0),(4,-1,'2016-12-04 12:14:33','2016-12-04 12:14:33',0),(5,1,'2016-12-04 12:14:33','2016-12-04 12:14:33',0),(6,-1,'2016-12-04 12:14:33','2016-12-04 12:14:33',0),(7,1,'2016-12-04 12:14:33','2016-12-04 12:14:33',0),(8,1,'2016-12-04 12:14:33','2016-12-04 12:14:33',0);

--
-- Table structure for table `ps_stock_mvt_reason_lang`
--

CREATE TABLE `ps_stock_mvt_reason_lang` (
  `id_stock_mvt_reason` int(11) unsigned NOT NULL,
  `id_lang` int(11) unsigned NOT NULL,
  `name` varchar(255) NOT NULL,
  PRIMARY KEY (`id_stock_mvt_reason`,`id_lang`)
) ENGINE=InnoDB DEFAULT CHARSET=utf8;

--
-- Dumping data for table `ps_stock_mvt_reason_lang`
--

INSERT INTO `ps_stock_mvt_reason_lang` VALUES (1,1,'Augmentation'),(2,1,'Baisse'),(3,1,'Commande client'),(4,1,'Régularisation suite à inventaire'),(5,1,'Régularisation suite à inventaire'),(6,1,'Transfert vers un autre entrepôt'),(7,1,'Transfert depuis un autre entrepôt'),(8,1,'Commande fournisseur');

--
-- Table structure for table `ps_store`
--

CREATE TABLE `ps_store` (
  `id_store` int(10) unsigned NOT NULL AUTO_INCREMENT,
  `id_country` int(10) unsigned NOT NULL,
  `id_state` int(10) unsigned DEFAULT NULL,
  `name` varchar(128) NOT NULL,
  `address1` varchar(128) NOT NULL,
  `address2` varchar(128) DEFAULT NULL,
  `city` varchar(64) NOT NULL,
  `postcode` varchar(12) NOT NULL,
  `latitude` decimal(13,8) DEFAULT NULL,
  `longitude` decimal(13,8) DEFAULT NULL,
  `hours` varchar(254) DEFAULT NULL,
  `phone` varchar(16) DEFAULT NULL,
  `fax` varchar(16) DEFAULT NULL,
  `email` varchar(128) DEFAULT NULL,
  `note` text,
  `active` tinyint(1) unsigned NOT NULL DEFAULT '0',
  `date_add` datetime NOT NULL,
  `date_upd` datetime NOT NULL,
  PRIMARY KEY (`id_store`)
) ENGINE=InnoDB AUTO_INCREMENT=6 DEFAULT CHARSET=utf8;

--
-- Dumping data for table `ps_store`
--


--
-- Table structure for table `ps_store_shop`
--

CREATE TABLE `ps_store_shop` (
  `id_store` int(11) unsigned NOT NULL,
  `id_shop` int(11) unsigned NOT NULL,
  PRIMARY KEY (`id_store`,`id_shop`),
  KEY `id_shop` (`id_shop`)
) ENGINE=InnoDB DEFAULT CHARSET=utf8;

--
-- Dumping data for table `ps_store_shop`
--


--
-- Table structure for table `ps_supplier`
--

CREATE TABLE `ps_supplier` (
  `id_supplier` int(10) unsigned NOT NULL AUTO_INCREMENT,
  `name` varchar(64) NOT NULL,
  `date_add` datetime NOT NULL,
  `date_upd` datetime NOT NULL,
  `active` tinyint(1) NOT NULL DEFAULT '0',
  PRIMARY KEY (`id_supplier`)
) ENGINE=InnoDB AUTO_INCREMENT=2 DEFAULT CHARSET=utf8;

--
-- Dumping data for table `ps_supplier`
--

INSERT INTO `ps_supplier` VALUES (1,'Fashion Supplier','2016-12-04 12:14:36','2016-12-04 12:14:36',1);

--
-- Table structure for table `ps_supplier_lang`
--

CREATE TABLE `ps_supplier_lang` (
  `id_supplier` int(10) unsigned NOT NULL,
  `id_lang` int(10) unsigned NOT NULL,
  `description` text,
  `meta_title` varchar(128) DEFAULT NULL,
  `meta_keywords` varchar(255) DEFAULT NULL,
  `meta_description` varchar(255) DEFAULT NULL,
  PRIMARY KEY (`id_supplier`,`id_lang`)
) ENGINE=InnoDB DEFAULT CHARSET=utf8;

--
-- Dumping data for table `ps_supplier_lang`
--

INSERT INTO `ps_supplier_lang` VALUES (1,1,'','','','');

--
-- Table structure for table `ps_supplier_shop`
--

CREATE TABLE `ps_supplier_shop` (
  `id_supplier` int(11) unsigned NOT NULL,
  `id_shop` int(11) unsigned NOT NULL,
  PRIMARY KEY (`id_supplier`,`id_shop`),
  KEY `id_shop` (`id_shop`)
) ENGINE=InnoDB DEFAULT CHARSET=utf8;

--
-- Dumping data for table `ps_supplier_shop`
--

INSERT INTO `ps_supplier_shop` VALUES (1,1);

--
-- Table structure for table `ps_supply_order`
--

CREATE TABLE `ps_supply_order` (
  `id_supply_order` int(11) unsigned NOT NULL AUTO_INCREMENT,
  `id_supplier` int(11) unsigned NOT NULL,
  `supplier_name` varchar(64) NOT NULL,
  `id_lang` int(11) unsigned NOT NULL,
  `id_warehouse` int(11) unsigned NOT NULL,
  `id_supply_order_state` int(11) unsigned NOT NULL,
  `id_currency` int(11) unsigned NOT NULL,
  `id_ref_currency` int(11) unsigned NOT NULL,
  `reference` varchar(64) NOT NULL,
  `date_add` datetime NOT NULL,
  `date_upd` datetime NOT NULL,
  `date_delivery_expected` datetime DEFAULT NULL,
  `total_te` decimal(20,6) DEFAULT '0.000000',
  `total_with_discount_te` decimal(20,6) DEFAULT '0.000000',
  `total_tax` decimal(20,6) DEFAULT '0.000000',
  `total_ti` decimal(20,6) DEFAULT '0.000000',
  `discount_rate` decimal(20,6) DEFAULT '0.000000',
  `discount_value_te` decimal(20,6) DEFAULT '0.000000',
  `is_template` tinyint(1) DEFAULT '0',
  PRIMARY KEY (`id_supply_order`),
  KEY `id_supplier` (`id_supplier`),
  KEY `id_warehouse` (`id_warehouse`),
  KEY `reference` (`reference`)
) ENGINE=InnoDB DEFAULT CHARSET=utf8;

--
-- Dumping data for table `ps_supply_order`
--


--
-- Table structure for table `ps_supply_order_detail`
--

CREATE TABLE `ps_supply_order_detail` (
  `id_supply_order_detail` int(11) unsigned NOT NULL AUTO_INCREMENT,
  `id_supply_order` int(11) unsigned NOT NULL,
  `id_currency` int(11) unsigned NOT NULL,
  `id_product` int(11) unsigned NOT NULL,
  `id_product_attribute` int(11) unsigned NOT NULL,
  `reference` varchar(32) NOT NULL,
  `supplier_reference` varchar(32) NOT NULL,
  `name` varchar(128) NOT NULL,
  `ean13` varchar(13) DEFAULT NULL,
  `upc` varchar(12) DEFAULT NULL,
  `exchange_rate` decimal(20,6) DEFAULT '0.000000',
  `unit_price_te` decimal(20,6) DEFAULT '0.000000',
  `quantity_expected` int(11) unsigned NOT NULL,
  `quantity_received` int(11) unsigned NOT NULL,
  `price_te` decimal(20,6) DEFAULT '0.000000',
  `discount_rate` decimal(20,6) DEFAULT '0.000000',
  `discount_value_te` decimal(20,6) DEFAULT '0.000000',
  `price_with_discount_te` decimal(20,6) DEFAULT '0.000000',
  `tax_rate` decimal(20,6) DEFAULT '0.000000',
  `tax_value` decimal(20,6) DEFAULT '0.000000',
  `price_ti` decimal(20,6) DEFAULT '0.000000',
  `tax_value_with_order_discount` decimal(20,6) DEFAULT '0.000000',
  `price_with_order_discount_te` decimal(20,6) DEFAULT '0.000000',
  PRIMARY KEY (`id_supply_order_detail`),
  KEY `id_supply_order` (`id_supply_order`,`id_product`),
  KEY `id_product_attribute` (`id_product_attribute`),
  KEY `id_product_product_attribute` (`id_product`,`id_product_attribute`)
) ENGINE=InnoDB DEFAULT CHARSET=utf8;

--
-- Dumping data for table `ps_supply_order_detail`
--


--
-- Table structure for table `ps_supply_order_history`
--

CREATE TABLE `ps_supply_order_history` (
  `id_supply_order_history` int(11) unsigned NOT NULL AUTO_INCREMENT,
  `id_supply_order` int(11) unsigned NOT NULL,
  `id_employee` int(11) unsigned NOT NULL,
  `employee_lastname` varchar(32) DEFAULT '',
  `employee_firstname` varchar(32) DEFAULT '',
  `id_state` int(11) unsigned NOT NULL,
  `date_add` datetime NOT NULL,
  PRIMARY KEY (`id_supply_order_history`),
  KEY `id_supply_order` (`id_supply_order`),
  KEY `id_employee` (`id_employee`),
  KEY `id_state` (`id_state`)
) ENGINE=InnoDB DEFAULT CHARSET=utf8;

--
-- Dumping data for table `ps_supply_order_history`
--


--
-- Table structure for table `ps_supply_order_receipt_history`
--

CREATE TABLE `ps_supply_order_receipt_history` (
  `id_supply_order_receipt_history` int(11) unsigned NOT NULL AUTO_INCREMENT,
  `id_supply_order_detail` int(11) unsigned NOT NULL,
  `id_employee` int(11) unsigned NOT NULL,
  `employee_lastname` varchar(32) DEFAULT '',
  `employee_firstname` varchar(32) DEFAULT '',
  `id_supply_order_state` int(11) unsigned NOT NULL,
  `quantity` int(11) unsigned NOT NULL,
  `date_add` datetime NOT NULL,
  PRIMARY KEY (`id_supply_order_receipt_history`),
  KEY `id_supply_order_detail` (`id_supply_order_detail`),
  KEY `id_supply_order_state` (`id_supply_order_state`)
) ENGINE=InnoDB DEFAULT CHARSET=utf8;

--
-- Dumping data for table `ps_supply_order_receipt_history`
--


--
-- Table structure for table `ps_supply_order_state`
--

CREATE TABLE `ps_supply_order_state` (
  `id_supply_order_state` int(11) unsigned NOT NULL AUTO_INCREMENT,
  `delivery_note` tinyint(1) NOT NULL DEFAULT '0',
  `editable` tinyint(1) NOT NULL DEFAULT '0',
  `receipt_state` tinyint(1) NOT NULL DEFAULT '0',
  `pending_receipt` tinyint(1) NOT NULL DEFAULT '0',
  `enclosed` tinyint(1) NOT NULL DEFAULT '0',
  `color` varchar(32) DEFAULT NULL,
  PRIMARY KEY (`id_supply_order_state`)
) ENGINE=InnoDB AUTO_INCREMENT=7 DEFAULT CHARSET=utf8;

--
-- Dumping data for table `ps_supply_order_state`
--

INSERT INTO `ps_supply_order_state` VALUES (1,0,1,0,0,0,'#faab00'),(2,1,0,0,0,0,'#273cff'),(3,0,0,0,1,0,'#ff37f5'),(4,0,0,1,1,0,'#ff3e33'),(5,0,0,1,0,1,'#00d60c'),(6,0,0,0,0,1,'#666666');

--
-- Table structure for table `ps_supply_order_state_lang`
--

CREATE TABLE `ps_supply_order_state_lang` (
  `id_supply_order_state` int(11) unsigned NOT NULL,
  `id_lang` int(11) unsigned NOT NULL,
  `name` varchar(128) DEFAULT NULL,
  PRIMARY KEY (`id_supply_order_state`,`id_lang`)
) ENGINE=InnoDB DEFAULT CHARSET=utf8;

--
-- Dumping data for table `ps_supply_order_state_lang`
--

INSERT INTO `ps_supply_order_state_lang` VALUES (1,1,'1 - En cours de création'),(2,1,'2 - Commande validée'),(3,1,'3 - En attente de réception'),(4,1,'4 - Commande reçue partiellement'),(5,1,'5 - Commande reçue intégralement'),(6,1,'6 - Commande annulée');

--
-- Table structure for table `ps_tab`
--

CREATE TABLE `ps_tab` (
  `id_tab` int(10) unsigned NOT NULL AUTO_INCREMENT,
  `id_parent` int(11) NOT NULL,
  `class_name` varchar(64) NOT NULL,
  `module` varchar(64) DEFAULT NULL,
  `position` int(10) unsigned NOT NULL,
  `active` tinyint(1) NOT NULL DEFAULT '1',
  `hide_host_mode` tinyint(1) NOT NULL DEFAULT '0',
  PRIMARY KEY (`id_tab`),
  KEY `class_name` (`class_name`),
  KEY `id_parent` (`id_parent`)
) ENGINE=InnoDB AUTO_INCREMENT=106 DEFAULT CHARSET=utf8;

--
-- Dumping data for table `ps_tab`
--

INSERT INTO `ps_tab` VALUES (1,0,'AdminDashboard',NULL,1,1,0),(2,-1,'AdminCms',NULL,0,1,0),(3,-1,'AdminCmsCategories',NULL,1,1,0),(4,-1,'AdminAttributeGenerator',NULL,2,1,0),(5,-1,'AdminSearch',NULL,3,1,0),(6,-1,'AdminLogin',NULL,4,1,0),(7,-1,'AdminShop',NULL,5,1,0),(8,-1,'AdminShopUrl',NULL,6,1,0),(9,0,'AdminCatalog',NULL,2,1,0),(10,0,'AdminParentOrders',NULL,3,1,0),(11,0,'AdminParentCustomer',NULL,4,1,0),(12,0,'AdminPriceRule',NULL,5,1,0),(13,0,'AdminParentModules',NULL,6,1,0),(14,0,'AdminParentShipping',NULL,7,1,0),(15,0,'AdminParentLocalization',NULL,8,1,0),(16,0,'AdminParentPreferences',NULL,9,1,0),(17,0,'AdminTools',NULL,10,1,0),(18,0,'AdminAdmin',NULL,11,1,0),(19,0,'AdminParentStats',NULL,12,1,0),(20,0,'AdminStock',NULL,13,1,0),(21,9,'AdminProducts',NULL,0,1,0),(22,9,'AdminCategories',NULL,1,1,0),(23,9,'AdminTracking',NULL,2,1,0),(24,9,'AdminAttributesGroups',NULL,3,1,0),(25,9,'AdminFeatures',NULL,4,1,0),(26,9,'AdminManufacturers',NULL,5,1,0),(27,9,'AdminSuppliers',NULL,6,1,0),(28,9,'AdminTags',NULL,7,1,0),(29,9,'AdminAttachments',NULL,8,1,0),(30,10,'AdminOrders',NULL,0,1,0),(31,10,'AdminInvoices',NULL,1,1,0),(32,10,'AdminReturn',NULL,2,1,0),(33,10,'AdminDeliverySlip',NULL,3,1,0),(34,10,'AdminSlip',NULL,4,1,0),(35,10,'AdminStatuses',NULL,5,1,0),(36,10,'AdminOrderMessage',NULL,6,1,0),(37,11,'AdminCustomers',NULL,0,1,0),(38,11,'AdminAddresses',NULL,1,1,0),(39,11,'AdminGroups',NULL,2,1,0),(40,11,'AdminCarts',NULL,3,1,0),(41,11,'AdminCustomerThreads',NULL,4,1,0),(42,11,'AdminContacts',NULL,5,1,0),(43,11,'AdminGenders',NULL,6,1,0),(44,11,'AdminOutstanding','',7,0,0),(45,12,'AdminCartRules',NULL,0,1,0),(46,12,'AdminSpecificPriceRule',NULL,1,1,0),(47,12,'AdminMarketing',NULL,2,1,0),(48,14,'AdminCarriers',NULL,0,1,0),(49,14,'AdminShipping',NULL,1,1,0),(50,14,'AdminCarrierWizard',NULL,2,1,0),(51,15,'AdminLocalization',NULL,0,1,0),(52,15,'AdminLanguages',NULL,1,1,0),(53,15,'AdminZones',NULL,2,1,0),(54,15,'AdminCountries',NULL,3,1,0),(55,15,'AdminStates',NULL,4,1,0),(56,15,'AdminCurrencies',NULL,5,1,0),(57,15,'AdminTaxes',NULL,6,1,0),(58,15,'AdminTaxRulesGroup',NULL,7,1,0),(59,15,'AdminTranslations',NULL,8,1,0),(60,13,'AdminModules',NULL,0,1,0),(61,13,'AdminAddonsCatalog',NULL,1,1,0),(62,13,'AdminModulesPositions',NULL,2,1,0),(63,13,'AdminPayment',NULL,3,1,0),(64,16,'AdminPreferences',NULL,0,1,0),(65,16,'AdminOrderPreferences',NULL,1,1,0),(66,16,'AdminPPreferences',NULL,2,1,0),(67,16,'AdminCustomerPreferences',NULL,3,1,0),(68,16,'AdminThemes',NULL,4,1,0),(69,16,'AdminMeta',NULL,5,1,0),(70,16,'AdminCmsContent',NULL,6,1,0),(71,16,'AdminImages',NULL,7,1,0),(72,16,'AdminStores',NULL,8,1,0),(73,16,'AdminSearchConf',NULL,9,1,0),(74,16,'AdminMaintenance',NULL,10,1,0),(75,16,'AdminGeolocation',NULL,11,1,0),(76,17,'AdminInformation',NULL,0,1,0),(77,17,'AdminPerformance',NULL,1,1,0),(78,17,'AdminEmails',NULL,2,1,0),(79,17,'AdminShopGroup','',3,0,0),(80,17,'AdminImport',NULL,4,1,0),(81,17,'AdminBackup',NULL,5,1,0),(82,17,'AdminRequestSql',NULL,6,1,0),(83,17,'AdminLogs',NULL,7,1,0),(84,17,'AdminWebservice',NULL,8,1,0),(85,18,'AdminAdminPreferences',NULL,0,1,0),(86,18,'AdminQuickAccesses',NULL,1,1,0),(87,18,'AdminEmployees',NULL,2,1,0),(88,18,'AdminProfiles',NULL,3,1,0),(89,18,'AdminAccess',NULL,4,1,0),(90,18,'AdminTabs',NULL,5,1,0),(91,19,'AdminStats',NULL,0,1,0),(92,19,'AdminSearchEngines',NULL,1,1,0),(93,19,'AdminReferrers',NULL,2,1,0),(94,20,'AdminWarehouses',NULL,0,1,0),(95,20,'AdminStockManagement',NULL,1,1,0),(96,20,'AdminStockMvt',NULL,2,1,0),(97,20,'AdminStockInstantState',NULL,3,1,0),(98,20,'AdminStockCover',NULL,4,1,0),(99,20,'AdminSupplyOrders',NULL,5,1,0),(100,20,'AdminStockConfiguration',NULL,6,1,0),(101,-1,'AdminBlockCategories','blockcategories',7,1,0),(102,-1,'AdminDashgoals','dashgoals',8,1,0),(103,-1,'AdminThemeConfigurator','themeconfigurator',9,1,0),(104,-1,'AdminGanalyticsAjax','ganalytics',10,0,0);

--
-- Table structure for table `ps_tab_lang`
--

CREATE TABLE `ps_tab_lang` (
  `id_tab` int(10) unsigned NOT NULL,
  `id_lang` int(10) unsigned NOT NULL,
  `name` varchar(64) DEFAULT NULL,
  PRIMARY KEY (`id_tab`,`id_lang`)
) ENGINE=InnoDB DEFAULT CHARSET=utf8;

--
-- Dumping data for table `ps_tab_lang`
--

INSERT INTO `ps_tab_lang` VALUES (1,1,'Tableau de Bord'),(2,1,'Pages CMS'),(3,1,'Catégories CMS'),(4,1,'Générateur de déclinaisons'),(5,1,'Recherche'),(6,1,'Connexion'),(7,1,'Boutiques'),(8,1,'URLs de boutique'),(9,1,'Catalogue'),(10,1,'Commandes'),(11,1,'Clients'),(12,1,'Promotions'),(13,1,'Modules et Services'),(14,1,'Transport'),(15,1,'Localisation'),(16,1,'Préférences'),(17,1,'Paramètres avancés'),(18,1,'Administration'),(19,1,'Statistiques'),(20,1,'Stock'),(21,1,'Produits'),(22,1,'Catégories'),(23,1,'Suivi'),(24,1,'Attributs et Valeurs'),(25,1,'Caractéristiques'),(26,1,'Marques'),(27,1,'Fournisseurs'),(28,1,'Tags'),(29,1,'Documents joints'),(30,1,'Commandes'),(31,1,'Factures'),(32,1,'Retours produits'),(33,1,'Bons de livraison'),(34,1,'Avoirs'),(35,1,'Statuts'),(36,1,'Messages prédéfinis'),(37,1,'Clients'),(38,1,'Adresses'),(39,1,'Groupes'),(40,1,'Paniers'),(41,1,'SAV'),(42,1,'Contacts'),(43,1,'Titres de civilité'),(44,1,'Encours'),(45,1,'Règles paniers'),(46,1,'Règles de prix catalogue'),(47,1,'Marketing'),(48,1,'Transporteurs'),(49,1,'Préférences'),(50,1,'Transporteur'),(51,1,'Localisation'),(52,1,'Langues'),(53,1,'Zones'),(54,1,'Pays'),(55,1,'Etats'),(56,1,'Devises'),(57,1,'Taxes'),(58,1,'Règles de taxes'),(59,1,'Traductions'),(60,1,'Modules et Services'),(61,1,'Catalogue de modules et thèmes'),(62,1,'Positions'),(63,1,'Paiement'),(64,1,'Générales'),(65,1,'Commandes'),(66,1,'Produits'),(67,1,'Clients'),(68,1,'Thèmes'),(69,1,'SEO & URLs'),(70,1,'CMS'),(71,1,'Images'),(72,1,'Coordonnées & magasins'),(73,1,'Recherche'),(74,1,'Maintenance'),(75,1,'Géolocalisation'),(76,1,'Informations'),(77,1,'Performances'),(78,1,'Emails'),(79,1,'Multiboutique'),(80,1,'Import'),(81,1,'Sauvegarde BDD'),(82,1,'Gestionnaire SQL'),(83,1,'Log'),(84,1,'Service web'),(85,1,'Préférences'),(86,1,'Accès rapide'),(87,1,'Employés'),(88,1,'Profils'),(89,1,'Permissions'),(90,1,'Menus'),(91,1,'Statistiques'),(92,1,'Moteurs de recherche'),(93,1,'Sites affluents'),(94,1,'Entrepôts'),(95,1,'Gestion du stock'),(96,1,'Mouvements de Stock'),(97,1,'Etat instantané du stock'),(98,1,'Couverture du stock'),(99,1,'Commandes fournisseurs'),(100,1,'Configuration'),(101,1,'BlockCategories'),(102,1,'Dashgoals'),(103,1,'themeconfigurator'),(104,1,'Google Analytics Ajax');

--
-- Table structure for table `ps_tab_module_preference`
--

CREATE TABLE `ps_tab_module_preference` (
  `id_tab_module_preference` int(11) NOT NULL AUTO_INCREMENT,
  `id_employee` int(11) NOT NULL,
  `id_tab` int(11) NOT NULL,
  `module` varchar(255) NOT NULL,
  PRIMARY KEY (`id_tab_module_preference`),
  UNIQUE KEY `employee_module` (`id_employee`,`id_tab`,`module`)
) ENGINE=InnoDB DEFAULT CHARSET=utf8;

--
-- Dumping data for table `ps_tab_module_preference`
--


--
-- Table structure for table `ps_tag`
--

CREATE TABLE `ps_tag` (
  `id_tag` int(10) unsigned NOT NULL AUTO_INCREMENT,
  `id_lang` int(10) unsigned NOT NULL,
  `name` varchar(32) NOT NULL,
  PRIMARY KEY (`id_tag`),
  KEY `tag_name` (`name`),
  KEY `id_lang` (`id_lang`)
) ENGINE=InnoDB DEFAULT CHARSET=utf8;

--
-- Dumping data for table `ps_tag`
--


--
-- Table structure for table `ps_tag_count`
--

CREATE TABLE `ps_tag_count` (
  `id_group` int(10) unsigned NOT NULL DEFAULT '0',
  `id_tag` int(10) unsigned NOT NULL DEFAULT '0',
  `id_lang` int(10) unsigned NOT NULL DEFAULT '0',
  `id_shop` int(11) unsigned NOT NULL DEFAULT '0',
  `counter` int(10) unsigned NOT NULL DEFAULT '0',
  PRIMARY KEY (`id_group`,`id_tag`),
  KEY `id_group` (`id_group`,`id_lang`,`id_shop`,`counter`)
) ENGINE=InnoDB DEFAULT CHARSET=utf8;

--
-- Dumping data for table `ps_tag_count`
--


--
-- Table structure for table `ps_tax`
--

CREATE TABLE `ps_tax` (
  `id_tax` int(10) unsigned NOT NULL AUTO_INCREMENT,
  `rate` decimal(10,3) NOT NULL,
  `active` tinyint(1) unsigned NOT NULL DEFAULT '1',
  `deleted` tinyint(1) unsigned NOT NULL DEFAULT '0',
  PRIMARY KEY (`id_tax`)
) ENGINE=InnoDB AUTO_INCREMENT=5 DEFAULT CHARSET=utf8;

--
-- Dumping data for table `ps_tax`
--

INSERT INTO `ps_tax` VALUES (1,20.000,1,0),(2,10.000,0,0),(3,5.500,0,0),(4,2.100,0,0);

--
-- Table structure for table `ps_tax_lang`
--

CREATE TABLE `ps_tax_lang` (
  `id_tax` int(10) unsigned NOT NULL,
  `id_lang` int(10) unsigned NOT NULL,
  `name` varchar(32) NOT NULL,
  PRIMARY KEY (`id_tax`,`id_lang`)
) ENGINE=InnoDB DEFAULT CHARSET=utf8;

--
-- Dumping data for table `ps_tax_lang`
--

INSERT INTO `ps_tax_lang` VALUES (1,1,'Sales-taxes US-AL 4%'),(1,2,'TVA FR 20%'),(1,3,'Sales-taxes US-AL 4%'),(1,4,'Sales-taxes US-AL 4%'),(1,5,'Sales-taxes US-AL 4%'),(1,6,'Sales-taxes US-AL 4%'),(1,7,'Sales-taxes US-AL 4%'),(1,8,'Sales-taxes US-AL 4%'),(1,9,'Sales-taxes US-AL 4%'),(2,1,'Sales-taxes US-AK 0%'),(2,2,'TVA FR 10%'),(2,3,'Sales-taxes US-AK 0%'),(2,4,'Sales-taxes US-AK 0%'),(2,5,'Sales-taxes US-AK 0%'),(2,6,'Sales-taxes US-AK 0%'),(2,7,'Sales-taxes US-AK 0%'),(2,8,'Sales-taxes US-AK 0%'),(2,9,'Sales-taxes US-AK 0%'),(3,1,'Sales-taxes US-AZ 6.6%'),(3,2,'TVA FR 5.5%'),(3,3,'Sales-taxes US-AZ 6.6%'),(3,4,'Sales-taxes US-AZ 6.6%'),(3,5,'Sales-taxes US-AZ 6.6%'),(3,6,'Sales-taxes US-AZ 6.6%'),(3,7,'Sales-taxes US-AZ 6.6%'),(3,8,'Sales-taxes US-AZ 6.6%'),(3,9,'Sales-taxes US-AZ 6.6%'),(4,1,'Sales-taxes US-AR 6%'),(4,2,'TVA FR 2.1%'),(4,3,'Sales-taxes US-AR 6%'),(4,4,'Sales-taxes US-AR 6%'),(4,5,'Sales-taxes US-AR 6%'),(4,6,'Sales-taxes US-AR 6%'),(4,7,'Sales-taxes US-AR 6%'),(4,8,'Sales-taxes US-AR 6%'),(4,9,'Sales-taxes US-AR 6%');

--
-- Table structure for table `ps_tax_rule`
--

CREATE TABLE `ps_tax_rule` (
  `id_tax_rule` int(11) NOT NULL AUTO_INCREMENT,
  `id_tax_rules_group` int(11) NOT NULL,
  `id_country` int(11) NOT NULL,
  `id_state` int(11) NOT NULL,
  `zipcode_from` varchar(12) NOT NULL,
  `zipcode_to` varchar(12) NOT NULL,
  `id_tax` int(11) NOT NULL,
  `behavior` int(11) NOT NULL,
  `description` varchar(100) NOT NULL,
  PRIMARY KEY (`id_tax_rule`),
  KEY `id_tax_rules_group` (`id_tax_rules_group`),
  KEY `id_tax` (`id_tax`),
  KEY `category_getproducts` (`id_tax_rules_group`,`id_country`,`id_state`,`zipcode_from`)
) ENGINE=InnoDB AUTO_INCREMENT=81 DEFAULT CHARSET=utf8;

--
-- Dumping data for table `ps_tax_rule`
--

INSERT INTO `ps_tax_rule` VALUES (53,1,8,0,'0','0',1,0,''),(54,1,3,0,'0','0',1,0,''),(55,1,236,0,'0','0',1,0,''),(56,1,16,0,'0','0',1,0,''),(57,1,20,0,'0','0',1,0,''),(58,1,1,0,'0','0',1,0,''),(59,1,86,0,'0','0',1,0,''),(60,1,9,0,'0','0',1,0,''),(61,1,6,0,'0','0',1,0,''),(62,1,26,0,'0','0',1,0,''),(63,1,10,0,'0','0',1,0,''),(64,1,76,0,'0','0',1,0,''),(65,1,125,0,'0','0',1,0,''),(66,1,131,0,'0','0',1,0,''),(67,1,12,0,'0','0',1,0,''),(68,1,143,0,'0','0',1,0,''),(69,1,139,0,'0','0',1,0,''),(70,1,13,0,'0','0',1,0,''),(71,1,2,0,'0','0',1,0,''),(72,1,14,0,'0','0',1,0,''),(73,1,15,0,'0','0',1,0,''),(74,1,36,0,'0','0',1,0,''),(75,1,193,0,'0','0',1,0,''),(76,1,37,0,'0','0',1,0,''),(77,1,7,0,'0','0',1,0,''),(78,1,18,0,'0','0',1,0,''),(79,1,40,0,'0','0',1,0,''),(80,1,19,0,'0','0',1,0,'');

--
-- Table structure for table `ps_tax_rules_group`
--

CREATE TABLE `ps_tax_rules_group` (
  `id_tax_rules_group` int(11) NOT NULL AUTO_INCREMENT,
  `name` varchar(50) NOT NULL,
  `active` int(11) NOT NULL,
  `deleted` tinyint(1) unsigned NOT NULL,
  `date_add` datetime NOT NULL,
  `date_upd` datetime NOT NULL,
  PRIMARY KEY (`id_tax_rules_group`)
) ENGINE=InnoDB AUTO_INCREMENT=2 DEFAULT CHARSET=utf8;

--
-- Dumping data for table `ps_tax_rules_group`
--

INSERT INTO `ps_tax_rules_group` VALUES (1,'FR Taux standard (20%)',1,0,'2015-08-29 08:36:16','2015-11-12 11:18:21');

--
-- Table structure for table `ps_tax_rules_group_shop`
--

CREATE TABLE `ps_tax_rules_group_shop` (
  `id_tax_rules_group` int(11) unsigned NOT NULL,
  `id_shop` int(11) unsigned NOT NULL,
  PRIMARY KEY (`id_tax_rules_group`,`id_shop`),
  KEY `id_shop` (`id_shop`)
) ENGINE=InnoDB DEFAULT CHARSET=utf8;

--
-- Dumping data for table `ps_tax_rules_group_shop`
--

INSERT INTO `ps_tax_rules_group_shop` VALUES (1,1);

--
-- Table structure for table `ps_theme`
--

CREATE TABLE `ps_theme` (
  `id_theme` int(11) NOT NULL AUTO_INCREMENT,
  `name` varchar(64) NOT NULL,
  `directory` varchar(64) NOT NULL,
  `responsive` tinyint(1) NOT NULL DEFAULT '0',
  `default_left_column` tinyint(1) NOT NULL DEFAULT '0',
  `default_right_column` tinyint(1) NOT NULL DEFAULT '0',
  `product_per_page` int(10) unsigned NOT NULL,
  PRIMARY KEY (`id_theme`)
) ENGINE=InnoDB AUTO_INCREMENT=2 DEFAULT CHARSET=utf8;

--
-- Dumping data for table `ps_theme`
--

INSERT INTO `ps_theme` VALUES (1,'default-bootstrap','default-bootstrap',1,1,0,12);

--
-- Table structure for table `ps_theme_meta`
--

CREATE TABLE `ps_theme_meta` (
  `id_theme_meta` int(11) NOT NULL AUTO_INCREMENT,
  `id_theme` int(11) NOT NULL,
  `id_meta` int(10) unsigned NOT NULL,
  `left_column` tinyint(1) NOT NULL DEFAULT '1',
  `right_column` tinyint(1) NOT NULL DEFAULT '1',
  PRIMARY KEY (`id_theme_meta`),
  UNIQUE KEY `id_theme_2` (`id_theme`,`id_meta`),
  KEY `id_theme` (`id_theme`),
  KEY `id_meta` (`id_meta`)
) ENGINE=InnoDB AUTO_INCREMENT=36 DEFAULT CHARSET=utf8;

--
-- Dumping data for table `ps_theme_meta`
--

INSERT INTO `ps_theme_meta` VALUES (1,1,1,0,0),(2,1,2,1,0),(3,1,3,0,0),(4,1,4,0,0),(5,1,5,1,0),(6,1,6,1,0),(7,1,7,0,0),(8,1,8,1,0),(9,1,9,1,0),(10,1,10,0,0),(11,1,11,0,0),(12,1,12,0,0),(13,1,13,0,0),(14,1,14,0,0),(15,1,15,0,0),(16,1,16,0,0),(17,1,17,0,0),(18,1,18,0,0),(19,1,19,0,0),(20,1,20,0,0),(21,1,21,0,0),(22,1,22,1,0),(23,1,23,0,0),(24,1,24,0,0),(25,1,25,0,0),(26,1,26,0,0),(27,1,28,1,0),(28,1,29,0,0),(29,1,27,0,0),(30,1,30,0,0),(31,1,31,0,0),(32,1,32,0,0),(33,1,33,0,0),(34,1,34,0,0),(35,1,36,1,0);

--
-- Table structure for table `ps_theme_specific`
--

CREATE TABLE `ps_theme_specific` (
  `id_theme` int(11) unsigned NOT NULL,
  `id_shop` int(11) unsigned NOT NULL,
  `entity` int(11) unsigned NOT NULL,
  `id_object` int(11) unsigned NOT NULL,
  PRIMARY KEY (`id_theme`,`id_shop`,`entity`,`id_object`)
) ENGINE=InnoDB DEFAULT CHARSET=utf8;

--
-- Dumping data for table `ps_theme_specific`
--


--
-- Table structure for table `ps_themeconfigurator`
--

CREATE TABLE `ps_themeconfigurator` (
  `id_item` int(10) unsigned NOT NULL AUTO_INCREMENT,
  `id_shop` int(10) unsigned NOT NULL,
  `id_lang` int(10) unsigned NOT NULL,
  `item_order` int(10) unsigned NOT NULL,
  `title` varchar(100) DEFAULT NULL,
  `title_use` tinyint(1) unsigned NOT NULL DEFAULT '0',
  `hook` varchar(100) DEFAULT NULL,
  `url` text,
  `target` tinyint(1) unsigned NOT NULL DEFAULT '0',
  `image` varchar(100) DEFAULT NULL,
  `image_w` varchar(10) DEFAULT NULL,
  `image_h` varchar(10) DEFAULT NULL,
  `html` text,
  `active` tinyint(1) unsigned NOT NULL DEFAULT '1',
  PRIMARY KEY (`id_item`)
) ENGINE=InnoDB AUTO_INCREMENT=8 DEFAULT CHARSET=utf8;

--
-- Dumping data for table `ps_themeconfigurator`
--

INSERT INTO `ps_themeconfigurator` VALUES (1,1,1,1,'',0,'home','http://www.prestashop.com/',0,'banner-img1.jpg','383','267','',1),(2,1,1,2,'',0,'home','http://www.prestashop.com/',0,'banner-img2.jpg','383','267','',1),(3,1,1,3,'',0,'home','http://www.prestashop.com/',0,'banner-img3.jpg','383','267','',1),(4,1,1,4,'',0,'home','http://www.prestashop.com/',0,'banner-img4.jpg','383','142','',1),(5,1,1,5,'',0,'home','http://www.prestashop.com/',0,'banner-img5.jpg','777','142','',1),(6,1,1,6,'',0,'top','http://www.prestashop.com/',0,'banner-img6.jpg','381','219','',1),(7,1,1,7,'',0,'top','http://www.prestashop.com/',0,'banner-img7.jpg','381','219','',1);

--
-- Table structure for table `ps_timezone`
--

CREATE TABLE `ps_timezone` (
  `id_timezone` int(10) unsigned NOT NULL AUTO_INCREMENT,
  `name` varchar(32) NOT NULL,
  PRIMARY KEY (`id_timezone`)
) ENGINE=InnoDB AUTO_INCREMENT=561 DEFAULT CHARSET=utf8;

--
-- Dumping data for table `ps_timezone`
--

INSERT INTO `ps_timezone` VALUES (1,'Africa/Abidjan'),(2,'Africa/Accra'),(3,'Africa/Addis_Ababa'),(4,'Africa/Algiers'),(5,'Africa/Asmara'),(6,'Africa/Asmera'),(7,'Africa/Bamako'),(8,'Africa/Bangui'),(9,'Africa/Banjul'),(10,'Africa/Bissau'),(11,'Africa/Blantyre'),(12,'Africa/Brazzaville'),(13,'Africa/Bujumbura'),(14,'Africa/Cairo'),(15,'Africa/Casablanca'),(16,'Africa/Ceuta'),(17,'Africa/Conakry'),(18,'Africa/Dakar'),(19,'Africa/Dar_es_Salaam'),(20,'Africa/Djibouti'),(21,'Africa/Douala'),(22,'Africa/El_Aaiun'),(23,'Africa/Freetown'),(24,'Africa/Gaborone'),(25,'Africa/Harare'),(26,'Africa/Johannesburg'),(27,'Africa/Kampala'),(28,'Africa/Khartoum'),(29,'Africa/Kigali'),(30,'Africa/Kinshasa'),(31,'Africa/Lagos'),(32,'Africa/Libreville'),(33,'Africa/Lome'),(34,'Africa/Luanda'),(35,'Africa/Lubumbashi'),(36,'Africa/Lusaka'),(37,'Africa/Malabo'),(38,'Africa/Maputo'),(39,'Africa/Maseru'),(40,'Africa/Mbabane'),(41,'Africa/Mogadishu'),(42,'Africa/Monrovia'),(43,'Africa/Nairobi'),(44,'Africa/Ndjamena'),(45,'Africa/Niamey'),(46,'Africa/Nouakchott'),(47,'Africa/Ouagadougou'),(48,'Africa/Porto-Novo'),(49,'Africa/Sao_Tome'),(50,'Africa/Timbuktu'),(51,'Africa/Tripoli'),(52,'Africa/Tunis'),(53,'Africa/Windhoek'),(54,'America/Adak'),(55,'America/Anchorage '),(56,'America/Anguilla'),(57,'America/Antigua'),(58,'America/Araguaina'),(59,'America/Argentina/Buenos_Aires'),(60,'America/Argentina/Catamarca'),(61,'America/Argentina/ComodRivadavia'),(62,'America/Argentina/Cordoba'),(63,'America/Argentina/Jujuy'),(64,'America/Argentina/La_Rioja'),(65,'America/Argentina/Mendoza'),(66,'America/Argentina/Rio_Gallegos'),(67,'America/Argentina/Salta'),(68,'America/Argentina/San_Juan'),(69,'America/Argentina/San_Luis'),(70,'America/Argentina/Tucuman'),(71,'America/Argentina/Ushuaia'),(72,'America/Aruba'),(73,'America/Asuncion'),(74,'America/Atikokan'),(75,'America/Atka'),(76,'America/Bahia'),(77,'America/Barbados'),(78,'America/Belem'),(79,'America/Belize'),(80,'America/Blanc-Sablon'),(81,'America/Boa_Vista'),(82,'America/Bogota'),(83,'America/Boise'),(84,'America/Buenos_Aires'),(85,'America/Cambridge_Bay'),(86,'America/Campo_Grande'),(87,'America/Cancun'),(88,'America/Caracas'),(89,'America/Catamarca'),(90,'America/Cayenne'),(91,'America/Cayman'),(92,'America/Chicago'),(93,'America/Chihuahua'),(94,'America/Coral_Harbour'),(95,'America/Cordoba'),(96,'America/Costa_Rica'),(97,'America/Cuiaba'),(98,'America/Curacao'),(99,'America/Danmarkshavn'),(100,'America/Dawson'),(101,'America/Dawson_Creek'),(102,'America/Denver'),(103,'America/Detroit'),(104,'America/Dominica'),(105,'America/Edmonton'),(106,'America/Eirunepe'),(107,'America/El_Salvador'),(108,'America/Ensenada'),(109,'America/Fort_Wayne'),(110,'America/Fortaleza'),(111,'America/Glace_Bay'),(112,'America/Godthab'),(113,'America/Goose_Bay'),(114,'America/Grand_Turk'),(115,'America/Grenada'),(116,'America/Guadeloupe'),(117,'America/Guatemala'),(118,'America/Guayaquil'),(119,'America/Guyana'),(120,'America/Halifax'),(121,'America/Havana'),(122,'America/Hermosillo'),(123,'America/Indiana/Indianapolis'),(124,'America/Indiana/Knox'),(125,'America/Indiana/Marengo'),(126,'America/Indiana/Petersburg'),(127,'America/Indiana/Tell_City'),(128,'America/Indiana/Vevay'),(129,'America/Indiana/Vincennes'),(130,'America/Indiana/Winamac'),(131,'America/Indianapolis'),(132,'America/Inuvik'),(133,'America/Iqaluit'),(134,'America/Jamaica'),(135,'America/Jujuy'),(136,'America/Juneau'),(137,'America/Kentucky/Louisville'),(138,'America/Kentucky/Monticello'),(139,'America/Knox_IN'),(140,'America/La_Paz'),(141,'America/Lima'),(142,'America/Los_Angeles'),(143,'America/Louisville'),(144,'America/Maceio'),(145,'America/Managua'),(146,'America/Manaus'),(147,'America/Marigot'),(148,'America/Martinique'),(149,'America/Mazatlan'),(150,'America/Mendoza'),(151,'America/Menominee'),(152,'America/Merida'),(153,'America/Mexico_City'),(154,'America/Miquelon'),(155,'America/Moncton'),(156,'America/Monterrey'),(157,'America/Montevideo'),(158,'America/Montreal'),(159,'America/Montserrat'),(160,'America/Nassau'),(161,'America/New_York'),(162,'America/Nipigon'),(163,'America/Nome'),(164,'America/Noronha'),(165,'America/North_Dakota/Center'),(166,'America/North_Dakota/New_Salem'),(167,'America/Panama'),(168,'America/Pangnirtung'),(169,'America/Paramaribo'),(170,'America/Phoenix'),(171,'America/Port-au-Prince'),(172,'America/Port_of_Spain'),(173,'America/Porto_Acre'),(174,'America/Porto_Velho'),(175,'America/Puerto_Rico'),(176,'America/Rainy_River'),(177,'America/Rankin_Inlet'),(178,'America/Recife'),(179,'America/Regina'),(180,'America/Resolute'),(181,'America/Rio_Branco'),(182,'America/Rosario'),(183,'America/Santarem'),(184,'America/Santiago'),(185,'America/Santo_Domingo'),(186,'America/Sao_Paulo'),(187,'America/Scoresbysund'),(188,'America/Shiprock'),(189,'America/St_Barthelemy'),(190,'America/St_Johns'),(191,'America/St_Kitts'),(192,'America/St_Lucia'),(193,'America/St_Thomas'),(194,'America/St_Vincent'),(195,'America/Swift_Current'),(196,'America/Tegucigalpa'),(197,'America/Thule'),(198,'America/Thunder_Bay'),(199,'America/Tijuana'),(200,'America/Toronto'),(201,'America/Tortola'),(202,'America/Vancouver'),(203,'America/Virgin'),(204,'America/Whitehorse'),(205,'America/Winnipeg'),(206,'America/Yakutat'),(207,'America/Yellowknife'),(208,'Antarctica/Casey'),(209,'Antarctica/Davis'),(210,'Antarctica/DumontDUrville'),(211,'Antarctica/Mawson'),(212,'Antarctica/McMurdo'),(213,'Antarctica/Palmer'),(214,'Antarctica/Rothera'),(215,'Antarctica/South_Pole'),(216,'Antarctica/Syowa'),(217,'Antarctica/Vostok'),(218,'Arctic/Longyearbyen'),(219,'Asia/Aden'),(220,'Asia/Almaty'),(221,'Asia/Amman'),(222,'Asia/Anadyr'),(223,'Asia/Aqtau'),(224,'Asia/Aqtobe'),(225,'Asia/Ashgabat'),(226,'Asia/Ashkhabad'),(227,'Asia/Baghdad'),(228,'Asia/Bahrain'),(229,'Asia/Baku'),(230,'Asia/Bangkok'),(231,'Asia/Beirut'),(232,'Asia/Bishkek'),(233,'Asia/Brunei'),(234,'Asia/Calcutta'),(235,'Asia/Choibalsan'),(236,'Asia/Chongqing'),(237,'Asia/Chungking'),(238,'Asia/Colombo'),(239,'Asia/Dacca'),(240,'Asia/Damascus'),(241,'Asia/Dhaka'),(242,'Asia/Dili'),(243,'Asia/Dubai'),(244,'Asia/Dushanbe'),(245,'Asia/Gaza'),(246,'Asia/Harbin'),(247,'Asia/Ho_Chi_Minh'),(248,'Asia/Hong_Kong'),(249,'Asia/Hovd'),(250,'Asia/Irkutsk'),(251,'Asia/Istanbul'),(252,'Asia/Jakarta'),(253,'Asia/Jayapura'),(254,'Asia/Jerusalem'),(255,'Asia/Kabul'),(256,'Asia/Kamchatka'),(257,'Asia/Karachi'),(258,'Asia/Kashgar'),(259,'Asia/Kathmandu'),(260,'Asia/Katmandu'),(261,'Asia/Kolkata'),(262,'Asia/Krasnoyarsk'),(263,'Asia/Kuala_Lumpur'),(264,'Asia/Kuching'),(265,'Asia/Kuwait'),(266,'Asia/Macao'),(267,'Asia/Macau'),(268,'Asia/Magadan'),(269,'Asia/Makassar'),(270,'Asia/Manila'),(271,'Asia/Muscat'),(272,'Asia/Nicosia'),(273,'Asia/Novosibirsk'),(274,'Asia/Omsk'),(275,'Asia/Oral'),(276,'Asia/Phnom_Penh'),(277,'Asia/Pontianak'),(278,'Asia/Pyongyang'),(279,'Asia/Qatar'),(280,'Asia/Qyzylorda'),(281,'Asia/Rangoon'),(282,'Asia/Riyadh'),(283,'Asia/Saigon'),(284,'Asia/Sakhalin'),(285,'Asia/Samarkand'),(286,'Asia/Seoul'),(287,'Asia/Shanghai'),(288,'Asia/Singapore'),(289,'Asia/Taipei'),(290,'Asia/Tashkent'),(291,'Asia/Tbilisi'),(292,'Asia/Tehran'),(293,'Asia/Tel_Aviv'),(294,'Asia/Thimbu'),(295,'Asia/Thimphu'),(296,'Asia/Tokyo'),(297,'Asia/Ujung_Pandang'),(298,'Asia/Ulaanbaatar'),(299,'Asia/Ulan_Bator'),(300,'Asia/Urumqi'),(301,'Asia/Vientiane'),(302,'Asia/Vladivostok'),(303,'Asia/Yakutsk'),(304,'Asia/Yekaterinburg'),(305,'Asia/Yerevan'),(306,'Atlantic/Azores'),(307,'Atlantic/Bermuda'),(308,'Atlantic/Canary'),(309,'Atlantic/Cape_Verde'),(310,'Atlantic/Faeroe'),(311,'Atlantic/Faroe'),(312,'Atlantic/Jan_Mayen'),(313,'Atlantic/Madeira'),(314,'Atlantic/Reykjavik'),(315,'Atlantic/South_Georgia'),(316,'Atlantic/St_Helena'),(317,'Atlantic/Stanley'),(318,'Australia/ACT'),(319,'Australia/Adelaide'),(320,'Australia/Brisbane'),(321,'Australia/Broken_Hill'),(322,'Australia/Canberra'),(323,'Australia/Currie'),(324,'Australia/Darwin'),(325,'Australia/Eucla'),(326,'Australia/Hobart'),(327,'Australia/LHI'),(328,'Australia/Lindeman'),(329,'Australia/Lord_Howe'),(330,'Australia/Melbourne'),(331,'Australia/North'),(332,'Australia/NSW'),(333,'Australia/Perth'),(334,'Australia/Queensland'),(335,'Australia/South'),(336,'Australia/Sydney'),(337,'Australia/Tasmania'),(338,'Australia/Victoria'),(339,'Australia/West'),(340,'Australia/Yancowinna'),(341,'Europe/Amsterdam'),(342,'Europe/Andorra'),(343,'Europe/Athens'),(344,'Europe/Belfast'),(345,'Europe/Belgrade'),(346,'Europe/Berlin'),(347,'Europe/Bratislava'),(348,'Europe/Brussels'),(349,'Europe/Bucharest'),(350,'Europe/Budapest'),(351,'Europe/Chisinau'),(352,'Europe/Copenhagen'),(353,'Europe/Dublin'),(354,'Europe/Gibraltar'),(355,'Europe/Guernsey'),(356,'Europe/Helsinki'),(357,'Europe/Isle_of_Man'),(358,'Europe/Istanbul'),(359,'Europe/Jersey'),(360,'Europe/Kaliningrad'),(361,'Europe/Kiev'),(362,'Europe/Lisbon'),(363,'Europe/Ljubljana'),(364,'Europe/London'),(365,'Europe/Luxembourg'),(366,'Europe/Madrid'),(367,'Europe/Malta'),(368,'Europe/Mariehamn'),(369,'Europe/Minsk'),(370,'Europe/Monaco'),(371,'Europe/Moscow'),(372,'Europe/Nicosia'),(373,'Europe/Oslo'),(374,'Europe/Paris'),(375,'Europe/Podgorica'),(376,'Europe/Prague'),(377,'Europe/Riga'),(378,'Europe/Rome'),(379,'Europe/Samara'),(380,'Europe/San_Marino'),(381,'Europe/Sarajevo'),(382,'Europe/Simferopol'),(383,'Europe/Skopje'),(384,'Europe/Sofia'),(385,'Europe/Stockholm'),(386,'Europe/Tallinn'),(387,'Europe/Tirane'),(388,'Europe/Tiraspol'),(389,'Europe/Uzhgorod'),(390,'Europe/Vaduz'),(391,'Europe/Vatican'),(392,'Europe/Vienna'),(393,'Europe/Vilnius'),(394,'Europe/Volgograd'),(395,'Europe/Warsaw'),(396,'Europe/Zagreb'),(397,'Europe/Zaporozhye'),(398,'Europe/Zurich'),(399,'Indian/Antananarivo'),(400,'Indian/Chagos'),(401,'Indian/Christmas'),(402,'Indian/Cocos'),(403,'Indian/Comoro'),(404,'Indian/Kerguelen'),(405,'Indian/Mahe'),(406,'Indian/Maldives'),(407,'Indian/Mauritius'),(408,'Indian/Mayotte'),(409,'Indian/Reunion'),(410,'Pacific/Apia'),(411,'Pacific/Auckland'),(412,'Pacific/Chatham'),(413,'Pacific/Easter'),(414,'Pacific/Efate'),(415,'Pacific/Enderbury'),(416,'Pacific/Fakaofo'),(417,'Pacific/Fiji'),(418,'Pacific/Funafuti'),(419,'Pacific/Galapagos'),(420,'Pacific/Gambier'),(421,'Pacific/Guadalcanal'),(422,'Pacific/Guam'),(423,'Pacific/Honolulu'),(424,'Pacific/Johnston'),(425,'Pacific/Kiritimati'),(426,'Pacific/Kosrae'),(427,'Pacific/Kwajalein'),(428,'Pacific/Majuro'),(429,'Pacific/Marquesas'),(430,'Pacific/Midway'),(431,'Pacific/Nauru'),(432,'Pacific/Niue'),(433,'Pacific/Norfolk'),(434,'Pacific/Noumea'),(435,'Pacific/Pago_Pago'),(436,'Pacific/Palau'),(437,'Pacific/Pitcairn'),(438,'Pacific/Ponape'),(439,'Pacific/Port_Moresby'),(440,'Pacific/Rarotonga'),(441,'Pacific/Saipan'),(442,'Pacific/Samoa'),(443,'Pacific/Tahiti'),(444,'Pacific/Tarawa'),(445,'Pacific/Tongatapu'),(446,'Pacific/Truk'),(447,'Pacific/Wake'),(448,'Pacific/Wallis'),(449,'Pacific/Yap'),(450,'Brazil/Acre'),(451,'Brazil/DeNoronha'),(452,'Brazil/East'),(453,'Brazil/West'),(454,'Canada/Atlantic'),(455,'Canada/Central'),(456,'Canada/East-Saskatchewan'),(457,'Canada/Eastern'),(458,'Canada/Mountain'),(459,'Canada/Newfoundland'),(460,'Canada/Pacific'),(461,'Canada/Saskatchewan'),(462,'Canada/Yukon'),(463,'CET'),(464,'Chile/Continental'),(465,'Chile/EasterIsland'),(466,'CST6CDT'),(467,'Cuba'),(468,'EET'),(469,'Egypt'),(470,'Eire'),(471,'EST'),(472,'EST5EDT'),(473,'Etc/GMT'),(474,'Etc/GMT+0'),(475,'Etc/GMT+1'),(476,'Etc/GMT+10'),(477,'Etc/GMT+11'),(478,'Etc/GMT+12'),(479,'Etc/GMT+2'),(480,'Etc/GMT+3'),(481,'Etc/GMT+4'),(482,'Etc/GMT+5'),(483,'Etc/GMT+6'),(484,'Etc/GMT+7'),(485,'Etc/GMT+8'),(486,'Etc/GMT+9'),(487,'Etc/GMT-0'),(488,'Etc/GMT-1'),(489,'Etc/GMT-10'),(490,'Etc/GMT-11'),(491,'Etc/GMT-12'),(492,'Etc/GMT-13'),(493,'Etc/GMT-14'),(494,'Etc/GMT-2'),(495,'Etc/GMT-3'),(496,'Etc/GMT-4'),(497,'Etc/GMT-5'),(498,'Etc/GMT-6'),(499,'Etc/GMT-7'),(500,'Etc/GMT-8'),(501,'Etc/GMT-9'),(502,'Etc/GMT0'),(503,'Etc/Greenwich'),(504,'Etc/UCT'),(505,'Etc/Universal'),(506,'Etc/UTC'),(507,'Etc/Zulu'),(508,'Factory'),(509,'GB'),(510,'GB-Eire'),(511,'GMT'),(512,'GMT+0'),(513,'GMT-0'),(514,'GMT0'),(515,'Greenwich'),(516,'Hongkong'),(517,'HST'),(518,'Iceland'),(519,'Iran'),(520,'Israel'),(521,'Jamaica'),(522,'Japan'),(523,'Kwajalein'),(524,'Libya'),(525,'MET'),(526,'Mexico/BajaNorte'),(527,'Mexico/BajaSur'),(528,'Mexico/General'),(529,'MST'),(530,'MST7MDT'),(531,'Navajo'),(532,'NZ'),(533,'NZ-CHAT'),(534,'Poland'),(535,'Portugal'),(536,'PRC'),(537,'PST8PDT'),(538,'ROC'),(539,'ROK'),(540,'Singapore'),(541,'Turkey'),(542,'UCT'),(543,'Universal'),(544,'US/Alaska'),(545,'US/Aleutian'),(546,'US/Arizona'),(547,'US/Central'),(548,'US/East-Indiana'),(549,'US/Eastern'),(550,'US/Hawaii'),(551,'US/Indiana-Starke'),(552,'US/Michigan'),(553,'US/Mountain'),(554,'US/Pacific'),(555,'US/Pacific-New'),(556,'US/Samoa'),(557,'UTC'),(558,'W-SU'),(559,'WET'),(560,'Zulu');

--
-- Table structure for table `ps_warehouse`
--

CREATE TABLE `ps_warehouse` (
  `id_warehouse` int(11) unsigned NOT NULL AUTO_INCREMENT,
  `id_currency` int(11) unsigned NOT NULL,
  `id_address` int(11) unsigned NOT NULL,
  `id_employee` int(11) unsigned NOT NULL,
  `reference` varchar(32) DEFAULT NULL,
  `name` varchar(45) NOT NULL,
  `management_type` enum('WA','FIFO','LIFO') NOT NULL DEFAULT 'WA',
  `deleted` tinyint(1) unsigned NOT NULL DEFAULT '0',
  PRIMARY KEY (`id_warehouse`)
) ENGINE=InnoDB DEFAULT CHARSET=utf8;

--
-- Dumping data for table `ps_warehouse`
--


--
-- Table structure for table `ps_warehouse_carrier`
--

CREATE TABLE `ps_warehouse_carrier` (
  `id_carrier` int(11) unsigned NOT NULL,
  `id_warehouse` int(11) unsigned NOT NULL,
  PRIMARY KEY (`id_warehouse`,`id_carrier`),
  KEY `id_warehouse` (`id_warehouse`),
  KEY `id_carrier` (`id_carrier`)
) ENGINE=InnoDB DEFAULT CHARSET=utf8;

--
-- Dumping data for table `ps_warehouse_carrier`
--


--
-- Table structure for table `ps_warehouse_product_location`
--

CREATE TABLE `ps_warehouse_product_location` (
  `id_warehouse_product_location` int(11) unsigned NOT NULL AUTO_INCREMENT,
  `id_product` int(11) unsigned NOT NULL,
  `id_product_attribute` int(11) unsigned NOT NULL,
  `id_warehouse` int(11) unsigned NOT NULL,
  `location` varchar(64) DEFAULT NULL,
  PRIMARY KEY (`id_warehouse_product_location`),
  UNIQUE KEY `id_product` (`id_product`,`id_product_attribute`,`id_warehouse`)
) ENGINE=InnoDB DEFAULT CHARSET=utf8;

--
-- Dumping data for table `ps_warehouse_product_location`
--


--
-- Table structure for table `ps_warehouse_shop`
--

CREATE TABLE `ps_warehouse_shop` (
  `id_shop` int(11) unsigned NOT NULL,
  `id_warehouse` int(11) unsigned NOT NULL,
  PRIMARY KEY (`id_warehouse`,`id_shop`),
  KEY `id_warehouse` (`id_warehouse`),
  KEY `id_shop` (`id_shop`)
) ENGINE=InnoDB DEFAULT CHARSET=utf8;

--
-- Dumping data for table `ps_warehouse_shop`
--


--
-- Table structure for table `ps_web_browser`
--

CREATE TABLE `ps_web_browser` (
  `id_web_browser` int(10) unsigned NOT NULL AUTO_INCREMENT,
  `name` varchar(64) DEFAULT NULL,
  PRIMARY KEY (`id_web_browser`)
) ENGINE=InnoDB AUTO_INCREMENT=12 DEFAULT CHARSET=utf8;

--
-- Dumping data for table `ps_web_browser`
--

INSERT INTO `ps_web_browser` VALUES (1,'Safari'),(2,'Safari iPad'),(3,'Firefox'),(4,'Opera'),(5,'IE 6'),(6,'IE 7'),(7,'IE 8'),(8,'IE 9'),(9,'IE 10'),(10,'IE 11'),(11,'Chrome');

--
-- Table structure for table `ps_webservice_account`
--

CREATE TABLE `ps_webservice_account` (
  `id_webservice_account` int(11) NOT NULL AUTO_INCREMENT,
  `key` varchar(32) NOT NULL,
  `description` text,
  `class_name` varchar(50) NOT NULL DEFAULT 'WebserviceRequest',
  `is_module` tinyint(2) NOT NULL DEFAULT '0',
  `module_name` varchar(50) DEFAULT NULL,
  `active` tinyint(2) NOT NULL,
  PRIMARY KEY (`id_webservice_account`),
  KEY `key` (`key`)
) ENGINE=InnoDB AUTO_INCREMENT=2 DEFAULT CHARSET=utf8;

--
-- Dumping data for table `ps_webservice_account`
--


--
-- Table structure for table `ps_webservice_account_shop`
--

CREATE TABLE `ps_webservice_account_shop` (
  `id_webservice_account` int(11) unsigned NOT NULL,
  `id_shop` int(11) unsigned NOT NULL,
  PRIMARY KEY (`id_webservice_account`,`id_shop`),
  KEY `id_shop` (`id_shop`)
) ENGINE=InnoDB DEFAULT CHARSET=utf8;

--
-- Dumping data for table `ps_webservice_account_shop`
--


--
-- Table structure for table `ps_webservice_permission`
--

CREATE TABLE `ps_webservice_permission` (
  `id_webservice_permission` int(11) NOT NULL AUTO_INCREMENT,
  `resource` varchar(50) NOT NULL,
  `method` enum('GET','POST','PUT','DELETE','HEAD') NOT NULL,
  `id_webservice_account` int(11) NOT NULL,
  PRIMARY KEY (`id_webservice_permission`),
  UNIQUE KEY `resource_2` (`resource`,`method`,`id_webservice_account`),
  KEY `resource` (`resource`),
  KEY `method` (`method`),
  KEY `id_webservice_account` (`id_webservice_account`)
) ENGINE=InnoDB AUTO_INCREMENT=108 DEFAULT CHARSET=utf8;

--
-- Dumping data for table `ps_webservice_permission`
--


--
-- Table structure for table `ps_zone`
--

CREATE TABLE `ps_zone` (
  `id_zone` int(10) unsigned NOT NULL AUTO_INCREMENT,
  `name` varchar(64) NOT NULL,
  `active` tinyint(1) unsigned NOT NULL DEFAULT '0',
  PRIMARY KEY (`id_zone`)
) ENGINE=InnoDB AUTO_INCREMENT=10 DEFAULT CHARSET=utf8;

--
-- Dumping data for table `ps_zone`
--

INSERT INTO `ps_zone` VALUES (1,'Europe',1),(2,'North America',0),(3,'Asia',0),(4,'Africa',0),(5,'Oceania',0),(6,'South America',0),(7,'Europe (non-EU)',1),(8,'Central America/Antilla',0),(9,'France',1);

--
-- Table structure for table `ps_zone_shop`
--

CREATE TABLE `ps_zone_shop` (
  `id_zone` int(11) unsigned NOT NULL,
  `id_shop` int(11) unsigned NOT NULL,
  PRIMARY KEY (`id_zone`,`id_shop`),
  KEY `id_shop` (`id_shop`)
) ENGINE=InnoDB DEFAULT CHARSET=utf8;

--
-- Dumping data for table `ps_zone_shop`
--

INSERT INTO `ps_zone_shop` VALUES (1,1),(2,1),(3,1),(4,1),(5,1),(6,1),(7,1),(8,1),(9,1);


