-- Table structure for table `ps_linksmenutop`
--

CREATE TABLE `ps_linksmenutop` (
  `id_linksmenutop` int(10) unsigned NOT NULL AUTO_INCREMENT,
  `id_shop` int(11) unsigned NOT NULL,
  `new_window` tinyint(1) NOT NULL,
  PRIMARY KEY (`id_linksmenutop`),
  KEY `id_shop` (`id_shop`)
) ENGINE=InnoDB AUTO_INCREMENT=5 DEFAULT CHARSET=utf8;

--
-- Dumping data for table `ps_linksmenutop`
--

INSERT INTO `ps_linksmenutop` VALUES (1,1,0),(2,1,0),(3,2,0),(4,2,0);

--
-- Table structure for table `ps_linksmenutop_lang`
--

CREATE TABLE `ps_linksmenutop_lang` (
  `id_linksmenutop` int(11) unsigned NOT NULL,
  `id_lang` int(11) unsigned NOT NULL,
  `id_shop` int(11) unsigned NOT NULL,
  `label` varchar(128) NOT NULL,
  `link` varchar(128) NOT NULL,
  KEY `id_linksmenutop` (`id_linksmenutop`,`id_lang`,`id_shop`)
) ENGINE=InnoDB DEFAULT CHARSET=utf8;

--
-- Dumping data for table `ps_linksmenutop_lang`
--

INSERT INTO `ps_linksmenutop_lang` VALUES (1,1,1,'Home','index.php'),(1,2,1,'Accueil','http://heure-du-tee.com'),(1,3,1,'',''),(1,4,1,'',''),(1,5,1,'',''),(1,6,1,'',''),(1,7,1,'',''),(1,8,1,'',''),(1,9,1,'',''),(2,1,1,'',''),(2,2,1,'Contact','http://demo.lairdutemps.com/contactez-nous'),(2,3,1,'',''),(2,4,1,'',''),(2,5,1,'',''),(2,6,1,'',''),(2,7,1,'',''),(2,8,1,'',''),(2,9,1,'',''),(3,1,2,'0','0'),(3,2,2,'0','0'),(3,3,2,'0','0'),(3,4,2,'0','0'),(3,5,2,'0','0'),(3,6,2,'0','0'),(3,7,2,'0','0'),(3,8,2,'0','0'),(3,9,2,'0','0'),(4,1,2,'0','0'),(4,2,2,'0','0'),(4,3,2,'0','0'),(4,4,2,'0','0'),(4,5,2,'0','0'),(4,6,2,'0','0'),(4,7,2,'0','0'),(4,8,2,'0','0'),(4,9,2,'0','0');

--
-- Table structure for table `ps_log`
--

CREATE TABLE `ps_log` (
  `id_log` int(10) unsigned NOT NULL AUTO_INCREMENT,
  `severity` tinyint(1) NOT NULL,
  `error_code` int(11) DEFAULT NULL,
  `message` text NOT NULL,
  `object_type` varchar(32) DEFAULT NULL,
  `object_id` int(10) unsigned DEFAULT NULL,
  `id_employee` int(10) unsigned DEFAULT NULL,
  `date_add` datetime NOT NULL,
  `date_upd` datetime NOT NULL,
  PRIMARY KEY (`id_log`)
) ENGINE=InnoDB AUTO_INCREMENT=424 DEFAULT CHARSET=utf8;

--
-- Dumping data for table `ps_log`
--

INSERT INTO `ps_log` VALUES (1,1,0,'Manufacturer addition','Manufacturer',2,1,'2014-07-23 03:44:20','2014-07-23 03:44:20'),(2,1,0,'Manufacturer addition','Manufacturer',3,1,'2014-07-23 03:44:51','2014-07-23 03:44:51'),(3,1,0,'Manufacturer addition','Manufacturer',4,1,'2014-07-23 03:45:06','2014-07-23 03:45:06'),(4,1,0,'Manufacturer addition','Manufacturer',5,1,'2014-07-23 03:45:18','2014-07-23 03:45:18'),(5,1,0,'Manufacturer addition','Manufacturer',6,1,'2014-07-23 03:45:28','2014-07-23 03:45:28'),(6,1,0,'Manufacturer addition','Manufacturer',7,1,'2014-07-23 03:45:40','2014-07-23 03:45:40'),(7,1,0,'Manufacturer addition','Manufacturer',8,1,'2014-07-23 03:45:53','2014-07-23 03:45:53'),(8,1,0,'Manufacturer addition','Manufacturer',9,1,'2014-07-23 03:46:07','2014-07-23 03:46:07'),(9,1,0,'Manufacturer addition','Manufacturer',10,1,'2014-07-23 03:46:20','2014-07-23 03:46:20'),(10,1,0,'Theme deletion','Theme',2,1,'2014-07-23 05:29:00','2014-07-23 05:29:00'),(11,1,0,'Theme addition','Theme',4,1,'2014-08-24 22:15:17','2014-08-24 22:15:17'),(12,1,0,'Currency addition','Currency',2,1,'2014-08-24 22:30:09','2014-08-24 22:30:09'),(13,1,0,'Manufacturer edition','Manufacturer',1,1,'2014-08-29 21:28:23','2014-08-29 21:28:23'),(14,1,0,'Manufacturer edition','Manufacturer',2,1,'2014-08-29 21:28:43','2014-08-29 21:28:43'),(15,1,0,'Manufacturer edition','Manufacturer',3,1,'2014-08-29 21:29:03','2014-08-29 21:29:03'),(16,1,0,'Manufacturer edition','Manufacturer',4,1,'2014-08-29 21:29:19','2014-08-29 21:29:19'),(17,1,0,'Manufacturer edition','Manufacturer',5,1,'2014-08-29 21:29:41','2014-08-29 21:29:41'),(18,1,0,'Manufacturer edition','Manufacturer',6,1,'2014-08-29 21:29:54','2014-08-29 21:29:54'),(19,1,0,'Manufacturer edition','Manufacturer',7,1,'2014-08-29 21:30:09','2014-08-29 21:30:09'),(20,1,0,'Manufacturer deletion','Manufacturer',10,1,'2014-08-29 21:30:22','2014-08-29 21:30:22'),(21,1,0,'Manufacturer deletion','Manufacturer',8,1,'2014-08-29 21:30:24','2014-08-29 21:30:24'),(22,1,0,'Manufacturer deletion','Manufacturer',9,1,'2014-08-29 21:30:31','2014-08-29 21:30:31'),(23,1,0,'ImageType addition','ImageType',37,1,'2014-08-29 21:36:13','2014-08-29 21:36:13'),(24,1,0,'Manufacturer edition','Manufacturer',1,1,'2014-08-29 21:40:51','2014-08-29 21:40:51'),(25,1,0,'Manufacturer edition','Manufacturer',2,1,'2014-08-29 21:41:07','2014-08-29 21:41:07'),(26,1,0,'Manufacturer edition','Manufacturer',3,1,'2014-08-29 21:41:21','2014-08-29 21:41:21'),(27,1,0,'Manufacturer edition','Manufacturer',4,1,'2014-08-29 21:41:35','2014-08-29 21:41:35'),(28,1,0,'Manufacturer edition','Manufacturer',4,1,'2014-08-29 21:42:00','2014-08-29 21:42:00'),(29,1,0,'Manufacturer edition','Manufacturer',5,1,'2014-08-29 21:42:20','2014-08-29 21:42:20'),(30,1,0,'Manufacturer edition','Manufacturer',6,1,'2014-08-29 21:42:36','2014-08-29 21:42:36'),(31,1,0,'Manufacturer deletion','Manufacturer',7,1,'2014-08-29 21:42:42','2014-08-29 21:42:42'),(32,1,0,'LeoTempcpWidget deletion','LeoTempcpWidget',46,1,'2014-08-29 21:45:43','2014-08-29 21:45:43'),(33,1,0,'Product edition','Product',1,1,'2014-09-03 21:55:22','2014-09-03 21:55:22'),(34,1,0,'Product edition','Product',1,1,'2014-09-06 00:07:21','2014-09-06 00:07:21'),(35,1,0,'Product edition','Product',1,1,'2014-09-08 03:12:43','2014-09-08 03:12:43'),(36,1,0,'Product edition','Product',1,1,'2014-09-08 03:12:58','2014-09-08 03:12:58'),(37,1,0,'Product edition','Product',2,1,'2014-09-08 03:14:57','2014-09-08 03:14:57'),(38,1,0,'Product edition','Product',3,1,'2014-09-08 03:16:01','2014-09-08 03:16:01'),(39,1,0,'Product edition','Product',4,1,'2014-09-08 03:16:49','2014-09-08 03:16:49'),(40,1,0,'Product edition','Product',5,1,'2014-09-08 03:17:21','2014-09-08 03:17:21'),(41,1,0,'Product edition','Product',5,1,'2014-09-08 03:18:05','2014-09-08 03:18:05'),(42,1,0,'Product edition','Product',6,1,'2014-09-08 03:19:03','2014-09-08 03:19:03'),(43,1,0,'Product edition','Product',7,1,'2014-09-08 03:19:57','2014-09-08 03:19:57'),(44,1,0,'Product edition','Product',5,1,'2014-09-08 04:37:11','2014-09-08 04:37:11'),(45,1,0,'Product edition','Product',6,1,'2014-09-08 04:37:42','2014-09-08 04:37:42'),(46,1,0,'Product edition','Product',8,1,'2014-09-08 04:38:09','2014-09-08 04:38:09'),(47,1,0,'Product edition','Product',8,1,'2014-09-08 04:38:16','2014-09-08 04:38:16'),(48,1,0,'BackOffice connection from ::1',NULL,0,1,'2015-02-06 05:09:47','2015-02-06 05:09:47'),(49,1,0,'BackOffice connection from ::1',NULL,0,1,'2015-03-18 21:47:40','2015-03-18 21:47:40'),(50,1,0,'Back Office connection from ::1',NULL,0,1,'2015-07-31 03:30:07','2015-07-31 03:30:07'),(51,1,0,'Back Office connection from ::1',NULL,0,1,'2015-07-31 03:35:17','2015-07-31 03:35:17'),(52,1,0,'Back Office connection from ::1',NULL,0,1,'2015-07-31 04:06:21','2015-07-31 04:06:21'),(53,1,0,'Back Office connection from ::1',NULL,0,1,'2015-07-31 05:11:20','2015-07-31 05:11:20'),(54,1,0,'Back Office connection from ::1',NULL,0,1,'2015-08-03 06:19:25','2015-08-03 06:19:25'),(55,1,0,'Back Office connection from ::1',NULL,0,1,'2015-08-28 21:37:59','2015-08-28 21:37:59'),(56,1,0,'Back Office connection from 89.84.190.192','',0,1,'2016-02-04 05:55:17','2016-02-04 05:55:17'),(57,1,0,'Connexion au back-office depuis 89.84.190.192','',0,1,'2016-02-04 14:02:08','2016-02-04 14:02:08'),(58,1,0,'Employee modification','Employee',1,1,'2016-02-04 14:02:45','2016-02-04 14:02:45'),(59,1,0,'Création : Employee','Employee',2,1,'2016-02-04 14:08:28','2016-02-04 14:08:28'),(60,1,0,'modification Meta','Meta',4,1,'2016-02-04 14:24:01','2016-02-04 14:24:01'),(61,1,0,'modification Meta','Meta',3,1,'2016-02-04 14:25:18','2016-02-04 14:25:18'),(62,1,0,'Suppression : Store','Store',1,1,'2016-02-04 14:50:29','2016-02-04 14:50:29'),(63,1,0,'Suppression : Store','Store',2,1,'2016-02-04 14:50:29','2016-02-04 14:50:29'),(64,1,0,'Suppression : Store','Store',3,1,'2016-02-04 14:50:29','2016-02-04 14:50:29'),(65,1,0,'Suppression : Store','Store',4,1,'2016-02-04 14:50:29','2016-02-04 14:50:29'),(66,1,0,'Suppression : Store','Store',5,1,'2016-02-04 14:50:29','2016-02-04 14:50:29'),(67,1,0,'Suppression : Alias','Alias',1,1,'2016-02-04 14:54:52','2016-02-04 14:54:52'),(68,1,0,'Suppression : Alias','Alias',2,1,'2016-02-04 14:54:52','2016-02-04 14:54:52'),(69,1,0,'modification TaxRulesGroup','TaxRulesGroup',1,1,'2016-02-04 16:20:26','2016-02-04 16:20:26'),(70,1,0,'Connexion au back-office depuis 89.84.190.192','',0,1,'2016-02-04 17:30:19','2016-02-04 17:30:19'),(71,1,0,'Connexion au back-office depuis 89.84.190.192','',0,1,'2016-02-04 17:57:25','2016-02-04 17:57:25'),(72,1,0,'Connexion au back-office depuis 89.84.190.192','',0,1,'2016-02-05 11:13:47','2016-02-05 11:13:47'),(73,1,0,'Connexion au back-office depuis 89.84.190.192','',0,1,'2016-02-08 09:17:26','2016-02-08 09:17:26'),(74,1,0,'Connexion au back-office depuis 89.84.190.192','',0,1,'2016-02-08 10:41:34','2016-02-08 10:41:34'),(75,1,0,'modification CMS','CMS',2,1,'2016-02-08 10:52:09','2016-02-08 10:52:09'),(76,1,0,'modification Contact','Contact',1,1,'2016-02-08 11:10:46','2016-02-08 11:10:46'),(77,1,0,'modification Contact','Contact',2,1,'2016-02-08 11:11:27','2016-02-08 11:11:27'),(78,1,0,'Connexion au back-office depuis 89.84.190.192','',0,1,'2016-02-08 11:36:39','2016-02-08 11:36:39'),(79,1,0,'modification Gender','Gender',1,1,'2016-02-08 11:37:06','2016-02-08 11:37:06'),(80,1,0,'modification Gender','Gender',2,1,'2016-02-08 11:37:58','2016-02-08 11:37:58'),(81,1,0,'Création : Gender','Gender',3,1,'2016-02-08 11:39:23','2016-02-08 11:39:23'),(82,1,0,'modification Gender','Gender',3,1,'2016-02-08 11:39:29','2016-02-08 11:39:29'),(83,1,0,'Connexion au back-office depuis 89.84.190.192','',0,2,'2016-02-08 17:03:07','2016-02-08 17:03:07'),(84,1,0,'Connexion au back-office depuis 89.84.190.192','',0,1,'2016-02-08 17:49:07','2016-02-08 17:49:07'),(85,1,0,'modification OrderState','OrderState',1,1,'2016-02-08 17:50:58','2016-02-08 17:50:58'),(86,1,0,'modification OrderState','OrderState',2,1,'2016-02-08 17:51:45','2016-02-08 17:51:45'),(87,1,0,'modification OrderState','OrderState',3,1,'2016-02-08 17:52:18','2016-02-08 17:52:18'),(88,1,0,'modification OrderState','OrderState',4,1,'2016-02-08 17:53:06','2016-02-08 17:53:06'),(89,1,0,'modification OrderState','OrderState',5,1,'2016-02-08 17:54:10','2016-02-08 17:54:10'),(90,1,0,'modification OrderState','OrderState',6,1,'2016-02-08 17:54:59','2016-02-08 17:54:59'),(91,1,0,'modification OrderState','OrderState',7,1,'2016-02-08 17:55:41','2016-02-08 17:55:41'),(92,1,0,'modification OrderState','OrderState',8,1,'2016-02-08 17:56:14','2016-02-08 17:56:14'),(93,1,0,'modification OrderState','OrderState',9,1,'2016-02-08 17:57:12','2016-02-08 17:57:12'),(94,1,0,'modification OrderState','OrderState',10,1,'2016-02-08 17:57:56','2016-02-08 17:57:56'),(95,1,0,'modification OrderState','OrderState',11,1,'2016-02-08 18:00:51','2016-02-08 18:00:51'),(96,1,0,'modification OrderState','OrderState',12,1,'2016-02-08 18:01:54','2016-02-08 18:01:54'),(97,1,0,'modification OrderState','OrderState',13,1,'2016-02-08 18:02:42','2016-02-08 18:02:42'),(98,1,0,'modification OrderState','OrderState',14,1,'2016-02-08 18:03:18','2016-02-08 18:03:18'),(99,1,0,'Connexion au back-office depuis 89.84.190.192','',0,1,'2016-02-12 16:26:25','2016-02-12 16:26:25'),(100,1,0,'Création : CMSCategory','CMSCategory',2,1,'2016-02-12 16:30:00','2016-02-12 16:30:00'),(101,1,0,'Création : CMSCategory','CMSCategory',3,1,'2016-02-12 16:31:52','2016-02-12 16:31:52'),(102,1,0,'Création : CMSCategory','CMSCategory',4,1,'2016-02-12 16:33:15','2016-02-12 16:33:15'),(103,1,0,'Connexion au back-office depuis 89.84.190.192','',0,1,'2016-02-12 17:29:23','2016-02-12 17:29:23'),(104,1,0,'Connexion au back-office depuis 89.84.190.192','',0,1,'2016-02-12 19:30:31','2016-02-12 19:30:31'),(105,1,0,'Connexion au back-office depuis 89.84.190.192','',0,1,'2016-02-15 09:08:14','2016-02-15 09:08:14'),(106,1,0,'Connexion au back-office depuis 89.84.190.192','',0,1,'2016-02-15 09:27:08','2016-02-15 09:27:08'),(107,1,0,'Connexion au back-office depuis 89.84.190.192','',0,1,'2016-02-15 10:27:40','2016-02-15 10:27:40'),(108,1,0,'Connexion au back-office depuis 89.84.190.192','',0,1,'2016-02-15 11:04:00','2016-02-15 11:04:00'),(109,1,0,'Connexion au back-office depuis 89.84.190.192','',0,1,'2016-02-18 10:29:31','2016-02-18 10:29:31'),(110,1,0,'Connexion au back-office depuis 89.84.190.192','',0,1,'2016-02-18 10:38:46','2016-02-18 10:38:46'),(111,1,0,'Connexion au back-office depuis 89.84.190.192','',0,1,'2016-02-18 11:11:23','2016-02-18 11:11:23'),(112,1,0,'Connexion au back-office depuis 89.84.190.192','',0,2,'2016-02-18 15:28:38','2016-02-18 15:28:38'),(113,1,0,'Connexion au back-office depuis 188.64.243.85','',0,2,'2016-04-07 02:52:49','2016-04-07 02:52:49'),(114,1,0,'Suppression : Product','Product',2,2,'2016-04-07 02:56:11','2016-04-07 02:56:11'),(115,1,0,'Suppression : Product','Product',3,2,'2016-04-07 02:56:12','2016-04-07 02:56:12'),(116,1,0,'Suppression : Product','Product',4,2,'2016-04-07 02:56:13','2016-04-07 02:56:13'),(117,1,0,'Suppression : Product','Product',5,2,'2016-04-07 02:56:13','2016-04-07 02:56:13'),(118,1,0,'Suppression : Product','Product',6,2,'2016-04-07 02:56:14','2016-04-07 02:56:14'),(119,1,0,'Suppression : Product','Product',7,2,'2016-04-07 02:56:15','2016-04-07 02:56:15'),(120,1,0,'Suppression : Product','Product',8,2,'2016-04-07 02:56:15','2016-04-07 02:56:15'),(121,1,0,'modification Product','Product',1,2,'2016-04-07 03:00:27','2016-04-07 03:00:27'),(122,1,0,'modification Product','Product',1,2,'2016-04-07 03:10:42','2016-04-07 03:10:42'),(123,1,0,'modification Product','Product',1,2,'2016-04-07 03:11:42','2016-04-07 03:11:42'),(124,1,0,'modification Product','Product',1,2,'2016-04-07 03:12:31','2016-04-07 03:12:31'),(125,1,0,'Connexion au back-office depuis 213.166.209.23','',0,2,'2016-04-11 23:28:47','2016-04-11 23:28:47'),(126,1,0,'Connexion au back-office depuis 213.166.209.23','',0,2,'2016-04-11 23:59:15','2016-04-11 23:59:15'),(127,1,0,'modification Feature','Feature',1,2,'2016-04-11 23:59:56','2016-04-11 23:59:56'),(128,1,0,'Création : FeatureValue','FeatureValue',34,2,'2016-04-12 00:00:40','2016-04-12 00:00:40'),(129,1,0,'modification Feature','Feature',2,2,'2016-04-12 00:02:13','2016-04-12 00:02:13'),(130,1,0,'Création : FeatureValue','FeatureValue',35,2,'2016-04-12 00:02:46','2016-04-12 00:02:46'),(131,1,0,'modification Product','Product',1,2,'2016-04-12 00:08:48','2016-04-12 00:08:48'),(132,1,0,'modification Product','Product',1,2,'2016-04-12 00:09:24','2016-04-12 00:09:24'),(133,1,0,'Suppression : Category','Category',3,2,'2016-04-12 00:19:25','2016-04-12 00:19:25'),(134,1,0,'Connexion au back-office depuis 213.166.209.23','',0,2,'2016-04-12 01:39:17','2016-04-12 01:39:17'),(135,1,0,'modification Product','Product',9,2,'2016-04-12 01:40:19','2016-04-12 01:40:19'),(136,1,0,'modification Product','Product',9,2,'2016-04-12 01:46:03','2016-04-12 01:46:03'),(137,1,0,'modification Product','Product',1,2,'2016-04-12 01:47:43','2016-04-12 01:47:43'),(138,1,0,'modification Product','Product',10,2,'2016-04-12 01:49:12','2016-04-12 01:49:12'),(139,1,0,'modification Product','Product',10,2,'2016-04-12 01:49:41','2016-04-12 01:49:41'),(140,1,0,'modification Product','Product',10,2,'2016-04-12 01:54:07','2016-04-12 01:54:07'),(141,1,0,'modification Product','Product',9,2,'2016-04-12 01:54:52','2016-04-12 01:54:52'),(142,1,0,'modification Product','Product',1,2,'2016-04-12 01:55:33','2016-04-12 01:55:33'),(143,1,0,'modification Product','Product',1,2,'2016-04-12 01:56:10','2016-04-12 01:56:10'),(144,1,0,'modification Product','Product',1,2,'2016-04-12 01:56:13','2016-04-12 01:56:13'),(145,1,0,'modification Product','Product',1,2,'2016-04-12 01:57:05','2016-04-12 01:57:05'),(146,1,0,'Suppression : Product','Product',1,2,'2016-04-12 02:01:00','2016-04-12 02:01:00'),(147,1,0,'modification Product','Product',12,2,'2016-04-12 02:02:02','2016-04-12 02:02:02'),(148,1,0,'modification Product','Product',12,2,'2016-04-12 02:02:45','2016-04-12 02:02:45'),(149,1,0,'modification Product','Product',12,2,'2016-04-12 02:02:51','2016-04-12 02:02:51'),(150,1,0,'modification Product','Product',12,2,'2016-04-12 02:05:41','2016-04-12 02:05:41'),(151,1,0,'modification Group','Group',1,2,'2016-04-12 02:24:40','2016-04-12 02:24:40'),(152,1,0,'modification Group','Group',2,2,'2016-04-12 02:25:03','2016-04-12 02:25:03'),(153,1,0,'modification Group','Group',3,2,'2016-04-12 02:25:35','2016-04-12 02:25:35'),(154,1,0,'Connexion au back-office depuis 213.166.209.23','',0,2,'2016-04-17 23:13:56','2016-04-17 23:13:56'),(155,1,0,'Création : ShopGroup','ShopGroup',2,2,'2016-04-17 23:21:28','2016-04-17 23:21:28'),(156,1,0,'Création : ShopUrl','ShopUrl',2,2,'2016-04-17 23:37:48','2016-04-17 23:37:48'),(157,1,0,'modification ShopUrl','ShopUrl',2,2,'2016-04-17 23:38:29','2016-04-17 23:38:29'),(158,1,0,'modification ShopUrl','ShopUrl',2,2,'2016-04-17 23:38:35','2016-04-17 23:38:35'),(159,1,0,'modification ShopUrl','ShopUrl',2,2,'2016-04-17 23:40:17','2016-04-17 23:40:17'),(160,1,0,'modification Shop','Shop',2,2,'2016-04-17 23:50:57','2016-04-17 23:50:57'),(161,1,0,'modification Shop','Shop',1,2,'2016-04-17 23:51:29','2016-04-17 23:51:29'),(162,1,0,'modification ShopUrl','ShopUrl',2,2,'2016-04-17 23:52:27','2016-04-17 23:52:27'),(163,1,0,'modification ShopUrl','ShopUrl',2,2,'2016-04-17 23:52:37','2016-04-17 23:52:37'),(164,1,0,'modification ShopUrl','ShopUrl',2,2,'2016-04-17 23:55:15','2016-04-17 23:55:15'),(165,1,0,'modification ShopUrl','ShopUrl',2,2,'2016-04-17 23:58:44','2016-04-17 23:58:44'),(166,1,0,'modification Shop','Shop',2,2,'2016-04-18 00:02:39','2016-04-18 00:02:39'),(167,1,0,'Suppression : Shop','Shop',2,2,'2016-04-18 00:20:59','2016-04-18 00:20:59'),(168,1,0,'Création : Category','Category',12,2,'2016-04-18 00:24:51','2016-04-18 00:24:51'),(169,1,0,'Création : Category','Category',13,2,'2016-04-18 00:25:35','2016-04-18 00:25:35'),(170,1,0,'modification Product','Product',9,2,'2016-04-18 00:27:59','2016-04-18 00:27:59'),(171,1,0,'modification Product','Product',9,2,'2016-04-18 00:28:07','2016-04-18 00:28:07'),(172,1,0,'modification Product','Product',10,2,'2016-04-18 00:28:27','2016-04-18 00:28:27'),(173,1,0,'modification Product','Product',11,2,'2016-04-18 00:28:41','2016-04-18 00:28:41'),(174,1,0,'modification Product','Product',12,2,'2016-04-18 00:28:58','2016-04-18 00:28:58'),(175,1,0,'modification Product','Product',13,2,'2016-04-18 00:30:49','2016-04-18 00:30:49'),(176,1,0,'modification Product','Product',13,2,'2016-04-18 00:35:44','2016-04-18 00:35:44'),(177,1,0,'modification Product','Product',13,2,'2016-04-18 00:37:07','2016-04-18 00:37:07'),(178,1,0,'Connexion au back-office depuis 213.166.209.23','',0,2,'2016-04-19 21:26:51','2016-04-19 21:26:51'),(179,1,0,'Connexion au back-office depuis 213.166.209.23','',0,2,'2016-04-22 01:13:22','2016-04-22 01:13:22'),(180,1,0,'modification Employee','Employee',2,2,'2016-04-22 01:17:49','2016-04-22 01:17:49'),(181,1,0,'Connexion au back-office depuis 213.166.209.23','',0,2,'2016-04-22 01:40:43','2016-04-22 01:40:43'),(182,1,0,'Création : Employee','Employee',3,2,'2016-04-22 01:55:21','2016-04-22 01:55:21'),(183,1,0,'Connexion au back-office depuis 213.166.209.23','',0,3,'2016-04-22 01:57:14','2016-04-22 01:57:14'),(184,1,0,'Connexion au back-office depuis 213.166.209.23','',0,2,'2016-04-22 16:59:04','2016-04-22 16:59:04'),(185,1,0,'Connexion au back-office depuis 213.166.209.23','',0,3,'2016-04-22 16:59:21','2016-04-22 16:59:21'),(186,1,0,'modification Product','Product',14,3,'2016-04-22 17:23:19','2016-04-22 17:23:19'),(187,1,0,'modification Product','Product',14,3,'2016-04-22 17:24:11','2016-04-22 17:24:11'),(188,1,0,'modification Product','Product',14,3,'2016-04-22 17:26:02','2016-04-22 17:26:02'),(189,1,0,'modification Product','Product',14,3,'2016-04-22 17:26:27','2016-04-22 17:26:27'),(190,1,0,'modification Product','Product',14,3,'2016-04-22 17:28:36','2016-04-22 17:28:36'),(191,1,0,'modification Product','Product',14,3,'2016-04-22 17:29:18','2016-04-22 17:29:18'),(192,1,0,'modification Product','Product',15,3,'2016-04-22 17:41:50','2016-04-22 17:41:50'),(193,1,0,'modification Product','Product',15,3,'2016-04-22 17:42:16','2016-04-22 17:42:16'),(194,1,0,'modification Product','Product',15,3,'2016-04-22 17:42:53','2016-04-22 17:42:53'),(195,1,0,'modification Product','Product',15,3,'2016-04-22 17:43:50','2016-04-22 17:43:50'),(196,1,0,'modification Product','Product',15,3,'2016-04-22 17:47:02','2016-04-22 17:47:02'),(197,1,0,'Connexion au back-office depuis 213.166.209.23','',0,2,'2016-04-22 17:47:45','2016-04-22 17:47:45'),(198,1,0,'modification Product','Product',15,3,'2016-04-22 17:47:48','2016-04-22 17:47:48'),(199,1,0,'modification Product','Product',16,3,'2016-04-22 17:49:11','2016-04-22 17:49:11'),(200,1,0,'modification Product','Product',16,2,'2016-04-22 17:49:19','2016-04-22 17:49:19'),(201,1,0,'modification Product','Product',16,3,'2016-04-22 17:49:37','2016-04-22 17:49:37'),(202,1,0,'modification Product','Product',17,3,'2016-04-22 17:53:28','2016-04-22 17:53:28'),(203,1,0,'modification Product','Product',17,3,'2016-04-22 17:54:44','2016-04-22 17:54:44'),(204,1,0,'modification Product','Product',17,3,'2016-04-22 17:56:38','2016-04-22 17:56:38'),(205,1,0,'modification Product','Product',16,3,'2016-04-22 17:57:11','2016-04-22 17:57:11'),(206,1,0,'modification Product','Product',15,3,'2016-04-22 17:57:41','2016-04-22 17:57:41'),(207,1,0,'Connexion au back-office depuis 213.166.209.23','',0,3,'2016-04-22 17:59:36','2016-04-22 17:59:36'),(208,1,0,'modification Product','Product',17,3,'2016-04-22 18:01:59','2016-04-22 18:01:59'),(209,1,0,'Connexion au back-office depuis 213.166.209.23','',0,3,'2016-04-22 18:22:00','2016-04-22 18:22:00'),(210,1,0,'modification Product','Product',18,3,'2016-04-22 18:36:18','2016-04-22 18:36:18'),(211,1,0,'modification Product','Product',18,3,'2016-04-22 18:36:52','2016-04-22 18:36:52'),(212,1,0,'modification Product','Product',19,3,'2016-04-22 18:37:48','2016-04-22 18:37:48'),(213,1,0,'modification Product','Product',19,3,'2016-04-22 18:38:04','2016-04-22 18:38:04'),(214,1,0,'modification Product','Product',19,3,'2016-04-22 18:38:20','2016-04-22 18:38:20'),(215,1,0,'modification Product','Product',20,3,'2016-04-22 18:39:11','2016-04-22 18:39:11'),(216,1,0,'modification Product','Product',20,3,'2016-04-22 18:39:37','2016-04-22 18:39:37'),(217,1,0,'modification Product','Product',21,3,'2016-04-22 18:41:00','2016-04-22 18:41:00'),(218,1,0,'modification Product','Product',21,3,'2016-04-22 18:41:37','2016-04-22 18:41:37'),(219,1,0,'modification Product','Product',21,3,'2016-04-22 18:43:51','2016-04-22 18:43:51'),(220,1,0,'modification Product','Product',22,3,'2016-04-22 18:44:29','2016-04-22 18:44:29'),(221,1,0,'modification Product','Product',22,3,'2016-04-22 18:45:05','2016-04-22 18:45:05'),(222,1,0,'modification Product','Product',9,3,'2016-04-22 18:45:33','2016-04-22 18:45:33'),(223,1,0,'modification Product','Product',10,3,'2016-04-22 18:46:21','2016-04-22 18:46:21'),(224,1,0,'modification Product','Product',11,3,'2016-04-22 18:46:52','2016-04-22 18:46:52'),(225,1,0,'modification Product','Product',12,3,'2016-04-22 18:47:55','2016-04-22 18:47:55'),(226,1,0,'modification Product','Product',13,3,'2016-04-22 18:48:38','2016-04-22 18:48:38'),(227,1,0,'Connexion au back-office depuis 213.166.209.23','',0,2,'2016-04-22 19:16:56','2016-04-22 19:16:56'),(228,1,0,'Connexion au back-office depuis 213.166.209.23','',0,2,'2016-04-22 20:09:09','2016-04-22 20:09:09'),(229,1,0,'Connexion au back-office depuis 213.166.209.23','',0,2,'2016-04-23 01:07:10','2016-04-23 01:07:10'),(230,1,0,'Suppression : LeoTempcpWidget','LeoTempcpWidget',62,2,'2016-04-23 01:25:26','2016-04-23 01:25:26'),(231,1,0,'Suppression : LeoTempcpWidget','LeoTempcpWidget',68,2,'2016-04-23 01:28:30','2016-04-23 01:28:30'),(232,1,0,'Suppression : LeoTempcpWidget','LeoTempcpWidget',58,2,'2016-04-23 01:32:38','2016-04-23 01:32:38'),(233,1,0,'modification Product','Product',9,2,'2016-04-23 02:47:44','2016-04-23 02:47:44'),(234,1,0,'modification Product','Product',10,2,'2016-04-23 02:48:19','2016-04-23 02:48:19'),(235,1,0,'modification Product','Product',11,2,'2016-04-23 02:49:10','2016-04-23 02:49:10'),(236,1,0,'modification Product','Product',13,2,'2016-04-23 02:49:47','2016-04-23 02:49:47'),(237,1,0,'modification Product','Product',13,2,'2016-04-23 02:50:55','2016-04-23 02:50:55'),(238,1,0,'modification Product','Product',13,2,'2016-04-23 02:52:04','2016-04-23 02:52:04'),(239,1,0,'Connexion au back-office depuis 213.166.209.23','',0,2,'2016-04-23 13:31:39','2016-04-23 13:31:39'),(240,1,0,'Connexion au back-office depuis 213.166.209.23','',0,2,'2016-04-23 23:43:16','2016-04-23 23:43:16'),(241,1,0,'modification AttributeGroup','AttributeGroup',2,2,'2016-04-23 23:45:09','2016-04-23 23:45:09'),(242,1,0,'modification Attribute','Attribute',18,2,'2016-04-23 23:46:27','2016-04-23 23:46:27'),(243,1,0,'modification Product','Product',9,2,'2016-04-23 23:49:14','2016-04-23 23:49:14'),(244,1,0,'modification Product','Product',9,2,'2016-04-23 23:59:11','2016-04-23 23:59:11'),(245,1,0,'modification Product','Product',9,2,'2016-04-24 00:03:21','2016-04-24 00:03:21'),(246,1,0,'modification Product','Product',10,2,'2016-04-24 00:04:33','2016-04-24 00:04:33'),(247,1,0,'modification Product','Product',10,2,'2016-04-24 00:05:35','2016-04-24 00:05:35'),(248,1,0,'modification Product','Product',11,2,'2016-04-24 00:07:02','2016-04-24 00:07:02'),(249,1,0,'modification Product','Product',11,2,'2016-04-24 00:08:24','2016-04-24 00:08:24'),(250,1,0,'modification Product','Product',12,2,'2016-04-24 00:09:31','2016-04-24 00:09:31'),(251,1,0,'modification Product','Product',12,2,'2016-04-24 00:17:04','2016-04-24 00:17:04'),(252,1,0,'Suppression : Feature','Feature',3,2,'2016-04-24 00:17:54','2016-04-24 00:17:54'),(253,1,0,'Suppression : Feature','Feature',4,2,'2016-04-24 00:17:54','2016-04-24 00:17:54'),(254,1,0,'Suppression : Feature','Feature',5,2,'2016-04-24 00:17:54','2016-04-24 00:17:54'),(255,1,0,'Suppression : Feature','Feature',6,2,'2016-04-24 00:17:54','2016-04-24 00:17:54'),(256,1,0,'Suppression : Feature','Feature',7,2,'2016-04-24 00:17:54','2016-04-24 00:17:54'),(257,1,0,'Connexion au back-office depuis 213.166.209.23','',0,2,'2016-04-24 21:27:01','2016-04-24 21:27:01'),(258,1,0,'Création : CartRule','CartRule',1,2,'2016-04-24 21:31:15','2016-04-24 21:31:15'),(259,1,0,'Création : Customer','Customer',1,2,'2016-04-24 21:34:40','2016-04-24 21:34:40'),(260,1,0,'Création : Group','Group',4,2,'2016-04-24 21:35:37','2016-04-24 21:35:37'),(261,1,0,'modification Group','Group',4,2,'2016-04-24 21:38:55','2016-04-24 21:38:55'),(262,1,0,'Création : Group','Group',5,2,'2016-04-24 21:43:50','2016-04-24 21:43:50'),(263,1,0,'modification Group','Group',4,2,'2016-04-24 21:44:18','2016-04-24 21:44:18'),(264,1,0,'modification Customer','Customer',1,2,'2016-04-24 21:45:08','2016-04-24 21:45:08'),(265,1,0,'modification Customer','Customer',1,2,'2016-04-24 21:48:47','2016-04-24 21:48:47'),(266,1,0,'modification Group','Group',4,2,'2016-04-24 21:52:14','2016-04-24 21:52:14'),(267,1,0,'Connexion au back-office depuis 213.166.209.23','',0,3,'2016-04-24 22:52:42','2016-04-24 22:52:42'),(268,1,0,'modification Customer','Customer',2,3,'2016-04-24 22:53:19','2016-04-24 22:53:19'),(269,1,0,'Connexion au back-office depuis 213.166.209.23','',0,2,'2016-04-24 23:15:01','2016-04-24 23:15:01'),(270,1,0,'modification Product','Product',9,2,'2016-04-24 23:17:40','2016-04-24 23:17:40'),(271,1,0,'modification Product','Product',10,2,'2016-04-24 23:18:53','2016-04-24 23:18:53'),(272,1,0,'modification Product','Product',11,2,'2016-04-24 23:19:57','2016-04-24 23:19:57'),(273,1,0,'modification Product','Product',12,2,'2016-04-24 23:20:42','2016-04-24 23:20:42'),(274,1,0,'Connexion au back-office depuis 213.166.209.23','',0,2,'2016-04-24 23:47:18','2016-04-24 23:47:18'),(275,1,0,'Création : CartRule','CartRule',2,2,'2016-04-24 23:48:38','2016-04-24 23:48:38'),(276,1,0,'modification CartRule','CartRule',2,2,'2016-04-24 23:51:12','2016-04-24 23:51:12'),(277,1,0,'modification CartRule','CartRule',1,2,'2016-04-24 23:52:57','2016-04-24 23:52:57'),(278,1,0,'Connexion au back-office depuis 213.166.209.23','',0,2,'2016-04-25 02:14:51','2016-04-25 02:14:51'),(279,1,0,'modification Group','Group',4,2,'2016-04-25 02:15:21','2016-04-25 02:15:21'),(280,1,0,'modification Group','Group',5,2,'2016-04-25 02:15:36','2016-04-25 02:15:36'),(281,1,0,'modification CartRule','CartRule',2,2,'2016-04-25 02:19:57','2016-04-25 02:19:57'),(282,1,0,'modification CartRule','CartRule',2,2,'2016-04-25 02:20:21','2016-04-25 02:20:21'),(283,1,0,'modification CartRule','CartRule',1,2,'2016-04-25 02:21:14','2016-04-25 02:21:14'),(284,1,0,'modification CartRule','CartRule',1,2,'2016-04-25 02:21:33','2016-04-25 02:21:33'),(285,1,0,'modification CartRule','CartRule',2,2,'2016-04-25 02:25:15','2016-04-25 02:25:15'),(286,1,0,'Frontcontroller::init - Cart cannot be loaded or an order has already been placed using this cart','Cart',2,0,'2016-04-25 02:28:57','2016-04-25 02:28:57'),(287,1,0,'Frontcontroller::init - Cart cannot be loaded or an order has already been placed using this cart','Cart',2,0,'2016-04-25 02:28:58','2016-04-25 02:28:58'),(288,1,0,'Frontcontroller::init - Cart cannot be loaded or an order has already been placed using this cart','Cart',2,0,'2016-04-25 02:29:10','2016-04-25 02:29:10'),(289,4,1,'Cart cannot be loaded or an order has already been placed using this cart','',0,0,'2016-04-25 02:29:18','2016-04-25 02:29:18'),(290,1,0,'Frontcontroller::init - Cart cannot be loaded or an order has already been placed using this cart','Cart',3,0,'2016-04-25 02:32:21','2016-04-25 02:32:21'),(291,1,0,'Frontcontroller::init - Cart cannot be loaded or an order has already been placed using this cart','Cart',3,0,'2016-04-25 02:41:26','2016-04-25 02:41:26'),(292,1,0,'Frontcontroller::init - Cart cannot be loaded or an order has already been placed using this cart','Cart',3,0,'2016-04-25 02:46:05','2016-04-25 02:46:05'),(293,1,0,'Frontcontroller::init - Cart cannot be loaded or an order has already been placed using this cart','Cart',3,0,'2016-04-25 02:46:19','2016-04-25 02:46:19'),(294,1,0,'Frontcontroller::init - Cart cannot be loaded or an order has already been placed using this cart','Cart',4,0,'2016-04-25 02:46:33','2016-04-25 02:46:33'),(295,1,0,'Frontcontroller::init - Cart cannot be loaded or an order has already been placed using this cart','Cart',2,0,'2016-04-25 18:15:11','2016-04-25 18:15:11'),(296,1,0,'Frontcontroller::init - Cart cannot be loaded or an order has already been placed using this cart','Cart',2,0,'2016-04-25 18:15:13','2016-04-25 18:15:13'),(297,1,0,'Frontcontroller::init - Cart cannot be loaded or an order has already been placed using this cart','Cart',5,0,'2016-04-25 18:16:56','2016-04-25 18:16:56'),(298,1,0,'Connexion au back-office depuis 213.166.209.23','',0,2,'2016-04-26 13:28:29','2016-04-26 13:28:29'),(299,1,0,'Connexion au back-office depuis 213.166.209.23','',0,2,'2016-04-27 02:05:33','2016-04-27 02:05:33'),(300,1,0,'modification Product','Product',24,2,'2016-04-27 02:14:41','2016-04-27 02:14:41'),(301,1,0,'modification Product','Product',24,2,'2016-04-27 02:15:17','2016-04-27 02:15:17'),(302,1,0,'modification Product','Product',24,2,'2016-04-27 02:22:31','2016-04-27 02:22:31'),(303,1,0,'Connexion au back-office depuis 213.166.209.23','',0,3,'2016-04-29 17:28:07','2016-04-29 17:28:07'),(304,1,0,'modification Product','Product',24,3,'2016-04-29 17:29:27','2016-04-29 17:29:27'),(305,1,0,'modification Product','Product',24,3,'2016-04-29 17:30:17','2016-04-29 17:30:17'),(306,1,0,'Connexion au back-office depuis 213.166.209.23','',0,3,'2016-04-29 18:03:39','2016-04-29 18:03:39'),(307,1,0,'modification Product','Product',25,3,'2016-04-29 18:05:44','2016-04-29 18:05:44'),(308,1,0,'modification Product','Product',25,3,'2016-04-29 18:06:11','2016-04-29 18:06:11'),(309,1,0,'modification Product','Product',26,3,'2016-04-29 18:07:17','2016-04-29 18:07:17'),(310,1,0,'modification Product','Product',26,3,'2016-04-29 18:07:37','2016-04-29 18:07:37'),(311,1,0,'modification Product','Product',26,3,'2016-04-29 18:08:14','2016-04-29 18:08:14'),(312,1,0,'modification Product','Product',27,3,'2016-04-29 18:10:04','2016-04-29 18:10:04'),(313,1,0,'modification Product','Product',27,3,'2016-04-29 18:10:15','2016-04-29 18:10:15'),(314,1,0,'modification Product','Product',27,3,'2016-04-29 18:10:50','2016-04-29 18:10:50'),(315,1,0,'modification Product','Product',28,3,'2016-04-29 18:12:22','2016-04-29 18:12:22'),(316,1,0,'modification Product','Product',28,3,'2016-04-29 18:12:48','2016-04-29 18:12:48'),(317,1,0,'Connexion au back-office depuis 213.166.209.23','',0,3,'2016-04-30 02:05:15','2016-04-30 02:05:15'),(318,1,0,'modification Product','Product',29,3,'2016-04-30 02:05:48','2016-04-30 02:05:48'),(319,1,0,'modification Product','Product',29,3,'2016-04-30 02:06:13','2016-04-30 02:06:13'),(320,1,0,'Connexion au back-office depuis 213.166.209.23','',0,2,'2016-04-30 18:13:44','2016-04-30 18:13:44'),(321,1,0,'Suppression : Order','Order',1,2,'2016-04-30 18:14:23','2016-04-30 18:14:23'),(322,1,0,'modification Employee','Employee',1,2,'2016-04-30 18:26:47','2016-04-30 18:26:47'),(323,1,0,'Connexion au back-office depuis 213.166.209.23','',0,1,'2016-04-30 18:27:26','2016-04-30 18:27:26'),(324,1,0,'Connexion au back-office depuis 213.166.209.23','',0,3,'2016-04-30 18:55:16','2016-04-30 18:55:16'),(325,1,0,'Suppression : Order','Order',3,3,'2016-04-30 18:59:57','2016-04-30 18:59:57'),(326,1,0,'Suppression : Order','Order',2,3,'2016-04-30 18:59:57','2016-04-30 18:59:57'),(327,1,0,'Connexion au back-office depuis 213.166.209.23','',0,3,'2016-05-02 15:08:21','2016-05-02 15:08:21'),(328,1,0,'modification Customer','Customer',3,3,'2016-05-02 15:13:04','2016-05-02 15:13:04'),(329,1,0,'Frontcontroller::init - Cart cannot be loaded or an order has already been placed using this cart','Cart',7,0,'2016-05-02 15:14:49','2016-05-02 15:14:49'),(330,1,0,'modification Customer','Customer',3,3,'2016-05-02 15:18:12','2016-05-02 15:18:12'),(331,1,0,'modification Customer','Customer',3,3,'2016-05-02 15:18:43','2016-05-02 15:18:43'),(332,1,0,'Création : Category','Category',14,3,'2016-05-02 15:27:57','2016-05-02 15:27:57'),(333,1,0,'modification Product','Product',28,3,'2016-05-02 15:28:59','2016-05-02 15:28:59'),(334,1,0,'modification Product','Product',26,3,'2016-05-02 15:52:00','2016-05-02 15:52:00'),(335,1,0,'modification Product','Product',11,3,'2016-05-02 16:03:30','2016-05-02 16:03:30'),(336,1,0,'Connexion au back-office depuis 213.166.209.23','',0,2,'2016-05-03 02:06:31','2016-05-03 02:06:31'),(337,1,0,'modification Product','Product',30,2,'2016-05-03 02:08:06','2016-05-03 02:08:06'),(338,1,0,'modification Product','Product',30,2,'2016-05-03 02:08:20','2016-05-03 02:08:20'),(339,1,0,'Connexion au back-office depuis 213.166.209.23','',0,2,'2016-05-03 02:38:07','2016-05-03 02:38:07'),(340,1,0,'modification Product','Product',30,2,'2016-05-03 02:49:04','2016-05-03 02:49:04'),(341,1,0,'modification Product','Product',30,2,'2016-05-03 02:51:57','2016-05-03 02:51:57'),(342,1,0,'modification Product','Product',30,2,'2016-05-03 02:55:46','2016-05-03 02:55:46'),(343,1,0,'modification Product','Product',30,2,'2016-05-03 02:58:05','2016-05-03 02:58:05'),(344,1,0,'modification Product','Product',30,2,'2016-05-03 02:59:51','2016-05-03 02:59:51'),(345,1,0,'Connexion au back-office depuis 213.166.209.23','',0,3,'2016-05-04 23:45:24','2016-05-04 23:45:24'),(346,1,0,'Connexion au back-office depuis 213.166.209.23','',0,2,'2016-05-04 23:51:19','2016-05-04 23:51:19'),(347,1,0,'Connexion au back-office depuis 213.166.209.23','',0,2,'2016-05-04 23:52:10','2016-05-04 23:52:10'),(348,1,0,'Création : QuickAccess','QuickAccess',4,2,'2016-05-04 23:58:23','2016-05-04 23:58:23'),(349,1,0,'modification Customer','Customer',3,3,'2016-05-04 23:59:51','2016-05-04 23:59:51'),(350,1,0,'Création : QuickAccess','QuickAccess',5,2,'2016-05-05 00:01:28','2016-05-05 00:01:28'),(351,1,0,'modification Profile','Profile',3,2,'2016-05-05 00:02:31','2016-05-05 00:02:31'),(352,1,0,'modification Employee','Employee',3,2,'2016-05-05 00:03:12','2016-05-05 00:03:12'),(353,1,0,'modification Employee','Employee',1,2,'2016-05-05 00:04:34','2016-05-05 00:04:34'),(354,1,0,'Connexion au back-office depuis 213.166.209.23','',0,3,'2016-05-05 00:05:35','2016-05-05 00:05:35'),(355,1,0,'Connexion au back-office depuis 213.166.209.23','',0,3,'2016-05-05 00:06:50','2016-05-05 00:06:50'),(356,1,0,'modification Category','Category',14,2,'2016-05-05 00:46:23','2016-05-05 00:46:23'),(357,1,0,'modification Product','Product',9,2,'2016-05-07 22:48:57','2016-05-07 22:48:57'),(358,1,0,'Connexion au back-office depuis 213.166.209.23','',0,2,'2016-05-07 22:50:52','2016-05-07 22:50:52'),(359,1,0,'modification Product','Product',10,2,'2016-05-07 22:51:37','2016-05-07 22:51:37'),(360,1,0,'modification Product','Product',11,2,'2016-05-07 22:52:09','2016-05-07 22:52:09'),(361,1,0,'modification Product','Product',12,2,'2016-05-07 22:52:54','2016-05-07 22:52:54'),(362,1,0,'modification Product','Product',24,2,'2016-05-07 22:53:27','2016-05-07 22:53:27'),(363,1,0,'Connexion au back-office depuis 213.166.209.23','',0,3,'2016-05-12 17:11:47','2016-05-12 17:11:47'),(364,1,0,'Connexion au back-office depuis 213.166.209.23','',0,3,'2016-05-12 17:48:38','2016-05-12 17:48:38'),(365,1,0,'Connexion au back-office depuis 213.166.209.23','',0,3,'2016-05-12 18:05:17','2016-05-12 18:05:17'),(366,1,0,'Connexion au back-office depuis 213.166.209.23','',0,2,'2016-05-12 18:05:56','2016-05-12 18:05:56'),(367,1,0,'Connexion au back-office depuis 213.166.209.23','',0,3,'2016-05-13 15:56:57','2016-05-13 15:56:57'),(368,1,0,'Connexion au back-office depuis 213.166.209.23','',0,3,'2016-05-13 17:02:15','2016-05-13 17:02:15'),(369,1,0,'Connexion au back-office depuis 213.166.209.23','',0,2,'2016-05-13 17:03:31','2016-05-13 17:03:31'),(370,1,0,'Connexion au back-office depuis 213.166.209.23','',0,2,'2016-05-23 00:21:05','2016-05-23 00:21:05'),(371,1,0,'Connexion au back-office depuis 213.166.209.23','',0,3,'2016-05-23 22:36:20','2016-05-23 22:36:20'),(372,1,0,'modification Product','Product',20,3,'2016-05-23 22:37:27','2016-05-23 22:37:27'),(373,1,0,'modification Product','Product',31,3,'2016-05-23 22:39:35','2016-05-23 22:39:35'),(374,1,0,'modification Product','Product',31,3,'2016-05-23 22:40:00','2016-05-23 22:40:00'),(375,1,0,'modification Product','Product',31,3,'2016-05-23 22:40:34','2016-05-23 22:40:34'),(376,1,0,'Connexion au back-office depuis 213.166.209.23','',0,2,'2016-05-23 22:42:07','2016-05-23 22:42:07'),(377,1,0,'modification Product','Product',31,3,'2016-05-23 22:44:11','2016-05-23 22:44:11'),(378,1,0,'modification Product','Product',31,3,'2016-05-23 22:44:38','2016-05-23 22:44:38'),(379,1,0,'modification Product','Product',31,3,'2016-05-23 22:44:55','2016-05-23 22:44:55'),(380,1,0,'modification Product','Product',31,3,'2016-05-23 22:45:14','2016-05-23 22:45:14'),(381,1,0,'modification Product','Product',31,3,'2016-05-23 22:46:43','2016-05-23 22:46:43'),(382,1,0,'modification Product','Product',31,3,'2016-05-23 22:49:01','2016-05-23 22:49:01'),(383,1,0,'modification Product','Product',31,3,'2016-05-23 22:50:12','2016-05-23 22:50:12'),(384,1,0,'modification Product','Product',32,3,'2016-05-23 22:52:04','2016-05-23 22:52:04'),(385,1,0,'modification Product','Product',32,3,'2016-05-23 22:52:13','2016-05-23 22:52:13'),(386,1,0,'modification Product','Product',32,3,'2016-05-23 22:52:44','2016-05-23 22:52:44'),(387,1,0,'modification Product','Product',32,3,'2016-05-23 22:53:02','2016-05-23 22:53:02'),(388,1,0,'modification Product','Product',32,3,'2016-05-23 22:54:18','2016-05-23 22:54:18'),(389,1,0,'modification Product','Product',33,3,'2016-05-23 22:55:59','2016-05-23 22:55:59'),(390,1,0,'modification Product','Product',33,3,'2016-05-23 22:56:24','2016-05-23 22:56:24'),(391,1,0,'modification Product','Product',33,3,'2016-05-23 22:56:35','2016-05-23 22:56:35'),(392,1,0,'modification Product','Product',33,3,'2016-05-23 22:57:03','2016-05-23 22:57:03'),(393,1,0,'modification Product','Product',34,3,'2016-05-23 22:58:08','2016-05-23 22:58:08'),(394,1,0,'modification Product','Product',34,3,'2016-05-23 22:58:43','2016-05-23 22:58:43'),(395,1,0,'modification Product','Product',34,3,'2016-05-23 22:59:06','2016-05-23 22:59:06'),(396,1,0,'modification Product','Product',35,3,'2016-05-23 23:00:46','2016-05-23 23:00:46'),(397,1,0,'modification Product','Product',35,3,'2016-05-23 23:00:47','2016-05-23 23:00:47'),(398,1,0,'modification Product','Product',35,3,'2016-05-23 23:01:05','2016-05-23 23:01:05'),(399,1,0,'modification Product','Product',35,3,'2016-05-23 23:01:42','2016-05-23 23:01:42'),(400,1,0,'modification Product','Product',36,3,'2016-05-23 23:02:40','2016-05-23 23:02:40'),(401,1,0,'modification Product','Product',36,3,'2016-05-23 23:03:06','2016-05-23 23:03:06'),(402,1,0,'modification Product','Product',36,3,'2016-05-23 23:04:43','2016-05-23 23:04:43'),(403,1,0,'modification Product','Product',36,3,'2016-05-23 23:05:08','2016-05-23 23:05:08'),(404,1,0,'modification Product','Product',36,3,'2016-05-23 23:05:32','2016-05-23 23:05:32'),(405,1,0,'modification Product','Product',37,3,'2016-05-23 23:07:45','2016-05-23 23:07:45'),(406,1,0,'modification Product','Product',37,3,'2016-05-23 23:07:47','2016-05-23 23:07:47'),(407,1,0,'modification Product','Product',37,3,'2016-05-23 23:08:11','2016-05-23 23:08:11'),(408,1,0,'modification Product','Product',37,3,'2016-05-23 23:08:59','2016-05-23 23:08:59'),(409,1,0,'modification Product','Product',38,3,'2016-05-23 23:10:57','2016-05-23 23:10:57'),(410,1,0,'modification Product','Product',38,3,'2016-05-23 23:11:09','2016-05-23 23:11:09'),(411,1,0,'modification Product','Product',38,3,'2016-05-23 23:11:33','2016-05-23 23:11:33'),(412,1,0,'modification Product','Product',38,3,'2016-05-23 23:12:06','2016-05-23 23:12:06'),(413,1,0,'modification Product','Product',39,3,'2016-05-23 23:14:00','2016-05-23 23:14:00'),(414,1,0,'modification Product','Product',39,3,'2016-05-23 23:14:38','2016-05-23 23:14:38'),(415,1,0,'modification Product','Product',39,3,'2016-05-23 23:15:37','2016-05-23 23:15:37'),(416,1,0,'Connexion au back-office depuis 213.166.209.23','',0,3,'2016-06-06 02:00:19','2016-06-06 02:00:19'),(417,1,0,'modification Product','Product',40,3,'2016-06-06 02:01:29','2016-06-06 02:01:29'),(418,1,0,'modification Product','Product',40,3,'2016-06-06 02:02:18','2016-06-06 02:02:18'),(419,1,0,'modification Product','Product',40,3,'2016-06-06 02:02:55','2016-06-06 02:02:55'),(420,1,0,'modification Product','Product',40,3,'2016-06-06 02:03:42','2016-06-06 02:03:42'),(421,1,0,'modification Product','Product',41,3,'2016-06-06 02:04:58','2016-06-06 02:04:58'),(422,1,0,'modification Product','Product',41,3,'2016-06-06 02:05:25','2016-06-06 02:05:25'),(423,1,0,'modification Product','Product',41,3,'2016-06-06 02:06:13','2016-06-06 02:06:13');

--
-- Table structure for table `ps_mail`
--

CREATE TABLE `ps_mail` (
  `id_mail` int(11) unsigned NOT NULL AUTO_INCREMENT,
  `recipient` varchar(126) NOT NULL,
  `template` varchar(62) NOT NULL,
  `subject` varchar(254) NOT NULL,
  `id_lang` int(11) unsigned NOT NULL,
  `date_add` timestamp NOT NULL DEFAULT CURRENT_TIMESTAMP,
  PRIMARY KEY (`id_mail`),
  KEY `recipient` (`recipient`(10))
) ENGINE=InnoDB AUTO_INCREMENT=21 DEFAULT CHARSET=utf8;

--
-- Dumping data for table `ps_mail`
--

INSERT INTO `ps_mail` VALUES (1,'demo@lairdutemps.com','error_reporting','[DEMO ADT 2.0] Error reporting from your PayPal module',2,'2016-02-14 17:53:15'),(2,'demo@lairdutemps.com','error_reporting','[DEMO ADT 2.0] Error reporting from your PayPal module',2,'2016-02-15 01:43:52'),(3,'demo@lairdutemps.com','error_reporting','[DEMO ADT 2.0] Error reporting from your PayPal module',2,'2016-02-17 06:53:53'),(4,'nono@lairdutemps.com','employee_password','[DEMO ADT 2.0] Votre nouveau mot de passe',2,'2016-04-11 21:28:08'),(5,'nono@lairdutemps.com','employee_password','[DEMO ADT 2.0] Votre nouveau mot de passe',2,'2016-04-21 23:13:01'),(6,'samz@isokay.org','account','[HEURE-DU-TEE] Bienvenue !',2,'2016-04-24 20:51:49'),(7,'misha@isokay.org','preparation','[HEURE-DU-TEE] Préparation en cours',2,'2016-04-25 00:28:55'),(8,'misha@isokay.org','order_canceled','[HEURE-DU-TEE] Annulé',2,'2016-04-25 00:30:40'),(9,'misha@isokay.org','preparation','[HEURE-DU-TEE] Préparation en cours',2,'2016-04-25 00:32:20'),(10,'misha@isokay.org','preparation','[HEURE-DU-TEE] Préparation en cours',2,'2016-04-25 00:46:32'),(11,'misha@isokay.org','order_conf','[HEURE-DU-TEE] Confirmation de commande',2,'2016-04-25 00:46:33'),(12,'misha@isokay.org','preparation','[HEURE-DU-TEE] Préparation en cours',2,'2016-04-25 16:16:54'),(13,'misha@isokay.org','order_conf','[HEURE-DU-TEE] Confirmation de commande',2,'2016-04-25 16:16:56'),(14,'misha@isokay.org','send_to_a_friend','[HEURE-DU-TEE] Un ami vous a envoyé un lien vers Uncle Ramus',2,'2016-04-27 01:18:09'),(15,'nono@isokay.org','account','[HEURE-DU-TEE] Bienvenue !',2,'2016-05-02 13:11:04'),(16,'nono@isokay.org','preparation','[HEURE-DU-TEE] Préparation en cours',2,'2016-05-02 13:14:47'),(17,'nono@isokay.org','order_conf','[HEURE-DU-TEE] Confirmation de commande',2,'2016-05-02 13:14:49'),(18,'nono@isokay.org','send_to_a_friend','[HEURE-DU-TEE] Un ami vous a envoyé un lien vers Hook city gang',2,'2016-05-04 22:22:41'),(19,'misha@isokay.org','password_query','[HEURE-DU-TEE] Confirmation de demande de mot de passe',2,'2016-05-13 14:12:55'),(20,'misha@isokay.org','password','[HEURE-DU-TEE] Votre nouveau mot de passe',2,'2016-05-13 14:13:15');

--
-- Table structure for table `ps_manufacturer`
--

CREATE TABLE `ps_manufacturer` (
  `id_manufacturer` int(10) unsigned NOT NULL AUTO_INCREMENT,
  `name` varchar(64) NOT NULL,
  `date_add` datetime NOT NULL,
  `date_upd` datetime NOT NULL,
  `active` tinyint(1) NOT NULL DEFAULT '0',
  PRIMARY KEY (`id_manufacturer`)
) ENGINE=InnoDB AUTO_INCREMENT=7 DEFAULT CHARSET=utf8;

--
-- Dumping data for table `ps_manufacturer`
--

INSERT INTO `ps_manufacturer` VALUES (1,'Fashion Manufacturer','2014-06-23 04:47:48','2014-08-29 21:40:51',1),(2,'Manuf1','2014-07-23 03:44:19','2014-08-29 21:41:06',1),(3,'Manuf2','2014-07-23 03:44:51','2014-08-29 21:41:20',1),(4,'Manuf3','2014-07-23 03:45:05','2014-08-29 21:42:00',1),(5,'Manuf4','2014-07-23 03:45:18','2014-08-29 21:42:19',1),(6,'Manuf5','2014-07-23 03:45:28','2014-08-29 21:42:36',1);

--
-- Table structure for table `ps_manufacturer_lang`
--

CREATE TABLE `ps_manufacturer_lang` (
  `id_manufacturer` int(10) unsigned NOT NULL,
  `id_lang` int(10) unsigned NOT NULL,
  `description` text,
  `short_description` text,
  `meta_title` varchar(128) DEFAULT NULL,
  `meta_keywords` varchar(255) DEFAULT NULL,
  `meta_description` varchar(255) DEFAULT NULL,
  PRIMARY KEY (`id_manufacturer`,`id_lang`)
) ENGINE=InnoDB DEFAULT CHARSET=utf8;

--
-- Dumping data for table `ps_manufacturer_lang`
--

INSERT INTO `ps_manufacturer_lang` VALUES (1,1,NULL,NULL,NULL,NULL,NULL),(1,2,NULL,NULL,NULL,NULL,NULL),(1,3,NULL,NULL,NULL,NULL,NULL),(1,4,NULL,NULL,NULL,NULL,NULL),(1,5,NULL,NULL,NULL,NULL,NULL),(1,6,NULL,NULL,NULL,NULL,NULL),(1,7,NULL,NULL,NULL,NULL,NULL),(1,8,NULL,NULL,NULL,NULL,NULL),(1,9,NULL,NULL,NULL,NULL,NULL),(2,1,NULL,NULL,NULL,NULL,NULL),(2,2,NULL,NULL,NULL,NULL,NULL),(2,3,NULL,NULL,NULL,NULL,NULL),(2,4,NULL,NULL,NULL,NULL,NULL),(2,5,NULL,NULL,NULL,NULL,NULL),(2,6,NULL,NULL,NULL,NULL,NULL),(2,7,NULL,NULL,NULL,NULL,NULL),(2,8,NULL,NULL,NULL,NULL,NULL),(2,9,NULL,NULL,NULL,NULL,NULL),(3,1,NULL,NULL,NULL,NULL,NULL),(3,2,NULL,NULL,NULL,NULL,NULL),(3,3,NULL,NULL,NULL,NULL,NULL),(3,4,NULL,NULL,NULL,NULL,NULL),(3,5,NULL,NULL,NULL,NULL,NULL),(3,6,NULL,NULL,NULL,NULL,NULL),(3,7,NULL,NULL,NULL,NULL,NULL),(3,8,NULL,NULL,NULL,NULL,NULL),(3,9,NULL,NULL,NULL,NULL,NULL),(4,1,NULL,NULL,NULL,NULL,NULL),(4,2,NULL,NULL,NULL,NULL,NULL),(4,3,NULL,NULL,NULL,NULL,NULL),(4,4,NULL,NULL,NULL,NULL,NULL),(4,5,NULL,NULL,NULL,NULL,NULL),(4,6,NULL,NULL,NULL,NULL,NULL),(4,7,NULL,NULL,NULL,NULL,NULL),(4,8,NULL,NULL,NULL,NULL,NULL),(4,9,NULL,NULL,NULL,NULL,NULL),(5,1,NULL,NULL,NULL,NULL,NULL),(5,2,NULL,NULL,NULL,NULL,NULL),(5,3,NULL,NULL,NULL,NULL,NULL),(5,4,NULL,NULL,NULL,NULL,NULL),(5,5,NULL,NULL,NULL,NULL,NULL),(5,6,NULL,NULL,NULL,NULL,NULL),(5,7,NULL,NULL,NULL,NULL,NULL),(5,8,NULL,NULL,NULL,NULL,NULL),(5,9,NULL,NULL,NULL,NULL,NULL),(6,1,NULL,NULL,NULL,NULL,NULL),(6,2,NULL,NULL,NULL,NULL,NULL),(6,3,NULL,NULL,NULL,NULL,NULL),(6,4,NULL,NULL,NULL,NULL,NULL),(6,5,NULL,NULL,NULL,NULL,NULL),(6,6,NULL,NULL,NULL,NULL,NULL),(6,7,NULL,NULL,NULL,NULL,NULL),(6,8,NULL,NULL,NULL,NULL,NULL),(6,9,NULL,NULL,NULL,NULL,NULL);

--
-- Table structure for table `ps_manufacturer_shop`
--

CREATE TABLE `ps_manufacturer_shop` (
  `id_manufacturer` int(11) unsigned NOT NULL,
  `id_shop` int(11) unsigned NOT NULL,
  PRIMARY KEY (`id_manufacturer`,`id_shop`),
  KEY `id_shop` (`id_shop`)
) ENGINE=InnoDB DEFAULT CHARSET=utf8;

--
-- Dumping data for table `ps_manufacturer_shop`
--

INSERT INTO `ps_manufacturer_shop` VALUES (1,1),(2,1),(3,1),(4,1),(5,1),(6,1);

--
-- Table structure for table `ps_memcached_servers`
--

CREATE TABLE `ps_memcached_servers` (
  `id_memcached_server` int(11) unsigned NOT NULL AUTO_INCREMENT,
  `ip` varchar(254) NOT NULL,
  `port` int(11) unsigned NOT NULL,
  `weight` int(11) unsigned NOT NULL,
  PRIMARY KEY (`id_memcached_server`)
) ENGINE=InnoDB DEFAULT CHARSET=utf8;

--
-- Dumping data for table `ps_memcached_servers`
--


--
-- Table structure for table `ps_message`
--

CREATE TABLE `ps_message` (
  `id_message` int(10) unsigned NOT NULL AUTO_INCREMENT,
  `id_cart` int(10) unsigned DEFAULT NULL,
  `id_customer` int(10) unsigned NOT NULL,
  `id_employee` int(10) unsigned DEFAULT NULL,
  `id_order` int(10) unsigned NOT NULL,
  `message` text NOT NULL,
  `private` tinyint(1) unsigned NOT NULL DEFAULT '1',
  `date_add` datetime NOT NULL,
  PRIMARY KEY (`id_message`),
  KEY `message_order` (`id_order`),
  KEY `id_cart` (`id_cart`),
  KEY `id_customer` (`id_customer`),
  KEY `id_employee` (`id_employee`)
) ENGINE=InnoDB DEFAULT CHARSET=utf8;

--
-- Dumping data for table `ps_message`
--


--
-- Table structure for table `ps_message_readed`
--

CREATE TABLE `ps_message_readed` (
  `id_message` int(10) unsigned NOT NULL,
  `id_employee` int(10) unsigned NOT NULL,
  `date_add` datetime NOT NULL,
  PRIMARY KEY (`id_message`,`id_employee`)
) ENGINE=InnoDB DEFAULT CHARSET=utf8;

--
-- Dumping data for table `ps_message_readed`
--


--
-- Table structure for table `ps_meta`
--

CREATE TABLE `ps_meta` (
  `id_meta` int(10) unsigned NOT NULL AUTO_INCREMENT,
  `page` varchar(64) NOT NULL,
  `configurable` tinyint(1) unsigned NOT NULL DEFAULT '1',
  PRIMARY KEY (`id_meta`),
  UNIQUE KEY `page` (`page`),
  KEY `meta_name` (`page`)
) ENGINE=InnoDB AUTO_INCREMENT=37 DEFAULT CHARSET=utf8;

--
-- Dumping data for table `ps_meta`
--

INSERT INTO `ps_meta` VALUES (1,'pagenotfound',1),(2,'best-sales',1),(3,'contact',1),(4,'index',1),(5,'manufacturer',1),(6,'new-products',1),(7,'password',1),(8,'prices-drop',1),(9,'sitemap',1),(10,'supplier',1),(11,'address',1),(12,'addresses',1),(13,'authentication',1),(14,'cart',1),(15,'discount',1),(16,'history',1),(17,'identity',1),(18,'my-account',1),(19,'order-follow',1),(20,'order-slip',1),(21,'order',1),(22,'search',1),(23,'stores',1),(24,'order-opc',1),(25,'guest-tracking',1),(26,'order-confirmation',1),(27,'product',0),(28,'category',0),(29,'cms',0),(30,'module-cheque-payment',0),(31,'module-cheque-validation',0),(32,'module-bankwire-validation',0),(33,'module-bankwire-payment',0),(34,'products-comparison',1),(35,'module-favoriteproducts-account',1),(36,'module-cashondelivery-validation',1);

--
-- Table structure for table `ps_meta_lang`
--

CREATE TABLE `ps_meta_lang` (
  `id_meta` int(10) unsigned NOT NULL,
  `id_shop` int(11) unsigned NOT NULL DEFAULT '1',
  `id_lang` int(10) unsigned NOT NULL,
  `title` varchar(128) DEFAULT NULL,
  `description` varchar(255) DEFAULT NULL,
  `keywords` varchar(255) DEFAULT NULL,
  `url_rewrite` varchar(254) NOT NULL,
  PRIMARY KEY (`id_meta`,`id_shop`,`id_lang`),
  KEY `id_shop` (`id_shop`),
  KEY `id_lang` (`id_lang`)
) ENGINE=InnoDB DEFAULT CHARSET=utf8;

--
-- Dumping data for table `ps_meta_lang`
--

INSERT INTO `ps_meta_lang` VALUES (1,1,1,'404 error','This page cannot be found',NULL,'page-not-found'),(1,1,2,'404 error','This page cannot be found',NULL,'page-not-found'),(1,1,3,'404 error','This page cannot be found',NULL,'page-not-found'),(1,1,4,'404 error','This page cannot be found',NULL,'page-not-found'),(1,1,5,'404 error','This page cannot be found',NULL,'page-not-found'),(1,1,6,'404 error','This page cannot be found',NULL,'page-not-found'),(1,1,7,'404 error','This page cannot be found',NULL,'page-not-found'),(1,1,8,'404 error','This page cannot be found',NULL,'page-not-found'),(1,1,9,'404 error','This page cannot be found',NULL,'page-not-found'),(2,1,1,'Best sales','Our best sales',NULL,'best-sales'),(2,1,2,'Best sales','Our best sales',NULL,'best-sales'),(2,1,3,'Best sales','Our best sales',NULL,'best-sales'),(2,1,4,'Best sales','Our best sales',NULL,'best-sales'),(2,1,5,'Best sales','Our best sales',NULL,'best-sales'),(2,1,6,'Best sales','Our best sales',NULL,'best-sales'),(2,1,7,'Best sales','Our best sales',NULL,'best-sales'),(2,1,8,'Best sales','Our best sales',NULL,'best-sales'),(2,1,9,'Best sales','Our best sales',NULL,'best-sales'),(3,1,1,'Contact us','Use our form to contact us','','contact-us'),(3,1,2,'Contactez-nous','Utilisez notre formulaire pour nous contacter','','contactez-nous'),(3,1,3,'Contact us','Use our form to contact us','','contact-us'),(3,1,4,'Contact us','Use our form to contact us','','contact-us'),(3,1,5,'Contact us','Use our form to contact us','','contact-us'),(3,1,6,'Contact us','Use our form to contact us','','contact-us'),(3,1,7,'Contact us','Use our form to contact us','','contact-us'),(3,1,8,'Contact us','Use our form to contact us','','contact-us'),(3,1,9,'Contact us','Use our form to contact us','','contact-us'),(4,1,1,'','Shop powered by PrestaShop','',''),(4,1,2,'Accueil','Bienvenue sur notre site','',''),(4,1,3,'','Shop powered by PrestaShop','',''),(4,1,4,'','Shop powered by PrestaShop','',''),(4,1,5,'','Shop powered by PrestaShop','',''),(4,1,6,'','Shop powered by PrestaShop','',''),(4,1,7,'','Shop powered by PrestaShop','',''),(4,1,8,'','Shop powered by PrestaShop','',''),(4,1,9,'','Shop powered by PrestaShop','',''),(5,1,1,'Manufacturers','Manufacturers list',NULL,'manufacturers'),(5,1,2,'Manufacturers','Manufacturers list',NULL,'manufacturers'),(5,1,3,'Manufacturers','Manufacturers list',NULL,'manufacturers'),(5,1,4,'Manufacturers','Manufacturers list',NULL,'manufacturers'),(5,1,5,'Manufacturers','Manufacturers list',NULL,'manufacturers'),(5,1,6,'Manufacturers','Manufacturers list',NULL,'manufacturers'),(5,1,7,'Manufacturers','Manufacturers list',NULL,'manufacturers'),(5,1,8,'Manufacturers','Manufacturers list',NULL,'manufacturers'),(5,1,9,'Manufacturers','Manufacturers list',NULL,'manufacturers'),(6,1,1,'New products','Our new products',NULL,'new-products'),(6,1,2,'New products','Our new products',NULL,'new-products'),(6,1,3,'New products','Our new products',NULL,'new-products'),(6,1,4,'New products','Our new products',NULL,'new-products'),(6,1,5,'New products','Our new products',NULL,'new-products'),(6,1,6,'New products','Our new products',NULL,'new-products'),(6,1,7,'New products','Our new products',NULL,'new-products'),(6,1,8,'New products','Our new products',NULL,'new-products'),(6,1,9,'New products','Our new products',NULL,'new-products'),(7,1,1,'Forgot your password','Enter your e-mail address used to register in goal to get e-mail with your new password',NULL,'password-recovery'),(7,1,2,'Forgot your password','Enter your e-mail address used to register in goal to get e-mail with your new password',NULL,'password-recovery'),(7,1,3,'Forgot your password','Enter your e-mail address used to register in goal to get e-mail with your new password',NULL,'password-recovery'),(7,1,4,'Forgot your password','Enter your e-mail address used to register in goal to get e-mail with your new password',NULL,'password-recovery'),(7,1,5,'Forgot your password','Enter your e-mail address used to register in goal to get e-mail with your new password',NULL,'password-recovery'),(7,1,6,'Forgot your password','Enter your e-mail address used to register in goal to get e-mail with your new password',NULL,'password-recovery'),(7,1,7,'Forgot your password','Enter your e-mail address used to register in goal to get e-mail with your new password',NULL,'password-recovery'),(7,1,8,'Forgot your password','Enter your e-mail address used to register in goal to get e-mail with your new password',NULL,'password-recovery'),(7,1,9,'Forgot your password','Enter your e-mail address used to register in goal to get e-mail with your new password',NULL,'password-recovery'),(8,1,1,'Prices drop','Our special products',NULL,'prices-drop'),(8,1,2,'Prices drop','Our special products',NULL,'prices-drop'),(8,1,3,'Prices drop','Our special products',NULL,'prices-drop'),(8,1,4,'Prices drop','Our special products',NULL,'prices-drop'),(8,1,5,'Prices drop','Our special products',NULL,'prices-drop'),(8,1,6,'Prices drop','Our special products',NULL,'prices-drop'),(8,1,7,'Prices drop','Our special products',NULL,'prices-drop'),(8,1,8,'Prices drop','Our special products',NULL,'prices-drop'),(8,1,9,'Prices drop','Our special products',NULL,'prices-drop'),(9,1,1,'Sitemap','Lost ? Find what your are looking for',NULL,'sitemap'),(9,1,2,'Sitemap','Lost ? Find what your are looking for',NULL,'sitemap'),(9,1,3,'Sitemap','Lost ? Find what your are looking for',NULL,'sitemap'),(9,1,4,'Sitemap','Lost ? Find what your are looking for',NULL,'sitemap'),(9,1,5,'Sitemap','Lost ? Find what your are looking for',NULL,'sitemap'),(9,1,6,'Sitemap','Lost ? Find what your are looking for',NULL,'sitemap'),(9,1,7,'Sitemap','Lost ? Find what your are looking for',NULL,'sitemap'),(9,1,8,'Sitemap','Lost ? Find what your are looking for',NULL,'sitemap'),(9,1,9,'Sitemap','Lost ? Find what your are looking for',NULL,'sitemap'),(10,1,1,'Suppliers','Suppliers list',NULL,'supplier'),(10,1,2,'Suppliers','Suppliers list',NULL,'supplier'),(10,1,3,'Suppliers','Suppliers list',NULL,'supplier'),(10,1,4,'Suppliers','Suppliers list',NULL,'supplier'),(10,1,5,'Suppliers','Suppliers list',NULL,'supplier'),(10,1,6,'Suppliers','Suppliers list',NULL,'supplier'),(10,1,7,'Suppliers','Suppliers list',NULL,'supplier'),(10,1,8,'Suppliers','Suppliers list',NULL,'supplier'),(10,1,9,'Suppliers','Suppliers list',NULL,'supplier'),(11,1,1,'Address',NULL,NULL,'address'),(11,1,2,'Address',NULL,NULL,'address'),(11,1,3,'Address',NULL,NULL,'address'),(11,1,4,'Address',NULL,NULL,'address'),(11,1,5,'Address',NULL,NULL,'address'),(11,1,6,'Address',NULL,NULL,'address'),(11,1,7,'Address',NULL,NULL,'address'),(11,1,8,'Address',NULL,NULL,'address'),(11,1,9,'Address',NULL,NULL,'address'),(12,1,1,'Addresses',NULL,NULL,'addresses'),(12,1,2,'Addresses',NULL,NULL,'addresses'),(12,1,3,'Addresses',NULL,NULL,'addresses'),(12,1,4,'Addresses',NULL,NULL,'addresses'),(12,1,5,'Addresses',NULL,NULL,'addresses'),(12,1,6,'Addresses',NULL,NULL,'addresses'),(12,1,7,'Addresses',NULL,NULL,'addresses'),(12,1,8,'Addresses',NULL,NULL,'addresses'),(12,1,9,'Addresses',NULL,NULL,'addresses'),(13,1,1,'Login',NULL,NULL,'login'),(13,1,2,'Login',NULL,NULL,'login'),(13,1,3,'Login',NULL,NULL,'login'),(13,1,4,'Login',NULL,NULL,'login'),(13,1,5,'Login',NULL,NULL,'login'),(13,1,6,'Login',NULL,NULL,'login'),(13,1,7,'Login',NULL,NULL,'login'),(13,1,8,'Login',NULL,NULL,'login'),(13,1,9,'Login',NULL,NULL,'login'),(14,1,1,'Cart',NULL,NULL,'cart'),(14,1,2,'Cart',NULL,NULL,'cart'),(14,1,3,'Cart',NULL,NULL,'cart'),(14,1,4,'Cart',NULL,NULL,'cart'),(14,1,5,'Cart',NULL,NULL,'cart'),(14,1,6,'Cart',NULL,NULL,'cart'),(14,1,7,'Cart',NULL,NULL,'cart'),(14,1,8,'Cart',NULL,NULL,'cart'),(14,1,9,'Cart',NULL,NULL,'cart'),(15,1,1,'Discount',NULL,NULL,'discount'),(15,1,2,'Discount',NULL,NULL,'discount'),(15,1,3,'Discount',NULL,NULL,'discount'),(15,1,4,'Discount',NULL,NULL,'discount'),(15,1,5,'Discount',NULL,NULL,'discount'),(15,1,6,'Discount',NULL,NULL,'discount'),(15,1,7,'Discount',NULL,NULL,'discount'),(15,1,8,'Discount',NULL,NULL,'discount'),(15,1,9,'Discount',NULL,NULL,'discount'),(16,1,1,'Order history',NULL,NULL,'order-history'),(16,1,2,'Order history',NULL,NULL,'order-history'),(16,1,3,'Order history',NULL,NULL,'order-history'),(16,1,4,'Order history',NULL,NULL,'order-history'),(16,1,5,'Order history',NULL,NULL,'order-history'),(16,1,6,'Order history',NULL,NULL,'order-history'),(16,1,7,'Order history',NULL,NULL,'order-history'),(16,1,8,'Order history',NULL,NULL,'order-history'),(16,1,9,'Order history',NULL,NULL,'order-history'),(17,1,1,'Identity',NULL,NULL,'identity'),(17,1,2,'Identity',NULL,NULL,'identity'),(17,1,3,'Identity',NULL,NULL,'identity'),(17,1,4,'Identity',NULL,NULL,'identity'),(17,1,5,'Identity',NULL,NULL,'identity'),(17,1,6,'Identity',NULL,NULL,'identity'),(17,1,7,'Identity',NULL,NULL,'identity'),(17,1,8,'Identity',NULL,NULL,'identity'),(17,1,9,'Identity',NULL,NULL,'identity'),(18,1,1,'My account',NULL,NULL,'my-account'),(18,1,2,'My account',NULL,NULL,'my-account'),(18,1,3,'My account',NULL,NULL,'my-account'),(18,1,4,'My account',NULL,NULL,'my-account'),(18,1,5,'My account',NULL,NULL,'my-account'),(18,1,6,'My account',NULL,NULL,'my-account'),(18,1,7,'My account',NULL,NULL,'my-account'),(18,1,8,'My account',NULL,NULL,'my-account'),(18,1,9,'My account',NULL,NULL,'my-account'),(19,1,1,'Order follow',NULL,NULL,'order-follow'),(19,1,2,'Order follow',NULL,NULL,'order-follow'),(19,1,3,'Order follow',NULL,NULL,'order-follow'),(19,1,4,'Order follow',NULL,NULL,'order-follow'),(19,1,5,'Order follow',NULL,NULL,'order-follow'),(19,1,6,'Order follow',NULL,NULL,'order-follow'),(19,1,7,'Order follow',NULL,NULL,'order-follow'),(19,1,8,'Order follow',NULL,NULL,'order-follow'),(19,1,9,'Order follow',NULL,NULL,'order-follow'),(20,1,1,'Order slip',NULL,NULL,'order-slip'),(20,1,2,'Order slip',NULL,NULL,'order-slip'),(20,1,3,'Order slip',NULL,NULL,'order-slip'),(20,1,4,'Order slip',NULL,NULL,'order-slip'),(20,1,5,'Order slip',NULL,NULL,'order-slip'),(20,1,6,'Order slip',NULL,NULL,'order-slip'),(20,1,7,'Order slip',NULL,NULL,'order-slip'),(20,1,8,'Order slip',NULL,NULL,'order-slip'),(20,1,9,'Order slip',NULL,NULL,'order-slip'),(21,1,1,'Order',NULL,NULL,'order'),(21,1,2,'Order',NULL,NULL,'order'),(21,1,3,'Order',NULL,NULL,'order'),(21,1,4,'Order',NULL,NULL,'order'),(21,1,5,'Order',NULL,NULL,'order'),(21,1,6,'Order',NULL,NULL,'order'),(21,1,7,'Order',NULL,NULL,'order'),(21,1,8,'Order',NULL,NULL,'order'),(21,1,9,'Order',NULL,NULL,'order'),(22,1,1,'Search',NULL,NULL,'search'),(22,1,2,'Search',NULL,NULL,'search'),(22,1,3,'Search',NULL,NULL,'search'),(22,1,4,'Search',NULL,NULL,'search'),(22,1,5,'Search',NULL,NULL,'search'),(22,1,6,'Search',NULL,NULL,'search'),(22,1,7,'Search',NULL,NULL,'search'),(22,1,8,'Search',NULL,NULL,'search'),(22,1,9,'Search',NULL,NULL,'search'),(23,1,1,'Stores',NULL,NULL,'stores'),(23,1,2,'Stores',NULL,NULL,'stores'),(23,1,3,'Stores',NULL,NULL,'stores'),(23,1,4,'Stores',NULL,NULL,'stores'),(23,1,5,'Stores',NULL,NULL,'stores'),(23,1,6,'Stores',NULL,NULL,'stores'),(23,1,7,'Stores',NULL,NULL,'stores'),(23,1,8,'Stores',NULL,NULL,'stores'),(23,1,9,'Stores',NULL,NULL,'stores'),(24,1,1,'Order',NULL,NULL,'quick-order'),(24,1,2,'Order',NULL,NULL,'quick-order'),(24,1,3,'Order',NULL,NULL,'quick-order'),(24,1,4,'Order',NULL,NULL,'quick-order'),(24,1,5,'Order',NULL,NULL,'quick-order'),(24,1,6,'Order',NULL,NULL,'quick-order'),(24,1,7,'Order',NULL,NULL,'quick-order'),(24,1,8,'Order',NULL,NULL,'quick-order'),(24,1,9,'Order',NULL,NULL,'quick-order'),(25,1,1,'Guest tracking',NULL,NULL,'guest-tracking'),(25,1,2,'Guest tracking',NULL,NULL,'guest-tracking'),(25,1,3,'Guest tracking',NULL,NULL,'guest-tracking'),(25,1,4,'Guest tracking',NULL,NULL,'guest-tracking'),(25,1,5,'Guest tracking',NULL,NULL,'guest-tracking'),(25,1,6,'Guest tracking',NULL,NULL,'guest-tracking'),(25,1,7,'Guest tracking',NULL,NULL,'guest-tracking'),(25,1,8,'Guest tracking',NULL,NULL,'guest-tracking'),(25,1,9,'Guest tracking',NULL,NULL,'guest-tracking'),(26,1,1,'Order confirmation',NULL,NULL,'order-confirmation'),(26,1,2,'Order confirmation',NULL,NULL,'order-confirmation'),(26,1,3,'Order confirmation',NULL,NULL,'order-confirmation'),(26,1,4,'Order confirmation',NULL,NULL,'order-confirmation'),(26,1,5,'Order confirmation',NULL,NULL,'order-confirmation'),(26,1,6,'Order confirmation',NULL,NULL,'order-confirmation'),(26,1,7,'Order confirmation',NULL,NULL,'order-confirmation'),(26,1,8,'Order confirmation',NULL,NULL,'order-confirmation'),(26,1,9,'Order confirmation',NULL,NULL,'order-confirmation'),(27,0,1,NULL,NULL,NULL,''),(27,0,2,NULL,NULL,NULL,''),(27,0,3,NULL,NULL,NULL,''),(27,0,4,NULL,NULL,NULL,''),(27,0,5,NULL,NULL,NULL,''),(27,0,6,NULL,NULL,NULL,''),(27,0,7,NULL,NULL,NULL,''),(27,0,8,NULL,NULL,NULL,''),(27,0,9,NULL,NULL,NULL,''),(28,0,1,NULL,NULL,NULL,''),(28,0,2,NULL,NULL,NULL,''),(28,0,3,NULL,NULL,NULL,''),(28,0,4,NULL,NULL,NULL,''),(28,0,5,NULL,NULL,NULL,''),(28,0,6,NULL,NULL,NULL,''),(28,0,7,NULL,NULL,NULL,''),(28,0,8,NULL,NULL,NULL,''),(28,0,9,NULL,NULL,NULL,''),(29,0,1,NULL,NULL,NULL,''),(29,0,2,NULL,NULL,NULL,''),(29,0,3,NULL,NULL,NULL,''),(29,0,4,NULL,NULL,NULL,''),(29,0,5,NULL,NULL,NULL,''),(29,0,6,NULL,NULL,NULL,''),(29,0,7,NULL,NULL,NULL,''),(29,0,8,NULL,NULL,NULL,''),(29,0,9,NULL,NULL,NULL,''),(30,0,1,NULL,NULL,NULL,''),(30,0,2,NULL,NULL,NULL,''),(30,0,3,NULL,NULL,NULL,''),(30,0,4,NULL,NULL,NULL,''),(30,0,5,NULL,NULL,NULL,''),(30,0,6,NULL,NULL,NULL,''),(30,0,7,NULL,NULL,NULL,''),(30,0,8,NULL,NULL,NULL,''),(30,0,9,NULL,NULL,NULL,''),(31,0,1,NULL,NULL,NULL,''),(31,0,2,NULL,NULL,NULL,''),(31,0,3,NULL,NULL,NULL,''),(31,0,4,NULL,NULL,NULL,''),(31,0,5,NULL,NULL,NULL,''),(31,0,6,NULL,NULL,NULL,''),(31,0,7,NULL,NULL,NULL,''),(31,0,8,NULL,NULL,NULL,''),(31,0,9,NULL,NULL,NULL,''),(32,0,1,NULL,NULL,NULL,''),(32,0,2,NULL,NULL,NULL,''),(32,0,3,NULL,NULL,NULL,''),(32,0,4,NULL,NULL,NULL,''),(32,0,5,NULL,NULL,NULL,''),(32,0,6,NULL,NULL,NULL,''),(32,0,7,NULL,NULL,NULL,''),(32,0,8,NULL,NULL,NULL,''),(32,0,9,NULL,NULL,NULL,''),(33,0,1,NULL,NULL,NULL,''),(33,0,2,NULL,NULL,NULL,''),(33,0,3,NULL,NULL,NULL,''),(33,0,4,NULL,NULL,NULL,''),(33,0,5,NULL,NULL,NULL,''),(33,0,6,NULL,NULL,NULL,''),(33,0,7,NULL,NULL,NULL,''),(33,0,8,NULL,NULL,NULL,''),(33,0,9,NULL,NULL,NULL,''),(34,1,1,'Products Comparison',NULL,NULL,'products-comparison'),(34,1,2,'Products Comparison',NULL,NULL,'products-comparison'),(34,1,3,'Products Comparison',NULL,NULL,'products-comparison'),(34,1,4,'Products Comparison',NULL,NULL,'products-comparison'),(34,1,5,'Products Comparison',NULL,NULL,'products-comparison'),(34,1,6,'Products Comparison',NULL,NULL,'products-comparison'),(34,1,7,'Products Comparison',NULL,NULL,'products-comparison'),(34,1,8,'Products Comparison',NULL,NULL,'products-comparison'),(34,1,9,'Products Comparison',NULL,NULL,'products-comparison'),(35,1,1,'','','',''),(35,1,2,'','','',''),(35,1,3,'','','',''),(35,1,4,'','','',''),(35,1,5,'','','',''),(35,1,6,'','','',''),(35,1,7,'','','',''),(35,1,8,'','','',''),(35,1,9,'','','',''),(36,1,1,'','','',''),(36,1,2,'','','',''),(36,1,3,'','','',''),(36,1,4,'','','',''),(36,1,5,'','','',''),(36,1,6,'','','',''),(36,1,7,'','','',''),(36,1,8,'','','',''),(36,1,9,'','','','');

--
-- Table structure for table `ps_module`
--

CREATE TABLE `ps_module` (
  `id_module` int(10) unsigned NOT NULL AUTO_INCREMENT,
  `name` varchar(64) NOT NULL,
  `active` tinyint(1) unsigned NOT NULL DEFAULT '0',
  `version` varchar(8) NOT NULL,
  PRIMARY KEY (`id_module`),
  KEY `name` (`name`)
) ENGINE=InnoDB AUTO_INCREMENT=96 DEFAULT CHARSET=utf8;

--
-- Dumping data for table `ps_module`
--

INSERT INTO `ps_module` VALUES (1,'socialsharing',1,'1.4.1'),(2,'blockbanner',1,'1.3.2'),(3,'bankwire',1,'1.1.1'),(4,'blockbestsellers',1,'1.8.0'),(5,'blockcart',1,'1.6.0'),(6,'blocksocial',1,'1.2.1'),(7,'blockcategories',1,'2.9.3'),(10,'blocklanguages',1,'1.5.0'),(12,'blockcms',1,'2.1.1'),(13,'blockcmsinfo',1,'1.6.0'),(14,'blockcontact',1,'1.4.0'),(15,'blockcontactinfos',1,'1.2.0'),(16,'blockmanufacturer',1,'1.4.0'),(17,'blockmyaccount',1,'1.4.0'),(18,'blockmyaccountfooter',1,'1.6.0'),(19,'blocknewproducts',1,'1.10.0'),(20,'blocknewsletter',1,'2.3.1'),(21,'blockpaymentlogo',1,'0.4.0'),(22,'blocksearch',1,'1.7.0'),(23,'blockspecials',1,'1.3.0'),(24,'blockstore',1,'1.3.0'),(25,'blocksupplier',1,'1.2.0'),(26,'blocktags',1,'1.3.0'),(28,'blockuserinfo',1,'0.4.0'),(29,'blockviewed',1,'1.3.0'),(30,'cheque',1,'2.7.1'),(31,'dashactivity',1,'0.5.0'),(32,'dashtrends',1,'0.8.1'),(33,'dashgoals',1,'0.7.0'),(34,'dashproducts',1,'0.3.5'),(35,'graphnvd3',1,'1.5.0'),(36,'gridhtml',1,'1.3.0'),(39,'productpaymentlogos',1,'1.4.0'),(40,'pagesnotfound',1,'1.5.0'),(41,'sekeywords',1,'1.4.0'),(42,'statsbestcategories',1,'1.5.0'),(43,'statsbestcustomers',1,'1.5.0'),(44,'statsbestproducts',1,'1.5.0'),(45,'statsbestsuppliers',1,'1.4.0'),(46,'statsbestvouchers',1,'1.5.0'),(47,'statscarrier',1,'1.4.0'),(48,'statscatalog',1,'1.3.0'),(49,'statscheckup',1,'1.4.0'),(50,'statsdata',1,'1.5.0'),(51,'statsequipment',1,'1.3.0'),(52,'statsforecast',1,'1.4.0'),(53,'statslive',1,'1.3.0'),(54,'statsnewsletter',1,'1.4.0'),(55,'statsorigin',1,'1.4.0'),(56,'statspersonalinfos',1,'1.4.0'),(57,'statsproduct',1,'1.4.0'),(58,'statsregistrations',1,'1.4.0'),(59,'statssales',1,'1.3.0'),(60,'statssearch',1,'1.4.0'),(61,'statsstock',1,'1.5.0'),(62,'statsvisits',1,'1.6.0'),(63,'themeconfigurator',1,'2.1.1'),(64,'gamification',1,'1.11.0'),(66,'productcomments',1,'3.5.1'),(67,'sendtoafriend',1,'1.8.0'),(68,'leotempcp',1,'3.0'),(69,'leomanagewidgets',1,'4.0'),(75,'blockfacebook',1,'1.4.0'),(76,'blocktopmenu',1,'2.2.3'),(77,'homeslider',1,'1.6.0'),(78,'homefeatured',1,'1.8.0'),(80,'leocustomajax',1,'1.0'),(81,'blockwishlist',1,'1.3.1'),(82,'blocklayered',1,'2.1.3'),(83,'autoupgrade',1,'1.6.7'),(84,'gapi',1,'1.2.1'),(85,'blockrss',1,'1.3.1'),(86,'editorial',1,'2.6.0'),(87,'feeder',1,'0.7.2'),(88,'ganalytics',1,'2.3.4'),(89,'gsitemap',1,'3.2.0'),(90,'pscleaner',1,'1.8.5'),(91,'mondialrelay',1,'2.1.5'),(92,'paypal',1,'3.10.2'),(93,'favoriteproducts',1,'1.3.0'),(94,'deluxecookies',1,'2.8.0'),(95,'cashondelivery',1,'0.7.5');

--
-- Table structure for table `ps_module_access`
--

CREATE TABLE `ps_module_access` (
  `id_profile` int(10) unsigned NOT NULL,
  `id_module` int(10) unsigned NOT NULL,
  `view` tinyint(1) NOT NULL DEFAULT '0',
  `configure` tinyint(1) NOT NULL DEFAULT '0',
  `uninstall` tinyint(1) NOT NULL DEFAULT '0',
  PRIMARY KEY (`id_profile`,`id_module`)
) ENGINE=InnoDB DEFAULT CHARSET=utf8;

--
-- Dumping data for table `ps_module_access`
--

INSERT INTO `ps_module_access` VALUES (2,1,0,0,0),(2,2,0,0,0),(2,3,0,0,0),(2,4,0,0,0),(2,5,0,0,0),(2,6,0,0,0),(2,7,0,0,0),(2,10,0,0,0),(2,12,0,0,0),(2,13,0,0,0),(2,14,0,0,0),(2,15,0,0,0),(2,16,0,0,0),(2,17,0,0,0),(2,18,0,0,0),(2,19,0,0,0),(2,20,0,0,0),(2,21,0,0,0),(2,22,0,0,0),(2,23,0,0,0),(2,24,0,0,0),(2,25,0,0,0),(2,26,0,0,0),(2,28,0,0,0),(2,29,0,0,0),(2,30,0,0,0),(2,31,0,0,0),(2,32,0,0,0),(2,33,0,0,0),(2,34,0,0,0),(2,35,0,0,0),(2,36,0,0,0),(2,39,0,0,0),(2,40,0,0,0),(2,41,0,0,0),(2,42,0,0,0),(2,43,0,0,0),(2,44,0,0,0),(2,45,0,0,0),(2,46,0,0,0),(2,47,0,0,0),(2,48,0,0,0),(2,49,0,0,0),(2,50,0,0,0),(2,51,0,0,0),(2,52,0,0,0),(2,53,0,0,0),(2,54,0,0,0),(2,55,0,0,0),(2,56,0,0,0),(2,57,0,0,0),(2,58,0,0,0),(2,59,0,0,0),(2,60,0,0,0),(2,61,0,0,0),(2,62,0,0,0),(2,63,0,0,0),(2,64,0,0,0),(2,66,0,0,0),(2,67,0,0,0),(2,68,0,0,0),(2,69,0,0,0),(2,75,0,0,0),(2,76,0,0,0),(2,77,0,0,0),(2,78,0,0,0),(2,80,0,0,0),(2,81,0,0,0),(2,82,0,0,0),(2,83,0,0,1),(2,84,0,0,1),(2,85,0,0,1),(2,86,0,0,1),(2,87,0,0,1),(2,88,0,0,1),(2,89,0,0,1),(2,90,0,0,1),(2,91,0,0,1),(2,92,0,0,1),(2,93,0,0,1),(2,94,0,0,1),(2,95,0,0,1),(3,1,1,1,1),(3,2,1,0,0),(3,3,1,0,0),(3,4,1,0,0),(3,5,1,0,0),(3,6,1,1,1),(3,7,1,0,0),(3,10,1,0,0),(3,12,1,0,0),(3,13,1,0,0),(3,14,1,0,0),(3,15,1,0,0),(3,16,1,0,0),(3,17,1,0,0),(3,18,1,0,0),(3,19,1,0,0),(3,20,1,1,1),(3,21,1,0,0),(3,22,1,0,0),(3,23,1,0,0),(3,24,1,0,0),(3,25,1,0,0),(3,26,1,0,0),(3,28,1,0,0),(3,29,1,0,0),(3,30,1,0,0),(3,31,1,0,0),(3,32,1,0,0),(3,33,1,0,0),(3,34,1,0,0),(3,35,1,0,0),(3,36,1,0,0),(3,39,1,0,0),(3,40,1,0,0),(3,41,1,0,0),(3,42,1,0,0),(3,43,1,0,0),(3,44,1,0,0),(3,45,1,0,0),(3,46,1,0,0),(3,47,1,0,0),(3,48,1,0,0),(3,49,1,0,0),(3,50,1,0,0),(3,51,1,0,0),(3,52,1,0,0),(3,53,1,0,0),(3,54,1,0,0),(3,55,1,0,0),(3,56,1,0,0),(3,57,1,0,0),(3,58,1,0,0),(3,59,1,0,0),(3,60,1,0,0),(3,61,1,0,0),(3,62,1,0,0),(3,63,1,0,0),(3,64,1,0,0),(3,66,1,0,0),(3,67,1,0,0),(3,68,1,0,0),(3,69,1,0,0),(3,75,1,0,0),(3,76,1,1,1),(3,77,1,0,0),(3,78,1,0,0),(3,80,1,0,0),(3,81,1,0,0),(3,82,1,0,0),(3,83,1,0,0),(3,84,1,0,0),(3,85,1,0,0),(3,86,1,0,0),(3,87,1,0,0),(3,88,1,0,0),(3,89,1,0,0),(3,90,1,0,0),(3,91,1,0,0),(3,92,1,0,0),(3,93,1,0,0),(3,94,1,0,0),(3,95,1,0,0),(4,1,1,1,0),(4,2,1,1,0),(4,3,1,1,0),(4,4,1,1,0),(4,5,1,1,0),(4,6,1,1,0),(4,7,1,1,0),(4,10,1,1,0),(4,12,1,1,0),(4,13,1,1,0),(4,14,1,1,0),(4,15,1,1,0),(4,16,1,1,0),(4,17,1,1,0),(4,18,1,1,0),(4,19,1,1,0),(4,20,1,1,0),(4,21,1,1,0),(4,22,1,1,0),(4,23,1,1,0),(4,24,1,1,0),(4,25,1,1,0),(4,26,1,1,0),(4,28,1,1,0),(4,29,1,1,0),(4,30,1,1,0),(4,31,1,1,0),(4,32,1,1,0),(4,33,1,1,0),(4,34,1,1,0),(4,35,1,1,0),(4,36,1,1,0),(4,39,1,1,0),(4,40,1,1,0),(4,41,1,1,0),(4,42,1,1,0),(4,43,1,1,0),(4,44,1,1,0),(4,45,1,1,0),(4,46,1,1,0),(4,47,1,1,0),(4,48,1,1,0),(4,49,1,1,0),(4,50,1,1,0),(4,51,1,1,0),(4,52,1,1,0),(4,53,1,1,0),(4,54,1,1,0),(4,55,1,1,0),(4,56,1,1,0),(4,57,1,1,0),(4,58,1,1,0),(4,59,1,1,0),(4,60,1,1,0),(4,61,1,1,0),(4,62,1,1,0),(4,63,1,1,0),(4,64,1,1,0),(4,66,1,1,0),(4,67,1,1,0),(4,68,1,1,0),(4,69,1,1,0),(4,75,1,1,0),(4,76,1,1,0),(4,77,1,1,0),(4,78,1,1,0),(4,80,1,1,0),(4,81,1,1,0),(4,82,1,1,0),(4,83,1,1,1),(4,84,1,1,1),(4,85,1,1,1),(4,86,1,1,1),(4,87,1,1,1),(4,88,1,1,1),(4,89,1,1,1),(4,90,1,1,1),(4,91,1,1,1),(4,92,1,1,1),(4,93,1,1,1),(4,94,1,1,1),(4,95,1,1,1);

--
-- Table structure for table `ps_module_country`
--

CREATE TABLE `ps_module_country` (
  `id_module` int(10) unsigned NOT NULL,
  `id_shop` int(11) unsigned NOT NULL DEFAULT '1',
  `id_country` int(10) unsigned NOT NULL,
  PRIMARY KEY (`id_module`,`id_shop`,`id_country`)
) ENGINE=InnoDB DEFAULT CHARSET=utf8;

--
-- Dumping data for table `ps_module_country`
--

INSERT INTO `ps_module_country` VALUES (3,1,1),(3,1,2),(3,1,3),(3,1,6),(3,1,7),(3,1,8),(3,1,9),(3,1,10),(3,1,12),(3,1,13),(3,1,14),(3,1,15),(3,1,16),(3,1,17),(3,1,18),(3,1,19),(3,1,20),(3,1,21),(3,1,26),(3,1,36),(3,1,37),(3,1,40),(3,1,76),(3,1,86),(3,1,96),(3,1,125),(3,1,130),(3,1,131),(3,1,139),(3,1,143),(3,1,148),(3,1,193),(3,1,216),(3,1,233),(3,1,236),(30,1,1),(30,1,2),(30,1,3),(30,1,6),(30,1,7),(30,1,8),(30,1,9),(30,1,10),(30,1,12),(30,1,13),(30,1,14),(30,1,15),(30,1,16),(30,1,17),(30,1,18),(30,1,19),(30,1,20),(30,1,21),(30,1,26),(30,1,36),(30,1,37),(30,1,40),(30,1,76),(30,1,86),(30,1,96),(30,1,125),(30,1,130),(30,1,131),(30,1,139),(30,1,143),(30,1,148),(30,1,193),(30,1,216),(30,1,233),(30,1,236),(92,1,1),(92,1,2),(92,1,3),(92,1,6),(92,1,7),(92,1,8),(92,1,9),(92,1,10),(92,1,12),(92,1,13),(92,1,14),(92,1,15),(92,1,16),(92,1,17),(92,1,18),(92,1,19),(92,1,20),(92,1,26),(92,1,36),(92,1,37),(92,1,40),(92,1,76),(92,1,86),(92,1,96),(92,1,125),(92,1,130),(92,1,131),(92,1,139),(92,1,143),(92,1,148),(92,1,193),(92,1,216),(92,1,233),(92,1,236),(95,1,1),(95,1,2),(95,1,3),(95,1,6),(95,1,7),(95,1,8),(95,1,9),(95,1,10),(95,1,12),(95,1,13),(95,1,14),(95,1,15),(95,1,16),(95,1,17),(95,1,18),(95,1,19),(95,1,20),(95,1,26),(95,1,36),(95,1,37),(95,1,40),(95,1,76),(95,1,86),(95,1,96),(95,1,125),(95,1,130),(95,1,131),(95,1,139),(95,1,143),(95,1,148),(95,1,193),(95,1,216),(95,1,233),(95,1,236);

--
-- Table structure for table `ps_module_currency`
--

CREATE TABLE `ps_module_currency` (
  `id_module` int(10) unsigned NOT NULL,
  `id_shop` int(11) unsigned NOT NULL DEFAULT '1',
  `id_currency` int(11) NOT NULL,
  PRIMARY KEY (`id_module`,`id_shop`,`id_currency`),
  KEY `id_module` (`id_module`)
) ENGINE=InnoDB DEFAULT CHARSET=utf8;

--
-- Dumping data for table `ps_module_currency`
--

INSERT INTO `ps_module_currency` VALUES (3,1,1),(30,1,1),(92,1,-2),(95,1,1),(95,1,2);

--
-- Table structure for table `ps_module_group`
--

CREATE TABLE `ps_module_group` (
  `id_module` int(10) unsigned NOT NULL,
  `id_shop` int(11) unsigned NOT NULL DEFAULT '1',
  `id_group` int(11) unsigned NOT NULL,
  PRIMARY KEY (`id_module`,`id_shop`,`id_group`)
) ENGINE=InnoDB DEFAULT CHARSET=utf8;

--
-- Dumping data for table `ps_module_group`
--

INSERT INTO `ps_module_group` VALUES (1,1,1),(1,1,2),(1,1,3),(1,1,4),(1,1,5),(2,1,1),(2,1,2),(2,1,3),(2,1,4),(2,1,5),(3,1,1),(3,1,2),(3,1,3),(3,1,4),(3,1,5),(4,1,1),(4,1,2),(4,1,3),(4,1,4),(4,1,5),(5,1,1),(5,1,2),(5,1,3),(5,1,4),(5,1,5),(6,1,1),(6,1,2),(6,1,3),(6,1,4),(6,1,5),(7,1,1),(7,1,2),(7,1,3),(7,1,4),(7,1,5),(10,1,1),(10,1,2),(10,1,3),(10,1,4),(10,1,5),(12,1,1),(12,1,2),(12,1,3),(12,1,4),(12,1,5),(13,1,1),(13,1,2),(13,1,3),(13,1,4),(13,1,5),(14,1,1),(14,1,2),(14,1,3),(14,1,4),(14,1,5),(15,1,1),(15,1,2),(15,1,3),(15,1,4),(15,1,5),(16,1,1),(16,1,2),(16,1,3),(16,1,4),(16,1,5),(17,1,1),(17,1,2),(17,1,3),(17,1,4),(17,1,5),(18,1,1),(18,1,2),(18,1,3),(18,1,4),(18,1,5),(19,1,1),(19,1,2),(19,1,3),(19,1,4),(19,1,5),(20,1,1),(20,1,2),(20,1,3),(20,1,4),(20,1,5),(21,1,1),(21,1,2),(21,1,3),(21,1,4),(21,1,5),(22,1,1),(22,1,2),(22,1,3),(22,1,4),(22,1,5),(23,1,1),(23,1,2),(23,1,3),(23,1,4),(23,1,5),(24,1,1),(24,1,2),(24,1,3),(24,1,4),(24,1,5),(25,1,1),(25,1,2),(25,1,3),(25,1,4),(25,1,5),(26,1,1),(26,1,2),(26,1,3),(26,1,4),(26,1,5),(28,1,1),(28,1,2),(28,1,3),(28,1,4),(28,1,5),(29,1,1),(29,1,2),(29,1,3),(29,1,4),(29,1,5),(30,1,1),(30,1,2),(30,1,3),(30,1,4),(30,1,5),(31,1,1),(31,1,2),(31,1,3),(31,1,4),(31,1,5),(32,1,1),(32,1,2),(32,1,3),(32,1,4),(32,1,5),(33,1,1),(33,1,2),(33,1,3),(33,1,4),(33,1,5),(34,1,1),(34,1,2),(34,1,3),(34,1,4),(34,1,5),(35,1,1),(35,1,2),(35,1,3),(35,1,4),(35,1,5),(36,1,1),(36,1,2),(36,1,3),(36,1,4),(36,1,5),(39,1,1),(39,1,2),(39,1,3),(39,1,4),(39,1,5),(40,1,1),(40,1,2),(40,1,3),(40,1,4),(40,1,5),(41,1,1),(41,1,2),(41,1,3),(41,1,4),(41,1,5),(42,1,1),(42,1,2),(42,1,3),(42,1,4),(42,1,5),(43,1,1),(43,1,2),(43,1,3),(43,1,4),(43,1,5),(44,1,1),(44,1,2),(44,1,3),(44,1,4),(44,1,5),(45,1,1),(45,1,2),(45,1,3),(45,1,4),(45,1,5),(46,1,1),(46,1,2),(46,1,3),(46,1,4),(46,1,5),(47,1,1),(47,1,2),(47,1,3),(47,1,4),(47,1,5),(48,1,1),(48,1,2),(48,1,3),(48,1,4),(48,1,5),(49,1,1),(49,1,2),(49,1,3),(49,1,4),(49,1,5),(50,1,1),(50,1,2),(50,1,3),(50,1,4),(50,1,5),(51,1,1),(51,1,2),(51,1,3),(51,1,4),(51,1,5),(52,1,1),(52,1,2),(52,1,3),(52,1,4),(52,1,5),(53,1,1),(53,1,2),(53,1,3),(53,1,4),(53,1,5),(54,1,1),(54,1,2),(54,1,3),(54,1,4),(54,1,5),(55,1,1),(55,1,2),(55,1,3),(55,1,4),(55,1,5),(56,1,1),(56,1,2),(56,1,3),(56,1,4),(56,1,5),(57,1,1),(57,1,2),(57,1,3),(57,1,4),(57,1,5),(58,1,1),(58,1,2),(58,1,3),(58,1,4),(58,1,5),(59,1,1),(59,1,2),(59,1,3),(59,1,4),(59,1,5),(60,1,1),(60,1,2),(60,1,3),(60,1,4),(60,1,5),(61,1,1),(61,1,2),(61,1,3),(61,1,4),(61,1,5),(62,1,1),(62,1,2),(62,1,3),(62,1,4),(62,1,5),(63,1,1),(63,1,2),(63,1,3),(63,1,4),(63,1,5),(64,1,1),(64,1,2),(64,1,3),(64,1,4),(64,1,5),(66,1,1),(66,1,2),(66,1,3),(66,1,4),(66,1,5),(67,1,1),(67,1,2),(67,1,3),(67,1,4),(67,1,5),(68,1,1),(68,1,2),(68,1,3),(68,1,4),(68,1,5),(69,1,1),(69,1,2),(69,1,3),(69,1,4),(69,1,5),(75,1,1),(75,1,2),(75,1,3),(75,1,4),(75,1,5),(76,1,1),(76,1,2),(76,1,3),(76,1,4),(76,1,5),(77,1,1),(77,1,2),(77,1,3),(77,1,4),(77,1,5),(78,1,1),(78,1,2),(78,1,3),(78,1,4),(78,1,5),(80,1,1),(80,1,2),(80,1,3),(80,1,4),(80,1,5),(81,1,1),(81,1,2),(81,1,3),(81,1,4),(81,1,5),(82,1,1),(82,1,2),(82,1,3),(82,1,4),(82,1,5),(83,1,1),(83,1,2),(83,1,3),(83,1,4),(83,1,5),(84,1,1),(84,1,2),(84,1,3),(84,1,4),(84,1,5),(85,1,1),(85,1,2),(85,1,3),(85,1,4),(85,1,5),(86,1,1),(86,1,2),(86,1,3),(86,1,4),(86,1,5),(87,1,1),(87,1,2),(87,1,3),(87,1,4),(87,1,5),(88,1,1),(88,1,2),(88,1,3),(88,1,4),(88,1,5),(89,1,1),(89,1,2),(89,1,3),(89,1,4),(89,1,5),(90,1,1),(90,1,2),(90,1,3),(90,1,4),(90,1,5),(91,1,1),(91,1,2),(91,1,3),(91,1,4),(91,1,5),(92,1,1),(92,1,2),(92,1,3),(92,1,4),(92,1,5),(93,1,1),(93,1,2),(93,1,3),(93,1,4),(93,1,5),(94,1,1),(94,1,2),(94,1,3),(94,1,4),(94,1,5),(95,1,1),(95,1,2),(95,1,3),(95,1,4),(95,1,5);

--
-- Table structure for table `ps_module_preference`
--

CREATE TABLE `ps_module_preference` (
  `id_module_preference` int(11) NOT NULL AUTO_INCREMENT,
  `id_employee` int(11) NOT NULL,
  `module` varchar(255) NOT NULL,
  `interest` tinyint(1) DEFAULT NULL,
  `favorite` tinyint(1) DEFAULT NULL,
  PRIMARY KEY (`id_module_preference`),
  UNIQUE KEY `employee_module` (`id_employee`,`module`)
) ENGINE=InnoDB AUTO_INCREMENT=23 DEFAULT CHARSET=utf8;

--
-- Dumping data for table `ps_module_preference`
--

INSERT INTO `ps_module_preference` VALUES (1,1,'blockrss',NULL,1),(2,1,'cheque',NULL,1),(3,1,'productcomments',NULL,1),(4,1,'editorial',NULL,1),(5,1,'feeder',NULL,1),(6,1,'themeconfigurator',NULL,1),(7,1,'ganalytics',NULL,1),(8,1,'gapi',NULL,1),(9,1,'gsitemap',NULL,1),(10,1,'leomanagewidgets',NULL,1),(11,1,'leocustomajax',NULL,1),(12,1,'blocktopmenu',NULL,1),(13,1,'autoupgrade',NULL,1),(14,1,'pscleaner',NULL,1),(15,1,'mondialrelay',NULL,1),(16,1,'leotempcp',NULL,1),(17,1,'socialsharing',NULL,1),(18,1,'paypal',NULL,1),(19,1,'favoriteproducts',NULL,1),(20,1,'homefeatured',NULL,1),(21,1,'bankwire',NULL,1),(22,1,'deluxecookies',NULL,1);

--
-- Table structure for table `ps_module_shop`
--

CREATE TABLE `ps_module_shop` (
  `id_module` int(11) unsigned NOT NULL,
  `id_shop` int(11) unsigned NOT NULL,
  `enable_device` tinyint(1) NOT NULL DEFAULT '7',
  PRIMARY KEY (`id_module`,`id_shop`),
  KEY `id_shop` (`id_shop`)
) ENGINE=InnoDB DEFAULT CHARSET=utf8;

--
-- Dumping data for table `ps_module_shop`
--

INSERT INTO `ps_module_shop` VALUES (1,1,7),(3,1,7),(4,1,7),(5,1,7),(6,1,7),(7,1,7),(10,1,7),(14,1,7),(15,1,7),(16,1,7),(17,1,7),(18,1,7),(19,1,7),(20,1,7),(22,1,7),(23,1,7),(24,1,7),(26,1,7),(28,1,7),(29,1,7),(30,1,7),(31,1,7),(32,1,7),(33,1,7),(34,1,7),(35,1,7),(36,1,7),(39,1,7),(40,1,7),(41,1,7),(42,1,7),(43,1,7),(44,1,7),(46,1,7),(47,1,7),(48,1,7),(49,1,7),(50,1,7),(51,1,7),(52,1,7),(53,1,7),(54,1,7),(55,1,7),(56,1,7),(57,1,7),(58,1,7),(59,1,7),(60,1,7),(61,1,7),(62,1,7),(63,1,7),(64,1,7),(66,1,7),(67,1,7),(68,1,7),(69,1,7),(75,1,7),(76,1,7),(77,1,3),(78,1,7),(80,1,7),(81,1,7),(82,1,7),(83,1,7),(84,1,7),(85,1,7),(87,1,7),(88,1,7),(89,1,7),(90,1,7),(91,1,7),(93,1,7),(94,1,7),(95,1,7);

--
-- Table structure for table `ps_modules_perfs`
--

CREATE TABLE `ps_modules_perfs` (
  `id_modules_perfs` int(11) unsigned NOT NULL AUTO_INCREMENT,
  `session` int(11) unsigned NOT NULL,
  `module` varchar(62) NOT NULL,
  `method` varchar(126) NOT NULL,
  `time_start` double unsigned NOT NULL,
  `time_end` double unsigned NOT NULL,
  `memory_start` int(10) unsigned NOT NULL,
  `memory_end` int(10) unsigned NOT NULL,
  PRIMARY KEY (`id_modules_perfs`),
  KEY `session` (`session`)
) ENGINE=InnoDB DEFAULT CHARSET=utf8;

--
-- Dumping data for table `ps_modules_perfs`
--


--
-- Table structure for table `ps_mr_history`
--

CREATE TABLE `ps_mr_history` (
  `id` int(10) unsigned NOT NULL AUTO_INCREMENT,
  `order` text NOT NULL,
  `exp` text NOT NULL,
  `url_a4` varchar(1000) NOT NULL,
  `url_a5` varchar(1000) NOT NULL,
  PRIMARY KEY (`id`)
) ENGINE=MyISAM DEFAULT CHARSET=utf8;

--
-- Dumping data for table `ps_mr_history`
--


--
-- Table structure for table `ps_mr_method`
--

CREATE TABLE `ps_mr_method` (
  `id_mr_method` int(10) unsigned NOT NULL AUTO_INCREMENT,
  `name` varchar(255) NOT NULL,
  `country_list` varchar(1000) NOT NULL,
  `col_mode` varchar(3) NOT NULL,
  `dlv_mode` varchar(3) NOT NULL,
  `insurance` varchar(3) NOT NULL DEFAULT '0',
  `id_carrier` int(10) NOT NULL,
  `is_deleted` int(10) NOT NULL,
  PRIMARY KEY (`id_mr_method`)
) ENGINE=MyISAM DEFAULT CHARSET=utf8;

--
-- Dumping data for table `ps_mr_method`
--


--
-- Table structure for table `ps_mr_method_shop`
--

CREATE TABLE `ps_mr_method_shop` (
  `id_mr_method_shop` int(10) unsigned NOT NULL AUTO_INCREMENT,
  `id_mr_method` int(10) unsigned NOT NULL,
  `id_shop` int(10) unsigned NOT NULL,
  PRIMARY KEY (`id_mr_method_shop`)
) ENGINE=MyISAM DEFAULT CHARSET=utf8;

--
-- Dumping data for table `ps_mr_method_shop`
--


--
-- Table structure for table `ps_mr_selected`
--

CREATE TABLE `ps_mr_selected` (
  `id_mr_selected` int(10) unsigned NOT NULL AUTO_INCREMENT,
  `id_customer` int(10) unsigned DEFAULT NULL,
  `id_method` int(10) unsigned DEFAULT NULL,
  `id_cart` int(10) unsigned DEFAULT NULL,
  `id_order` int(10) unsigned DEFAULT NULL,
  `MR_poids` varchar(7) DEFAULT NULL,
  `MR_insurance` int(11) NOT NULL DEFAULT '0',
  `MR_Selected_Num` varchar(6) DEFAULT NULL,
  `MR_Selected_LgAdr1` varchar(36) DEFAULT NULL,
  `MR_Selected_LgAdr2` varchar(36) DEFAULT NULL,
  `MR_Selected_LgAdr3` varchar(36) DEFAULT NULL,
  `MR_Selected_LgAdr4` varchar(36) DEFAULT NULL,
  `MR_Selected_CP` varchar(10) DEFAULT NULL,
  `MR_Selected_Ville` varchar(32) DEFAULT NULL,
  `MR_Selected_Pays` varchar(2) DEFAULT NULL,
  `url_suivi` varchar(1000) DEFAULT NULL,
  `url_etiquette` varchar(1000) DEFAULT NULL,
  `exp_number` varchar(8) DEFAULT NULL,
  `date_add` datetime NOT NULL,
  `date_upd` datetime NOT NULL,
  PRIMARY KEY (`id_mr_selected`)
) ENGINE=MyISAM DEFAULT CHARSET=utf8;

--
-- Dumping data for table `ps_mr_selected`
--


--
-- Table structure for table `ps_newsletter`
--

CREATE TABLE `ps_newsletter` (
  `id` int(6) NOT NULL AUTO_INCREMENT,
  `id_shop` int(10) unsigned NOT NULL DEFAULT '1',
  `id_shop_group` int(10) unsigned NOT NULL DEFAULT '1',
  `email` varchar(255) NOT NULL,
  `newsletter_date_add` datetime DEFAULT NULL,
  `ip_registration_newsletter` varchar(15) NOT NULL,
  `http_referer` varchar(255) DEFAULT NULL,
  `active` tinyint(1) NOT NULL DEFAULT '0',
  PRIMARY KEY (`id`)
) ENGINE=InnoDB AUTO_INCREMENT=5 DEFAULT CHARSET=utf8;

--
-- Dumping data for table `ps_newsletter`
--

INSERT INTO `ps_newsletter` VALUES (1,1,1,'adfas@afdf.com','2014-09-10 11:25:53','::1',NULL,1),(2,1,1,'a@a.ac','2014-09-11 09:27:28','192.168.100.35',NULL,1),(3,1,1,'t@gmail.com','2015-07-31 15:58:18','::1',NULL,1),(4,1,1,'ta@gmail.com','2015-08-29 09:40:27','::1',NULL,1);

--
-- Table structure for table `ps_operating_system`
--

CREATE TABLE `ps_operating_system` (
  `id_operating_system` int(10) unsigned NOT NULL AUTO_INCREMENT,
  `name` varchar(64) DEFAULT NULL,
  PRIMARY KEY (`id_operating_system`)
) ENGINE=InnoDB AUTO_INCREMENT=8 DEFAULT CHARSET=utf8;

--
-- Dumping data for table `ps_operating_system`
--

INSERT INTO `ps_operating_system` VALUES (1,'Windows XP'),(2,'Windows Vista'),(3,'Windows 7'),(4,'Windows 8'),(5,'MacOsX'),(6,'Linux'),(7,'Android');

--
-- Table structure for table `ps_order_carrier`
--

CREATE TABLE `ps_order_carrier` (
  `id_order_carrier` int(11) NOT NULL AUTO_INCREMENT,
  `id_order` int(11) unsigned NOT NULL,
  `id_carrier` int(11) unsigned NOT NULL,
  `id_order_invoice` int(11) unsigned DEFAULT NULL,
  `weight` decimal(20,6) DEFAULT NULL,
  `shipping_cost_tax_excl` decimal(20,6) DEFAULT NULL,
  `shipping_cost_tax_incl` decimal(20,6) DEFAULT NULL,
  `tracking_number` varchar(64) DEFAULT NULL,
  `date_add` datetime NOT NULL,
  PRIMARY KEY (`id_order_carrier`),
  KEY `id_order` (`id_order`),
  KEY `id_carrier` (`id_carrier`),
  KEY `id_order_invoice` (`id_order_invoice`)
) ENGINE=InnoDB AUTO_INCREMENT=6 DEFAULT CHARSET=utf8;

--
-- Dumping data for table `ps_order_carrier`
--

INSERT INTO `ps_order_carrier` VALUES (4,4,9,4,0.000000,0.000000,0.000000,'','2016-04-25 18:16:52'),(5,5,9,5,0.000000,0.000000,0.000000,'','2016-05-02 15:14:46');

--
-- Table structure for table `ps_order_cart_rule`
--

CREATE TABLE `ps_order_cart_rule` (
  `id_order_cart_rule` int(10) unsigned NOT NULL AUTO_INCREMENT,
  `id_order` int(10) unsigned NOT NULL,
  `id_cart_rule` int(10) unsigned NOT NULL,
  `id_order_invoice` int(10) unsigned DEFAULT '0',
  `name` varchar(254) NOT NULL,
  `value` decimal(17,2) NOT NULL DEFAULT '0.00',
  `value_tax_excl` decimal(17,2) NOT NULL DEFAULT '0.00',
  `free_shipping` tinyint(1) NOT NULL DEFAULT '0',
  PRIMARY KEY (`id_order_cart_rule`),
  KEY `id_order` (`id_order`),
  KEY `id_cart_rule` (`id_cart_rule`)
) ENGINE=InnoDB AUTO_INCREMENT=5 DEFAULT CHARSET=utf8;

--
-- Dumping data for table `ps_order_cart_rule`
--

INSERT INTO `ps_order_cart_rule` VALUES (1,1,1,1,'TRY HARD',10.00,8.33,1),(2,2,1,2,'TRY HARD',10.00,8.33,1),(4,5,1,5,'TRY HARD',10.00,8.33,1);

--
-- Table structure for table `ps_order_detail`
--

CREATE TABLE `ps_order_detail` (
  `id_order_detail` int(10) unsigned NOT NULL AUTO_INCREMENT,
  `id_order` int(10) unsigned NOT NULL,
  `id_order_invoice` int(11) DEFAULT NULL,
  `id_warehouse` int(10) unsigned DEFAULT '0',
  `id_shop` int(11) unsigned NOT NULL,
  `product_id` int(10) unsigned NOT NULL,
  `product_attribute_id` int(10) unsigned DEFAULT NULL,
  `product_name` varchar(255) NOT NULL,
  `product_quantity` int(10) unsigned NOT NULL DEFAULT '0',
  `product_quantity_in_stock` int(10) NOT NULL DEFAULT '0',
  `product_quantity_refunded` int(10) unsigned NOT NULL DEFAULT '0',
  `product_quantity_return` int(10) unsigned NOT NULL DEFAULT '0',
  `product_quantity_reinjected` int(10) unsigned NOT NULL DEFAULT '0',
  `product_price` decimal(20,6) NOT NULL DEFAULT '0.000000',
  `reduction_percent` decimal(10,2) NOT NULL DEFAULT '0.00',
  `reduction_amount` decimal(20,6) NOT NULL DEFAULT '0.000000',
  `reduction_amount_tax_incl` decimal(20,6) NOT NULL DEFAULT '0.000000',
  `reduction_amount_tax_excl` decimal(20,6) NOT NULL DEFAULT '0.000000',
  `group_reduction` decimal(10,2) NOT NULL DEFAULT '0.00',
  `product_quantity_discount` decimal(20,6) NOT NULL DEFAULT '0.000000',
  `product_ean13` varchar(13) DEFAULT NULL,
  `product_upc` varchar(12) DEFAULT NULL,
  `product_reference` varchar(32) DEFAULT NULL,
  `product_supplier_reference` varchar(32) DEFAULT NULL,
  `product_weight` decimal(20,6) NOT NULL,
  `id_tax_rules_group` int(11) unsigned DEFAULT '0',
  `tax_computation_method` tinyint(1) unsigned NOT NULL DEFAULT '0',
  `tax_name` varchar(16) NOT NULL,
  `tax_rate` decimal(10,3) NOT NULL DEFAULT '0.000',
  `ecotax` decimal(21,6) NOT NULL DEFAULT '0.000000',
  `ecotax_tax_rate` decimal(5,3) NOT NULL DEFAULT '0.000',
  `discount_quantity_applied` tinyint(1) NOT NULL DEFAULT '0',
  `download_hash` varchar(255) DEFAULT NULL,
  `download_nb` int(10) unsigned DEFAULT '0',
  `download_deadline` datetime DEFAULT NULL,
  `total_price_tax_incl` decimal(20,6) NOT NULL DEFAULT '0.000000',
  `total_price_tax_excl` decimal(20,6) NOT NULL DEFAULT '0.000000',
  `unit_price_tax_incl` decimal(20,6) NOT NULL DEFAULT '0.000000',
  `unit_price_tax_excl` decimal(20,6) NOT NULL DEFAULT '0.000000',
  `total_shipping_price_tax_incl` decimal(20,6) NOT NULL DEFAULT '0.000000',
  `total_shipping_price_tax_excl` decimal(20,6) NOT NULL DEFAULT '0.000000',
  `purchase_supplier_price` decimal(20,6) NOT NULL DEFAULT '0.000000',
  `original_product_price` decimal(20,6) NOT NULL DEFAULT '0.000000',
  `original_wholesale_price` decimal(20,6) NOT NULL DEFAULT '0.000000',
  PRIMARY KEY (`id_order_detail`),
  KEY `order_detail_order` (`id_order`),
  KEY `product_id` (`product_id`),
  KEY `product_attribute_id` (`product_attribute_id`),
  KEY `id_order_id_order_detail` (`id_order`,`id_order_detail`),
  KEY `id_tax_rules_group` (`id_tax_rules_group`)
) ENGINE=InnoDB AUTO_INCREMENT=6 DEFAULT CHARSET=utf8;

--
-- Dumping data for table `ps_order_detail`
--

INSERT INTO `ps_order_detail` VALUES (4,4,4,0,1,11,55,'Hook city gang - Size : L, Color : Black',1,-1,0,0,0,18.333333,0.00,0.000000,0.000000,0.000000,0.00,0.000000,'','','0002','',0.000000,1,1,'',0.000,0.000000,0.000,0,'',0,'0000-00-00 00:00:00',22.000000,18.330000,22.000000,18.333333,0.000000,0.000000,4.950000,8.000000,4.950000),(5,5,5,0,1,24,57,'Uncle Ramus - Size : L, Color : Black',1,0,0,0,0,18.333333,0.00,0.000000,0.000000,0.000000,0.00,0.000000,'','','0005','',0.000000,1,1,'',0.000,0.000000,0.000,0,'',0,'0000-00-00 00:00:00',22.000000,18.330000,22.000000,18.333333,0.000000,0.000000,4.950000,8.000000,4.950000);

--
-- Table structure for table `ps_order_detail_tax`
--

CREATE TABLE `ps_order_detail_tax` (
  `id_order_detail` int(11) NOT NULL,
  `id_tax` int(11) NOT NULL,
  `unit_amount` decimal(16,6) NOT NULL DEFAULT '0.000000',
  `total_amount` decimal(16,6) NOT NULL DEFAULT '0.000000',
  KEY `id_order_detail` (`id_order_detail`),
  KEY `id_tax` (`id_tax`)
) ENGINE=InnoDB DEFAULT CHARSET=utf8;

--
-- Dumping data for table `ps_order_detail_tax`
--

INSERT INTO `ps_order_detail_tax` VALUES (1,1,2.000000,2.000000),(2,1,2.000000,2.000000),(3,1,3.666667,3.670000),(4,1,2.000364,2.000000),(5,1,2.000364,2.000000);

--
-- Table structure for table `ps_order_history`
--

CREATE TABLE `ps_order_history` (
  `id_order_history` int(10) unsigned NOT NULL AUTO_INCREMENT,
  `id_employee` int(10) unsigned NOT NULL,
  `id_order` int(10) unsigned NOT NULL,
  `id_order_state` int(10) unsigned NOT NULL,
  `date_add` datetime NOT NULL,
  PRIMARY KEY (`id_order_history`),
  KEY `order_history_order` (`id_order`),
  KEY `id_employee` (`id_employee`),
  KEY `id_order_state` (`id_order_state`)
) ENGINE=InnoDB AUTO_INCREMENT=9 DEFAULT CHARSET=utf8;

--
-- Dumping data for table `ps_order_history`
--

INSERT INTO `ps_order_history` VALUES (5,0,4,3,'2016-04-25 18:16:53'),(6,0,5,3,'2016-05-02 15:14:47'),(7,3,5,5,'2016-05-02 15:15:08'),(8,3,4,5,'2016-05-02 15:23:25');

--
-- Table structure for table `ps_order_invoice`
--

CREATE TABLE `ps_order_invoice` (
  `id_order_invoice` int(11) unsigned NOT NULL AUTO_INCREMENT,
  `id_order` int(11) NOT NULL,
  `number` int(11) NOT NULL,
  `delivery_number` int(11) NOT NULL,
  `delivery_date` datetime DEFAULT NULL,
  `total_discount_tax_excl` decimal(20,6) NOT NULL DEFAULT '0.000000',
  `total_discount_tax_incl` decimal(20,6) NOT NULL DEFAULT '0.000000',
  `total_paid_tax_excl` decimal(20,6) NOT NULL DEFAULT '0.000000',
  `total_paid_tax_incl` decimal(20,6) NOT NULL DEFAULT '0.000000',
  `total_products` decimal(20,6) NOT NULL DEFAULT '0.000000',
  `total_products_wt` decimal(20,6) NOT NULL DEFAULT '0.000000',
  `total_shipping_tax_excl` decimal(20,6) NOT NULL DEFAULT '0.000000',
  `total_shipping_tax_incl` decimal(20,6) NOT NULL DEFAULT '0.000000',
  `shipping_tax_computation_method` int(10) unsigned NOT NULL,
  `total_wrapping_tax_excl` decimal(20,6) NOT NULL DEFAULT '0.000000',
  `total_wrapping_tax_incl` decimal(20,6) NOT NULL DEFAULT '0.000000',
  `shop_address` text,
  `invoice_address` text,
  `delivery_address` text,
  `company_address` text,
  `note` text,
  `date_add` datetime NOT NULL,
  PRIMARY KEY (`id_order_invoice`),
  KEY `id_order` (`id_order`)
) ENGINE=InnoDB AUTO_INCREMENT=6 DEFAULT CHARSET=utf8;

--
-- Dumping data for table `ps_order_invoice`
--

INSERT INTO `ps_order_invoice` VALUES (4,4,4,4,'2016-04-25 18:16:53',0.000000,0.000000,18.330000,22.000000,18.330000,22.000000,0.000000,0.000000,0,0.000000,0.000000,'HEURE-DU-TEE<br />14, Rue Édouard Richard<br />68000 Colmar<br />France<br />03 89 41 76 70','Misha Misha<br />34<br />67000 Strasbourg<br />France','Misha Misha<br />34<br />67000 Strasbourg<br />France',NULL,'','2016-04-25 18:16:53'),(5,5,5,5,'2016-05-02 15:14:46',8.330000,10.000000,10.000000,12.000000,18.330000,22.000000,0.000000,0.000000,0,0.000000,0.000000,'HEURE-DU-TEE<br />14, Rue Édouard Richard<br />68000 Colmar<br />France<br />03 89 41 76 70','Jessy Shedid<br />10 Rue du fun<br />68111 kolmar<br />France','Jessy Shedid<br />10 Rue du fun<br />68111 kolmar<br />France',NULL,'','2016-05-02 15:14:46');

--
-- Table structure for table `ps_order_invoice_payment`
--

CREATE TABLE `ps_order_invoice_payment` (
  `id_order_invoice` int(11) unsigned NOT NULL,
  `id_order_payment` int(11) unsigned NOT NULL,
  `id_order` int(11) unsigned NOT NULL,
  PRIMARY KEY (`id_order_invoice`,`id_order_payment`),
  KEY `order_payment` (`id_order_payment`),
  KEY `id_order` (`id_order`)
) ENGINE=InnoDB DEFAULT CHARSET=utf8;

--
-- Dumping data for table `ps_order_invoice_payment`
--

INSERT INTO `ps_order_invoice_payment` VALUES (1,1,1),(2,2,2),(3,3,3),(4,4,4),(4,6,4),(5,5,5);

--
-- Table structure for table `ps_order_invoice_tax`
--

CREATE TABLE `ps_order_invoice_tax` (
  `id_order_invoice` int(11) NOT NULL,
  `type` varchar(15) NOT NULL,
  `id_tax` int(11) NOT NULL,
  `amount` decimal(10,6) NOT NULL DEFAULT '0.000000',
  KEY `id_tax` (`id_tax`)
) ENGINE=InnoDB DEFAULT CHARSET=utf8;

--
-- Dumping data for table `ps_order_invoice_tax`
--


--
-- Table structure for table `ps_order_message`
--

CREATE TABLE `ps_order_message` (
  `id_order_message` int(10) unsigned NOT NULL AUTO_INCREMENT,
  `date_add` datetime NOT NULL,
  PRIMARY KEY (`id_order_message`)
) ENGINE=InnoDB DEFAULT CHARSET=utf8;

--
-- Dumping data for table `ps_order_message`
--


--
-- Table structure for table `ps_order_message_lang`
--

CREATE TABLE `ps_order_message_lang` (
  `id_order_message` int(10) unsigned NOT NULL,
  `id_lang` int(10) unsigned NOT NULL,
  `name` varchar(128) NOT NULL,
  `message` text NOT NULL,
  PRIMARY KEY (`id_order_message`,`id_lang`)
) ENGINE=InnoDB DEFAULT CHARSET=utf8;

--
-- Dumping data for table `ps_order_message_lang`
--


--
-- Table structure for table `ps_order_payment`
--

CREATE TABLE `ps_order_payment` (
  `id_order_payment` int(11) NOT NULL AUTO_INCREMENT,
  `order_reference` varchar(9) DEFAULT NULL,
  `id_currency` int(10) unsigned NOT NULL,
  `amount` decimal(10,2) NOT NULL,
  `payment_method` varchar(255) NOT NULL,
  `conversion_rate` decimal(13,6) NOT NULL DEFAULT '1.000000',
  `transaction_id` varchar(254) DEFAULT NULL,
  `card_number` varchar(254) DEFAULT NULL,
  `card_brand` varchar(254) DEFAULT NULL,
  `card_expiration` char(7) DEFAULT NULL,
  `card_holder` varchar(254) DEFAULT NULL,
  `date_add` datetime NOT NULL,
  PRIMARY KEY (`id_order_payment`),
  KEY `order_reference` (`order_reference`)
) ENGINE=InnoDB AUTO_INCREMENT=7 DEFAULT CHARSET=utf8;

--
-- Dumping data for table `ps_order_payment`
--

INSERT INTO `ps_order_payment` VALUES (1,'BJCNDVDMO',2,12.00,'Cash on delivery (COD)',1.000000,'','','','','','2016-04-25 02:28:54'),(2,'WMSIDAKLJ',2,12.00,'Cash on delivery (COD)',1.000000,'','','','','','2016-04-25 02:32:19'),(3,'VQCEIRUMG',2,22.00,'Cash on delivery (COD)',1.000000,'','','','','','2016-04-25 02:46:31'),(4,'HCJHPPDOP',2,12.00,'Cash on delivery (COD)',1.000000,'','','','','','2016-04-25 18:16:52'),(5,'PTLNPMXMM',2,12.00,'Cash on delivery (COD)',1.000000,'','','','','','2016-05-02 15:14:46'),(6,'HCJHPPDOP',2,10.00,'Cash on delivery (COD)',1.000000,'','','','','','2016-05-02 15:23:25');

--
-- Table structure for table `ps_order_return`
--

CREATE TABLE `ps_order_return` (
  `id_order_return` int(10) unsigned NOT NULL AUTO_INCREMENT,
  `id_customer` int(10) unsigned NOT NULL,
  `id_order` int(10) unsigned NOT NULL,
  `state` tinyint(1) unsigned NOT NULL DEFAULT '1',
  `question` text NOT NULL,
  `date_add` datetime NOT NULL,
  `date_upd` datetime NOT NULL,
  PRIMARY KEY (`id_order_return`),
  KEY `order_return_customer` (`id_customer`),
  KEY `id_order` (`id_order`)
) ENGINE=InnoDB DEFAULT CHARSET=utf8;

--
-- Dumping data for table `ps_order_return`
--


--
-- Table structure for table `ps_order_return_detail`
--

CREATE TABLE `ps_order_return_detail` (
  `id_order_return` int(10) unsigned NOT NULL,
  `id_order_detail` int(10) unsigned NOT NULL,
  `id_customization` int(10) unsigned NOT NULL DEFAULT '0',
  `product_quantity` int(10) unsigned NOT NULL DEFAULT '0',
  PRIMARY KEY (`id_order_return`,`id_order_detail`,`id_customization`)
) ENGINE=InnoDB DEFAULT CHARSET=utf8;

--
-- Dumping data for table `ps_order_return_detail`
--


--
-- Table structure for table `ps_order_return_state`
--

CREATE TABLE `ps_order_return_state` (
  `id_order_return_state` int(10) unsigned NOT NULL AUTO_INCREMENT,
  `color` varchar(32) DEFAULT NULL,
  PRIMARY KEY (`id_order_return_state`)
) ENGINE=InnoDB AUTO_INCREMENT=6 DEFAULT CHARSET=utf8;

--
-- Dumping data for table `ps_order_return_state`
--

INSERT INTO `ps_order_return_state` VALUES (1,'RoyalBlue'),(2,'BlueViolet'),(3,'LimeGreen'),(4,'Crimson'),(5,'#108510');

--
-- Table structure for table `ps_order_return_state_lang`
--

CREATE TABLE `ps_order_return_state_lang` (
  `id_order_return_state` int(10) unsigned NOT NULL,
  `id_lang` int(10) unsigned NOT NULL,
  `name` varchar(64) NOT NULL,
  PRIMARY KEY (`id_order_return_state`,`id_lang`)
) ENGINE=InnoDB DEFAULT CHARSET=utf8;

--
-- Dumping data for table `ps_order_return_state_lang`
--

INSERT INTO `ps_order_return_state_lang` VALUES (1,1,'Waiting for confirmation'),(1,2,'Waiting for confirmation'),(1,3,'Waiting for confirmation'),(1,4,'Waiting for confirmation'),(1,5,'Waiting for confirmation'),(1,6,'Waiting for confirmation'),(1,7,'Waiting for confirmation'),(1,8,'Waiting for confirmation'),(1,9,'Waiting for confirmation'),(2,1,'Waiting for package'),(2,2,'Waiting for package'),(2,3,'Waiting for package'),(2,4,'Waiting for package'),(2,5,'Waiting for package'),(2,6,'Waiting for package'),(2,7,'Waiting for package'),(2,8,'Waiting for package'),(2,9,'Waiting for package'),(3,1,'Package received'),(3,2,'Package received'),(3,3,'Package received'),(3,4,'Package received'),(3,5,'Package received'),(3,6,'Package received'),(3,7,'Package received'),(3,8,'Package received'),(3,9,'Package received'),(4,1,'Return denied'),(4,2,'Return denied'),(4,3,'Return denied'),(4,4,'Return denied'),(4,5,'Return denied'),(4,6,'Return denied'),(4,7,'Return denied'),(4,8,'Return denied'),(4,9,'Return denied'),(5,1,'Return completed'),(5,2,'Return completed'),(5,3,'Return completed'),(5,4,'Return completed'),(5,5,'Return completed'),(5,6,'Return completed'),(5,7,'Return completed'),(5,8,'Return completed'),(5,9,'Return completed');

--
-- Table structure for table `ps_order_slip`
--

CREATE TABLE `ps_order_slip` (
  `id_order_slip` int(10) unsigned NOT NULL AUTO_INCREMENT,
  `conversion_rate` decimal(13,6) NOT NULL DEFAULT '1.000000',
  `id_customer` int(10) unsigned NOT NULL,
  `id_order` int(10) unsigned NOT NULL,
  `total_products_tax_excl` decimal(20,6) DEFAULT NULL,
  `total_products_tax_incl` decimal(20,6) DEFAULT NULL,
  `total_shipping_tax_excl` decimal(20,6) DEFAULT NULL,
  `total_shipping_tax_incl` decimal(20,6) DEFAULT NULL,
  `shipping_cost` tinyint(3) unsigned NOT NULL DEFAULT '0',
  `amount` decimal(10,2) NOT NULL,
  `shipping_cost_amount` decimal(10,2) NOT NULL,
  `partial` tinyint(1) NOT NULL,
  `order_slip_type` tinyint(1) NOT NULL DEFAULT '0',
  `date_add` datetime NOT NULL,
  `date_upd` datetime NOT NULL,
  PRIMARY KEY (`id_order_slip`),
  KEY `order_slip_customer` (`id_customer`),
  KEY `id_order` (`id_order`)
) ENGINE=InnoDB DEFAULT CHARSET=utf8;

--
-- Dumping data for table `ps_order_slip`
--


--
-- Table structure for table `ps_order_slip_detail`
--

CREATE TABLE `ps_order_slip_detail` (
  `id_order_slip` int(10) unsigned NOT NULL,
  `id_order_detail` int(10) unsigned NOT NULL,
  `product_quantity` int(10) unsigned NOT NULL DEFAULT '0',
  `unit_price_tax_excl` decimal(20,6) DEFAULT NULL,
  `unit_price_tax_incl` decimal(20,6) DEFAULT NULL,
  `total_price_tax_excl` decimal(20,6) DEFAULT NULL,
  `total_price_tax_incl` decimal(20,6) DEFAULT NULL,
  `amount_tax_excl` decimal(20,6) DEFAULT NULL,
  `amount_tax_incl` decimal(20,6) DEFAULT NULL,
  PRIMARY KEY (`id_order_slip`,`id_order_detail`)
) ENGINE=InnoDB DEFAULT CHARSET=utf8;

--
-- Dumping data for table `ps_order_slip_detail`
--


--
-- Table structure for table `ps_order_slip_detail_tax`
--

CREATE TABLE `ps_order_slip_detail_tax` (
  `id_order_slip_detail` int(11) unsigned NOT NULL,
  `id_tax` int(11) unsigned NOT NULL,
  `unit_amount` decimal(16,6) NOT NULL DEFAULT '0.000000',
  `total_amount` decimal(16,6) NOT NULL DEFAULT '0.000000',
  KEY `id_order_slip_detail` (`id_order_slip_detail`),
  KEY `id_tax` (`id_tax`)
) ENGINE=InnoDB DEFAULT CHARSET=utf8;

--
-- Dumping data for table `ps_order_slip_detail_tax`
--


--
-- Table structure for table `ps_order_state`
--

CREATE TABLE `ps_order_state` (
  `id_order_state` int(10) unsigned NOT NULL AUTO_INCREMENT,
  `invoice` tinyint(1) unsigned DEFAULT '0',
  `send_email` tinyint(1) unsigned NOT NULL DEFAULT '0',
  `module_name` varchar(255) DEFAULT NULL,
  `color` varchar(32) DEFAULT NULL,
  `unremovable` tinyint(1) unsigned NOT NULL,
  `hidden` tinyint(1) unsigned NOT NULL DEFAULT '0',
  `logable` tinyint(1) NOT NULL DEFAULT '0',
  `delivery` tinyint(1) unsigned NOT NULL DEFAULT '0',
  `shipped` tinyint(1) unsigned NOT NULL DEFAULT '0',
  `paid` tinyint(1) unsigned NOT NULL DEFAULT '0',
  `pdf_delivery` tinyint(1) unsigned NOT NULL DEFAULT '0',
  `pdf_invoice` tinyint(1) unsigned NOT NULL DEFAULT '0',
  `deleted` tinyint(1) unsigned NOT NULL DEFAULT '0',
  PRIMARY KEY (`id_order_state`),
  KEY `module_name` (`module_name`)
) ENGINE=InnoDB AUTO_INCREMENT=16 DEFAULT CHARSET=utf8;

--
-- Dumping data for table `ps_order_state`
--

INSERT INTO `ps_order_state` VALUES (1,0,1,'cheque','RoyalBlue',1,0,0,0,0,0,0,0,0),(2,1,1,'','LimeGreen',1,0,1,0,0,1,0,1,0),(3,1,1,'','DarkOrange',1,0,1,1,0,1,0,0,0),(4,1,1,'','BlueViolet',1,0,1,1,1,1,1,0,0),(5,1,0,'','#108510',1,0,1,1,1,1,1,0,0),(6,0,1,'','Crimson',1,0,0,0,0,0,0,0,0),(7,1,1,'','#ec2e15',1,0,0,0,0,0,0,0,0),(8,0,1,'','#8f0621',1,0,0,0,0,0,0,0,0),(9,1,1,'','HotPink',1,0,0,0,0,1,0,0,0),(10,0,1,'bankwire','RoyalBlue',1,0,0,0,0,0,0,0,0),(11,0,1,'','RoyalBlue',1,0,0,0,0,0,0,0,0),(12,1,1,'','LimeGreen',1,0,1,0,0,1,0,1,0),(13,0,1,'','#FF69B4',1,0,0,0,0,0,0,0,0),(14,0,0,'cashondelivery','#4169E1',1,0,0,0,0,0,0,0,0),(15,1,0,'','#DDEEFF',0,0,1,0,0,0,0,0,0);

--
-- Table structure for table `ps_order_state_lang`
--

CREATE TABLE `ps_order_state_lang` (
  `id_order_state` int(10) unsigned NOT NULL,
  `id_lang` int(10) unsigned NOT NULL,
  `name` varchar(64) NOT NULL,
  `template` varchar(64) NOT NULL,
  PRIMARY KEY (`id_order_state`,`id_lang`)
) ENGINE=InnoDB DEFAULT CHARSET=utf8;

--
-- Dumping data for table `ps_order_state_lang`
--

INSERT INTO `ps_order_state_lang` VALUES (1,1,'Awaiting cheque payment','cheque'),(1,2,'En attente paiement par chèque','cheque'),(1,3,'Awaiting cheque payment','cheque'),(1,4,'Awaiting cheque payment','cheque'),(1,5,'Awaiting cheque payment','cheque'),(1,6,'Awaiting cheque payment','cheque'),(1,7,'Awaiting cheque payment','cheque'),(1,8,'Awaiting cheque payment','cheque'),(1,9,'Awaiting cheque payment','cheque'),(2,1,'Payment accepted','payment'),(2,2,'Paiement accepté','payment'),(2,3,'Payment accepted','payment'),(2,4,'Payment accepted','payment'),(2,5,'Payment accepted','payment'),(2,6,'Payment accepted','payment'),(2,7,'Payment accepted','payment'),(2,8,'Payment accepted','payment'),(2,9,'Payment accepted','payment'),(3,1,'Preparation in progress','preparation'),(3,2,'Préparation en cours','preparation'),(3,3,'Preparation in progress','preparation'),(3,4,'Preparation in progress','preparation'),(3,5,'Preparation in progress','preparation'),(3,6,'Preparation in progress','preparation'),(3,7,'Preparation in progress','preparation'),(3,8,'Preparation in progress','preparation'),(3,9,'Preparation in progress','preparation'),(4,1,'Shipped','shipped'),(4,2,'Expédié','shipped'),(4,3,'Shipped','shipped'),(4,4,'Shipped','shipped'),(4,5,'Shipped','shipped'),(4,6,'Shipped','shipped'),(4,7,'Shipped','shipped'),(4,8,'Shipped','shipped'),(4,9,'Shipped','shipped'),(5,1,'Delivered',''),(5,2,'Livré',''),(5,3,'Delivered',''),(5,4,'Delivered',''),(5,5,'Delivered',''),(5,6,'Delivered',''),(5,7,'Delivered',''),(5,8,'Delivered',''),(5,9,'Delivered',''),(6,1,'Canceled','order_canceled'),(6,2,'Annulé','order_canceled'),(6,3,'Canceled','order_canceled'),(6,4,'Canceled','order_canceled'),(6,5,'Canceled','order_canceled'),(6,6,'Canceled','order_canceled'),(6,7,'Canceled','order_canceled'),(6,8,'Canceled','order_canceled'),(6,9,'Canceled','order_canceled'),(7,1,'Refund','refund'),(7,2,'Remboursement','refund'),(7,3,'Refund','refund'),(7,4,'Refund','refund'),(7,5,'Refund','refund'),(7,6,'Refund','refund'),(7,7,'Refund','refund'),(7,8,'Refund','refund'),(7,9,'Refund','refund'),(8,1,'Payment error','payment_error'),(8,2,'Erreur de paiement','payment_error'),(8,3,'Payment error','payment_error'),(8,4,'Payment error','payment_error'),(8,5,'Payment error','payment_error'),(8,6,'Payment error','payment_error'),(8,7,'Payment error','payment_error'),(8,8,'Payment error','payment_error'),(8,9,'Payment error','payment_error'),(9,1,'On backorder','outofstock'),(9,2,'En rupture de stock','outofstock'),(9,3,'On backorder','outofstock'),(9,4,'On backorder','outofstock'),(9,5,'On backorder','outofstock'),(9,6,'On backorder','outofstock'),(9,7,'On backorder','outofstock'),(9,8,'On backorder','outofstock'),(9,9,'On backorder','outofstock'),(10,1,'Awaiting bank wire payment','bankwire'),(10,2,'En attente de paiement par virement bancaire','bankwire'),(10,3,'Awaiting bank wire payment','bankwire'),(10,4,'Awaiting bank wire payment','bankwire'),(10,5,'Awaiting bank wire payment','bankwire'),(10,6,'Awaiting bank wire payment','bankwire'),(10,7,'Awaiting bank wire payment','bankwire'),(10,8,'Awaiting bank wire payment','bankwire'),(10,9,'Awaiting bank wire payment','bankwire'),(11,1,'Awaiting PayPal payment','account'),(11,2,'En attente de paiement PayPal','paypal_awating'),(11,3,'Awaiting PayPal payment','account'),(11,4,'Awaiting PayPal payment',''),(11,5,'Awaiting PayPal payment',''),(11,6,'Awaiting PayPal payment',''),(11,7,'Awaiting PayPal payment',''),(11,8,'Awaiting PayPal payment',''),(11,9,'Awaiting PayPal payment',''),(12,1,'Remote payment accepted','payment'),(12,2,'Paiement à distance acceptée','payment'),(12,3,'Remote payment accepted','payment'),(12,4,'Remote payment accepted','payment'),(12,5,'Remote payment accepted','payment'),(12,6,'Remote payment accepted','payment'),(12,7,'Remote payment accepted','payment'),(12,8,'Remote payment accepted','payment'),(12,9,'Remote payment accepted','payment'),(13,1,'On backorder','outofstock'),(13,2,'En réapprovisionnement','outofstock'),(13,3,'On backorder','outofstock'),(13,4,'On backorder','outofstock'),(13,5,'On backorder','outofstock'),(13,6,'On backorder','outofstock'),(13,7,'On backorder','outofstock'),(13,8,'On backorder','outofstock'),(13,9,'On backorder','outofstock'),(14,1,'Waiting cod validation',''),(14,2,'En attendant du code de validation',''),(14,3,'Waiting cod validation',''),(14,4,'Waiting cod validation',''),(14,5,'Waiting cod validation',''),(14,6,'Waiting cod validation',''),(14,7,'Waiting cod validation',''),(14,8,'Waiting cod validation',''),(14,9,'Waiting cod validation',''),(15,1,'Authorization accepted from PayPal',''),(15,2,'Autorisation acceptée par PayPal',''),(15,3,'Authorization accepted from PayPal',''),(15,4,'Autorisation acceptée par PayPal',''),(15,5,'Autorisation acceptée par PayPal',''),(15,6,'Autorisation acceptée par PayPal',''),(15,7,'Autorisation acceptée par PayPal',''),(15,8,'Autorisation acceptée par PayPal',''),(15,9,'Autorisation acceptée par PayPal','');

--
-- Table structure for table `ps_orders`
--

CREATE TABLE `ps_orders` (
  `id_order` int(10) unsigned NOT NULL AUTO_INCREMENT,
  `reference` varchar(9) DEFAULT NULL,
  `id_shop_group` int(11) unsigned NOT NULL DEFAULT '1',
  `id_shop` int(11) unsigned NOT NULL DEFAULT '1',
  `id_carrier` int(10) unsigned NOT NULL,
  `id_lang` int(10) unsigned NOT NULL,
  `id_customer` int(10) unsigned NOT NULL,
  `id_cart` int(10) unsigned NOT NULL,
  `id_currency` int(10) unsigned NOT NULL,
  `id_address_delivery` int(10) unsigned NOT NULL,
  `id_address_invoice` int(10) unsigned NOT NULL,
  `current_state` int(10) unsigned NOT NULL,
  `secure_key` varchar(32) NOT NULL DEFAULT '-1',
  `payment` varchar(255) NOT NULL,
  `conversion_rate` decimal(13,6) NOT NULL DEFAULT '1.000000',
  `module` varchar(255) DEFAULT NULL,
  `recyclable` tinyint(1) unsigned NOT NULL DEFAULT '0',
  `gift` tinyint(1) unsigned NOT NULL DEFAULT '0',
  `gift_message` text,
  `mobile_theme` tinyint(1) NOT NULL DEFAULT '0',
  `shipping_number` varchar(64) DEFAULT NULL,
  `total_discounts` decimal(20,6) NOT NULL DEFAULT '0.000000',
  `total_discounts_tax_incl` decimal(20,6) NOT NULL DEFAULT '0.000000',
  `total_discounts_tax_excl` decimal(20,6) NOT NULL DEFAULT '0.000000',
  `total_paid` decimal(20,6) NOT NULL DEFAULT '0.000000',
  `total_paid_tax_incl` decimal(20,6) NOT NULL DEFAULT '0.000000',
  `total_paid_tax_excl` decimal(20,6) NOT NULL DEFAULT '0.000000',
  `total_paid_real` decimal(20,6) NOT NULL DEFAULT '0.000000',
  `total_products` decimal(20,6) NOT NULL DEFAULT '0.000000',
  `total_products_wt` decimal(20,6) NOT NULL DEFAULT '0.000000',
  `total_shipping` decimal(20,6) NOT NULL DEFAULT '0.000000',
  `total_shipping_tax_incl` decimal(20,6) NOT NULL DEFAULT '0.000000',
  `total_shipping_tax_excl` decimal(20,6) NOT NULL DEFAULT '0.000000',
  `carrier_tax_rate` decimal(10,3) NOT NULL DEFAULT '0.000',
  `total_wrapping` decimal(20,6) NOT NULL DEFAULT '0.000000',
  `total_wrapping_tax_incl` decimal(20,6) NOT NULL DEFAULT '0.000000',
  `total_wrapping_tax_excl` decimal(20,6) NOT NULL DEFAULT '0.000000',
  `round_mode` tinyint(1) NOT NULL DEFAULT '2',
  `round_type` tinyint(1) NOT NULL DEFAULT '1',
  `invoice_number` int(11) unsigned NOT NULL DEFAULT '0',
  `delivery_number` int(11) unsigned NOT NULL DEFAULT '0',
  `invoice_date` datetime NOT NULL,
  `delivery_date` datetime NOT NULL,
  `valid` int(1) unsigned NOT NULL DEFAULT '0',
  `date_add` datetime NOT NULL,
  `date_upd` datetime NOT NULL,
  PRIMARY KEY (`id_order`),
  KEY `id_customer` (`id_customer`),
  KEY `id_cart` (`id_cart`),
  KEY `invoice_number` (`invoice_number`),
  KEY `id_carrier` (`id_carrier`),
  KEY `id_lang` (`id_lang`),
  KEY `id_currency` (`id_currency`),
  KEY `id_address_delivery` (`id_address_delivery`),
  KEY `id_address_invoice` (`id_address_invoice`),
  KEY `id_shop_group` (`id_shop_group`),
  KEY `current_state` (`current_state`),
  KEY `id_shop` (`id_shop`),
  KEY `date_add` (`date_add`),
  KEY `reference` (`reference`)
) ENGINE=InnoDB AUTO_INCREMENT=6 DEFAULT CHARSET=utf8;

--
-- Dumping data for table `ps_orders`
--

INSERT INTO `ps_orders` VALUES (4,'HCJHPPDOP',1,1,9,2,1,5,2,7,7,5,'6098b879fb8a364c77a1891ebb25da40','Cash on delivery (COD)',1.000000,'cashondelivery',0,0,'',0,'',0.000000,0.000000,0.000000,22.000000,22.000000,18.330000,22.000000,18.330000,22.000000,0.000000,0.000000,0.000000,0.000,0.000000,0.000000,0.000000,2,1,4,4,'2016-04-25 18:16:53','2016-05-02 15:23:25',1,'2016-04-25 18:16:52','2016-05-02 15:23:25'),(5,'PTLNPMXMM',1,1,9,2,3,7,2,8,8,5,'598af3650e95cebf996ed32a018981d9','Cash on delivery (COD)',1.000000,'cashondelivery',0,0,'',0,'',10.000000,10.000000,8.330000,12.000000,12.000000,10.000000,12.000000,18.330000,22.000000,0.000000,0.000000,0.000000,0.000,0.000000,0.000000,0.000000,2,1,5,5,'2016-05-02 15:14:46','2016-05-02 15:15:08',1,'2016-05-02 15:14:45','2016-05-02 15:15:08');

--
-- Table structure for table `ps_pack`
--

CREATE TABLE `ps_pack` (
  `id_product_pack` int(10) unsigned NOT NULL,
  `id_product_item` int(10) unsigned NOT NULL,
  `id_product_attribute_item` int(10) unsigned NOT NULL,
  `quantity` int(10) unsigned NOT NULL DEFAULT '1',
  PRIMARY KEY (`id_product_pack`,`id_product_item`,`id_product_attribute_item`),
  KEY `product_item` (`id_product_item`,`id_product_attribute_item`)
) ENGINE=InnoDB DEFAULT CHARSET=utf8;

--
-- Dumping data for table `ps_pack`
--


--
-- Table structure for table `ps_page`
--

CREATE TABLE `ps_page` (
  `id_page` int(10) unsigned NOT NULL AUTO_INCREMENT,
  `id_page_type` int(10) unsigned NOT NULL,
  `id_object` int(10) unsigned DEFAULT NULL,
  PRIMARY KEY (`id_page`),
  KEY `id_page_type` (`id_page_type`),
  KEY `id_object` (`id_object`)
) ENGINE=InnoDB AUTO_INCREMENT=6 DEFAULT CHARSET=utf8;

--
-- Dumping data for table `ps_page`
--

INSERT INTO `ps_page` VALUES (1,1,NULL),(2,2,1),(3,3,NULL),(4,2,16),(5,2,15);

--
-- Table structure for table `ps_page_type`
--

CREATE TABLE `ps_page_type` (
  `id_page_type` int(10) unsigned NOT NULL AUTO_INCREMENT,
  `name` varchar(255) NOT NULL,
  PRIMARY KEY (`id_page_type`),
  KEY `name` (`name`)
) ENGINE=InnoDB AUTO_INCREMENT=4 DEFAULT CHARSET=utf8;

--
-- Dumping data for table `ps_page_type`
--

INSERT INTO `ps_page_type` VALUES (1,'index'),(3,'pagenotfound'),(2,'product');

--
-- Table structure for table `ps_page_viewed`
--

CREATE TABLE `ps_page_viewed` (
  `id_page` int(10) unsigned NOT NULL,
  `id_shop_group` int(10) unsigned NOT NULL DEFAULT '1',
  `id_shop` int(10) unsigned NOT NULL DEFAULT '1',
  `id_date_range` int(10) unsigned NOT NULL,
  `counter` int(10) unsigned NOT NULL,
  PRIMARY KEY (`id_page`,`id_date_range`,`id_shop`)
) ENGINE=InnoDB DEFAULT CHARSET=utf8;

--
-- Dumping data for table `ps_page_viewed`
--


--
-- Table structure for table `ps_pagenotfound`
--

CREATE TABLE `ps_pagenotfound` (
  `id_pagenotfound` int(10) unsigned NOT NULL AUTO_INCREMENT,
  `id_shop` int(10) unsigned NOT NULL DEFAULT '1',
  `id_shop_group` int(10) unsigned NOT NULL DEFAULT '1',
  `request_uri` varchar(256) NOT NULL,
  `http_referer` varchar(256) NOT NULL,
  `date_add` datetime NOT NULL,
  PRIMARY KEY (`id_pagenotfound`),
  KEY `date_add` (`date_add`)
) ENGINE=InnoDB AUTO_INCREMENT=212 DEFAULT CHARSET=utf8;

--
-- Dumping data for table `ps_pagenotfound`
--

INSERT INTO `ps_pagenotfound` VALUES (1,1,1,'/admin489x8q1v1/index.php?controller=AdminThemes&token=6b70f390e3c5d7cbb9813822394aeb09','','2016-04-11 23:22:30'),(2,1,1,'/admin489x8q1v1/','','2016-04-11 23:23:00'),(3,1,1,'/guru','','2016-04-11 23:23:11'),(4,1,1,'/beta','','2016-04-17 23:31:08'),(5,1,1,'/beta','','2016-04-17 23:39:14'),(6,1,1,'/?controller=404','','2016-04-17 23:46:57'),(7,1,1,'/beta/','','2016-04-18 00:12:39'),(8,1,1,'/fr/glitch','','2016-04-22 01:56:44'),(9,1,1,'/fr/glitch','','2016-04-22 01:56:56'),(10,1,1,'/com','','2016-04-22 16:58:40'),(11,1,1,'/fr/','http://heure-du-tee.com/fr/?live_edit=1&ad=glitch&liveToken=24540e205e05d173e00b291524a3eb28&id_employee=2&id_shop=1','2016-04-23 02:35:11'),(12,1,1,'/fr/','','2016-04-23 02:44:30'),(13,1,1,'/fr/','','2016-04-23 02:44:36'),(14,1,1,'/fr/quick-order','http://heure-du-tee.com/fr/home/12-faded-short-sleeve-tshirts.html','2016-04-24 00:18:35'),(15,1,1,'/en/','','2016-04-27 03:05:23'),(16,1,1,'/gly','','2016-04-30 18:13:29'),(17,1,1,'/robots.txt?controller=404','','2016-05-03 06:00:02'),(18,1,1,'/robots.txt','','2016-05-03 06:00:04'),(19,1,1,'/robots.txt','','2016-05-03 09:28:36'),(20,1,1,'/robots.txt','','2016-05-04 20:57:13'),(21,1,1,'/robots.txt','','2016-05-04 21:40:32'),(22,1,1,'/index.php?controller=404','','2016-05-04 22:09:24'),(23,1,1,'/index.php?controller=404','','2016-05-04 22:10:01'),(24,1,1,'/index.php?controller=404','','2016-05-04 22:10:37'),(25,1,1,'/index.php?controller=404','','2016-05-04 22:10:55'),(26,1,1,'/index.php?controller=404','','2016-05-04 22:11:13'),(27,1,1,'/index.php?controller=404','','2016-05-04 22:13:16'),(28,1,1,'/robots.txt','','2016-05-05 10:19:50'),(29,1,1,'/administrator/index.php','','2016-05-05 16:30:35'),(30,1,1,'/robots.txt','','2016-05-06 00:49:26'),(31,1,1,'/index.php?controller=404','','2016-05-06 05:55:37'),(32,1,1,'/index.php?controller=404','','2016-05-06 05:58:31'),(33,1,1,'/index.php?controller=404','','2016-05-06 06:25:59'),(34,1,1,'/robots.txt','','2016-05-06 08:01:01'),(35,1,1,'/index.php?controller=404','','2016-05-06 08:57:33'),(36,1,1,'/index.php?controller=404','','2016-05-06 10:13:21'),(37,1,1,'/robots.txt','','2016-05-06 14:00:41'),(38,1,1,'/index.php?controller=404','','2016-05-06 21:35:23'),(39,1,1,'/robots.txt','','2016-05-06 23:37:36'),(40,1,1,'/robots.txt','','2016-05-07 05:46:15'),(41,1,1,'/robots.txt','','2016-05-07 20:06:33'),(42,1,1,'/mwvzpbqttx.html','','2016-05-07 20:06:33'),(43,1,1,'/robots.txt','','2016-05-07 22:22:06'),(44,1,1,'/robots.txt?controller=404','','2016-05-08 00:50:10'),(45,1,1,'/robots.txt','','2016-05-08 00:50:24'),(46,1,1,'/robots.txt','','2016-05-08 12:28:07'),(47,1,1,'/robots.txt?controller=404','','2016-05-08 19:58:27'),(48,1,1,'/robots.txt','','2016-05-08 19:58:28'),(49,1,1,'/yxitkhiua.html?controller=404','','2016-05-08 19:58:29'),(50,1,1,'/robots.txt?controller=404','','2016-05-09 09:39:32'),(51,1,1,'/robots.txt','','2016-05-09 09:39:50'),(52,1,1,'/robots.txt','','2016-05-09 17:06:24'),(53,1,1,'/robots.txt','','2016-05-10 07:17:00'),(54,1,1,'/robots.txt','','2016-05-10 21:40:36'),(55,1,1,'/robots.txt','','2016-05-10 23:36:40'),(56,1,1,'/robots.txt','','2016-05-11 01:21:47'),(57,1,1,'/robots.txt','','2016-05-11 13:56:22'),(58,1,1,'/robots.txt?controller=404','','2016-05-11 14:57:24'),(59,1,1,'/robots.txt','','2016-05-11 14:57:25'),(60,1,1,'/robots.txt','','2016-05-12 02:39:14'),(61,1,1,'/robots.txt?controller=404','','2016-05-12 06:20:58'),(62,1,1,'/robots.txt','','2016-05-12 16:34:20'),(63,1,1,'/robots.txt','','2016-05-13 07:47:08'),(64,1,1,'/en/','','2016-05-13 11:26:11'),(65,1,1,'/robots.txt','','2016-05-13 21:40:38'),(66,1,1,'/robots.txt','','2016-05-13 23:54:13'),(67,1,1,'/robots.txt?controller=404','','2016-05-14 00:10:13'),(68,1,1,'/robots.txt?controller=404','','2016-05-14 02:26:46'),(69,1,1,'/robots.txt','','2016-05-14 04:18:59'),(70,1,1,'/robots.txt','','2016-05-14 09:58:32'),(71,1,1,'/robots.txt','','2016-05-15 04:53:03'),(72,1,1,'/robots.txt','','2016-05-15 11:17:01'),(73,1,1,'/robots.txt?controller=404','','2016-05-15 19:16:39'),(74,1,1,'/robots.txt','','2016-05-15 19:16:40'),(75,1,1,'/robots.txt','','2016-05-16 00:03:23'),(76,1,1,'/robots.txt?controller=404','','2016-05-16 07:37:23'),(77,1,1,'/robots.txt','','2016-05-16 07:41:14'),(78,1,1,'/robots.txt','','2016-05-16 16:29:47'),(79,1,1,'/robots.txt','','2016-05-16 21:40:40'),(80,1,1,'/robots.txt','','2016-05-17 15:58:06'),(81,1,1,'/robots.txt?controller=404','','2016-05-18 05:20:33'),(82,1,1,'/robots.txt','','2016-05-18 05:20:34'),(83,1,1,'/wp-admin/install.php','','2016-05-18 17:22:44'),(84,1,1,'/wordpress/','','2016-05-18 22:43:23'),(85,1,1,'/robots.txt','','2016-05-19 06:59:04'),(86,1,1,'/robots.txt','','2016-05-19 21:40:43'),(87,1,1,'/robots.txt','','2016-05-20 23:27:41'),(88,1,1,'/robots.txt','','2016-05-21 02:43:54'),(89,1,1,'/robots.txt?controller=404','','2016-05-21 18:03:57'),(90,1,1,'/robots.txt','','2016-05-21 18:03:58'),(91,1,1,'/uuhwavlzjvpugad.html?controller=404','','2016-05-21 18:03:58'),(92,1,1,'/robots.txt','','2016-05-21 22:01:15'),(93,1,1,'/robots.txt','','2016-05-22 00:51:26'),(94,1,1,'/robots.txt','','2016-05-22 06:59:12'),(95,1,1,'/robots.txt?controller=404','','2016-05-22 17:55:41'),(96,1,1,'/nxmxewfwytruappg.html?controller=404','','2016-05-22 17:55:43'),(97,1,1,'/robots.txt','','2016-05-22 21:40:45'),(98,1,1,'/robots.txt','','2016-05-22 22:18:59'),(99,1,1,'/wordpress/','','2016-05-23 03:52:12'),(100,1,1,'/robots.txt','','2016-05-23 10:41:05'),(101,1,1,'/robots.txt?controller=404','','2016-05-23 15:32:02'),(102,1,1,'/robots.txt?controller=404','','2016-05-23 17:45:14'),(103,1,1,'/robots.txt','','2016-05-23 17:45:15'),(104,1,1,'/jchhhwmqiihngf.html?controller=404','','2016-05-23 17:45:16'),(105,1,1,'/robots.txt','','2016-05-24 01:33:53'),(106,1,1,'/robots.txt?controller=404','','2016-05-24 17:13:04'),(107,1,1,'/robots.txt','','2016-05-24 17:16:52'),(108,1,1,'/wchzayknvzqohkmq.html?controller=404','','2016-05-24 17:44:15'),(109,1,1,'/robots.txt','','2016-05-25 06:59:14'),(110,1,1,'/robots.txt?controller=404','','2016-05-25 17:30:21'),(111,1,1,'/vaqeifokjbrv.html?controller=404','','2016-05-25 17:30:22'),(112,1,1,'/robots.txt','','2016-05-25 21:52:49'),(113,1,1,'/robots.txt','','2016-05-26 00:51:25'),(114,1,1,'/robots.txt?controller=404','','2016-05-26 02:39:40'),(115,1,1,'/robots.txt','','2016-05-26 13:00:53'),(116,1,1,'/robots.txt?controller=404','','2016-05-26 15:16:02'),(117,1,1,'/robots.txt','','2016-05-27 02:02:51'),(118,1,1,'/wordpress/','','2016-05-27 06:05:33'),(119,1,1,'/robots.txt?controller=404','','2016-05-27 13:32:54'),(120,1,1,'/robots.txt','','2016-05-27 16:19:54'),(121,1,1,'/robots.txt','','2016-05-28 08:16:10'),(122,1,1,'/robots.txt?controller=404','','2016-05-28 13:19:38'),(123,1,1,'/robots.txt','','2016-05-28 23:53:33'),(124,1,1,'/robots.txt?controller=404','','2016-05-29 00:41:47'),(125,1,1,'/robots.txt','','2016-05-29 07:29:46'),(126,1,1,'/robots.txt?controller=404','','2016-05-29 13:14:20'),(127,1,1,'/wp-login.php','','2016-05-29 15:11:58'),(128,1,1,'/administrator/index.php','','2016-05-29 15:11:58'),(129,1,1,'/robots.txt','','2016-05-29 22:13:07'),(130,1,1,'/robots.txt','','2016-05-30 05:38:26'),(131,1,1,'/robots.txt','','2016-05-30 21:11:42'),(132,1,1,'/robots.txt?controller=404','','2016-05-31 03:02:24'),(133,1,1,'/wordpress/','','2016-05-31 08:52:16'),(134,1,1,'/robots.txt','','2016-05-31 16:58:58'),(135,1,1,'/robots.txt','','2016-06-01 09:31:42'),(136,1,1,'/administrator/index.php','','2016-06-01 10:20:48'),(137,1,1,'/robots.txt?controller=404','','2016-06-01 14:23:45'),(138,1,1,'/robots.txt','','2016-06-02 07:09:28'),(139,1,1,'/robots.txt?controller=404','','2016-06-02 11:56:46'),(140,1,1,'/license.php','','2016-06-02 17:47:21'),(141,1,1,'/wp-login.php','http://heure-du-tee.com/wp-login.php','2016-06-02 21:28:32'),(142,1,1,'/administrator/','http://heure-du-tee.com/administrator/','2016-06-02 21:28:33'),(143,1,1,'/robots.txt','','2016-06-03 07:38:43'),(144,1,1,'/robots.txt','','2016-06-03 09:40:07'),(145,1,1,'/robots.txt','','2016-06-03 12:21:30'),(146,1,1,'/robots.txt','','2016-06-03 23:26:36'),(147,1,1,'/robots.txt?controller=404','','2016-06-04 02:09:53'),(148,1,1,'/administrator/index.php','','2016-06-04 02:11:52'),(149,1,1,'/robots.txt?controller=404','','2016-06-04 16:01:40'),(150,1,1,'/robots.txt','','2016-06-04 16:01:41'),(151,1,1,'/gepclqfo.html?controller=404','','2016-06-04 16:01:42'),(152,1,1,'/robots.txt','','2016-06-04 19:19:44'),(153,1,1,'/robots.txt','','2016-06-04 22:10:21'),(154,1,1,'/robots.txt?controller=404','','2016-06-05 04:02:18'),(155,1,1,'/robots.txt','','2016-06-05 04:49:05'),(156,1,1,'/robots.txt','','2016-06-05 06:43:17'),(157,1,1,'/robots.txt?controller=404','','2016-06-05 16:30:45'),(158,1,1,'/robots.txt','','2016-06-05 19:01:33'),(159,1,1,'/robots.txt','','2016-06-06 07:21:59'),(160,1,1,'/robots.txt','','2016-06-06 07:50:36'),(161,1,1,'/xmlrpc.php','','2016-06-06 12:38:38'),(162,1,1,'/robots.txt','','2016-06-06 21:43:21'),(163,1,1,'/robots.txt?controller=404','','2016-06-07 01:18:42'),(164,1,1,'/robots.txt?controller=404','','2016-06-07 02:38:10'),(165,1,1,'/robots.txt','','2016-06-07 09:12:16'),(166,1,1,'/robots.txt','','2016-06-07 09:15:00'),(167,1,1,'/robots.txt','','2016-06-07 11:54:30'),(168,1,1,'/robots.txt?controller=404','','2016-06-07 14:01:34'),(169,1,1,'/robots.txt?controller=404','','2016-06-07 17:27:15'),(170,1,1,'/robots.txt','','2016-06-07 21:11:16'),(171,1,1,'/robots.txt','','2016-06-08 00:06:24'),(172,1,1,'/wordpress/','','2016-06-08 08:52:36'),(173,1,1,'/robots.txt','','2016-06-08 09:42:35'),(174,1,1,'/&','','2016-06-08 09:44:06'),(175,1,1,'/wp-login.php','','2016-06-08 11:15:29'),(176,1,1,'/administrator/','','2016-06-08 11:15:31'),(177,1,1,'/robots.txt','','2016-06-08 12:38:44'),(178,1,1,'/robots.txt?controller=404','','2016-06-08 15:27:05'),(179,1,1,'/robots.txt','','2016-06-09 00:59:55'),(180,1,1,'/robots.txt?controller=404','','2016-06-09 04:18:36'),(181,1,1,'/robots.txt','','2016-06-09 05:01:06'),(182,1,1,'/robots.txt','','2016-06-09 13:09:18'),(183,1,1,'/robots.txt','','2016-06-09 18:22:33'),(184,1,1,'/robots.txt?controller=404','','2016-06-09 18:44:23'),(185,1,1,'/robots.txt?controller=404','','2016-06-09 23:09:03'),(186,1,1,'/robots.txt','','2016-06-10 01:39:46'),(187,1,1,'/robots.txt','','2016-06-10 07:24:15'),(188,1,1,'/robots.txt?controller=404','','2016-06-10 08:28:14'),(189,1,1,'/robots.txt?controller=404','','2016-06-10 11:50:30'),(190,1,1,'/robots.txt?controller=404','','2016-06-10 11:50:31'),(191,1,1,'/robots.txt','','2016-06-10 14:10:51'),(192,1,1,'/administrator/index.php','','2016-06-10 16:17:05'),(193,1,1,'/robots.txt?controller=404','','2016-06-11 00:35:06'),(194,1,1,'/robots.txt','','2016-06-11 01:31:34'),(195,1,1,'/robots.txt','','2016-06-11 02:25:52'),(196,1,1,'/robots.txt','','2016-06-11 02:28:46'),(197,1,1,'/robots.txt','','2016-06-11 02:47:20'),(198,1,1,'/robots.txt?controller=404','','2016-06-11 08:01:30'),(199,1,1,'/robots.txt?controller=404','','2016-06-11 12:54:21'),(200,1,1,'/robots.txt','','2016-06-11 14:12:17'),(201,1,1,'/robots.txt','','2016-06-11 14:29:01'),(202,1,1,'/robots.txt','','2016-06-11 15:46:35'),(203,1,1,'/robots.txt','','2016-06-12 01:43:17'),(204,1,1,'/robots.txt','','2016-06-12 03:20:42'),(205,1,1,'/robots.txt?controller=404','','2016-06-12 06:33:11'),(206,1,1,'/robots.txt','','2016-06-12 07:04:30'),(207,1,1,'/robots.txt','','2016-06-12 07:05:33'),(208,1,1,'/robots.txt?controller=404','','2016-06-12 07:54:03'),(209,1,1,'/robots.txt','','2016-06-12 08:55:04'),(210,1,1,'/robots.txt?controller=404','','2016-06-12 10:11:16'),(211,1,1,'/robots.txt','','2016-06-12 15:47:22');

--
-- Table structure for table `ps_paypal_capture`
--

CREATE TABLE `ps_paypal_capture` (
  `id_paypal_capture` int(11) NOT NULL AUTO_INCREMENT,
  `id_order` int(11) NOT NULL,
  `capture_amount` float NOT NULL,
  `result` text NOT NULL,
  `date_add` datetime NOT NULL,
  `date_upd` datetime NOT NULL,
  PRIMARY KEY (`id_paypal_capture`)
) ENGINE=InnoDB DEFAULT CHARSET=utf8;

--
-- Dumping data for table `ps_paypal_capture`
--


--
-- Table structure for table `ps_paypal_customer`
--

CREATE TABLE `ps_paypal_customer` (
  `id_paypal_customer` int(10) unsigned NOT NULL AUTO_INCREMENT,
  `id_customer` int(10) unsigned NOT NULL,
  `paypal_email` varchar(255) NOT NULL,
  PRIMARY KEY (`id_paypal_customer`)
) ENGINE=InnoDB DEFAULT CHARSET=utf8;

--
-- Dumping data for table `ps_paypal_customer`
--


--
-- Table structure for table `ps_paypal_login_user`
--

CREATE TABLE `ps_paypal_login_user` (
  `id_paypal_login_user` int(11) NOT NULL AUTO_INCREMENT,
  `id_customer` int(11) NOT NULL,
  `token_type` varchar(255) NOT NULL,
  `expires_in` varchar(255) NOT NULL,
  `refresh_token` varchar(255) NOT NULL,
  `id_token` varchar(255) NOT NULL,
  `access_token` varchar(255) NOT NULL,
  `account_type` varchar(255) NOT NULL,
  `user_id` varchar(255) NOT NULL,
  `verified_account` varchar(255) NOT NULL,
  `zoneinfo` varchar(255) NOT NULL,
  `age_range` varchar(255) NOT NULL,
  PRIMARY KEY (`id_paypal_login_user`)
) ENGINE=InnoDB DEFAULT CHARSET=utf8;

--
-- Dumping data for table `ps_paypal_login_user`
--


--
-- Table structure for table `ps_paypal_order`
--

CREATE TABLE `ps_paypal_order` (
  `id_order` int(10) unsigned NOT NULL,
  `id_transaction` varchar(255) NOT NULL,
  `id_invoice` varchar(255) DEFAULT NULL,
  `currency` varchar(10) NOT NULL,
  `total_paid` varchar(50) NOT NULL,
  `shipping` varchar(50) NOT NULL,
  `capture` int(2) NOT NULL,
  `payment_date` varchar(50) NOT NULL,
  `payment_method` int(2) unsigned NOT NULL,
  `payment_status` varchar(255) DEFAULT NULL,
  PRIMARY KEY (`id_order`)
) ENGINE=InnoDB DEFAULT CHARSET=utf8;

--
-- Dumping data for table `ps_paypal_order`
--


--
-- Table structure for table `ps_product`
--

CREATE TABLE `ps_product` (
  `id_product` int(10) unsigned NOT NULL AUTO_INCREMENT,
  `id_supplier` int(10) unsigned DEFAULT NULL,
  `id_manufacturer` int(10) unsigned DEFAULT NULL,
  `id_category_default` int(10) unsigned DEFAULT NULL,
  `id_shop_default` int(10) unsigned NOT NULL DEFAULT '1',
  `id_tax_rules_group` int(11) unsigned NOT NULL,
  `on_sale` tinyint(1) unsigned NOT NULL DEFAULT '0',
  `online_only` tinyint(1) unsigned NOT NULL DEFAULT '0',
  `ean13` varchar(13) DEFAULT NULL,
  `upc` varchar(12) DEFAULT NULL,
  `ecotax` decimal(17,6) NOT NULL DEFAULT '0.000000',
  `quantity` int(10) NOT NULL DEFAULT '0',
  `minimal_quantity` int(10) unsigned NOT NULL DEFAULT '1',
  `price` decimal(20,6) NOT NULL DEFAULT '0.000000',
  `wholesale_price` decimal(20,6) NOT NULL DEFAULT '0.000000',
  `unity` varchar(255) DEFAULT NULL,
  `unit_price_ratio` decimal(20,6) NOT NULL DEFAULT '0.000000',
  `additional_shipping_cost` decimal(20,2) NOT NULL DEFAULT '0.00',
  `reference` varchar(32) DEFAULT NULL,
  `supplier_reference` varchar(32) DEFAULT NULL,
  `location` varchar(64) DEFAULT NULL,
  `width` decimal(20,6) NOT NULL DEFAULT '0.000000',
  `height` decimal(20,6) NOT NULL DEFAULT '0.000000',
  `depth` decimal(20,6) NOT NULL DEFAULT '0.000000',
  `weight` decimal(20,6) NOT NULL DEFAULT '0.000000',
  `out_of_stock` int(10) unsigned NOT NULL DEFAULT '2',
  `quantity_discount` tinyint(1) DEFAULT '0',
  `customizable` tinyint(2) NOT NULL DEFAULT '0',
  `uploadable_files` tinyint(4) NOT NULL DEFAULT '0',
  `text_fields` tinyint(4) NOT NULL DEFAULT '0',
  `active` tinyint(1) unsigned NOT NULL DEFAULT '0',
  `redirect_type` enum('','404','301','302') NOT NULL DEFAULT '',
  `id_product_redirected` int(10) unsigned NOT NULL DEFAULT '0',
  `available_for_order` tinyint(1) NOT NULL DEFAULT '1',
  `available_date` date NOT NULL DEFAULT '0000-00-00',
  `condition` enum('new','used','refurbished') NOT NULL DEFAULT 'new',
  `show_price` tinyint(1) NOT NULL DEFAULT '1',
  `indexed` tinyint(1) NOT NULL DEFAULT '0',
  `visibility` enum('both','catalog','search','none') NOT NULL DEFAULT 'both',
  `cache_is_pack` tinyint(1) NOT NULL DEFAULT '0',
  `cache_has_attachments` tinyint(1) NOT NULL DEFAULT '0',
  `is_virtual` tinyint(1) NOT NULL DEFAULT '0',
  `cache_default_attribute` int(10) unsigned DEFAULT NULL,
  `date_add` datetime NOT NULL,
  `date_upd` datetime NOT NULL,
  `advanced_stock_management` tinyint(1) NOT NULL DEFAULT '0',
  `pack_stock_type` int(11) unsigned DEFAULT '3',
  PRIMARY KEY (`id_product`),
  KEY `product_supplier` (`id_supplier`),
  KEY `id_category_default` (`id_category_default`),
  KEY `indexed` (`indexed`),
  KEY `date_add` (`date_add`),
  KEY `product_manufacturer` (`id_manufacturer`,`id_product`)
) ENGINE=InnoDB AUTO_INCREMENT=42 DEFAULT CHARSET=utf8;

--
-- Dumping data for table `ps_product`
--

INSERT INTO `ps_product` VALUES (9,0,1,2,1,1,0,0,'0','',0.000000,0,1,18.333333,8.000000,'',0.000000,0.00,'0002','','',0.000000,0.000000,0.000000,0.000000,2,0,0,0,0,1,'404',0,1,'0000-00-00','new',1,1,'both',0,0,0,52,'2016-04-12 01:39:30','2016-05-07 22:48:56',0,3),(10,0,1,2,1,1,0,0,'0','',0.000000,0,1,18.333333,8.000000,'',0.000000,0.00,'0003','','',0.000000,0.000000,0.000000,0.000000,2,0,0,0,0,1,'404',0,1,'0000-00-00','new',1,1,'both',0,0,0,54,'2016-04-12 01:48:16','2016-05-07 22:51:37',0,3),(11,0,1,2,1,1,0,0,'0','',0.000000,0,1,18.333333,8.000000,'',0.000000,0.00,'0002','','',0.000000,0.000000,0.000000,0.000000,2,0,0,0,0,1,'404',0,1,'0000-00-00','new',1,1,'both',0,0,0,55,'2016-04-12 01:48:27','2016-05-07 22:52:09',0,3),(12,0,1,2,1,1,0,0,'0','',0.000000,0,1,18.333333,8.000000,'',0.000000,0.00,'0001','','',0.000000,0.000000,0.000000,0.000000,2,0,0,0,0,1,'404',0,1,'0000-00-00','new',1,1,'both',0,0,0,56,'2016-04-12 02:01:19','2016-05-07 22:52:54',0,3),(13,0,1,2,1,1,0,0,'0','',0.000000,0,1,18.333333,4.950000,'',0.000000,0.00,'0001','','',0.000000,0.000000,0.000000,0.000000,2,0,0,0,0,1,'404',0,0,'0000-00-00','new',1,1,'both',0,0,0,0,'2016-04-18 00:29:17','2016-04-23 02:52:04',0,3),(14,0,1,2,1,1,0,0,'0','',0.000000,0,1,18.333333,4.950000,'',0.000000,0.00,'0001','','',0.000000,0.000000,0.000000,0.000000,2,0,0,0,0,1,'404',0,0,'0000-00-00','new',1,1,'both',0,0,0,0,'2016-04-22 17:21:21','2016-04-22 17:29:18',0,3),(15,0,1,2,1,1,0,0,'0','',0.000000,0,1,18.333333,4.950000,'',0.000000,0.00,'0001','','',0.000000,0.000000,0.000000,0.000000,2,0,0,0,0,1,'404',0,0,'0000-00-00','new',1,1,'both',0,0,0,0,'2016-04-22 17:41:11','2016-04-22 17:57:41',0,3),(16,0,1,2,1,1,0,0,'0','',0.000000,0,1,18.333333,4.950000,'',0.000000,0.00,'0001','','',0.000000,0.000000,0.000000,0.000000,2,0,0,0,0,1,'404',0,0,'0000-00-00','new',1,1,'both',0,0,0,0,'2016-04-22 17:48:07','2016-04-22 17:57:11',0,3),(17,0,1,2,1,1,0,0,'0','',0.000000,0,1,18.333333,4.950000,'',0.000000,0.00,'0001','','',0.000000,0.000000,0.000000,0.000000,2,0,0,0,0,1,'404',0,0,'0000-00-00','new',1,1,'both',0,0,0,0,'2016-04-22 17:51:55','2016-04-22 18:01:59',0,3),(18,0,1,2,1,1,0,0,'0','',0.000000,0,1,18.333333,4.950000,'',0.000000,0.00,'0001','','',0.000000,0.000000,0.000000,0.000000,2,0,0,0,0,1,'404',0,0,'0000-00-00','new',1,1,'both',0,0,0,0,'2016-04-22 18:31:28','2016-04-22 18:36:52',0,3),(19,0,1,2,1,1,0,0,'0','',0.000000,0,1,18.333333,4.950000,'',0.000000,0.00,'0001','','',0.000000,0.000000,0.000000,0.000000,2,0,0,0,0,1,'404',0,0,'0000-00-00','new',1,1,'both',0,0,0,0,'2016-04-22 18:37:20','2016-04-22 18:38:20',0,3),(20,0,1,2,1,1,0,0,'0','',0.000000,0,1,18.333333,4.950000,'',0.000000,0.00,'0001','','',0.000000,0.000000,0.000000,0.000000,2,0,0,0,0,0,'404',0,0,'0000-00-00','new',1,0,'both',0,0,0,0,'2016-04-22 18:38:43','2016-05-23 22:37:27',0,3),(21,0,1,2,1,1,0,0,'0','',0.000000,0,1,18.333333,4.950000,'',0.000000,0.00,'0001','','',0.000000,0.000000,0.000000,0.000000,2,0,0,0,0,0,'404',0,0,'0000-00-00','new',1,1,'both',0,0,0,0,'2016-04-22 18:40:29','2016-05-23 22:37:39',0,3),(22,0,1,2,1,1,0,0,'0','',0.000000,0,1,18.333333,4.950000,'',0.000000,0.00,'0001','','',0.000000,0.000000,0.000000,0.000000,2,0,0,0,0,1,'404',0,0,'0000-00-00','new',1,1,'both',0,0,0,0,'2016-04-22 18:43:05','2016-04-22 18:45:05',0,3),(23,0,1,2,1,1,0,0,'0','',0.000000,0,1,18.333333,4.950000,'',0.000000,0.00,'0002','','',0.000000,0.000000,0.000000,0.000000,2,0,0,0,0,0,'404',0,1,'0000-00-00','new',1,0,'both',0,0,0,53,'2016-04-24 00:02:32','2016-04-24 00:02:32',0,3),(24,0,1,2,1,1,0,0,'0','',0.000000,0,1,18.333333,8.000000,'',0.000000,0.00,'0005','','',0.000000,0.000000,0.000000,0.000000,2,0,0,0,0,1,'404',0,1,'0000-00-00','new',1,1,'both',0,0,0,57,'2016-04-27 02:05:57','2016-05-07 22:53:27',0,3),(25,0,1,2,1,1,0,0,'0','',0.000000,0,1,18.333333,4.950000,'',0.000000,0.00,'0005','','',0.000000,0.000000,0.000000,0.000000,2,0,0,0,0,1,'404',0,1,'0000-00-00','new',1,1,'both',0,0,0,58,'2016-04-29 18:04:14','2016-04-29 18:06:10',0,3),(26,0,1,2,1,1,0,0,'0','',0.000000,0,1,18.333333,4.950000,'',0.000000,0.00,'0005','','',0.000000,0.000000,0.000000,0.000000,2,0,0,0,0,1,'404',0,1,'0000-00-00','new',1,1,'both',0,0,0,0,'2016-04-29 18:06:33','2016-05-02 15:55:19',0,3),(27,0,1,2,1,1,0,0,'0','',0.000000,0,1,18.333333,4.950000,'',0.000000,0.00,'0005','','',0.000000,0.000000,0.000000,0.000000,2,0,0,0,0,1,'404',0,1,'0000-00-00','new',1,1,'both',0,0,0,60,'2016-04-29 18:08:47','2016-04-29 18:10:50',0,3),(28,0,1,2,1,1,0,0,'0','',0.000000,0,1,18.333333,4.950000,'',0.000000,0.00,'0005','','',0.000000,0.000000,0.000000,0.000000,2,0,0,0,0,1,'404',0,1,'0000-00-00','new',1,1,'both',0,0,0,61,'2016-04-29 18:11:51','2016-05-02 15:28:58',0,3),(29,0,1,2,1,1,0,0,'0','',0.000000,0,1,18.333333,4.950000,'',0.000000,0.00,'0005','','',0.000000,0.000000,0.000000,0.000000,2,0,0,0,0,1,'404',0,1,'0000-00-00','new',1,1,'both',0,0,0,62,'2016-04-30 02:05:27','2016-05-02 15:29:00',0,3),(30,0,1,2,1,1,0,0,'0','',0.000000,0,1,18.333333,4.950000,'',0.000000,0.00,'0001','','',0.000000,0.000000,0.000000,0.000000,2,0,0,0,0,1,'404',0,1,'0000-00-00','new',1,1,'both',0,0,0,0,'2016-05-03 02:06:54','2016-05-03 02:59:50',0,3),(31,0,1,2,1,1,0,0,'0','',0.000000,0,1,18.333333,8.000000,'',0.000000,0.00,'0001','','',0.000000,0.000000,0.000000,0.000000,2,0,0,0,0,1,'404',0,1,'0000-00-00','new',1,1,'both',0,0,0,63,'2016-05-23 22:37:54','2016-05-23 22:50:12',0,3),(32,0,1,2,1,1,0,0,'0','',0.000000,0,1,18.333333,8.000000,'',0.000000,0.00,'0001','','',0.000000,0.000000,0.000000,0.000000,2,0,0,0,0,1,'404',0,1,'0000-00-00','new',1,1,'both',0,0,0,64,'2016-05-23 22:51:21','2016-05-23 22:54:18',0,3),(33,0,1,2,1,1,0,0,'0','',0.000000,0,1,18.333333,8.000000,'',0.000000,0.00,'0001','','',0.000000,0.000000,0.000000,0.000000,2,0,0,0,0,1,'404',0,1,'0000-00-00','new',1,1,'both',0,0,0,65,'2016-05-23 22:54:57','2016-05-23 22:57:03',0,3),(34,0,1,2,1,1,0,0,'0','',0.000000,0,1,18.333333,8.000000,'',0.000000,0.00,'0001','','',0.000000,0.000000,0.000000,0.000000,2,0,0,0,0,1,'404',0,1,'0000-00-00','new',1,1,'both',0,0,0,66,'2016-05-23 22:57:29','2016-05-23 22:59:06',0,3),(35,0,1,2,1,1,0,0,'0','',0.000000,0,1,18.333333,8.000000,'',0.000000,0.00,'0001','','',0.000000,0.000000,0.000000,0.000000,2,0,0,0,0,1,'404',0,1,'0000-00-00','new',1,1,'both',0,0,0,67,'2016-05-23 22:59:54','2016-05-23 23:01:40',0,3),(36,0,1,2,1,1,0,0,'0','',0.000000,0,1,18.333333,8.000000,'',0.000000,0.00,'0001','','',0.000000,0.000000,0.000000,0.000000,2,0,0,0,0,1,'404',0,1,'0000-00-00','new',1,1,'both',0,0,0,68,'2016-05-23 23:01:56','2016-05-23 23:05:32',0,3),(37,0,1,2,1,1,0,0,'0','',0.000000,0,1,18.333333,8.000000,'',0.000000,0.00,'0001','','',0.000000,0.000000,0.000000,0.000000,2,0,0,0,0,1,'404',0,1,'0000-00-00','new',1,1,'both',0,0,0,69,'2016-05-23 23:05:44','2016-05-23 23:08:58',0,3),(38,0,1,2,1,1,0,0,'0','',0.000000,0,1,18.333333,8.000000,'',0.000000,0.00,'0001','','',0.000000,0.000000,0.000000,0.000000,2,0,0,0,0,1,'404',0,1,'0000-00-00','new',1,1,'both',0,0,0,70,'2016-05-23 23:09:38','2016-05-23 23:12:05',0,3),(39,0,1,2,1,1,0,0,'0','',0.000000,0,1,18.333333,8.000000,'',0.000000,0.00,'0001','','',0.000000,0.000000,0.000000,0.000000,2,0,0,0,0,1,'404',0,1,'0000-00-00','new',1,1,'both',0,0,0,71,'2016-05-23 23:12:21','2016-05-23 23:15:37',0,3),(40,0,1,2,1,1,0,0,'0','',0.000000,0,1,18.333333,4.950000,'',0.000000,0.00,'0005','','',0.000000,0.000000,0.000000,0.000000,2,0,0,0,0,1,'404',0,1,'0000-00-00','new',1,1,'both',0,0,0,72,'2016-06-06 02:00:46','2016-06-06 02:03:42',0,3),(41,0,1,2,1,1,0,0,'0','',0.000000,0,1,18.333333,4.950000,'',0.000000,0.00,'0005','','',0.000000,0.000000,0.000000,0.000000,2,0,0,0,0,1,'404',0,1,'0000-00-00','new',1,1,'both',0,0,0,73,'2016-06-06 02:04:35','2016-06-06 02:06:13',0,3);

--
-- Table structure for table `ps_product_attachment`
--

CREATE TABLE `ps_product_attachment` (
  `id_product` int(10) unsigned NOT NULL,
  `id_attachment` int(10) unsigned NOT NULL,
  PRIMARY KEY (`id_product`,`id_attachment`)
) ENGINE=InnoDB DEFAULT CHARSET=utf8;

--
-- Dumping data for table `ps_product_attachment`
--


--
-- Table structure for table `ps_product_attribute`
--

CREATE TABLE `ps_product_attribute` (
  `id_product_attribute` int(10) unsigned NOT NULL AUTO_INCREMENT,
  `id_product` int(10) unsigned NOT NULL,
  `reference` varchar(32) DEFAULT NULL,
  `supplier_reference` varchar(32) DEFAULT NULL,
  `location` varchar(64) DEFAULT NULL,
  `ean13` varchar(13) DEFAULT NULL,
  `upc` varchar(12) DEFAULT NULL,
  `wholesale_price` decimal(20,6) NOT NULL DEFAULT '0.000000',
  `price` decimal(20,6) NOT NULL DEFAULT '0.000000',
  `ecotax` decimal(17,6) NOT NULL DEFAULT '0.000000',
  `quantity` int(10) NOT NULL DEFAULT '0',
  `weight` decimal(20,6) NOT NULL DEFAULT '0.000000',
  `unit_price_impact` decimal(20,6) DEFAULT NULL,
  `default_on` tinyint(1) unsigned DEFAULT NULL,
  `minimal_quantity` int(10) unsigned NOT NULL DEFAULT '1',
  `available_date` date NOT NULL DEFAULT '0000-00-00',
  PRIMARY KEY (`id_product_attribute`),
  UNIQUE KEY `product_default` (`id_product`,`default_on`),
  KEY `product_attribute_product` (`id_product`),
  KEY `reference` (`reference`),
  KEY `supplier_reference` (`supplier_reference`),
  KEY `id_product_id_product_attribute` (`id_product_attribute`,`id_product`)
) ENGINE=InnoDB AUTO_INCREMENT=74 DEFAULT CHARSET=utf8;

--
-- Dumping data for table `ps_product_attribute`
--

INSERT INTO `ps_product_attribute` VALUES (52,9,'','','','','',0.000000,0.000000,0.000000,0,0.000000,0.000000,1,1,'0000-00-00'),(53,23,'','','','','',0.000000,0.000000,0.000000,0,0.000000,0.000000,1,1,'0000-00-00'),(54,10,'','','','','',0.000000,0.000000,0.000000,0,0.000000,0.000000,1,1,'0000-00-00'),(55,11,'','','','','',0.000000,0.000000,0.000000,0,0.000000,0.000000,1,1,'0000-00-00'),(56,12,'','','','','',0.000000,0.000000,0.000000,0,0.000000,0.000000,1,1,'0000-00-00'),(57,24,'','','','','',0.000000,0.000000,0.000000,0,0.000000,0.000000,1,1,'0000-00-00'),(58,25,'','','','','',0.000000,0.000000,0.000000,0,0.000000,0.000000,1,1,'0000-00-00'),(60,27,'','','','','',0.000000,0.000000,0.000000,0,0.000000,0.000000,1,1,'0000-00-00'),(61,28,'','','','','',0.000000,0.000000,0.000000,0,0.000000,0.000000,1,1,'0000-00-00'),(62,29,'','','','','',0.000000,0.000000,0.000000,0,0.000000,0.000000,1,1,'0000-00-00'),(63,31,'','','','','',0.000000,0.000000,0.000000,0,0.000000,0.000000,1,1,'0000-00-00'),(64,32,'','','','','',0.000000,0.000000,0.000000,0,0.000000,0.000000,1,1,'0000-00-00'),(65,33,'','','','','',0.000000,0.000000,0.000000,0,0.000000,0.000000,1,1,'0000-00-00'),(66,34,'','','','','',0.000000,0.000000,0.000000,0,0.000000,0.000000,1,1,'0000-00-00'),(67,35,'','','','','',0.000000,0.000000,0.000000,0,0.000000,0.000000,1,1,'0000-00-00'),(68,36,'','','','','',0.000000,0.000000,0.000000,0,0.000000,0.000000,1,1,'0000-00-00'),(69,37,'','','','','',0.000000,0.000000,0.000000,0,0.000000,0.000000,1,1,'0000-00-00'),(70,38,'','','','','',0.000000,0.000000,0.000000,0,0.000000,0.000000,1,1,'0000-00-00'),(71,39,'','','','','',0.000000,0.000000,0.000000,0,0.000000,0.000000,1,1,'0000-00-00'),(72,40,'','','','','',0.000000,0.000000,0.000000,0,0.000000,0.000000,1,1,'0000-00-00'),(73,41,'','','','','',0.000000,0.000000,0.000000,0,0.000000,0.000000,1,1,'0000-00-00');

--
-- Table structure for table `ps_product_attribute_combination`
--

CREATE TABLE `ps_product_attribute_combination` (
  `id_attribute` int(10) unsigned NOT NULL,
  `id_product_attribute` int(10) unsigned NOT NULL,
  PRIMARY KEY (`id_attribute`,`id_product_attribute`),
  KEY `id_product_attribute` (`id_product_attribute`)
) ENGINE=InnoDB DEFAULT CHARSET=utf8;

--
-- Dumping data for table `ps_product_attribute_combination`
--

INSERT INTO `ps_product_attribute_combination` VALUES (3,52),(11,52),(3,53),(11,53),(3,54),(11,54),(3,55),(11,55),(18,55),(3,56),(11,56),(3,57),(11,57),(3,58),(11,58),(3,60),(11,60),(3,61),(11,61),(3,62),(11,62),(3,63),(17,63),(18,63),(3,64),(13,64),(18,64),(3,65),(18,65),(3,66),(17,66),(18,66),(3,67),(8,67),(18,67),(3,68),(10,68),(18,68),(3,69),(10,69),(18,69),(3,70),(10,70),(18,70),(3,71),(10,71),(18,71),(3,72),(10,72),(3,73),(10,73);

--
-- Table structure for table `ps_product_attribute_image`
--

CREATE TABLE `ps_product_attribute_image` (
  `id_product_attribute` int(10) unsigned NOT NULL,
  `id_image` int(10) unsigned NOT NULL,
  PRIMARY KEY (`id_product_attribute`,`id_image`),
  KEY `id_image` (`id_image`)
) ENGINE=InnoDB DEFAULT CHARSET=utf8;

--
-- Dumping data for table `ps_product_attribute_image`
--


--
-- Table structure for table `ps_product_attribute_shop`
--

CREATE TABLE `ps_product_attribute_shop` (
  `id_product_attribute` int(10) unsigned NOT NULL,
  `id_shop` int(10) unsigned NOT NULL,
  `wholesale_price` decimal(20,6) NOT NULL DEFAULT '0.000000',
  `price` decimal(20,6) NOT NULL DEFAULT '0.000000',
  `ecotax` decimal(17,6) NOT NULL DEFAULT '0.000000',
  `weight` decimal(20,6) NOT NULL DEFAULT '0.000000',
  `unit_price_impact` decimal(20,6) DEFAULT NULL,
  `default_on` tinyint(1) unsigned DEFAULT NULL,
  `minimal_quantity` int(10) unsigned NOT NULL DEFAULT '1',
  `available_date` date NOT NULL DEFAULT '0000-00-00',
  `id_product` int(10) unsigned NOT NULL,
  PRIMARY KEY (`id_product_attribute`,`id_shop`),
  UNIQUE KEY `id_product` (`id_product`,`id_shop`,`default_on`)
) ENGINE=InnoDB DEFAULT CHARSET=utf8;

--
-- Dumping data for table `ps_product_attribute_shop`
--

INSERT INTO `ps_product_attribute_shop` VALUES (52,1,0.000000,0.000000,0.000000,0.000000,0.000000,1,1,'0000-00-00',9),(53,1,0.000000,0.000000,0.000000,0.000000,0.000000,1,1,'0000-00-00',23),(54,1,0.000000,0.000000,0.000000,0.000000,0.000000,1,1,'0000-00-00',10),(55,1,0.000000,0.000000,0.000000,0.000000,0.000000,1,1,'0000-00-00',11),(56,1,0.000000,0.000000,0.000000,0.000000,0.000000,1,1,'0000-00-00',12),(57,1,0.000000,0.000000,0.000000,0.000000,0.000000,1,1,'0000-00-00',24),(58,1,0.000000,0.000000,0.000000,0.000000,0.000000,1,1,'0000-00-00',25),(60,1,0.000000,0.000000,0.000000,0.000000,0.000000,1,1,'0000-00-00',27),(61,1,0.000000,0.000000,0.000000,0.000000,0.000000,1,1,'0000-00-00',28),(62,1,0.000000,0.000000,0.000000,0.000000,0.000000,1,1,'0000-00-00',29),(63,1,0.000000,0.000000,0.000000,0.000000,0.000000,1,1,'0000-00-00',31),(64,1,0.000000,0.000000,0.000000,0.000000,0.000000,1,1,'0000-00-00',32),(65,1,0.000000,0.000000,0.000000,0.000000,0.000000,1,1,'0000-00-00',33),(66,1,0.000000,0.000000,0.000000,0.000000,0.000000,1,1,'0000-00-00',34),(67,1,0.000000,0.000000,0.000000,0.000000,0.000000,1,1,'0000-00-00',35),(68,1,0.000000,0.000000,0.000000,0.000000,0.000000,1,1,'0000-00-00',36),(69,1,0.000000,0.000000,0.000000,0.000000,0.000000,1,1,'0000-00-00',37),(70,1,0.000000,0.000000,0.000000,0.000000,0.000000,1,1,'0000-00-00',38),(71,1,0.000000,0.000000,0.000000,0.000000,0.000000,1,1,'0000-00-00',39),(72,1,0.000000,0.000000,0.000000,0.000000,0.000000,1,1,'0000-00-00',40),(73,1,0.000000,0.000000,0.000000,0.000000,0.000000,1,1,'0000-00-00',41);

--
-- Table structure for table `ps_product_carrier`
--

CREATE TABLE `ps_product_carrier` (
  `id_product` int(10) unsigned NOT NULL,
  `id_carrier_reference` int(10) unsigned NOT NULL,
  `id_shop` int(10) unsigned NOT NULL,
  PRIMARY KEY (`id_product`,`id_carrier_reference`,`id_shop`)
) ENGINE=InnoDB DEFAULT CHARSET=utf8;

--
-- Dumping data for table `ps_product_carrier`
--

INSERT INTO `ps_product_carrier` VALUES (9,1,1),(10,1,1),(11,1,1),(12,1,1);

--
-- Table structure for table `ps_product_comment`
--

CREATE TABLE `ps_product_comment` (
  `id_product_comment` int(10) unsigned NOT NULL AUTO_INCREMENT,
  `id_product` int(10) unsigned NOT NULL,
  `id_customer` int(10) unsigned NOT NULL,
  `id_guest` int(10) unsigned DEFAULT NULL,
  `title` varchar(64) DEFAULT NULL,
  `content` text NOT NULL,
  `customer_name` varchar(64) DEFAULT NULL,
  `grade` float unsigned NOT NULL,
  `validate` tinyint(1) NOT NULL,
  `deleted` tinyint(1) NOT NULL,
  `date_add` datetime NOT NULL,
  PRIMARY KEY (`id_product_comment`),
  KEY `id_product` (`id_product`),
  KEY `id_customer` (`id_customer`),
  KEY `id_guest` (`id_guest`)
) ENGINE=InnoDB DEFAULT CHARSET=utf8;

--
-- Dumping data for table `ps_product_comment`
--


--
-- Table structure for table `ps_product_comment_criterion`
--

CREATE TABLE `ps_product_comment_criterion` (
  `id_product_comment_criterion` int(10) unsigned NOT NULL AUTO_INCREMENT,
  `id_product_comment_criterion_type` tinyint(1) NOT NULL,
  `active` tinyint(1) NOT NULL,
  PRIMARY KEY (`id_product_comment_criterion`)
) ENGINE=InnoDB AUTO_INCREMENT=2 DEFAULT CHARSET=utf8;

--
-- Dumping data for table `ps_product_comment_criterion`
--

INSERT INTO `ps_product_comment_criterion` VALUES (1,1,1);

--
-- Table structure for table `ps_product_comment_criterion_category`
--

CREATE TABLE `ps_product_comment_criterion_category` (
  `id_product_comment_criterion` int(10) unsigned NOT NULL,
  `id_category` int(10) unsigned NOT NULL,
  PRIMARY KEY (`id_product_comment_criterion`,`id_category`),
  KEY `id_category` (`id_category`)
) ENGINE=InnoDB DEFAULT CHARSET=utf8;

--
-- Dumping data for table `ps_product_comment_criterion_category`
--


--
-- Table structure for table `ps_product_comment_criterion_lang`
--

CREATE TABLE `ps_product_comment_criterion_lang` (
  `id_product_comment_criterion` int(11) unsigned NOT NULL,
  `id_lang` int(11) unsigned NOT NULL,
  `name` varchar(64) NOT NULL,
  PRIMARY KEY (`id_product_comment_criterion`,`id_lang`)
) ENGINE=InnoDB DEFAULT CHARSET=utf8;

--
-- Dumping data for table `ps_product_comment_criterion_lang`
--

INSERT INTO `ps_product_comment_criterion_lang` VALUES (1,1,'Quality'),(1,2,'Quality'),(1,3,'Quality'),(1,4,'Quality'),(1,5,'Quality'),(1,6,'Quality'),(1,7,'Quality'),(1,8,'Quality'),(1,9,'Quality');

--
-- Table structure for table `ps_product_comment_criterion_product`
--

CREATE TABLE `ps_product_comment_criterion_product` (
  `id_product` int(10) unsigned NOT NULL,
  `id_product_comment_criterion` int(10) unsigned NOT NULL,
  PRIMARY KEY (`id_product`,`id_product_comment_criterion`),
  KEY `id_product_comment_criterion` (`id_product_comment_criterion`)
) ENGINE=InnoDB DEFAULT CHARSET=utf8;

--
-- Dumping data for table `ps_product_comment_criterion_product`
--


--
-- Table structure for table `ps_product_comment_grade`
--

CREATE TABLE `ps_product_comment_grade` (
  `id_product_comment` int(10) unsigned NOT NULL,
  `id_product_comment_criterion` int(10) unsigned NOT NULL,
  `grade` int(10) unsigned NOT NULL,
  PRIMARY KEY (`id_product_comment`,`id_product_comment_criterion`),
  KEY `id_product_comment_criterion` (`id_product_comment_criterion`)
) ENGINE=InnoDB DEFAULT CHARSET=utf8;

--
-- Dumping data for table `ps_product_comment_grade`
--


--
-- Table structure for table `ps_product_comment_report`
--

CREATE TABLE `ps_product_comment_report` (
  `id_product_comment` int(10) unsigned NOT NULL,
  `id_customer` int(10) unsigned NOT NULL,
  PRIMARY KEY (`id_product_comment`,`id_customer`)
) ENGINE=InnoDB DEFAULT CHARSET=utf8;

--
-- Dumping data for table `ps_product_comment_report`
--


--
-- Table structure for table `ps_product_comment_usefulness`
--

CREATE TABLE `ps_product_comment_usefulness` (
  `id_product_comment` int(10) unsigned NOT NULL,
  `id_customer` int(10) unsigned NOT NULL,
  `usefulness` tinyint(1) unsigned NOT NULL,
  PRIMARY KEY (`id_product_comment`,`id_customer`)
) ENGINE=InnoDB DEFAULT CHARSET=utf8;

--
-- Dumping data for table `ps_product_comment_usefulness`
--


--
-- Table structure for table `ps_product_country_tax`
--

CREATE TABLE `ps_product_country_tax` (
  `id_product` int(11) NOT NULL,
  `id_country` int(11) NOT NULL,
  `id_tax` int(11) NOT NULL,
  PRIMARY KEY (`id_product`,`id_country`)
) ENGINE=InnoDB DEFAULT CHARSET=utf8;

--
-- Dumping data for table `ps_product_country_tax`
--


--
-- Table structure for table `ps_product_download`
--

CREATE TABLE `ps_product_download` (
  `id_product_download` int(10) unsigned NOT NULL AUTO_INCREMENT,
  `id_product` int(10) unsigned NOT NULL,
  `display_filename` varchar(255) DEFAULT NULL,
  `filename` varchar(255) DEFAULT NULL,
  `date_add` datetime NOT NULL,
  `date_expiration` datetime DEFAULT NULL,
  `nb_days_accessible` int(10) unsigned DEFAULT NULL,
  `nb_downloadable` int(10) unsigned DEFAULT '1',
  `active` tinyint(1) unsigned NOT NULL DEFAULT '1',
  `is_shareable` tinyint(1) unsigned NOT NULL DEFAULT '0',
  PRIMARY KEY (`id_product_download`),
  UNIQUE KEY `id_product` (`id_product`),
  KEY `product_active` (`id_product`,`active`)
) ENGINE=InnoDB DEFAULT CHARSET=utf8;

--
-- Dumping data for table `ps_product_download`
--


--
-- Table structure for table `ps_product_group_reduction_cache`
--

CREATE TABLE `ps_product_group_reduction_cache` (
  `id_product` int(10) unsigned NOT NULL,
  `id_group` int(10) unsigned NOT NULL,
  `reduction` decimal(4,3) NOT NULL,
  PRIMARY KEY (`id_product`,`id_group`)
) ENGINE=InnoDB DEFAULT CHARSET=utf8;

--
-- Dumping data for table `ps_product_group_reduction_cache`
--


--
-- Table structure for table `ps_product_lang`
--

CREATE TABLE `ps_product_lang` (
  `id_product` int(10) unsigned NOT NULL,
  `id_shop` int(11) unsigned NOT NULL DEFAULT '1',
  `id_lang` int(10) unsigned NOT NULL,
  `description` text,
  `description_short` text,
  `link_rewrite` varchar(128) NOT NULL,
  `meta_description` varchar(255) DEFAULT NULL,
  `meta_keywords` varchar(255) DEFAULT NULL,
  `meta_title` varchar(128) DEFAULT NULL,
  `name` varchar(128) NOT NULL,
  `available_now` varchar(255) DEFAULT NULL,
  `available_later` varchar(255) DEFAULT NULL,
  PRIMARY KEY (`id_product`,`id_shop`,`id_lang`),
  KEY `id_lang` (`id_lang`),
  KEY `name` (`name`)
) ENGINE=InnoDB DEFAULT CHARSET=utf8;

--
-- Dumping data for table `ps_product_lang`
--

INSERT INTO `ps_product_lang` VALUES (9,1,1,'<p>Fashion has been creating well-designed collections since 2010. The brand offers feminine designs delivering stylish separates and statement dresses which has since evolved into a full ready-to-wear collection in which every item is a vital part of a woman\'s wardrobe. The result? Cool, easy, chic looks with youthful elegance and unmistakable signature style. All the beautiful pieces are made in Italy and manufactured with the greatest attention. Now Fashion extends to a range of accessories including shoes, hats, belts and more!</p>','<p>Faded short sleeve t-shirt with high neckline. Soft and stretchy material for a comfortable fit. Accessorize with a straw hat and you\'re ready for summer!</p>','faded-short-sleeve-tshirts','','','','Faded Short Sleeve T-shirts','In stock',''),(9,1,2,'','','one-shirt-man','','','','One shirt man','In stock',''),(9,1,3,'<p>Fashion has been creating well-designed collections since 2010. The brand offers feminine designs delivering stylish separates and statement dresses which has since evolved into a full ready-to-wear collection in which every item is a vital part of a woman\'s wardrobe. The result? Cool, easy, chic looks with youthful elegance and unmistakable signature style. All the beautiful pieces are made in Italy and manufactured with the greatest attention. Now Fashion extends to a range of accessories including shoes, hats, belts and more!</p>','<p>Faded short sleeve t-shirt with high neckline. Soft and stretchy material for a comfortable fit. Accessorize with a straw hat and you\'re ready for summer!</p>','faded-short-sleeve-tshirts','','','','Faded Short Sleeve T-shirts','In stock',''),(9,1,4,'<p>Fashion has been creating well-designed collections since 2010. The brand offers feminine designs delivering stylish separates and statement dresses which has since evolved into a full ready-to-wear collection in which every item is a vital part of a woman\'s wardrobe. The result? Cool, easy, chic looks with youthful elegance and unmistakable signature style. All the beautiful pieces are made in Italy and manufactured with the greatest attention. Now Fashion extends to a range of accessories including shoes, hats, belts and more!</p>','<p>Faded short sleeve t-shirt with high neckline. Soft and stretchy material for a comfortable fit. Accessorize with a straw hat and you\'re ready for summer!</p>','faded-short-sleeve-tshirts','','','','Faded Short Sleeve T-shirts','In stock',''),(9,1,5,'<p>Fashion has been creating well-designed collections since 2010. The brand offers feminine designs delivering stylish separates and statement dresses which has since evolved into a full ready-to-wear collection in which every item is a vital part of a woman\'s wardrobe. The result? Cool, easy, chic looks with youthful elegance and unmistakable signature style. All the beautiful pieces are made in Italy and manufactured with the greatest attention. Now Fashion extends to a range of accessories including shoes, hats, belts and more!</p>','<p>Faded short sleeve t-shirt with high neckline. Soft and stretchy material for a comfortable fit. Accessorize with a straw hat and you\'re ready for summer!</p>','faded-short-sleeve-tshirts','','','','Faded Short Sleeve T-shirts','In stock',''),(9,1,6,'<p>Fashion has been creating well-designed collections since 2010. The brand offers feminine designs delivering stylish separates and statement dresses which has since evolved into a full ready-to-wear collection in which every item is a vital part of a woman\'s wardrobe. The result? Cool, easy, chic looks with youthful elegance and unmistakable signature style. All the beautiful pieces are made in Italy and manufactured with the greatest attention. Now Fashion extends to a range of accessories including shoes, hats, belts and more!</p>','<p>Faded short sleeve t-shirt with high neckline. Soft and stretchy material for a comfortable fit. Accessorize with a straw hat and you\'re ready for summer!</p>','faded-short-sleeve-tshirts','','','','Faded Short Sleeve T-shirts','In stock',''),(9,1,7,'<p>Fashion has been creating well-designed collections since 2010. The brand offers feminine designs delivering stylish separates and statement dresses which has since evolved into a full ready-to-wear collection in which every item is a vital part of a woman\'s wardrobe. The result? Cool, easy, chic looks with youthful elegance and unmistakable signature style. All the beautiful pieces are made in Italy and manufactured with the greatest attention. Now Fashion extends to a range of accessories including shoes, hats, belts and more!</p>','<p>Faded short sleeve t-shirt with high neckline. Soft and stretchy material for a comfortable fit. Accessorize with a straw hat and you\'re ready for summer!</p>','faded-short-sleeve-tshirts','','','','Faded Short Sleeve T-shirts','In stock',''),(9,1,8,'<p>Fashion has been creating well-designed collections since 2010. The brand offers feminine designs delivering stylish separates and statement dresses which has since evolved into a full ready-to-wear collection in which every item is a vital part of a woman\'s wardrobe. The result? Cool, easy, chic looks with youthful elegance and unmistakable signature style. All the beautiful pieces are made in Italy and manufactured with the greatest attention. Now Fashion extends to a range of accessories including shoes, hats, belts and more!</p>','<p>Faded short sleeve t-shirt with high neckline. Soft and stretchy material for a comfortable fit. Accessorize with a straw hat and you\'re ready for summer!</p>','faded-short-sleeve-tshirts','','','','Faded Short Sleeve T-shirts','In stock',''),(9,1,9,'<p>Fashion has been creating well-designed collections since 2010. The brand offers feminine designs delivering stylish separates and statement dresses which has since evolved into a full ready-to-wear collection in which every item is a vital part of a woman\'s wardrobe. The result? Cool, easy, chic looks with youthful elegance and unmistakable signature style. All the beautiful pieces are made in Italy and manufactured with the greatest attention. Now Fashion extends to a range of accessories including shoes, hats, belts and more!</p>','<p>Faded short sleeve t-shirt with high neckline. Soft and stretchy material for a comfortable fit. Accessorize with a straw hat and you\'re ready for summer!</p>','faded-short-sleeve-tshirts','','','','Faded Short Sleeve T-shirts','In stock',''),(10,1,1,'<p>Fashion has been creating well-designed collections since 2010. The brand offers feminine designs delivering stylish separates and statement dresses which has since evolved into a full ready-to-wear collection in which every item is a vital part of a woman\'s wardrobe. The result? Cool, easy, chic looks with youthful elegance and unmistakable signature style. All the beautiful pieces are made in Italy and manufactured with the greatest attention. Now Fashion extends to a range of accessories including shoes, hats, belts and more!</p>','<p>Faded short sleeve t-shirt with high neckline. Soft and stretchy material for a comfortable fit. Accessorize with a straw hat and you\'re ready for summer!</p>','faded-short-sleeve-tshirts','','','','Faded Short Sleeve T-shirts','In stock',''),(10,1,2,'','','faded-short-sleeve-tshirts','','','','Braindead nerag','In stock',''),(10,1,3,'<p>Fashion has been creating well-designed collections since 2010. The brand offers feminine designs delivering stylish separates and statement dresses which has since evolved into a full ready-to-wear collection in which every item is a vital part of a woman\'s wardrobe. The result? Cool, easy, chic looks with youthful elegance and unmistakable signature style. All the beautiful pieces are made in Italy and manufactured with the greatest attention. Now Fashion extends to a range of accessories including shoes, hats, belts and more!</p>','<p>Faded short sleeve t-shirt with high neckline. Soft and stretchy material for a comfortable fit. Accessorize with a straw hat and you\'re ready for summer!</p>','faded-short-sleeve-tshirts','','','','Faded Short Sleeve T-shirts','In stock',''),(10,1,4,'<p>Fashion has been creating well-designed collections since 2010. The brand offers feminine designs delivering stylish separates and statement dresses which has since evolved into a full ready-to-wear collection in which every item is a vital part of a woman\'s wardrobe. The result? Cool, easy, chic looks with youthful elegance and unmistakable signature style. All the beautiful pieces are made in Italy and manufactured with the greatest attention. Now Fashion extends to a range of accessories including shoes, hats, belts and more!</p>','<p>Faded short sleeve t-shirt with high neckline. Soft and stretchy material for a comfortable fit. Accessorize with a straw hat and you\'re ready for summer!</p>','faded-short-sleeve-tshirts','','','','Faded Short Sleeve T-shirts','In stock',''),(10,1,5,'<p>Fashion has been creating well-designed collections since 2010. The brand offers feminine designs delivering stylish separates and statement dresses which has since evolved into a full ready-to-wear collection in which every item is a vital part of a woman\'s wardrobe. The result? Cool, easy, chic looks with youthful elegance and unmistakable signature style. All the beautiful pieces are made in Italy and manufactured with the greatest attention. Now Fashion extends to a range of accessories including shoes, hats, belts and more!</p>','<p>Faded short sleeve t-shirt with high neckline. Soft and stretchy material for a comfortable fit. Accessorize with a straw hat and you\'re ready for summer!</p>','faded-short-sleeve-tshirts','','','','Faded Short Sleeve T-shirts','In stock',''),(10,1,6,'<p>Fashion has been creating well-designed collections since 2010. The brand offers feminine designs delivering stylish separates and statement dresses which has since evolved into a full ready-to-wear collection in which every item is a vital part of a woman\'s wardrobe. The result? Cool, easy, chic looks with youthful elegance and unmistakable signature style. All the beautiful pieces are made in Italy and manufactured with the greatest attention. Now Fashion extends to a range of accessories including shoes, hats, belts and more!</p>','<p>Faded short sleeve t-shirt with high neckline. Soft and stretchy material for a comfortable fit. Accessorize with a straw hat and you\'re ready for summer!</p>','faded-short-sleeve-tshirts','','','','Faded Short Sleeve T-shirts','In stock',''),(10,1,7,'<p>Fashion has been creating well-designed collections since 2010. The brand offers feminine designs delivering stylish separates and statement dresses which has since evolved into a full ready-to-wear collection in which every item is a vital part of a woman\'s wardrobe. The result? Cool, easy, chic looks with youthful elegance and unmistakable signature style. All the beautiful pieces are made in Italy and manufactured with the greatest attention. Now Fashion extends to a range of accessories including shoes, hats, belts and more!</p>','<p>Faded short sleeve t-shirt with high neckline. Soft and stretchy material for a comfortable fit. Accessorize with a straw hat and you\'re ready for summer!</p>','faded-short-sleeve-tshirts','','','','Faded Short Sleeve T-shirts','In stock',''),(10,1,8,'<p>Fashion has been creating well-designed collections since 2010. The brand offers feminine designs delivering stylish separates and statement dresses which has since evolved into a full ready-to-wear collection in which every item is a vital part of a woman\'s wardrobe. The result? Cool, easy, chic looks with youthful elegance and unmistakable signature style. All the beautiful pieces are made in Italy and manufactured with the greatest attention. Now Fashion extends to a range of accessories including shoes, hats, belts and more!</p>','<p>Faded short sleeve t-shirt with high neckline. Soft and stretchy material for a comfortable fit. Accessorize with a straw hat and you\'re ready for summer!</p>','faded-short-sleeve-tshirts','','','','Faded Short Sleeve T-shirts','In stock',''),(10,1,9,'<p>Fashion has been creating well-designed collections since 2010. The brand offers feminine designs delivering stylish separates and statement dresses which has since evolved into a full ready-to-wear collection in which every item is a vital part of a woman\'s wardrobe. The result? Cool, easy, chic looks with youthful elegance and unmistakable signature style. All the beautiful pieces are made in Italy and manufactured with the greatest attention. Now Fashion extends to a range of accessories including shoes, hats, belts and more!</p>','<p>Faded short sleeve t-shirt with high neckline. Soft and stretchy material for a comfortable fit. Accessorize with a straw hat and you\'re ready for summer!</p>','faded-short-sleeve-tshirts','','','','Faded Short Sleeve T-shirts','In stock',''),(11,1,1,'<p>Fashion has been creating well-designed collections since 2010. The brand offers feminine designs delivering stylish separates and statement dresses which has since evolved into a full ready-to-wear collection in which every item is a vital part of a woman\'s wardrobe. The result? Cool, easy, chic looks with youthful elegance and unmistakable signature style. All the beautiful pieces are made in Italy and manufactured with the greatest attention. Now Fashion extends to a range of accessories including shoes, hats, belts and more!</p>','<p>Faded short sleeve t-shirt with high neckline. Soft and stretchy material for a comfortable fit. Accessorize with a straw hat and you\'re ready for summer!</p>','faded-short-sleeve-tshirts','','','','Faded Short Sleeve T-shirts','In stock',''),(11,1,2,'','','faded-short-sleeve-tshirts','','','','Hook city gang','In stock',''),(11,1,3,'<p>Fashion has been creating well-designed collections since 2010. The brand offers feminine designs delivering stylish separates and statement dresses which has since evolved into a full ready-to-wear collection in which every item is a vital part of a woman\'s wardrobe. The result? Cool, easy, chic looks with youthful elegance and unmistakable signature style. All the beautiful pieces are made in Italy and manufactured with the greatest attention. Now Fashion extends to a range of accessories including shoes, hats, belts and more!</p>','<p>Faded short sleeve t-shirt with high neckline. Soft and stretchy material for a comfortable fit. Accessorize with a straw hat and you\'re ready for summer!</p>','faded-short-sleeve-tshirts','','','','Faded Short Sleeve T-shirts','In stock',''),(11,1,4,'<p>Fashion has been creating well-designed collections since 2010. The brand offers feminine designs delivering stylish separates and statement dresses which has since evolved into a full ready-to-wear collection in which every item is a vital part of a woman\'s wardrobe. The result? Cool, easy, chic looks with youthful elegance and unmistakable signature style. All the beautiful pieces are made in Italy and manufactured with the greatest attention. Now Fashion extends to a range of accessories including shoes, hats, belts and more!</p>','<p>Faded short sleeve t-shirt with high neckline. Soft and stretchy material for a comfortable fit. Accessorize with a straw hat and you\'re ready for summer!</p>','faded-short-sleeve-tshirts','','','','Faded Short Sleeve T-shirts','In stock',''),(11,1,5,'<p>Fashion has been creating well-designed collections since 2010. The brand offers feminine designs delivering stylish separates and statement dresses which has since evolved into a full ready-to-wear collection in which every item is a vital part of a woman\'s wardrobe. The result? Cool, easy, chic looks with youthful elegance and unmistakable signature style. All the beautiful pieces are made in Italy and manufactured with the greatest attention. Now Fashion extends to a range of accessories including shoes, hats, belts and more!</p>','<p>Faded short sleeve t-shirt with high neckline. Soft and stretchy material for a comfortable fit. Accessorize with a straw hat and you\'re ready for summer!</p>','faded-short-sleeve-tshirts','','','','Faded Short Sleeve T-shirts','In stock',''),(11,1,6,'<p>Fashion has been creating well-designed collections since 2010. The brand offers feminine designs delivering stylish separates and statement dresses which has since evolved into a full ready-to-wear collection in which every item is a vital part of a woman\'s wardrobe. The result? Cool, easy, chic looks with youthful elegance and unmistakable signature style. All the beautiful pieces are made in Italy and manufactured with the greatest attention. Now Fashion extends to a range of accessories including shoes, hats, belts and more!</p>','<p>Faded short sleeve t-shirt with high neckline. Soft and stretchy material for a comfortable fit. Accessorize with a straw hat and you\'re ready for summer!</p>','faded-short-sleeve-tshirts','','','','Faded Short Sleeve T-shirts','In stock',''),(11,1,7,'<p>Fashion has been creating well-designed collections since 2010. The brand offers feminine designs delivering stylish separates and statement dresses which has since evolved into a full ready-to-wear collection in which every item is a vital part of a woman\'s wardrobe. The result? Cool, easy, chic looks with youthful elegance and unmistakable signature style. All the beautiful pieces are made in Italy and manufactured with the greatest attention. Now Fashion extends to a range of accessories including shoes, hats, belts and more!</p>','<p>Faded short sleeve t-shirt with high neckline. Soft and stretchy material for a comfortable fit. Accessorize with a straw hat and you\'re ready for summer!</p>','faded-short-sleeve-tshirts','','','','Faded Short Sleeve T-shirts','In stock',''),(11,1,8,'<p>Fashion has been creating well-designed collections since 2010. The brand offers feminine designs delivering stylish separates and statement dresses which has since evolved into a full ready-to-wear collection in which every item is a vital part of a woman\'s wardrobe. The result? Cool, easy, chic looks with youthful elegance and unmistakable signature style. All the beautiful pieces are made in Italy and manufactured with the greatest attention. Now Fashion extends to a range of accessories including shoes, hats, belts and more!</p>','<p>Faded short sleeve t-shirt with high neckline. Soft and stretchy material for a comfortable fit. Accessorize with a straw hat and you\'re ready for summer!</p>','faded-short-sleeve-tshirts','','','','Faded Short Sleeve T-shirts','In stock',''),(11,1,9,'<p>Fashion has been creating well-designed collections since 2010. The brand offers feminine designs delivering stylish separates and statement dresses which has since evolved into a full ready-to-wear collection in which every item is a vital part of a woman\'s wardrobe. The result? Cool, easy, chic looks with youthful elegance and unmistakable signature style. All the beautiful pieces are made in Italy and manufactured with the greatest attention. Now Fashion extends to a range of accessories including shoes, hats, belts and more!</p>','<p>Faded short sleeve t-shirt with high neckline. Soft and stretchy material for a comfortable fit. Accessorize with a straw hat and you\'re ready for summer!</p>','faded-short-sleeve-tshirts','','','','Faded Short Sleeve T-shirts','In stock',''),(12,1,1,'<p>Fashion has been creating well-designed collections since 2010. The brand offers feminine designs delivering stylish separates and statement dresses which has since evolved into a full ready-to-wear collection in which every item is a vital part of a woman\'s wardrobe. The result? Cool, easy, chic looks with youthful elegance and unmistakable signature style. All the beautiful pieces are made in Italy and manufactured with the greatest attention. Now Fashion extends to a range of accessories including shoes, hats, belts and more!</p>','<p>Faded short sleeve t-shirt with high neckline. Soft and stretchy material for a comfortable fit. Accessorize with a straw hat and you\'re ready for summer!</p>','faded-short-sleeve-tshirts','','','','Faded Short Sleeve T-shirts','In stock',''),(12,1,2,'','','faded-short-sleeve-tshirts','','','','Dr Chen','In stock',''),(12,1,3,'<p>Fashion has been creating well-designed collections since 2010. The brand offers feminine designs delivering stylish separates and statement dresses which has since evolved into a full ready-to-wear collection in which every item is a vital part of a woman\'s wardrobe. The result? Cool, easy, chic looks with youthful elegance and unmistakable signature style. All the beautiful pieces are made in Italy and manufactured with the greatest attention. Now Fashion extends to a range of accessories including shoes, hats, belts and more!</p>','<p>Faded short sleeve t-shirt with high neckline. Soft and stretchy material for a comfortable fit. Accessorize with a straw hat and you\'re ready for summer!</p>','faded-short-sleeve-tshirts','','','','Faded Short Sleeve T-shirts','In stock',''),(12,1,4,'<p>Fashion has been creating well-designed collections since 2010. The brand offers feminine designs delivering stylish separates and statement dresses which has since evolved into a full ready-to-wear collection in which every item is a vital part of a woman\'s wardrobe. The result? Cool, easy, chic looks with youthful elegance and unmistakable signature style. All the beautiful pieces are made in Italy and manufactured with the greatest attention. Now Fashion extends to a range of accessories including shoes, hats, belts and more!</p>','<p>Faded short sleeve t-shirt with high neckline. Soft and stretchy material for a comfortable fit. Accessorize with a straw hat and you\'re ready for summer!</p>','faded-short-sleeve-tshirts','','','','Faded Short Sleeve T-shirts','In stock',''),(12,1,5,'<p>Fashion has been creating well-designed collections since 2010. The brand offers feminine designs delivering stylish separates and statement dresses which has since evolved into a full ready-to-wear collection in which every item is a vital part of a woman\'s wardrobe. The result? Cool, easy, chic looks with youthful elegance and unmistakable signature style. All the beautiful pieces are made in Italy and manufactured with the greatest attention. Now Fashion extends to a range of accessories including shoes, hats, belts and more!</p>','<p>Faded short sleeve t-shirt with high neckline. Soft and stretchy material for a comfortable fit. Accessorize with a straw hat and you\'re ready for summer!</p>','faded-short-sleeve-tshirts','','','','Faded Short Sleeve T-shirts','In stock',''),(12,1,6,'<p>Fashion has been creating well-designed collections since 2010. The brand offers feminine designs delivering stylish separates and statement dresses which has since evolved into a full ready-to-wear collection in which every item is a vital part of a woman\'s wardrobe. The result? Cool, easy, chic looks with youthful elegance and unmistakable signature style. All the beautiful pieces are made in Italy and manufactured with the greatest attention. Now Fashion extends to a range of accessories including shoes, hats, belts and more!</p>','<p>Faded short sleeve t-shirt with high neckline. Soft and stretchy material for a comfortable fit. Accessorize with a straw hat and you\'re ready for summer!</p>','faded-short-sleeve-tshirts','','','','Faded Short Sleeve T-shirts','In stock',''),(12,1,7,'<p>Fashion has been creating well-designed collections since 2010. The brand offers feminine designs delivering stylish separates and statement dresses which has since evolved into a full ready-to-wear collection in which every item is a vital part of a woman\'s wardrobe. The result? Cool, easy, chic looks with youthful elegance and unmistakable signature style. All the beautiful pieces are made in Italy and manufactured with the greatest attention. Now Fashion extends to a range of accessories including shoes, hats, belts and more!</p>','<p>Faded short sleeve t-shirt with high neckline. Soft and stretchy material for a comfortable fit. Accessorize with a straw hat and you\'re ready for summer!</p>','faded-short-sleeve-tshirts','','','','Faded Short Sleeve T-shirts','In stock',''),(12,1,8,'<p>Fashion has been creating well-designed collections since 2010. The brand offers feminine designs delivering stylish separates and statement dresses which has since evolved into a full ready-to-wear collection in which every item is a vital part of a woman\'s wardrobe. The result? Cool, easy, chic looks with youthful elegance and unmistakable signature style. All the beautiful pieces are made in Italy and manufactured with the greatest attention. Now Fashion extends to a range of accessories including shoes, hats, belts and more!</p>','<p>Faded short sleeve t-shirt with high neckline. Soft and stretchy material for a comfortable fit. Accessorize with a straw hat and you\'re ready for summer!</p>','faded-short-sleeve-tshirts','','','','Faded Short Sleeve T-shirts','In stock',''),(12,1,9,'<p>Fashion has been creating well-designed collections since 2010. The brand offers feminine designs delivering stylish separates and statement dresses which has since evolved into a full ready-to-wear collection in which every item is a vital part of a woman\'s wardrobe. The result? Cool, easy, chic looks with youthful elegance and unmistakable signature style. All the beautiful pieces are made in Italy and manufactured with the greatest attention. Now Fashion extends to a range of accessories including shoes, hats, belts and more!</p>','<p>Faded short sleeve t-shirt with high neckline. Soft and stretchy material for a comfortable fit. Accessorize with a straw hat and you\'re ready for summer!</p>','faded-short-sleeve-tshirts','','','','Faded Short Sleeve T-shirts','In stock',''),(13,1,1,'<p>Fashion has been creating well-designed collections since 2010. The brand offers feminine designs delivering stylish separates and statement dresses which has since evolved into a full ready-to-wear collection in which every item is a vital part of a woman\'s wardrobe. The result? Cool, easy, chic looks with youthful elegance and unmistakable signature style. All the beautiful pieces are made in Italy and manufactured with the greatest attention. Now Fashion extends to a range of accessories including shoes, hats, belts and more!</p>','<p>Faded short sleeve t-shirt with high neckline. Soft and stretchy material for a comfortable fit. Accessorize with a straw hat and you\'re ready for summer!</p>','faded-short-sleeve-tshirts','','','','Faded Short Sleeve T-shirts','In stock',''),(13,1,2,'','','faded-short-sleeve-tshirts','','','','Don\'t hat the game','In stock',''),(13,1,3,'<p>Fashion has been creating well-designed collections since 2010. The brand offers feminine designs delivering stylish separates and statement dresses which has since evolved into a full ready-to-wear collection in which every item is a vital part of a woman\'s wardrobe. The result? Cool, easy, chic looks with youthful elegance and unmistakable signature style. All the beautiful pieces are made in Italy and manufactured with the greatest attention. Now Fashion extends to a range of accessories including shoes, hats, belts and more!</p>','<p>Faded short sleeve t-shirt with high neckline. Soft and stretchy material for a comfortable fit. Accessorize with a straw hat and you\'re ready for summer!</p>','faded-short-sleeve-tshirts','','','','Faded Short Sleeve T-shirts','In stock',''),(13,1,4,'<p>Fashion has been creating well-designed collections since 2010. The brand offers feminine designs delivering stylish separates and statement dresses which has since evolved into a full ready-to-wear collection in which every item is a vital part of a woman\'s wardrobe. The result? Cool, easy, chic looks with youthful elegance and unmistakable signature style. All the beautiful pieces are made in Italy and manufactured with the greatest attention. Now Fashion extends to a range of accessories including shoes, hats, belts and more!</p>','<p>Faded short sleeve t-shirt with high neckline. Soft and stretchy material for a comfortable fit. Accessorize with a straw hat and you\'re ready for summer!</p>','faded-short-sleeve-tshirts','','','','Faded Short Sleeve T-shirts','In stock',''),(13,1,5,'<p>Fashion has been creating well-designed collections since 2010. The brand offers feminine designs delivering stylish separates and statement dresses which has since evolved into a full ready-to-wear collection in which every item is a vital part of a woman\'s wardrobe. The result? Cool, easy, chic looks with youthful elegance and unmistakable signature style. All the beautiful pieces are made in Italy and manufactured with the greatest attention. Now Fashion extends to a range of accessories including shoes, hats, belts and more!</p>','<p>Faded short sleeve t-shirt with high neckline. Soft and stretchy material for a comfortable fit. Accessorize with a straw hat and you\'re ready for summer!</p>','faded-short-sleeve-tshirts','','','','Faded Short Sleeve T-shirts','In stock',''),(13,1,6,'<p>Fashion has been creating well-designed collections since 2010. The brand offers feminine designs delivering stylish separates and statement dresses which has since evolved into a full ready-to-wear collection in which every item is a vital part of a woman\'s wardrobe. The result? Cool, easy, chic looks with youthful elegance and unmistakable signature style. All the beautiful pieces are made in Italy and manufactured with the greatest attention. Now Fashion extends to a range of accessories including shoes, hats, belts and more!</p>','<p>Faded short sleeve t-shirt with high neckline. Soft and stretchy material for a comfortable fit. Accessorize with a straw hat and you\'re ready for summer!</p>','faded-short-sleeve-tshirts','','','','Faded Short Sleeve T-shirts','In stock',''),(13,1,7,'<p>Fashion has been creating well-designed collections since 2010. The brand offers feminine designs delivering stylish separates and statement dresses which has since evolved into a full ready-to-wear collection in which every item is a vital part of a woman\'s wardrobe. The result? Cool, easy, chic looks with youthful elegance and unmistakable signature style. All the beautiful pieces are made in Italy and manufactured with the greatest attention. Now Fashion extends to a range of accessories including shoes, hats, belts and more!</p>','<p>Faded short sleeve t-shirt with high neckline. Soft and stretchy material for a comfortable fit. Accessorize with a straw hat and you\'re ready for summer!</p>','faded-short-sleeve-tshirts','','','','Faded Short Sleeve T-shirts','In stock',''),(13,1,8,'<p>Fashion has been creating well-designed collections since 2010. The brand offers feminine designs delivering stylish separates and statement dresses which has since evolved into a full ready-to-wear collection in which every item is a vital part of a woman\'s wardrobe. The result? Cool, easy, chic looks with youthful elegance and unmistakable signature style. All the beautiful pieces are made in Italy and manufactured with the greatest attention. Now Fashion extends to a range of accessories including shoes, hats, belts and more!</p>','<p>Faded short sleeve t-shirt with high neckline. Soft and stretchy material for a comfortable fit. Accessorize with a straw hat and you\'re ready for summer!</p>','faded-short-sleeve-tshirts','','','','Faded Short Sleeve T-shirts','In stock',''),(13,1,9,'<p>Fashion has been creating well-designed collections since 2010. The brand offers feminine designs delivering stylish separates and statement dresses which has since evolved into a full ready-to-wear collection in which every item is a vital part of a woman\'s wardrobe. The result? Cool, easy, chic looks with youthful elegance and unmistakable signature style. All the beautiful pieces are made in Italy and manufactured with the greatest attention. Now Fashion extends to a range of accessories including shoes, hats, belts and more!</p>','<p>Faded short sleeve t-shirt with high neckline. Soft and stretchy material for a comfortable fit. Accessorize with a straw hat and you\'re ready for summer!</p>','faded-short-sleeve-tshirts','','','','Faded Short Sleeve T-shirts','In stock',''),(14,1,1,'<p>Fashion has been creating well-designed collections since 2010. The brand offers feminine designs delivering stylish separates and statement dresses which has since evolved into a full ready-to-wear collection in which every item is a vital part of a woman\'s wardrobe. The result? Cool, easy, chic looks with youthful elegance and unmistakable signature style. All the beautiful pieces are made in Italy and manufactured with the greatest attention. Now Fashion extends to a range of accessories including shoes, hats, belts and more!</p>','<p>Faded short sleeve t-shirt with high neckline. Soft and stretchy material for a comfortable fit. Accessorize with a straw hat and you\'re ready for summer!</p>','faded-short-sleeve-tshirts','','','','Faded Short Sleeve T-shirts','In stock',''),(14,1,2,'','<p>All stats Up!</p>','faded-short-sleeve-tshirts','','','','Magic Mush KREYGASM','In stock',''),(14,1,3,'<p>Fashion has been creating well-designed collections since 2010. The brand offers feminine designs delivering stylish separates and statement dresses which has since evolved into a full ready-to-wear collection in which every item is a vital part of a woman\'s wardrobe. The result? Cool, easy, chic looks with youthful elegance and unmistakable signature style. All the beautiful pieces are made in Italy and manufactured with the greatest attention. Now Fashion extends to a range of accessories including shoes, hats, belts and more!</p>','<p>Faded short sleeve t-shirt with high neckline. Soft and stretchy material for a comfortable fit. Accessorize with a straw hat and you\'re ready for summer!</p>','faded-short-sleeve-tshirts','','','','Faded Short Sleeve T-shirts','In stock',''),(14,1,4,'<p>Fashion has been creating well-designed collections since 2010. The brand offers feminine designs delivering stylish separates and statement dresses which has since evolved into a full ready-to-wear collection in which every item is a vital part of a woman\'s wardrobe. The result? Cool, easy, chic looks with youthful elegance and unmistakable signature style. All the beautiful pieces are made in Italy and manufactured with the greatest attention. Now Fashion extends to a range of accessories including shoes, hats, belts and more!</p>','<p>Faded short sleeve t-shirt with high neckline. Soft and stretchy material for a comfortable fit. Accessorize with a straw hat and you\'re ready for summer!</p>','faded-short-sleeve-tshirts','','','','Faded Short Sleeve T-shirts','In stock',''),(14,1,5,'<p>Fashion has been creating well-designed collections since 2010. The brand offers feminine designs delivering stylish separates and statement dresses which has since evolved into a full ready-to-wear collection in which every item is a vital part of a woman\'s wardrobe. The result? Cool, easy, chic looks with youthful elegance and unmistakable signature style. All the beautiful pieces are made in Italy and manufactured with the greatest attention. Now Fashion extends to a range of accessories including shoes, hats, belts and more!</p>','<p>Faded short sleeve t-shirt with high neckline. Soft and stretchy material for a comfortable fit. Accessorize with a straw hat and you\'re ready for summer!</p>','faded-short-sleeve-tshirts','','','','Faded Short Sleeve T-shirts','In stock',''),(14,1,6,'<p>Fashion has been creating well-designed collections since 2010. The brand offers feminine designs delivering stylish separates and statement dresses which has since evolved into a full ready-to-wear collection in which every item is a vital part of a woman\'s wardrobe. The result? Cool, easy, chic looks with youthful elegance and unmistakable signature style. All the beautiful pieces are made in Italy and manufactured with the greatest attention. Now Fashion extends to a range of accessories including shoes, hats, belts and more!</p>','<p>Faded short sleeve t-shirt with high neckline. Soft and stretchy material for a comfortable fit. Accessorize with a straw hat and you\'re ready for summer!</p>','faded-short-sleeve-tshirts','','','','Faded Short Sleeve T-shirts','In stock',''),(14,1,7,'<p>Fashion has been creating well-designed collections since 2010. The brand offers feminine designs delivering stylish separates and statement dresses which has since evolved into a full ready-to-wear collection in which every item is a vital part of a woman\'s wardrobe. The result? Cool, easy, chic looks with youthful elegance and unmistakable signature style. All the beautiful pieces are made in Italy and manufactured with the greatest attention. Now Fashion extends to a range of accessories including shoes, hats, belts and more!</p>','<p>Faded short sleeve t-shirt with high neckline. Soft and stretchy material for a comfortable fit. Accessorize with a straw hat and you\'re ready for summer!</p>','faded-short-sleeve-tshirts','','','','Faded Short Sleeve T-shirts','In stock',''),(14,1,8,'<p>Fashion has been creating well-designed collections since 2010. The brand offers feminine designs delivering stylish separates and statement dresses which has since evolved into a full ready-to-wear collection in which every item is a vital part of a woman\'s wardrobe. The result? Cool, easy, chic looks with youthful elegance and unmistakable signature style. All the beautiful pieces are made in Italy and manufactured with the greatest attention. Now Fashion extends to a range of accessories including shoes, hats, belts and more!</p>','<p>Faded short sleeve t-shirt with high neckline. Soft and stretchy material for a comfortable fit. Accessorize with a straw hat and you\'re ready for summer!</p>','faded-short-sleeve-tshirts','','','','Faded Short Sleeve T-shirts','In stock',''),(14,1,9,'<p>Fashion has been creating well-designed collections since 2010. The brand offers feminine designs delivering stylish separates and statement dresses which has since evolved into a full ready-to-wear collection in which every item is a vital part of a woman\'s wardrobe. The result? Cool, easy, chic looks with youthful elegance and unmistakable signature style. All the beautiful pieces are made in Italy and manufactured with the greatest attention. Now Fashion extends to a range of accessories including shoes, hats, belts and more!</p>','<p>Faded short sleeve t-shirt with high neckline. Soft and stretchy material for a comfortable fit. Accessorize with a straw hat and you\'re ready for summer!</p>','faded-short-sleeve-tshirts','','','','Faded Short Sleeve T-shirts','In stock',''),(15,1,1,'<p>Fashion has been creating well-designed collections since 2010. The brand offers feminine designs delivering stylish separates and statement dresses which has since evolved into a full ready-to-wear collection in which every item is a vital part of a woman\'s wardrobe. The result? Cool, easy, chic looks with youthful elegance and unmistakable signature style. All the beautiful pieces are made in Italy and manufactured with the greatest attention. Now Fashion extends to a range of accessories including shoes, hats, belts and more!</p>','<p>Faded short sleeve t-shirt with high neckline. Soft and stretchy material for a comfortable fit. Accessorize with a straw hat and you\'re ready for summer!</p>','faded-short-sleeve-tshirts','','','','Faded Short Sleeve T-shirts','In stock',''),(15,1,2,'','','thumbs-up','','','','Thumbs up','In stock',''),(15,1,3,'<p>Fashion has been creating well-designed collections since 2010. The brand offers feminine designs delivering stylish separates and statement dresses which has since evolved into a full ready-to-wear collection in which every item is a vital part of a woman\'s wardrobe. The result? Cool, easy, chic looks with youthful elegance and unmistakable signature style. All the beautiful pieces are made in Italy and manufactured with the greatest attention. Now Fashion extends to a range of accessories including shoes, hats, belts and more!</p>','<p>Faded short sleeve t-shirt with high neckline. Soft and stretchy material for a comfortable fit. Accessorize with a straw hat and you\'re ready for summer!</p>','faded-short-sleeve-tshirts','','','','Faded Short Sleeve T-shirts','In stock',''),(15,1,4,'<p>Fashion has been creating well-designed collections since 2010. The brand offers feminine designs delivering stylish separates and statement dresses which has since evolved into a full ready-to-wear collection in which every item is a vital part of a woman\'s wardrobe. The result? Cool, easy, chic looks with youthful elegance and unmistakable signature style. All the beautiful pieces are made in Italy and manufactured with the greatest attention. Now Fashion extends to a range of accessories including shoes, hats, belts and more!</p>','<p>Faded short sleeve t-shirt with high neckline. Soft and stretchy material for a comfortable fit. Accessorize with a straw hat and you\'re ready for summer!</p>','faded-short-sleeve-tshirts','','','','Faded Short Sleeve T-shirts','In stock',''),(15,1,5,'<p>Fashion has been creating well-designed collections since 2010. The brand offers feminine designs delivering stylish separates and statement dresses which has since evolved into a full ready-to-wear collection in which every item is a vital part of a woman\'s wardrobe. The result? Cool, easy, chic looks with youthful elegance and unmistakable signature style. All the beautiful pieces are made in Italy and manufactured with the greatest attention. Now Fashion extends to a range of accessories including shoes, hats, belts and more!</p>','<p>Faded short sleeve t-shirt with high neckline. Soft and stretchy material for a comfortable fit. Accessorize with a straw hat and you\'re ready for summer!</p>','faded-short-sleeve-tshirts','','','','Faded Short Sleeve T-shirts','In stock',''),(15,1,6,'<p>Fashion has been creating well-designed collections since 2010. The brand offers feminine designs delivering stylish separates and statement dresses which has since evolved into a full ready-to-wear collection in which every item is a vital part of a woman\'s wardrobe. The result? Cool, easy, chic looks with youthful elegance and unmistakable signature style. All the beautiful pieces are made in Italy and manufactured with the greatest attention. Now Fashion extends to a range of accessories including shoes, hats, belts and more!</p>','<p>Faded short sleeve t-shirt with high neckline. Soft and stretchy material for a comfortable fit. Accessorize with a straw hat and you\'re ready for summer!</p>','faded-short-sleeve-tshirts','','','','Faded Short Sleeve T-shirts','In stock',''),(15,1,7,'<p>Fashion has been creating well-designed collections since 2010. The brand offers feminine designs delivering stylish separates and statement dresses which has since evolved into a full ready-to-wear collection in which every item is a vital part of a woman\'s wardrobe. The result? Cool, easy, chic looks with youthful elegance and unmistakable signature style. All the beautiful pieces are made in Italy and manufactured with the greatest attention. Now Fashion extends to a range of accessories including shoes, hats, belts and more!</p>','<p>Faded short sleeve t-shirt with high neckline. Soft and stretchy material for a comfortable fit. Accessorize with a straw hat and you\'re ready for summer!</p>','faded-short-sleeve-tshirts','','','','Faded Short Sleeve T-shirts','In stock',''),(15,1,8,'<p>Fashion has been creating well-designed collections since 2010. The brand offers feminine designs delivering stylish separates and statement dresses which has since evolved into a full ready-to-wear collection in which every item is a vital part of a woman\'s wardrobe. The result? Cool, easy, chic looks with youthful elegance and unmistakable signature style. All the beautiful pieces are made in Italy and manufactured with the greatest attention. Now Fashion extends to a range of accessories including shoes, hats, belts and more!</p>','<p>Faded short sleeve t-shirt with high neckline. Soft and stretchy material for a comfortable fit. Accessorize with a straw hat and you\'re ready for summer!</p>','faded-short-sleeve-tshirts','','','','Faded Short Sleeve T-shirts','In stock',''),(15,1,9,'<p>Fashion has been creating well-designed collections since 2010. The brand offers feminine designs delivering stylish separates and statement dresses which has since evolved into a full ready-to-wear collection in which every item is a vital part of a woman\'s wardrobe. The result? Cool, easy, chic looks with youthful elegance and unmistakable signature style. All the beautiful pieces are made in Italy and manufactured with the greatest attention. Now Fashion extends to a range of accessories including shoes, hats, belts and more!</p>','<p>Faded short sleeve t-shirt with high neckline. Soft and stretchy material for a comfortable fit. Accessorize with a straw hat and you\'re ready for summer!</p>','faded-short-sleeve-tshirts','','','','Faded Short Sleeve T-shirts','In stock',''),(16,1,1,'<p>Fashion has been creating well-designed collections since 2010. The brand offers feminine designs delivering stylish separates and statement dresses which has since evolved into a full ready-to-wear collection in which every item is a vital part of a woman\'s wardrobe. The result? Cool, easy, chic looks with youthful elegance and unmistakable signature style. All the beautiful pieces are made in Italy and manufactured with the greatest attention. Now Fashion extends to a range of accessories including shoes, hats, belts and more!</p>','<p>Faded short sleeve t-shirt with high neckline. Soft and stretchy material for a comfortable fit. Accessorize with a straw hat and you\'re ready for summer!</p>','faded-short-sleeve-tshirts','','','','Faded Short Sleeve T-shirts','In stock',''),(16,1,2,'','<p>Just meat it !</p>','he-s-happy-to-see-you','','','','He\'s happy to see you','In stock',''),(16,1,3,'<p>Fashion has been creating well-designed collections since 2010. The brand offers feminine designs delivering stylish separates and statement dresses which has since evolved into a full ready-to-wear collection in which every item is a vital part of a woman\'s wardrobe. The result? Cool, easy, chic looks with youthful elegance and unmistakable signature style. All the beautiful pieces are made in Italy and manufactured with the greatest attention. Now Fashion extends to a range of accessories including shoes, hats, belts and more!</p>','<p>Faded short sleeve t-shirt with high neckline. Soft and stretchy material for a comfortable fit. Accessorize with a straw hat and you\'re ready for summer!</p>','faded-short-sleeve-tshirts','','','','Faded Short Sleeve T-shirts','In stock',''),(16,1,4,'<p>Fashion has been creating well-designed collections since 2010. The brand offers feminine designs delivering stylish separates and statement dresses which has since evolved into a full ready-to-wear collection in which every item is a vital part of a woman\'s wardrobe. The result? Cool, easy, chic looks with youthful elegance and unmistakable signature style. All the beautiful pieces are made in Italy and manufactured with the greatest attention. Now Fashion extends to a range of accessories including shoes, hats, belts and more!</p>','<p>Faded short sleeve t-shirt with high neckline. Soft and stretchy material for a comfortable fit. Accessorize with a straw hat and you\'re ready for summer!</p>','faded-short-sleeve-tshirts','','','','Faded Short Sleeve T-shirts','In stock',''),(16,1,5,'<p>Fashion has been creating well-designed collections since 2010. The brand offers feminine designs delivering stylish separates and statement dresses which has since evolved into a full ready-to-wear collection in which every item is a vital part of a woman\'s wardrobe. The result? Cool, easy, chic looks with youthful elegance and unmistakable signature style. All the beautiful pieces are made in Italy and manufactured with the greatest attention. Now Fashion extends to a range of accessories including shoes, hats, belts and more!</p>','<p>Faded short sleeve t-shirt with high neckline. Soft and stretchy material for a comfortable fit. Accessorize with a straw hat and you\'re ready for summer!</p>','faded-short-sleeve-tshirts','','','','Faded Short Sleeve T-shirts','In stock',''),(16,1,6,'<p>Fashion has been creating well-designed collections since 2010. The brand offers feminine designs delivering stylish separates and statement dresses which has since evolved into a full ready-to-wear collection in which every item is a vital part of a woman\'s wardrobe. The result? Cool, easy, chic looks with youthful elegance and unmistakable signature style. All the beautiful pieces are made in Italy and manufactured with the greatest attention. Now Fashion extends to a range of accessories including shoes, hats, belts and more!</p>','<p>Faded short sleeve t-shirt with high neckline. Soft and stretchy material for a comfortable fit. Accessorize with a straw hat and you\'re ready for summer!</p>','faded-short-sleeve-tshirts','','','','Faded Short Sleeve T-shirts','In stock',''),(16,1,7,'<p>Fashion has been creating well-designed collections since 2010. The brand offers feminine designs delivering stylish separates and statement dresses which has since evolved into a full ready-to-wear collection in which every item is a vital part of a woman\'s wardrobe. The result? Cool, easy, chic looks with youthful elegance and unmistakable signature style. All the beautiful pieces are made in Italy and manufactured with the greatest attention. Now Fashion extends to a range of accessories including shoes, hats, belts and more!</p>','<p>Faded short sleeve t-shirt with high neckline. Soft and stretchy material for a comfortable fit. Accessorize with a straw hat and you\'re ready for summer!</p>','faded-short-sleeve-tshirts','','','','Faded Short Sleeve T-shirts','In stock',''),(16,1,8,'<p>Fashion has been creating well-designed collections since 2010. The brand offers feminine designs delivering stylish separates and statement dresses which has since evolved into a full ready-to-wear collection in which every item is a vital part of a woman\'s wardrobe. The result? Cool, easy, chic looks with youthful elegance and unmistakable signature style. All the beautiful pieces are made in Italy and manufactured with the greatest attention. Now Fashion extends to a range of accessories including shoes, hats, belts and more!</p>','<p>Faded short sleeve t-shirt with high neckline. Soft and stretchy material for a comfortable fit. Accessorize with a straw hat and you\'re ready for summer!</p>','faded-short-sleeve-tshirts','','','','Faded Short Sleeve T-shirts','In stock',''),(16,1,9,'<p>Fashion has been creating well-designed collections since 2010. The brand offers feminine designs delivering stylish separates and statement dresses which has since evolved into a full ready-to-wear collection in which every item is a vital part of a woman\'s wardrobe. The result? Cool, easy, chic looks with youthful elegance and unmistakable signature style. All the beautiful pieces are made in Italy and manufactured with the greatest attention. Now Fashion extends to a range of accessories including shoes, hats, belts and more!</p>','<p>Faded short sleeve t-shirt with high neckline. Soft and stretchy material for a comfortable fit. Accessorize with a straw hat and you\'re ready for summer!</p>','faded-short-sleeve-tshirts','','','','Faded Short Sleeve T-shirts','In stock',''),(17,1,1,'<p>Fashion has been creating well-designed collections since 2010. The brand offers feminine designs delivering stylish separates and statement dresses which has since evolved into a full ready-to-wear collection in which every item is a vital part of a woman\'s wardrobe. The result? Cool, easy, chic looks with youthful elegance and unmistakable signature style. All the beautiful pieces are made in Italy and manufactured with the greatest attention. Now Fashion extends to a range of accessories including shoes, hats, belts and more!</p>','<p>Faded short sleeve t-shirt with high neckline. Soft and stretchy material for a comfortable fit. Accessorize with a straw hat and you\'re ready for summer!</p>','faded-short-sleeve-tshirts','','','','Faded Short Sleeve T-shirts','In stock',''),(17,1,2,'<p>Yoloswag</p>','<p>Run , run !</p>','happy-familly','','','','Happy familly','In stock',''),(17,1,3,'<p>Fashion has been creating well-designed collections since 2010. The brand offers feminine designs delivering stylish separates and statement dresses which has since evolved into a full ready-to-wear collection in which every item is a vital part of a woman\'s wardrobe. The result? Cool, easy, chic looks with youthful elegance and unmistakable signature style. All the beautiful pieces are made in Italy and manufactured with the greatest attention. Now Fashion extends to a range of accessories including shoes, hats, belts and more!</p>','<p>Faded short sleeve t-shirt with high neckline. Soft and stretchy material for a comfortable fit. Accessorize with a straw hat and you\'re ready for summer!</p>','faded-short-sleeve-tshirts','','','','Faded Short Sleeve T-shirts','In stock',''),(17,1,4,'<p>Fashion has been creating well-designed collections since 2010. The brand offers feminine designs delivering stylish separates and statement dresses which has since evolved into a full ready-to-wear collection in which every item is a vital part of a woman\'s wardrobe. The result? Cool, easy, chic looks with youthful elegance and unmistakable signature style. All the beautiful pieces are made in Italy and manufactured with the greatest attention. Now Fashion extends to a range of accessories including shoes, hats, belts and more!</p>','<p>Faded short sleeve t-shirt with high neckline. Soft and stretchy material for a comfortable fit. Accessorize with a straw hat and you\'re ready for summer!</p>','faded-short-sleeve-tshirts','','','','Faded Short Sleeve T-shirts','In stock',''),(17,1,5,'<p>Fashion has been creating well-designed collections since 2010. The brand offers feminine designs delivering stylish separates and statement dresses which has since evolved into a full ready-to-wear collection in which every item is a vital part of a woman\'s wardrobe. The result? Cool, easy, chic looks with youthful elegance and unmistakable signature style. All the beautiful pieces are made in Italy and manufactured with the greatest attention. Now Fashion extends to a range of accessories including shoes, hats, belts and more!</p>','<p>Faded short sleeve t-shirt with high neckline. Soft and stretchy material for a comfortable fit. Accessorize with a straw hat and you\'re ready for summer!</p>','faded-short-sleeve-tshirts','','','','Faded Short Sleeve T-shirts','In stock',''),(17,1,6,'<p>Fashion has been creating well-designed collections since 2010. The brand offers feminine designs delivering stylish separates and statement dresses which has since evolved into a full ready-to-wear collection in which every item is a vital part of a woman\'s wardrobe. The result? Cool, easy, chic looks with youthful elegance and unmistakable signature style. All the beautiful pieces are made in Italy and manufactured with the greatest attention. Now Fashion extends to a range of accessories including shoes, hats, belts and more!</p>','<p>Faded short sleeve t-shirt with high neckline. Soft and stretchy material for a comfortable fit. Accessorize with a straw hat and you\'re ready for summer!</p>','faded-short-sleeve-tshirts','','','','Faded Short Sleeve T-shirts','In stock',''),(17,1,7,'<p>Fashion has been creating well-designed collections since 2010. The brand offers feminine designs delivering stylish separates and statement dresses which has since evolved into a full ready-to-wear collection in which every item is a vital part of a woman\'s wardrobe. The result? Cool, easy, chic looks with youthful elegance and unmistakable signature style. All the beautiful pieces are made in Italy and manufactured with the greatest attention. Now Fashion extends to a range of accessories including shoes, hats, belts and more!</p>','<p>Faded short sleeve t-shirt with high neckline. Soft and stretchy material for a comfortable fit. Accessorize with a straw hat and you\'re ready for summer!</p>','faded-short-sleeve-tshirts','','','','Faded Short Sleeve T-shirts','In stock',''),(17,1,8,'<p>Fashion has been creating well-designed collections since 2010. The brand offers feminine designs delivering stylish separates and statement dresses which has since evolved into a full ready-to-wear collection in which every item is a vital part of a woman\'s wardrobe. The result? Cool, easy, chic looks with youthful elegance and unmistakable signature style. All the beautiful pieces are made in Italy and manufactured with the greatest attention. Now Fashion extends to a range of accessories including shoes, hats, belts and more!</p>','<p>Faded short sleeve t-shirt with high neckline. Soft and stretchy material for a comfortable fit. Accessorize with a straw hat and you\'re ready for summer!</p>','faded-short-sleeve-tshirts','','','','Faded Short Sleeve T-shirts','In stock',''),(17,1,9,'<p>Fashion has been creating well-designed collections since 2010. The brand offers feminine designs delivering stylish separates and statement dresses which has since evolved into a full ready-to-wear collection in which every item is a vital part of a woman\'s wardrobe. The result? Cool, easy, chic looks with youthful elegance and unmistakable signature style. All the beautiful pieces are made in Italy and manufactured with the greatest attention. Now Fashion extends to a range of accessories including shoes, hats, belts and more!</p>','<p>Faded short sleeve t-shirt with high neckline. Soft and stretchy material for a comfortable fit. Accessorize with a straw hat and you\'re ready for summer!</p>','faded-short-sleeve-tshirts','','','','Faded Short Sleeve T-shirts','In stock',''),(18,1,1,'<p>Fashion has been creating well-designed collections since 2010. The brand offers feminine designs delivering stylish separates and statement dresses which has since evolved into a full ready-to-wear collection in which every item is a vital part of a woman\'s wardrobe. The result? Cool, easy, chic looks with youthful elegance and unmistakable signature style. All the beautiful pieces are made in Italy and manufactured with the greatest attention. Now Fashion extends to a range of accessories including shoes, hats, belts and more!</p>','<p>Faded short sleeve t-shirt with high neckline. Soft and stretchy material for a comfortable fit. Accessorize with a straw hat and you\'re ready for summer!</p>','faded-short-sleeve-tshirts','','','','Faded Short Sleeve T-shirts','In stock',''),(18,1,2,'','','happy-familly','','','','Vagin cosmique','In stock',''),(18,1,3,'<p>Fashion has been creating well-designed collections since 2010. The brand offers feminine designs delivering stylish separates and statement dresses which has since evolved into a full ready-to-wear collection in which every item is a vital part of a woman\'s wardrobe. The result? Cool, easy, chic looks with youthful elegance and unmistakable signature style. All the beautiful pieces are made in Italy and manufactured with the greatest attention. Now Fashion extends to a range of accessories including shoes, hats, belts and more!</p>','<p>Faded short sleeve t-shirt with high neckline. Soft and stretchy material for a comfortable fit. Accessorize with a straw hat and you\'re ready for summer!</p>','faded-short-sleeve-tshirts','','','','Faded Short Sleeve T-shirts','In stock',''),(18,1,4,'<p>Fashion has been creating well-designed collections since 2010. The brand offers feminine designs delivering stylish separates and statement dresses which has since evolved into a full ready-to-wear collection in which every item is a vital part of a woman\'s wardrobe. The result? Cool, easy, chic looks with youthful elegance and unmistakable signature style. All the beautiful pieces are made in Italy and manufactured with the greatest attention. Now Fashion extends to a range of accessories including shoes, hats, belts and more!</p>','<p>Faded short sleeve t-shirt with high neckline. Soft and stretchy material for a comfortable fit. Accessorize with a straw hat and you\'re ready for summer!</p>','faded-short-sleeve-tshirts','','','','Faded Short Sleeve T-shirts','In stock',''),(18,1,5,'<p>Fashion has been creating well-designed collections since 2010. The brand offers feminine designs delivering stylish separates and statement dresses which has since evolved into a full ready-to-wear collection in which every item is a vital part of a woman\'s wardrobe. The result? Cool, easy, chic looks with youthful elegance and unmistakable signature style. All the beautiful pieces are made in Italy and manufactured with the greatest attention. Now Fashion extends to a range of accessories including shoes, hats, belts and more!</p>','<p>Faded short sleeve t-shirt with high neckline. Soft and stretchy material for a comfortable fit. Accessorize with a straw hat and you\'re ready for summer!</p>','faded-short-sleeve-tshirts','','','','Faded Short Sleeve T-shirts','In stock',''),(18,1,6,'<p>Fashion has been creating well-designed collections since 2010. The brand offers feminine designs delivering stylish separates and statement dresses which has since evolved into a full ready-to-wear collection in which every item is a vital part of a woman\'s wardrobe. The result? Cool, easy, chic looks with youthful elegance and unmistakable signature style. All the beautiful pieces are made in Italy and manufactured with the greatest attention. Now Fashion extends to a range of accessories including shoes, hats, belts and more!</p>','<p>Faded short sleeve t-shirt with high neckline. Soft and stretchy material for a comfortable fit. Accessorize with a straw hat and you\'re ready for summer!</p>','faded-short-sleeve-tshirts','','','','Faded Short Sleeve T-shirts','In stock',''),(18,1,7,'<p>Fashion has been creating well-designed collections since 2010. The brand offers feminine designs delivering stylish separates and statement dresses which has since evolved into a full ready-to-wear collection in which every item is a vital part of a woman\'s wardrobe. The result? Cool, easy, chic looks with youthful elegance and unmistakable signature style. All the beautiful pieces are made in Italy and manufactured with the greatest attention. Now Fashion extends to a range of accessories including shoes, hats, belts and more!</p>','<p>Faded short sleeve t-shirt with high neckline. Soft and stretchy material for a comfortable fit. Accessorize with a straw hat and you\'re ready for summer!</p>','faded-short-sleeve-tshirts','','','','Faded Short Sleeve T-shirts','In stock',''),(18,1,8,'<p>Fashion has been creating well-designed collections since 2010. The brand offers feminine designs delivering stylish separates and statement dresses which has since evolved into a full ready-to-wear collection in which every item is a vital part of a woman\'s wardrobe. The result? Cool, easy, chic looks with youthful elegance and unmistakable signature style. All the beautiful pieces are made in Italy and manufactured with the greatest attention. Now Fashion extends to a range of accessories including shoes, hats, belts and more!</p>','<p>Faded short sleeve t-shirt with high neckline. Soft and stretchy material for a comfortable fit. Accessorize with a straw hat and you\'re ready for summer!</p>','faded-short-sleeve-tshirts','','','','Faded Short Sleeve T-shirts','In stock',''),(18,1,9,'<p>Fashion has been creating well-designed collections since 2010. The brand offers feminine designs delivering stylish separates and statement dresses which has since evolved into a full ready-to-wear collection in which every item is a vital part of a woman\'s wardrobe. The result? Cool, easy, chic looks with youthful elegance and unmistakable signature style. All the beautiful pieces are made in Italy and manufactured with the greatest attention. Now Fashion extends to a range of accessories including shoes, hats, belts and more!</p>','<p>Faded short sleeve t-shirt with high neckline. Soft and stretchy material for a comfortable fit. Accessorize with a straw hat and you\'re ready for summer!</p>','faded-short-sleeve-tshirts','','','','Faded Short Sleeve T-shirts','In stock',''),(19,1,1,'<p>Fashion has been creating well-designed collections since 2010. The brand offers feminine designs delivering stylish separates and statement dresses which has since evolved into a full ready-to-wear collection in which every item is a vital part of a woman\'s wardrobe. The result? Cool, easy, chic looks with youthful elegance and unmistakable signature style. All the beautiful pieces are made in Italy and manufactured with the greatest attention. Now Fashion extends to a range of accessories including shoes, hats, belts and more!</p>','<p>Faded short sleeve t-shirt with high neckline. Soft and stretchy material for a comfortable fit. Accessorize with a straw hat and you\'re ready for summer!</p>','faded-short-sleeve-tshirts','','','','Faded Short Sleeve T-shirts','In stock',''),(19,1,2,'','','happy-familly','','','','Vagin cosmique vierge','In stock',''),(19,1,3,'<p>Fashion has been creating well-designed collections since 2010. The brand offers feminine designs delivering stylish separates and statement dresses which has since evolved into a full ready-to-wear collection in which every item is a vital part of a woman\'s wardrobe. The result? Cool, easy, chic looks with youthful elegance and unmistakable signature style. All the beautiful pieces are made in Italy and manufactured with the greatest attention. Now Fashion extends to a range of accessories including shoes, hats, belts and more!</p>','<p>Faded short sleeve t-shirt with high neckline. Soft and stretchy material for a comfortable fit. Accessorize with a straw hat and you\'re ready for summer!</p>','faded-short-sleeve-tshirts','','','','Faded Short Sleeve T-shirts','In stock',''),(19,1,4,'<p>Fashion has been creating well-designed collections since 2010. The brand offers feminine designs delivering stylish separates and statement dresses which has since evolved into a full ready-to-wear collection in which every item is a vital part of a woman\'s wardrobe. The result? Cool, easy, chic looks with youthful elegance and unmistakable signature style. All the beautiful pieces are made in Italy and manufactured with the greatest attention. Now Fashion extends to a range of accessories including shoes, hats, belts and more!</p>','<p>Faded short sleeve t-shirt with high neckline. Soft and stretchy material for a comfortable fit. Accessorize with a straw hat and you\'re ready for summer!</p>','faded-short-sleeve-tshirts','','','','Faded Short Sleeve T-shirts','In stock',''),(19,1,5,'<p>Fashion has been creating well-designed collections since 2010. The brand offers feminine designs delivering stylish separates and statement dresses which has since evolved into a full ready-to-wear collection in which every item is a vital part of a woman\'s wardrobe. The result? Cool, easy, chic looks with youthful elegance and unmistakable signature style. All the beautiful pieces are made in Italy and manufactured with the greatest attention. Now Fashion extends to a range of accessories including shoes, hats, belts and more!</p>','<p>Faded short sleeve t-shirt with high neckline. Soft and stretchy material for a comfortable fit. Accessorize with a straw hat and you\'re ready for summer!</p>','faded-short-sleeve-tshirts','','','','Faded Short Sleeve T-shirts','In stock',''),(19,1,6,'<p>Fashion has been creating well-designed collections since 2010. The brand offers feminine designs delivering stylish separates and statement dresses which has since evolved into a full ready-to-wear collection in which every item is a vital part of a woman\'s wardrobe. The result? Cool, easy, chic looks with youthful elegance and unmistakable signature style. All the beautiful pieces are made in Italy and manufactured with the greatest attention. Now Fashion extends to a range of accessories including shoes, hats, belts and more!</p>','<p>Faded short sleeve t-shirt with high neckline. Soft and stretchy material for a comfortable fit. Accessorize with a straw hat and you\'re ready for summer!</p>','faded-short-sleeve-tshirts','','','','Faded Short Sleeve T-shirts','In stock',''),(19,1,7,'<p>Fashion has been creating well-designed collections since 2010. The brand offers feminine designs delivering stylish separates and statement dresses which has since evolved into a full ready-to-wear collection in which every item is a vital part of a woman\'s wardrobe. The result? Cool, easy, chic looks with youthful elegance and unmistakable signature style. All the beautiful pieces are made in Italy and manufactured with the greatest attention. Now Fashion extends to a range of accessories including shoes, hats, belts and more!</p>','<p>Faded short sleeve t-shirt with high neckline. Soft and stretchy material for a comfortable fit. Accessorize with a straw hat and you\'re ready for summer!</p>','faded-short-sleeve-tshirts','','','','Faded Short Sleeve T-shirts','In stock',''),(19,1,8,'<p>Fashion has been creating well-designed collections since 2010. The brand offers feminine designs delivering stylish separates and statement dresses which has since evolved into a full ready-to-wear collection in which every item is a vital part of a woman\'s wardrobe. The result? Cool, easy, chic looks with youthful elegance and unmistakable signature style. All the beautiful pieces are made in Italy and manufactured with the greatest attention. Now Fashion extends to a range of accessories including shoes, hats, belts and more!</p>','<p>Faded short sleeve t-shirt with high neckline. Soft and stretchy material for a comfortable fit. Accessorize with a straw hat and you\'re ready for summer!</p>','faded-short-sleeve-tshirts','','','','Faded Short Sleeve T-shirts','In stock',''),(19,1,9,'<p>Fashion has been creating well-designed collections since 2010. The brand offers feminine designs delivering stylish separates and statement dresses which has since evolved into a full ready-to-wear collection in which every item is a vital part of a woman\'s wardrobe. The result? Cool, easy, chic looks with youthful elegance and unmistakable signature style. All the beautiful pieces are made in Italy and manufactured with the greatest attention. Now Fashion extends to a range of accessories including shoes, hats, belts and more!</p>','<p>Faded short sleeve t-shirt with high neckline. Soft and stretchy material for a comfortable fit. Accessorize with a straw hat and you\'re ready for summer!</p>','faded-short-sleeve-tshirts','','','','Faded Short Sleeve T-shirts','In stock',''),(20,1,1,'<p>Fashion has been creating well-designed collections since 2010. The brand offers feminine designs delivering stylish separates and statement dresses which has since evolved into a full ready-to-wear collection in which every item is a vital part of a woman\'s wardrobe. The result? Cool, easy, chic looks with youthful elegance and unmistakable signature style. All the beautiful pieces are made in Italy and manufactured with the greatest attention. Now Fashion extends to a range of accessories including shoes, hats, belts and more!</p>','<p>Faded short sleeve t-shirt with high neckline. Soft and stretchy material for a comfortable fit. Accessorize with a straw hat and you\'re ready for summer!</p>','faded-short-sleeve-tshirts','','','','Faded Short Sleeve T-shirts','In stock',''),(20,1,2,'','','happy-familly','','','','Full jungle','In stock',''),(20,1,3,'<p>Fashion has been creating well-designed collections since 2010. The brand offers feminine designs delivering stylish separates and statement dresses which has since evolved into a full ready-to-wear collection in which every item is a vital part of a woman\'s wardrobe. The result? Cool, easy, chic looks with youthful elegance and unmistakable signature style. All the beautiful pieces are made in Italy and manufactured with the greatest attention. Now Fashion extends to a range of accessories including shoes, hats, belts and more!</p>','<p>Faded short sleeve t-shirt with high neckline. Soft and stretchy material for a comfortable fit. Accessorize with a straw hat and you\'re ready for summer!</p>','faded-short-sleeve-tshirts','','','','Faded Short Sleeve T-shirts','In stock',''),(20,1,4,'<p>Fashion has been creating well-designed collections since 2010. The brand offers feminine designs delivering stylish separates and statement dresses which has since evolved into a full ready-to-wear collection in which every item is a vital part of a woman\'s wardrobe. The result? Cool, easy, chic looks with youthful elegance and unmistakable signature style. All the beautiful pieces are made in Italy and manufactured with the greatest attention. Now Fashion extends to a range of accessories including shoes, hats, belts and more!</p>','<p>Faded short sleeve t-shirt with high neckline. Soft and stretchy material for a comfortable fit. Accessorize with a straw hat and you\'re ready for summer!</p>','faded-short-sleeve-tshirts','','','','Faded Short Sleeve T-shirts','In stock',''),(20,1,5,'<p>Fashion has been creating well-designed collections since 2010. The brand offers feminine designs delivering stylish separates and statement dresses which has since evolved into a full ready-to-wear collection in which every item is a vital part of a woman\'s wardrobe. The result? Cool, easy, chic looks with youthful elegance and unmistakable signature style. All the beautiful pieces are made in Italy and manufactured with the greatest attention. Now Fashion extends to a range of accessories including shoes, hats, belts and more!</p>','<p>Faded short sleeve t-shirt with high neckline. Soft and stretchy material for a comfortable fit. Accessorize with a straw hat and you\'re ready for summer!</p>','faded-short-sleeve-tshirts','','','','Faded Short Sleeve T-shirts','In stock',''),(20,1,6,'<p>Fashion has been creating well-designed collections since 2010. The brand offers feminine designs delivering stylish separates and statement dresses which has since evolved into a full ready-to-wear collection in which every item is a vital part of a woman\'s wardrobe. The result? Cool, easy, chic looks with youthful elegance and unmistakable signature style. All the beautiful pieces are made in Italy and manufactured with the greatest attention. Now Fashion extends to a range of accessories including shoes, hats, belts and more!</p>','<p>Faded short sleeve t-shirt with high neckline. Soft and stretchy material for a comfortable fit. Accessorize with a straw hat and you\'re ready for summer!</p>','faded-short-sleeve-tshirts','','','','Faded Short Sleeve T-shirts','In stock',''),(20,1,7,'<p>Fashion has been creating well-designed collections since 2010. The brand offers feminine designs delivering stylish separates and statement dresses which has since evolved into a full ready-to-wear collection in which every item is a vital part of a woman\'s wardrobe. The result? Cool, easy, chic looks with youthful elegance and unmistakable signature style. All the beautiful pieces are made in Italy and manufactured with the greatest attention. Now Fashion extends to a range of accessories including shoes, hats, belts and more!</p>','<p>Faded short sleeve t-shirt with high neckline. Soft and stretchy material for a comfortable fit. Accessorize with a straw hat and you\'re ready for summer!</p>','faded-short-sleeve-tshirts','','','','Faded Short Sleeve T-shirts','In stock',''),(20,1,8,'<p>Fashion has been creating well-designed collections since 2010. The brand offers feminine designs delivering stylish separates and statement dresses which has since evolved into a full ready-to-wear collection in which every item is a vital part of a woman\'s wardrobe. The result? Cool, easy, chic looks with youthful elegance and unmistakable signature style. All the beautiful pieces are made in Italy and manufactured with the greatest attention. Now Fashion extends to a range of accessories including shoes, hats, belts and more!</p>','<p>Faded short sleeve t-shirt with high neckline. Soft and stretchy material for a comfortable fit. Accessorize with a straw hat and you\'re ready for summer!</p>','faded-short-sleeve-tshirts','','','','Faded Short Sleeve T-shirts','In stock',''),(20,1,9,'<p>Fashion has been creating well-designed collections since 2010. The brand offers feminine designs delivering stylish separates and statement dresses which has since evolved into a full ready-to-wear collection in which every item is a vital part of a woman\'s wardrobe. The result? Cool, easy, chic looks with youthful elegance and unmistakable signature style. All the beautiful pieces are made in Italy and manufactured with the greatest attention. Now Fashion extends to a range of accessories including shoes, hats, belts and more!</p>','<p>Faded short sleeve t-shirt with high neckline. Soft and stretchy material for a comfortable fit. Accessorize with a straw hat and you\'re ready for summer!</p>','faded-short-sleeve-tshirts','','','','Faded Short Sleeve T-shirts','In stock',''),(21,1,1,'<p>Fashion has been creating well-designed collections since 2010. The brand offers feminine designs delivering stylish separates and statement dresses which has since evolved into a full ready-to-wear collection in which every item is a vital part of a woman\'s wardrobe. The result? Cool, easy, chic looks with youthful elegance and unmistakable signature style. All the beautiful pieces are made in Italy and manufactured with the greatest attention. Now Fashion extends to a range of accessories including shoes, hats, belts and more!</p>','<p>Faded short sleeve t-shirt with high neckline. Soft and stretchy material for a comfortable fit. Accessorize with a straw hat and you\'re ready for summer!</p>','faded-short-sleeve-tshirts','','','','Faded Short Sleeve T-shirts','In stock',''),(21,1,2,'','','happy-familly','','','','Corobronzard','In stock',''),(21,1,3,'<p>Fashion has been creating well-designed collections since 2010. The brand offers feminine designs delivering stylish separates and statement dresses which has since evolved into a full ready-to-wear collection in which every item is a vital part of a woman\'s wardrobe. The result? Cool, easy, chic looks with youthful elegance and unmistakable signature style. All the beautiful pieces are made in Italy and manufactured with the greatest attention. Now Fashion extends to a range of accessories including shoes, hats, belts and more!</p>','<p>Faded short sleeve t-shirt with high neckline. Soft and stretchy material for a comfortable fit. Accessorize with a straw hat and you\'re ready for summer!</p>','faded-short-sleeve-tshirts','','','','Faded Short Sleeve T-shirts','In stock',''),(21,1,4,'<p>Fashion has been creating well-designed collections since 2010. The brand offers feminine designs delivering stylish separates and statement dresses which has since evolved into a full ready-to-wear collection in which every item is a vital part of a woman\'s wardrobe. The result? Cool, easy, chic looks with youthful elegance and unmistakable signature style. All the beautiful pieces are made in Italy and manufactured with the greatest attention. Now Fashion extends to a range of accessories including shoes, hats, belts and more!</p>','<p>Faded short sleeve t-shirt with high neckline. Soft and stretchy material for a comfortable fit. Accessorize with a straw hat and you\'re ready for summer!</p>','faded-short-sleeve-tshirts','','','','Faded Short Sleeve T-shirts','In stock',''),(21,1,5,'<p>Fashion has been creating well-designed collections since 2010. The brand offers feminine designs delivering stylish separates and statement dresses which has since evolved into a full ready-to-wear collection in which every item is a vital part of a woman\'s wardrobe. The result? Cool, easy, chic looks with youthful elegance and unmistakable signature style. All the beautiful pieces are made in Italy and manufactured with the greatest attention. Now Fashion extends to a range of accessories including shoes, hats, belts and more!</p>','<p>Faded short sleeve t-shirt with high neckline. Soft and stretchy material for a comfortable fit. Accessorize with a straw hat and you\'re ready for summer!</p>','faded-short-sleeve-tshirts','','','','Faded Short Sleeve T-shirts','In stock',''),(21,1,6,'<p>Fashion has been creating well-designed collections since 2010. The brand offers feminine designs delivering stylish separates and statement dresses which has since evolved into a full ready-to-wear collection in which every item is a vital part of a woman\'s wardrobe. The result? Cool, easy, chic looks with youthful elegance and unmistakable signature style. All the beautiful pieces are made in Italy and manufactured with the greatest attention. Now Fashion extends to a range of accessories including shoes, hats, belts and more!</p>','<p>Faded short sleeve t-shirt with high neckline. Soft and stretchy material for a comfortable fit. Accessorize with a straw hat and you\'re ready for summer!</p>','faded-short-sleeve-tshirts','','','','Faded Short Sleeve T-shirts','In stock',''),(21,1,7,'<p>Fashion has been creating well-designed collections since 2010. The brand offers feminine designs delivering stylish separates and statement dresses which has since evolved into a full ready-to-wear collection in which every item is a vital part of a woman\'s wardrobe. The result? Cool, easy, chic looks with youthful elegance and unmistakable signature style. All the beautiful pieces are made in Italy and manufactured with the greatest attention. Now Fashion extends to a range of accessories including shoes, hats, belts and more!</p>','<p>Faded short sleeve t-shirt with high neckline. Soft and stretchy material for a comfortable fit. Accessorize with a straw hat and you\'re ready for summer!</p>','faded-short-sleeve-tshirts','','','','Faded Short Sleeve T-shirts','In stock',''),(21,1,8,'<p>Fashion has been creating well-designed collections since 2010. The brand offers feminine designs delivering stylish separates and statement dresses which has since evolved into a full ready-to-wear collection in which every item is a vital part of a woman\'s wardrobe. The result? Cool, easy, chic looks with youthful elegance and unmistakable signature style. All the beautiful pieces are made in Italy and manufactured with the greatest attention. Now Fashion extends to a range of accessories including shoes, hats, belts and more!</p>','<p>Faded short sleeve t-shirt with high neckline. Soft and stretchy material for a comfortable fit. Accessorize with a straw hat and you\'re ready for summer!</p>','faded-short-sleeve-tshirts','','','','Faded Short Sleeve T-shirts','In stock',''),(21,1,9,'<p>Fashion has been creating well-designed collections since 2010. The brand offers feminine designs delivering stylish separates and statement dresses which has since evolved into a full ready-to-wear collection in which every item is a vital part of a woman\'s wardrobe. The result? Cool, easy, chic looks with youthful elegance and unmistakable signature style. All the beautiful pieces are made in Italy and manufactured with the greatest attention. Now Fashion extends to a range of accessories including shoes, hats, belts and more!</p>','<p>Faded short sleeve t-shirt with high neckline. Soft and stretchy material for a comfortable fit. Accessorize with a straw hat and you\'re ready for summer!</p>','faded-short-sleeve-tshirts','','','','Faded Short Sleeve T-shirts','In stock',''),(22,1,1,'<p>Fashion has been creating well-designed collections since 2010. The brand offers feminine designs delivering stylish separates and statement dresses which has since evolved into a full ready-to-wear collection in which every item is a vital part of a woman\'s wardrobe. The result? Cool, easy, chic looks with youthful elegance and unmistakable signature style. All the beautiful pieces are made in Italy and manufactured with the greatest attention. Now Fashion extends to a range of accessories including shoes, hats, belts and more!</p>','<p>Faded short sleeve t-shirt with high neckline. Soft and stretchy material for a comfortable fit. Accessorize with a straw hat and you\'re ready for summer!</p>','faded-short-sleeve-tshirts','','','','Faded Short Sleeve T-shirts','In stock',''),(22,1,2,'','','happy-familly','','','','Scarecrow','In stock',''),(22,1,3,'<p>Fashion has been creating well-designed collections since 2010. The brand offers feminine designs delivering stylish separates and statement dresses which has since evolved into a full ready-to-wear collection in which every item is a vital part of a woman\'s wardrobe. The result? Cool, easy, chic looks with youthful elegance and unmistakable signature style. All the beautiful pieces are made in Italy and manufactured with the greatest attention. Now Fashion extends to a range of accessories including shoes, hats, belts and more!</p>','<p>Faded short sleeve t-shirt with high neckline. Soft and stretchy material for a comfortable fit. Accessorize with a straw hat and you\'re ready for summer!</p>','faded-short-sleeve-tshirts','','','','Faded Short Sleeve T-shirts','In stock',''),(22,1,4,'<p>Fashion has been creating well-designed collections since 2010. The brand offers feminine designs delivering stylish separates and statement dresses which has since evolved into a full ready-to-wear collection in which every item is a vital part of a woman\'s wardrobe. The result? Cool, easy, chic looks with youthful elegance and unmistakable signature style. All the beautiful pieces are made in Italy and manufactured with the greatest attention. Now Fashion extends to a range of accessories including shoes, hats, belts and more!</p>','<p>Faded short sleeve t-shirt with high neckline. Soft and stretchy material for a comfortable fit. Accessorize with a straw hat and you\'re ready for summer!</p>','faded-short-sleeve-tshirts','','','','Faded Short Sleeve T-shirts','In stock',''),(22,1,5,'<p>Fashion has been creating well-designed collections since 2010. The brand offers feminine designs delivering stylish separates and statement dresses which has since evolved into a full ready-to-wear collection in which every item is a vital part of a woman\'s wardrobe. The result? Cool, easy, chic looks with youthful elegance and unmistakable signature style. All the beautiful pieces are made in Italy and manufactured with the greatest attention. Now Fashion extends to a range of accessories including shoes, hats, belts and more!</p>','<p>Faded short sleeve t-shirt with high neckline. Soft and stretchy material for a comfortable fit. Accessorize with a straw hat and you\'re ready for summer!</p>','faded-short-sleeve-tshirts','','','','Faded Short Sleeve T-shirts','In stock',''),(22,1,6,'<p>Fashion has been creating well-designed collections since 2010. The brand offers feminine designs delivering stylish separates and statement dresses which has since evolved into a full ready-to-wear collection in which every item is a vital part of a woman\'s wardrobe. The result? Cool, easy, chic looks with youthful elegance and unmistakable signature style. All the beautiful pieces are made in Italy and manufactured with the greatest attention. Now Fashion extends to a range of accessories including shoes, hats, belts and more!</p>','<p>Faded short sleeve t-shirt with high neckline. Soft and stretchy material for a comfortable fit. Accessorize with a straw hat and you\'re ready for summer!</p>','faded-short-sleeve-tshirts','','','','Faded Short Sleeve T-shirts','In stock',''),(22,1,7,'<p>Fashion has been creating well-designed collections since 2010. The brand offers feminine designs delivering stylish separates and statement dresses which has since evolved into a full ready-to-wear collection in which every item is a vital part of a woman\'s wardrobe. The result? Cool, easy, chic looks with youthful elegance and unmistakable signature style. All the beautiful pieces are made in Italy and manufactured with the greatest attention. Now Fashion extends to a range of accessories including shoes, hats, belts and more!</p>','<p>Faded short sleeve t-shirt with high neckline. Soft and stretchy material for a comfortable fit. Accessorize with a straw hat and you\'re ready for summer!</p>','faded-short-sleeve-tshirts','','','','Faded Short Sleeve T-shirts','In stock',''),(22,1,8,'<p>Fashion has been creating well-designed collections since 2010. The brand offers feminine designs delivering stylish separates and statement dresses which has since evolved into a full ready-to-wear collection in which every item is a vital part of a woman\'s wardrobe. The result? Cool, easy, chic looks with youthful elegance and unmistakable signature style. All the beautiful pieces are made in Italy and manufactured with the greatest attention. Now Fashion extends to a range of accessories including shoes, hats, belts and more!</p>','<p>Faded short sleeve t-shirt with high neckline. Soft and stretchy material for a comfortable fit. Accessorize with a straw hat and you\'re ready for summer!</p>','faded-short-sleeve-tshirts','','','','Faded Short Sleeve T-shirts','In stock',''),(22,1,9,'<p>Fashion has been creating well-designed collections since 2010. The brand offers feminine designs delivering stylish separates and statement dresses which has since evolved into a full ready-to-wear collection in which every item is a vital part of a woman\'s wardrobe. The result? Cool, easy, chic looks with youthful elegance and unmistakable signature style. All the beautiful pieces are made in Italy and manufactured with the greatest attention. Now Fashion extends to a range of accessories including shoes, hats, belts and more!</p>','<p>Faded short sleeve t-shirt with high neckline. Soft and stretchy material for a comfortable fit. Accessorize with a straw hat and you\'re ready for summer!</p>','faded-short-sleeve-tshirts','','','','Faded Short Sleeve T-shirts','In stock',''),(23,1,1,'<p>Fashion has been creating well-designed collections since 2010. The brand offers feminine designs delivering stylish separates and statement dresses which has since evolved into a full ready-to-wear collection in which every item is a vital part of a woman\'s wardrobe. The result? Cool, easy, chic looks with youthful elegance and unmistakable signature style. All the beautiful pieces are made in Italy and manufactured with the greatest attention. Now Fashion extends to a range of accessories including shoes, hats, belts and more!</p>','<p>Faded short sleeve t-shirt with high neckline. Soft and stretchy material for a comfortable fit. Accessorize with a straw hat and you\'re ready for summer!</p>','faded-short-sleeve-tshirts','','','','Faded Short Sleeve T-shirts','In stock',''),(23,1,2,'','','faded-short-sleeve-tshirts','','','','One shirt man','In stock',''),(23,1,3,'<p>Fashion has been creating well-designed collections since 2010. The brand offers feminine designs delivering stylish separates and statement dresses which has since evolved into a full ready-to-wear collection in which every item is a vital part of a woman\'s wardrobe. The result? Cool, easy, chic looks with youthful elegance and unmistakable signature style. All the beautiful pieces are made in Italy and manufactured with the greatest attention. Now Fashion extends to a range of accessories including shoes, hats, belts and more!</p>','<p>Faded short sleeve t-shirt with high neckline. Soft and stretchy material for a comfortable fit. Accessorize with a straw hat and you\'re ready for summer!</p>','faded-short-sleeve-tshirts','','','','Faded Short Sleeve T-shirts','In stock',''),(23,1,4,'<p>Fashion has been creating well-designed collections since 2010. The brand offers feminine designs delivering stylish separates and statement dresses which has since evolved into a full ready-to-wear collection in which every item is a vital part of a woman\'s wardrobe. The result? Cool, easy, chic looks with youthful elegance and unmistakable signature style. All the beautiful pieces are made in Italy and manufactured with the greatest attention. Now Fashion extends to a range of accessories including shoes, hats, belts and more!</p>','<p>Faded short sleeve t-shirt with high neckline. Soft and stretchy material for a comfortable fit. Accessorize with a straw hat and you\'re ready for summer!</p>','faded-short-sleeve-tshirts','','','','Faded Short Sleeve T-shirts','In stock',''),(23,1,5,'<p>Fashion has been creating well-designed collections since 2010. The brand offers feminine designs delivering stylish separates and statement dresses which has since evolved into a full ready-to-wear collection in which every item is a vital part of a woman\'s wardrobe. The result? Cool, easy, chic looks with youthful elegance and unmistakable signature style. All the beautiful pieces are made in Italy and manufactured with the greatest attention. Now Fashion extends to a range of accessories including shoes, hats, belts and more!</p>','<p>Faded short sleeve t-shirt with high neckline. Soft and stretchy material for a comfortable fit. Accessorize with a straw hat and you\'re ready for summer!</p>','faded-short-sleeve-tshirts','','','','Faded Short Sleeve T-shirts','In stock',''),(23,1,6,'<p>Fashion has been creating well-designed collections since 2010. The brand offers feminine designs delivering stylish separates and statement dresses which has since evolved into a full ready-to-wear collection in which every item is a vital part of a woman\'s wardrobe. The result? Cool, easy, chic looks with youthful elegance and unmistakable signature style. All the beautiful pieces are made in Italy and manufactured with the greatest attention. Now Fashion extends to a range of accessories including shoes, hats, belts and more!</p>','<p>Faded short sleeve t-shirt with high neckline. Soft and stretchy material for a comfortable fit. Accessorize with a straw hat and you\'re ready for summer!</p>','faded-short-sleeve-tshirts','','','','Faded Short Sleeve T-shirts','In stock',''),(23,1,7,'<p>Fashion has been creating well-designed collections since 2010. The brand offers feminine designs delivering stylish separates and statement dresses which has since evolved into a full ready-to-wear collection in which every item is a vital part of a woman\'s wardrobe. The result? Cool, easy, chic looks with youthful elegance and unmistakable signature style. All the beautiful pieces are made in Italy and manufactured with the greatest attention. Now Fashion extends to a range of accessories including shoes, hats, belts and more!</p>','<p>Faded short sleeve t-shirt with high neckline. Soft and stretchy material for a comfortable fit. Accessorize with a straw hat and you\'re ready for summer!</p>','faded-short-sleeve-tshirts','','','','Faded Short Sleeve T-shirts','In stock',''),(23,1,8,'<p>Fashion has been creating well-designed collections since 2010. The brand offers feminine designs delivering stylish separates and statement dresses which has since evolved into a full ready-to-wear collection in which every item is a vital part of a woman\'s wardrobe. The result? Cool, easy, chic looks with youthful elegance and unmistakable signature style. All the beautiful pieces are made in Italy and manufactured with the greatest attention. Now Fashion extends to a range of accessories including shoes, hats, belts and more!</p>','<p>Faded short sleeve t-shirt with high neckline. Soft and stretchy material for a comfortable fit. Accessorize with a straw hat and you\'re ready for summer!</p>','faded-short-sleeve-tshirts','','','','Faded Short Sleeve T-shirts','In stock',''),(23,1,9,'<p>Fashion has been creating well-designed collections since 2010. The brand offers feminine designs delivering stylish separates and statement dresses which has since evolved into a full ready-to-wear collection in which every item is a vital part of a woman\'s wardrobe. The result? Cool, easy, chic looks with youthful elegance and unmistakable signature style. All the beautiful pieces are made in Italy and manufactured with the greatest attention. Now Fashion extends to a range of accessories including shoes, hats, belts and more!</p>','<p>Faded short sleeve t-shirt with high neckline. Soft and stretchy material for a comfortable fit. Accessorize with a straw hat and you\'re ready for summer!</p>','faded-short-sleeve-tshirts','','','','Faded Short Sleeve T-shirts','In stock',''),(24,1,1,'<p>Fashion has been creating well-designed collections since 2010. The brand offers feminine designs delivering stylish separates and statement dresses which has since evolved into a full ready-to-wear collection in which every item is a vital part of a woman\'s wardrobe. The result? Cool, easy, chic looks with youthful elegance and unmistakable signature style. All the beautiful pieces are made in Italy and manufactured with the greatest attention. Now Fashion extends to a range of accessories including shoes, hats, belts and more!</p>','<p>Faded short sleeve t-shirt with high neckline. Soft and stretchy material for a comfortable fit. Accessorize with a straw hat and you\'re ready for summer!</p>','faded-short-sleeve-tshirts','','','','Faded Short Sleeve T-shirts','In stock',''),(24,1,2,'','','faded-short-sleeve-tshirts','','','','Uncle Ramus','In stock',''),(24,1,3,'<p>Fashion has been creating well-designed collections since 2010. The brand offers feminine designs delivering stylish separates and statement dresses which has since evolved into a full ready-to-wear collection in which every item is a vital part of a woman\'s wardrobe. The result? Cool, easy, chic looks with youthful elegance and unmistakable signature style. All the beautiful pieces are made in Italy and manufactured with the greatest attention. Now Fashion extends to a range of accessories including shoes, hats, belts and more!</p>','<p>Faded short sleeve t-shirt with high neckline. Soft and stretchy material for a comfortable fit. Accessorize with a straw hat and you\'re ready for summer!</p>','faded-short-sleeve-tshirts','','','','Faded Short Sleeve T-shirts','In stock',''),(24,1,4,'<p>Fashion has been creating well-designed collections since 2010. The brand offers feminine designs delivering stylish separates and statement dresses which has since evolved into a full ready-to-wear collection in which every item is a vital part of a woman\'s wardrobe. The result? Cool, easy, chic looks with youthful elegance and unmistakable signature style. All the beautiful pieces are made in Italy and manufactured with the greatest attention. Now Fashion extends to a range of accessories including shoes, hats, belts and more!</p>','<p>Faded short sleeve t-shirt with high neckline. Soft and stretchy material for a comfortable fit. Accessorize with a straw hat and you\'re ready for summer!</p>','faded-short-sleeve-tshirts','','','','Faded Short Sleeve T-shirts','In stock',''),(24,1,5,'<p>Fashion has been creating well-designed collections since 2010. The brand offers feminine designs delivering stylish separates and statement dresses which has since evolved into a full ready-to-wear collection in which every item is a vital part of a woman\'s wardrobe. The result? Cool, easy, chic looks with youthful elegance and unmistakable signature style. All the beautiful pieces are made in Italy and manufactured with the greatest attention. Now Fashion extends to a range of accessories including shoes, hats, belts and more!</p>','<p>Faded short sleeve t-shirt with high neckline. Soft and stretchy material for a comfortable fit. Accessorize with a straw hat and you\'re ready for summer!</p>','faded-short-sleeve-tshirts','','','','Faded Short Sleeve T-shirts','In stock',''),(24,1,6,'<p>Fashion has been creating well-designed collections since 2010. The brand offers feminine designs delivering stylish separates and statement dresses which has since evolved into a full ready-to-wear collection in which every item is a vital part of a woman\'s wardrobe. The result? Cool, easy, chic looks with youthful elegance and unmistakable signature style. All the beautiful pieces are made in Italy and manufactured with the greatest attention. Now Fashion extends to a range of accessories including shoes, hats, belts and more!</p>','<p>Faded short sleeve t-shirt with high neckline. Soft and stretchy material for a comfortable fit. Accessorize with a straw hat and you\'re ready for summer!</p>','faded-short-sleeve-tshirts','','','','Faded Short Sleeve T-shirts','In stock',''),(24,1,7,'<p>Fashion has been creating well-designed collections since 2010. The brand offers feminine designs delivering stylish separates and statement dresses which has since evolved into a full ready-to-wear collection in which every item is a vital part of a woman\'s wardrobe. The result? Cool, easy, chic looks with youthful elegance and unmistakable signature style. All the beautiful pieces are made in Italy and manufactured with the greatest attention. Now Fashion extends to a range of accessories including shoes, hats, belts and more!</p>','<p>Faded short sleeve t-shirt with high neckline. Soft and stretchy material for a comfortable fit. Accessorize with a straw hat and you\'re ready for summer!</p>','faded-short-sleeve-tshirts','','','','Faded Short Sleeve T-shirts','In stock',''),(24,1,8,'<p>Fashion has been creating well-designed collections since 2010. The brand offers feminine designs delivering stylish separates and statement dresses which has since evolved into a full ready-to-wear collection in which every item is a vital part of a woman\'s wardrobe. The result? Cool, easy, chic looks with youthful elegance and unmistakable signature style. All the beautiful pieces are made in Italy and manufactured with the greatest attention. Now Fashion extends to a range of accessories including shoes, hats, belts and more!</p>','<p>Faded short sleeve t-shirt with high neckline. Soft and stretchy material for a comfortable fit. Accessorize with a straw hat and you\'re ready for summer!</p>','faded-short-sleeve-tshirts','','','','Faded Short Sleeve T-shirts','In stock',''),(24,1,9,'<p>Fashion has been creating well-designed collections since 2010. The brand offers feminine designs delivering stylish separates and statement dresses which has since evolved into a full ready-to-wear collection in which every item is a vital part of a woman\'s wardrobe. The result? Cool, easy, chic looks with youthful elegance and unmistakable signature style. All the beautiful pieces are made in Italy and manufactured with the greatest attention. Now Fashion extends to a range of accessories including shoes, hats, belts and more!</p>','<p>Faded short sleeve t-shirt with high neckline. Soft and stretchy material for a comfortable fit. Accessorize with a straw hat and you\'re ready for summer!</p>','faded-short-sleeve-tshirts','','','','Faded Short Sleeve T-shirts','In stock',''),(25,1,1,'<p>Fashion has been creating well-designed collections since 2010. The brand offers feminine designs delivering stylish separates and statement dresses which has since evolved into a full ready-to-wear collection in which every item is a vital part of a woman\'s wardrobe. The result? Cool, easy, chic looks with youthful elegance and unmistakable signature style. All the beautiful pieces are made in Italy and manufactured with the greatest attention. Now Fashion extends to a range of accessories including shoes, hats, belts and more!</p>','<p>Faded short sleeve t-shirt with high neckline. Soft and stretchy material for a comfortable fit. Accessorize with a straw hat and you\'re ready for summer!</p>','faded-short-sleeve-tshirts','','','','Faded Short Sleeve T-shirts','In stock',''),(25,1,2,'','','faded-short-sleeve-tshirts','','','','To the moon !','In stock',''),(25,1,3,'<p>Fashion has been creating well-designed collections since 2010. The brand offers feminine designs delivering stylish separates and statement dresses which has since evolved into a full ready-to-wear collection in which every item is a vital part of a woman\'s wardrobe. The result? Cool, easy, chic looks with youthful elegance and unmistakable signature style. All the beautiful pieces are made in Italy and manufactured with the greatest attention. Now Fashion extends to a range of accessories including shoes, hats, belts and more!</p>','<p>Faded short sleeve t-shirt with high neckline. Soft and stretchy material for a comfortable fit. Accessorize with a straw hat and you\'re ready for summer!</p>','faded-short-sleeve-tshirts','','','','Faded Short Sleeve T-shirts','In stock',''),(25,1,4,'<p>Fashion has been creating well-designed collections since 2010. The brand offers feminine designs delivering stylish separates and statement dresses which has since evolved into a full ready-to-wear collection in which every item is a vital part of a woman\'s wardrobe. The result? Cool, easy, chic looks with youthful elegance and unmistakable signature style. All the beautiful pieces are made in Italy and manufactured with the greatest attention. Now Fashion extends to a range of accessories including shoes, hats, belts and more!</p>','<p>Faded short sleeve t-shirt with high neckline. Soft and stretchy material for a comfortable fit. Accessorize with a straw hat and you\'re ready for summer!</p>','faded-short-sleeve-tshirts','','','','Faded Short Sleeve T-shirts','In stock',''),(25,1,5,'<p>Fashion has been creating well-designed collections since 2010. The brand offers feminine designs delivering stylish separates and statement dresses which has since evolved into a full ready-to-wear collection in which every item is a vital part of a woman\'s wardrobe. The result? Cool, easy, chic looks with youthful elegance and unmistakable signature style. All the beautiful pieces are made in Italy and manufactured with the greatest attention. Now Fashion extends to a range of accessories including shoes, hats, belts and more!</p>','<p>Faded short sleeve t-shirt with high neckline. Soft and stretchy material for a comfortable fit. Accessorize with a straw hat and you\'re ready for summer!</p>','faded-short-sleeve-tshirts','','','','Faded Short Sleeve T-shirts','In stock',''),(25,1,6,'<p>Fashion has been creating well-designed collections since 2010. The brand offers feminine designs delivering stylish separates and statement dresses which has since evolved into a full ready-to-wear collection in which every item is a vital part of a woman\'s wardrobe. The result? Cool, easy, chic looks with youthful elegance and unmistakable signature style. All the beautiful pieces are made in Italy and manufactured with the greatest attention. Now Fashion extends to a range of accessories including shoes, hats, belts and more!</p>','<p>Faded short sleeve t-shirt with high neckline. Soft and stretchy material for a comfortable fit. Accessorize with a straw hat and you\'re ready for summer!</p>','faded-short-sleeve-tshirts','','','','Faded Short Sleeve T-shirts','In stock',''),(25,1,7,'<p>Fashion has been creating well-designed collections since 2010. The brand offers feminine designs delivering stylish separates and statement dresses which has since evolved into a full ready-to-wear collection in which every item is a vital part of a woman\'s wardrobe. The result? Cool, easy, chic looks with youthful elegance and unmistakable signature style. All the beautiful pieces are made in Italy and manufactured with the greatest attention. Now Fashion extends to a range of accessories including shoes, hats, belts and more!</p>','<p>Faded short sleeve t-shirt with high neckline. Soft and stretchy material for a comfortable fit. Accessorize with a straw hat and you\'re ready for summer!</p>','faded-short-sleeve-tshirts','','','','Faded Short Sleeve T-shirts','In stock',''),(25,1,8,'<p>Fashion has been creating well-designed collections since 2010. The brand offers feminine designs delivering stylish separates and statement dresses which has since evolved into a full ready-to-wear collection in which every item is a vital part of a woman\'s wardrobe. The result? Cool, easy, chic looks with youthful elegance and unmistakable signature style. All the beautiful pieces are made in Italy and manufactured with the greatest attention. Now Fashion extends to a range of accessories including shoes, hats, belts and more!</p>','<p>Faded short sleeve t-shirt with high neckline. Soft and stretchy material for a comfortable fit. Accessorize with a straw hat and you\'re ready for summer!</p>','faded-short-sleeve-tshirts','','','','Faded Short Sleeve T-shirts','In stock',''),(25,1,9,'<p>Fashion has been creating well-designed collections since 2010. The brand offers feminine designs delivering stylish separates and statement dresses which has since evolved into a full ready-to-wear collection in which every item is a vital part of a woman\'s wardrobe. The result? Cool, easy, chic looks with youthful elegance and unmistakable signature style. All the beautiful pieces are made in Italy and manufactured with the greatest attention. Now Fashion extends to a range of accessories including shoes, hats, belts and more!</p>','<p>Faded short sleeve t-shirt with high neckline. Soft and stretchy material for a comfortable fit. Accessorize with a straw hat and you\'re ready for summer!</p>','faded-short-sleeve-tshirts','','','','Faded Short Sleeve T-shirts','In stock',''),(26,1,1,'<p>Fashion has been creating well-designed collections since 2010. The brand offers feminine designs delivering stylish separates and statement dresses which has since evolved into a full ready-to-wear collection in which every item is a vital part of a woman\'s wardrobe. The result? Cool, easy, chic looks with youthful elegance and unmistakable signature style. All the beautiful pieces are made in Italy and manufactured with the greatest attention. Now Fashion extends to a range of accessories including shoes, hats, belts and more!</p>','<p>Faded short sleeve t-shirt with high neckline. Soft and stretchy material for a comfortable fit. Accessorize with a straw hat and you\'re ready for summer!</p>','faded-short-sleeve-tshirts','','','','Faded Short Sleeve T-shirts','In stock',''),(26,1,2,'','','faded-short-sleeve-tshirts','','','','Purple wolf','In stock',''),(26,1,3,'<p>Fashion has been creating well-designed collections since 2010. The brand offers feminine designs delivering stylish separates and statement dresses which has since evolved into a full ready-to-wear collection in which every item is a vital part of a woman\'s wardrobe. The result? Cool, easy, chic looks with youthful elegance and unmistakable signature style. All the beautiful pieces are made in Italy and manufactured with the greatest attention. Now Fashion extends to a range of accessories including shoes, hats, belts and more!</p>','<p>Faded short sleeve t-shirt with high neckline. Soft and stretchy material for a comfortable fit. Accessorize with a straw hat and you\'re ready for summer!</p>','faded-short-sleeve-tshirts','','','','Faded Short Sleeve T-shirts','In stock',''),(26,1,4,'<p>Fashion has been creating well-designed collections since 2010. The brand offers feminine designs delivering stylish separates and statement dresses which has since evolved into a full ready-to-wear collection in which every item is a vital part of a woman\'s wardrobe. The result? Cool, easy, chic looks with youthful elegance and unmistakable signature style. All the beautiful pieces are made in Italy and manufactured with the greatest attention. Now Fashion extends to a range of accessories including shoes, hats, belts and more!</p>','<p>Faded short sleeve t-shirt with high neckline. Soft and stretchy material for a comfortable fit. Accessorize with a straw hat and you\'re ready for summer!</p>','faded-short-sleeve-tshirts','','','','Faded Short Sleeve T-shirts','In stock',''),(26,1,5,'<p>Fashion has been creating well-designed collections since 2010. The brand offers feminine designs delivering stylish separates and statement dresses which has since evolved into a full ready-to-wear collection in which every item is a vital part of a woman\'s wardrobe. The result? Cool, easy, chic looks with youthful elegance and unmistakable signature style. All the beautiful pieces are made in Italy and manufactured with the greatest attention. Now Fashion extends to a range of accessories including shoes, hats, belts and more!</p>','<p>Faded short sleeve t-shirt with high neckline. Soft and stretchy material for a comfortable fit. Accessorize with a straw hat and you\'re ready for summer!</p>','faded-short-sleeve-tshirts','','','','Faded Short Sleeve T-shirts','In stock',''),(26,1,6,'<p>Fashion has been creating well-designed collections since 2010. The brand offers feminine designs delivering stylish separates and statement dresses which has since evolved into a full ready-to-wear collection in which every item is a vital part of a woman\'s wardrobe. The result? Cool, easy, chic looks with youthful elegance and unmistakable signature style. All the beautiful pieces are made in Italy and manufactured with the greatest attention. Now Fashion extends to a range of accessories including shoes, hats, belts and more!</p>','<p>Faded short sleeve t-shirt with high neckline. Soft and stretchy material for a comfortable fit. Accessorize with a straw hat and you\'re ready for summer!</p>','faded-short-sleeve-tshirts','','','','Faded Short Sleeve T-shirts','In stock',''),(26,1,7,'<p>Fashion has been creating well-designed collections since 2010. The brand offers feminine designs delivering stylish separates and statement dresses which has since evolved into a full ready-to-wear collection in which every item is a vital part of a woman\'s wardrobe. The result? Cool, easy, chic looks with youthful elegance and unmistakable signature style. All the beautiful pieces are made in Italy and manufactured with the greatest attention. Now Fashion extends to a range of accessories including shoes, hats, belts and more!</p>','<p>Faded short sleeve t-shirt with high neckline. Soft and stretchy material for a comfortable fit. Accessorize with a straw hat and you\'re ready for summer!</p>','faded-short-sleeve-tshirts','','','','Faded Short Sleeve T-shirts','In stock',''),(26,1,8,'<p>Fashion has been creating well-designed collections since 2010. The brand offers feminine designs delivering stylish separates and statement dresses which has since evolved into a full ready-to-wear collection in which every item is a vital part of a woman\'s wardrobe. The result? Cool, easy, chic looks with youthful elegance and unmistakable signature style. All the beautiful pieces are made in Italy and manufactured with the greatest attention. Now Fashion extends to a range of accessories including shoes, hats, belts and more!</p>','<p>Faded short sleeve t-shirt with high neckline. Soft and stretchy material for a comfortable fit. Accessorize with a straw hat and you\'re ready for summer!</p>','faded-short-sleeve-tshirts','','','','Faded Short Sleeve T-shirts','In stock',''),(26,1,9,'<p>Fashion has been creating well-designed collections since 2010. The brand offers feminine designs delivering stylish separates and statement dresses which has since evolved into a full ready-to-wear collection in which every item is a vital part of a woman\'s wardrobe. The result? Cool, easy, chic looks with youthful elegance and unmistakable signature style. All the beautiful pieces are made in Italy and manufactured with the greatest attention. Now Fashion extends to a range of accessories including shoes, hats, belts and more!</p>','<p>Faded short sleeve t-shirt with high neckline. Soft and stretchy material for a comfortable fit. Accessorize with a straw hat and you\'re ready for summer!</p>','faded-short-sleeve-tshirts','','','','Faded Short Sleeve T-shirts','In stock',''),(27,1,1,'<p>Fashion has been creating well-designed collections since 2010. The brand offers feminine designs delivering stylish separates and statement dresses which has since evolved into a full ready-to-wear collection in which every item is a vital part of a woman\'s wardrobe. The result? Cool, easy, chic looks with youthful elegance and unmistakable signature style. All the beautiful pieces are made in Italy and manufactured with the greatest attention. Now Fashion extends to a range of accessories including shoes, hats, belts and more!</p>','<p>Faded short sleeve t-shirt with high neckline. Soft and stretchy material for a comfortable fit. Accessorize with a straw hat and you\'re ready for summer!</p>','faded-short-sleeve-tshirts','','','','Faded Short Sleeve T-shirts','In stock',''),(27,1,2,'','','faded-short-sleeve-tshirts','','','','Glorious Gabe','In stock',''),(27,1,3,'<p>Fashion has been creating well-designed collections since 2010. The brand offers feminine designs delivering stylish separates and statement dresses which has since evolved into a full ready-to-wear collection in which every item is a vital part of a woman\'s wardrobe. The result? Cool, easy, chic looks with youthful elegance and unmistakable signature style. All the beautiful pieces are made in Italy and manufactured with the greatest attention. Now Fashion extends to a range of accessories including shoes, hats, belts and more!</p>','<p>Faded short sleeve t-shirt with high neckline. Soft and stretchy material for a comfortable fit. Accessorize with a straw hat and you\'re ready for summer!</p>','faded-short-sleeve-tshirts','','','','Faded Short Sleeve T-shirts','In stock',''),(27,1,4,'<p>Fashion has been creating well-designed collections since 2010. The brand offers feminine designs delivering stylish separates and statement dresses which has since evolved into a full ready-to-wear collection in which every item is a vital part of a woman\'s wardrobe. The result? Cool, easy, chic looks with youthful elegance and unmistakable signature style. All the beautiful pieces are made in Italy and manufactured with the greatest attention. Now Fashion extends to a range of accessories including shoes, hats, belts and more!</p>','<p>Faded short sleeve t-shirt with high neckline. Soft and stretchy material for a comfortable fit. Accessorize with a straw hat and you\'re ready for summer!</p>','faded-short-sleeve-tshirts','','','','Faded Short Sleeve T-shirts','In stock',''),(27,1,5,'<p>Fashion has been creating well-designed collections since 2010. The brand offers feminine designs delivering stylish separates and statement dresses which has since evolved into a full ready-to-wear collection in which every item is a vital part of a woman\'s wardrobe. The result? Cool, easy, chic looks with youthful elegance and unmistakable signature style. All the beautiful pieces are made in Italy and manufactured with the greatest attention. Now Fashion extends to a range of accessories including shoes, hats, belts and more!</p>','<p>Faded short sleeve t-shirt with high neckline. Soft and stretchy material for a comfortable fit. Accessorize with a straw hat and you\'re ready for summer!</p>','faded-short-sleeve-tshirts','','','','Faded Short Sleeve T-shirts','In stock',''),(27,1,6,'<p>Fashion has been creating well-designed collections since 2010. The brand offers feminine designs delivering stylish separates and statement dresses which has since evolved into a full ready-to-wear collection in which every item is a vital part of a woman\'s wardrobe. The result? Cool, easy, chic looks with youthful elegance and unmistakable signature style. All the beautiful pieces are made in Italy and manufactured with the greatest attention. Now Fashion extends to a range of accessories including shoes, hats, belts and more!</p>','<p>Faded short sleeve t-shirt with high neckline. Soft and stretchy material for a comfortable fit. Accessorize with a straw hat and you\'re ready for summer!</p>','faded-short-sleeve-tshirts','','','','Faded Short Sleeve T-shirts','In stock',''),(27,1,7,'<p>Fashion has been creating well-designed collections since 2010. The brand offers feminine designs delivering stylish separates and statement dresses which has since evolved into a full ready-to-wear collection in which every item is a vital part of a woman\'s wardrobe. The result? Cool, easy, chic looks with youthful elegance and unmistakable signature style. All the beautiful pieces are made in Italy and manufactured with the greatest attention. Now Fashion extends to a range of accessories including shoes, hats, belts and more!</p>','<p>Faded short sleeve t-shirt with high neckline. Soft and stretchy material for a comfortable fit. Accessorize with a straw hat and you\'re ready for summer!</p>','faded-short-sleeve-tshirts','','','','Faded Short Sleeve T-shirts','In stock',''),(27,1,8,'<p>Fashion has been creating well-designed collections since 2010. The brand offers feminine designs delivering stylish separates and statement dresses which has since evolved into a full ready-to-wear collection in which every item is a vital part of a woman\'s wardrobe. The result? Cool, easy, chic looks with youthful elegance and unmistakable signature style. All the beautiful pieces are made in Italy and manufactured with the greatest attention. Now Fashion extends to a range of accessories including shoes, hats, belts and more!</p>','<p>Faded short sleeve t-shirt with high neckline. Soft and stretchy material for a comfortable fit. Accessorize with a straw hat and you\'re ready for summer!</p>','faded-short-sleeve-tshirts','','','','Faded Short Sleeve T-shirts','In stock',''),(27,1,9,'<p>Fashion has been creating well-designed collections since 2010. The brand offers feminine designs delivering stylish separates and statement dresses which has since evolved into a full ready-to-wear collection in which every item is a vital part of a woman\'s wardrobe. The result? Cool, easy, chic looks with youthful elegance and unmistakable signature style. All the beautiful pieces are made in Italy and manufactured with the greatest attention. Now Fashion extends to a range of accessories including shoes, hats, belts and more!</p>','<p>Faded short sleeve t-shirt with high neckline. Soft and stretchy material for a comfortable fit. Accessorize with a straw hat and you\'re ready for summer!</p>','faded-short-sleeve-tshirts','','','','Faded Short Sleeve T-shirts','In stock',''),(28,1,1,'<p>Fashion has been creating well-designed collections since 2010. The brand offers feminine designs delivering stylish separates and statement dresses which has since evolved into a full ready-to-wear collection in which every item is a vital part of a woman\'s wardrobe. The result? Cool, easy, chic looks with youthful elegance and unmistakable signature style. All the beautiful pieces are made in Italy and manufactured with the greatest attention. Now Fashion extends to a range of accessories including shoes, hats, belts and more!</p>','<p>Faded short sleeve t-shirt with high neckline. Soft and stretchy material for a comfortable fit. Accessorize with a straw hat and you\'re ready for summer!</p>','faded-short-sleeve-tshirts','','','','Faded Short Sleeve T-shirts','In stock',''),(28,1,2,'','','faded-short-sleeve-tshirts','','','','The bird of Hermes','In stock',''),(28,1,3,'<p>Fashion has been creating well-designed collections since 2010. The brand offers feminine designs delivering stylish separates and statement dresses which has since evolved into a full ready-to-wear collection in which every item is a vital part of a woman\'s wardrobe. The result? Cool, easy, chic looks with youthful elegance and unmistakable signature style. All the beautiful pieces are made in Italy and manufactured with the greatest attention. Now Fashion extends to a range of accessories including shoes, hats, belts and more!</p>','<p>Faded short sleeve t-shirt with high neckline. Soft and stretchy material for a comfortable fit. Accessorize with a straw hat and you\'re ready for summer!</p>','faded-short-sleeve-tshirts','','','','Faded Short Sleeve T-shirts','In stock',''),(28,1,4,'<p>Fashion has been creating well-designed collections since 2010. The brand offers feminine designs delivering stylish separates and statement dresses which has since evolved into a full ready-to-wear collection in which every item is a vital part of a woman\'s wardrobe. The result? Cool, easy, chic looks with youthful elegance and unmistakable signature style. All the beautiful pieces are made in Italy and manufactured with the greatest attention. Now Fashion extends to a range of accessories including shoes, hats, belts and more!</p>','<p>Faded short sleeve t-shirt with high neckline. Soft and stretchy material for a comfortable fit. Accessorize with a straw hat and you\'re ready for summer!</p>','faded-short-sleeve-tshirts','','','','Faded Short Sleeve T-shirts','In stock',''),(28,1,5,'<p>Fashion has been creating well-designed collections since 2010. The brand offers feminine designs delivering stylish separates and statement dresses which has since evolved into a full ready-to-wear collection in which every item is a vital part of a woman\'s wardrobe. The result? Cool, easy, chic looks with youthful elegance and unmistakable signature style. All the beautiful pieces are made in Italy and manufactured with the greatest attention. Now Fashion extends to a range of accessories including shoes, hats, belts and more!</p>','<p>Faded short sleeve t-shirt with high neckline. Soft and stretchy material for a comfortable fit. Accessorize with a straw hat and you\'re ready for summer!</p>','faded-short-sleeve-tshirts','','','','Faded Short Sleeve T-shirts','In stock',''),(28,1,6,'<p>Fashion has been creating well-designed collections since 2010. The brand offers feminine designs delivering stylish separates and statement dresses which has since evolved into a full ready-to-wear collection in which every item is a vital part of a woman\'s wardrobe. The result? Cool, easy, chic looks with youthful elegance and unmistakable signature style. All the beautiful pieces are made in Italy and manufactured with the greatest attention. Now Fashion extends to a range of accessories including shoes, hats, belts and more!</p>','<p>Faded short sleeve t-shirt with high neckline. Soft and stretchy material for a comfortable fit. Accessorize with a straw hat and you\'re ready for summer!</p>','faded-short-sleeve-tshirts','','','','Faded Short Sleeve T-shirts','In stock',''),(28,1,7,'<p>Fashion has been creating well-designed collections since 2010. The brand offers feminine designs delivering stylish separates and statement dresses which has since evolved into a full ready-to-wear collection in which every item is a vital part of a woman\'s wardrobe. The result? Cool, easy, chic looks with youthful elegance and unmistakable signature style. All the beautiful pieces are made in Italy and manufactured with the greatest attention. Now Fashion extends to a range of accessories including shoes, hats, belts and more!</p>','<p>Faded short sleeve t-shirt with high neckline. Soft and stretchy material for a comfortable fit. Accessorize with a straw hat and you\'re ready for summer!</p>','faded-short-sleeve-tshirts','','','','Faded Short Sleeve T-shirts','In stock',''),(28,1,8,'<p>Fashion has been creating well-designed collections since 2010. The brand offers feminine designs delivering stylish separates and statement dresses which has since evolved into a full ready-to-wear collection in which every item is a vital part of a woman\'s wardrobe. The result? Cool, easy, chic looks with youthful elegance and unmistakable signature style. All the beautiful pieces are made in Italy and manufactured with the greatest attention. Now Fashion extends to a range of accessories including shoes, hats, belts and more!</p>','<p>Faded short sleeve t-shirt with high neckline. Soft and stretchy material for a comfortable fit. Accessorize with a straw hat and you\'re ready for summer!</p>','faded-short-sleeve-tshirts','','','','Faded Short Sleeve T-shirts','In stock',''),(28,1,9,'<p>Fashion has been creating well-designed collections since 2010. The brand offers feminine designs delivering stylish separates and statement dresses which has since evolved into a full ready-to-wear collection in which every item is a vital part of a woman\'s wardrobe. The result? Cool, easy, chic looks with youthful elegance and unmistakable signature style. All the beautiful pieces are made in Italy and manufactured with the greatest attention. Now Fashion extends to a range of accessories including shoes, hats, belts and more!</p>','<p>Faded short sleeve t-shirt with high neckline. Soft and stretchy material for a comfortable fit. Accessorize with a straw hat and you\'re ready for summer!</p>','faded-short-sleeve-tshirts','','','','Faded Short Sleeve T-shirts','In stock',''),(29,1,1,'<p>Fashion has been creating well-designed collections since 2010. The brand offers feminine designs delivering stylish separates and statement dresses which has since evolved into a full ready-to-wear collection in which every item is a vital part of a woman\'s wardrobe. The result? Cool, easy, chic looks with youthful elegance and unmistakable signature style. All the beautiful pieces are made in Italy and manufactured with the greatest attention. Now Fashion extends to a range of accessories including shoes, hats, belts and more!</p>','<p>Faded short sleeve t-shirt with high neckline. Soft and stretchy material for a comfortable fit. Accessorize with a straw hat and you\'re ready for summer!</p>','faded-short-sleeve-tshirts','','','','Faded Short Sleeve T-shirts','In stock',''),(29,1,2,'','','faded-short-sleeve-tshirts','','','','Goat life','In stock',''),(29,1,3,'<p>Fashion has been creating well-designed collections since 2010. The brand offers feminine designs delivering stylish separates and statement dresses which has since evolved into a full ready-to-wear collection in which every item is a vital part of a woman\'s wardrobe. The result? Cool, easy, chic looks with youthful elegance and unmistakable signature style. All the beautiful pieces are made in Italy and manufactured with the greatest attention. Now Fashion extends to a range of accessories including shoes, hats, belts and more!</p>','<p>Faded short sleeve t-shirt with high neckline. Soft and stretchy material for a comfortable fit. Accessorize with a straw hat and you\'re ready for summer!</p>','faded-short-sleeve-tshirts','','','','Faded Short Sleeve T-shirts','In stock',''),(29,1,4,'<p>Fashion has been creating well-designed collections since 2010. The brand offers feminine designs delivering stylish separates and statement dresses which has since evolved into a full ready-to-wear collection in which every item is a vital part of a woman\'s wardrobe. The result? Cool, easy, chic looks with youthful elegance and unmistakable signature style. All the beautiful pieces are made in Italy and manufactured with the greatest attention. Now Fashion extends to a range of accessories including shoes, hats, belts and more!</p>','<p>Faded short sleeve t-shirt with high neckline. Soft and stretchy material for a comfortable fit. Accessorize with a straw hat and you\'re ready for summer!</p>','faded-short-sleeve-tshirts','','','','Faded Short Sleeve T-shirts','In stock',''),(29,1,5,'<p>Fashion has been creating well-designed collections since 2010. The brand offers feminine designs delivering stylish separates and statement dresses which has since evolved into a full ready-to-wear collection in which every item is a vital part of a woman\'s wardrobe. The result? Cool, easy, chic looks with youthful elegance and unmistakable signature style. All the beautiful pieces are made in Italy and manufactured with the greatest attention. Now Fashion extends to a range of accessories including shoes, hats, belts and more!</p>','<p>Faded short sleeve t-shirt with high neckline. Soft and stretchy material for a comfortable fit. Accessorize with a straw hat and you\'re ready for summer!</p>','faded-short-sleeve-tshirts','','','','Faded Short Sleeve T-shirts','In stock',''),(29,1,6,'<p>Fashion has been creating well-designed collections since 2010. The brand offers feminine designs delivering stylish separates and statement dresses which has since evolved into a full ready-to-wear collection in which every item is a vital part of a woman\'s wardrobe. The result? Cool, easy, chic looks with youthful elegance and unmistakable signature style. All the beautiful pieces are made in Italy and manufactured with the greatest attention. Now Fashion extends to a range of accessories including shoes, hats, belts and more!</p>','<p>Faded short sleeve t-shirt with high neckline. Soft and stretchy material for a comfortable fit. Accessorize with a straw hat and you\'re ready for summer!</p>','faded-short-sleeve-tshirts','','','','Faded Short Sleeve T-shirts','In stock',''),(29,1,7,'<p>Fashion has been creating well-designed collections since 2010. The brand offers feminine designs delivering stylish separates and statement dresses which has since evolved into a full ready-to-wear collection in which every item is a vital part of a woman\'s wardrobe. The result? Cool, easy, chic looks with youthful elegance and unmistakable signature style. All the beautiful pieces are made in Italy and manufactured with the greatest attention. Now Fashion extends to a range of accessories including shoes, hats, belts and more!</p>','<p>Faded short sleeve t-shirt with high neckline. Soft and stretchy material for a comfortable fit. Accessorize with a straw hat and you\'re ready for summer!</p>','faded-short-sleeve-tshirts','','','','Faded Short Sleeve T-shirts','In stock',''),(29,1,8,'<p>Fashion has been creating well-designed collections since 2010. The brand offers feminine designs delivering stylish separates and statement dresses which has since evolved into a full ready-to-wear collection in which every item is a vital part of a woman\'s wardrobe. The result? Cool, easy, chic looks with youthful elegance and unmistakable signature style. All the beautiful pieces are made in Italy and manufactured with the greatest attention. Now Fashion extends to a range of accessories including shoes, hats, belts and more!</p>','<p>Faded short sleeve t-shirt with high neckline. Soft and stretchy material for a comfortable fit. Accessorize with a straw hat and you\'re ready for summer!</p>','faded-short-sleeve-tshirts','','','','Faded Short Sleeve T-shirts','In stock',''),(29,1,9,'<p>Fashion has been creating well-designed collections since 2010. The brand offers feminine designs delivering stylish separates and statement dresses which has since evolved into a full ready-to-wear collection in which every item is a vital part of a woman\'s wardrobe. The result? Cool, easy, chic looks with youthful elegance and unmistakable signature style. All the beautiful pieces are made in Italy and manufactured with the greatest attention. Now Fashion extends to a range of accessories including shoes, hats, belts and more!</p>','<p>Faded short sleeve t-shirt with high neckline. Soft and stretchy material for a comfortable fit. Accessorize with a straw hat and you\'re ready for summer!</p>','faded-short-sleeve-tshirts','','','','Faded Short Sleeve T-shirts','In stock',''),(30,1,1,'<p>Fashion has been creating well-designed collections since 2010. The brand offers feminine designs delivering stylish separates and statement dresses which has since evolved into a full ready-to-wear collection in which every item is a vital part of a woman\'s wardrobe. The result? Cool, easy, chic looks with youthful elegance and unmistakable signature style. All the beautiful pieces are made in Italy and manufactured with the greatest attention. Now Fashion extends to a range of accessories including shoes, hats, belts and more!</p>','<p>Faded short sleeve t-shirt with high neckline. Soft and stretchy material for a comfortable fit. Accessorize with a straw hat and you\'re ready for summer!</p>','faded-short-sleeve-tshirts','','','','Faded Short Sleeve T-shirts','In stock',''),(30,1,2,'','','traillarde','','','','traillarde','In stock',''),(30,1,3,'<p>Fashion has been creating well-designed collections since 2010. The brand offers feminine designs delivering stylish separates and statement dresses which has since evolved into a full ready-to-wear collection in which every item is a vital part of a woman\'s wardrobe. The result? Cool, easy, chic looks with youthful elegance and unmistakable signature style. All the beautiful pieces are made in Italy and manufactured with the greatest attention. Now Fashion extends to a range of accessories including shoes, hats, belts and more!</p>','<p>Faded short sleeve t-shirt with high neckline. Soft and stretchy material for a comfortable fit. Accessorize with a straw hat and you\'re ready for summer!</p>','faded-short-sleeve-tshirts','','','','Faded Short Sleeve T-shirts','In stock',''),(30,1,4,'<p>Fashion has been creating well-designed collections since 2010. The brand offers feminine designs delivering stylish separates and statement dresses which has since evolved into a full ready-to-wear collection in which every item is a vital part of a woman\'s wardrobe. The result? Cool, easy, chic looks with youthful elegance and unmistakable signature style. All the beautiful pieces are made in Italy and manufactured with the greatest attention. Now Fashion extends to a range of accessories including shoes, hats, belts and more!</p>','<p>Faded short sleeve t-shirt with high neckline. Soft and stretchy material for a comfortable fit. Accessorize with a straw hat and you\'re ready for summer!</p>','faded-short-sleeve-tshirts','','','','Faded Short Sleeve T-shirts','In stock',''),(30,1,5,'<p>Fashion has been creating well-designed collections since 2010. The brand offers feminine designs delivering stylish separates and statement dresses which has since evolved into a full ready-to-wear collection in which every item is a vital part of a woman\'s wardrobe. The result? Cool, easy, chic looks with youthful elegance and unmistakable signature style. All the beautiful pieces are made in Italy and manufactured with the greatest attention. Now Fashion extends to a range of accessories including shoes, hats, belts and more!</p>','<p>Faded short sleeve t-shirt with high neckline. Soft and stretchy material for a comfortable fit. Accessorize with a straw hat and you\'re ready for summer!</p>','faded-short-sleeve-tshirts','','','','Faded Short Sleeve T-shirts','In stock',''),(30,1,6,'<p>Fashion has been creating well-designed collections since 2010. The brand offers feminine designs delivering stylish separates and statement dresses which has since evolved into a full ready-to-wear collection in which every item is a vital part of a woman\'s wardrobe. The result? Cool, easy, chic looks with youthful elegance and unmistakable signature style. All the beautiful pieces are made in Italy and manufactured with the greatest attention. Now Fashion extends to a range of accessories including shoes, hats, belts and more!</p>','<p>Faded short sleeve t-shirt with high neckline. Soft and stretchy material for a comfortable fit. Accessorize with a straw hat and you\'re ready for summer!</p>','faded-short-sleeve-tshirts','','','','Faded Short Sleeve T-shirts','In stock',''),(30,1,7,'<p>Fashion has been creating well-designed collections since 2010. The brand offers feminine designs delivering stylish separates and statement dresses which has since evolved into a full ready-to-wear collection in which every item is a vital part of a woman\'s wardrobe. The result? Cool, easy, chic looks with youthful elegance and unmistakable signature style. All the beautiful pieces are made in Italy and manufactured with the greatest attention. Now Fashion extends to a range of accessories including shoes, hats, belts and more!</p>','<p>Faded short sleeve t-shirt with high neckline. Soft and stretchy material for a comfortable fit. Accessorize with a straw hat and you\'re ready for summer!</p>','faded-short-sleeve-tshirts','','','','Faded Short Sleeve T-shirts','In stock',''),(30,1,8,'<p>Fashion has been creating well-designed collections since 2010. The brand offers feminine designs delivering stylish separates and statement dresses which has since evolved into a full ready-to-wear collection in which every item is a vital part of a woman\'s wardrobe. The result? Cool, easy, chic looks with youthful elegance and unmistakable signature style. All the beautiful pieces are made in Italy and manufactured with the greatest attention. Now Fashion extends to a range of accessories including shoes, hats, belts and more!</p>','<p>Faded short sleeve t-shirt with high neckline. Soft and stretchy material for a comfortable fit. Accessorize with a straw hat and you\'re ready for summer!</p>','faded-short-sleeve-tshirts','','','','Faded Short Sleeve T-shirts','In stock',''),(30,1,9,'<p>Fashion has been creating well-designed collections since 2010. The brand offers feminine designs delivering stylish separates and statement dresses which has since evolved into a full ready-to-wear collection in which every item is a vital part of a woman\'s wardrobe. The result? Cool, easy, chic looks with youthful elegance and unmistakable signature style. All the beautiful pieces are made in Italy and manufactured with the greatest attention. Now Fashion extends to a range of accessories including shoes, hats, belts and more!</p>','<p>Faded short sleeve t-shirt with high neckline. Soft and stretchy material for a comfortable fit. Accessorize with a straw hat and you\'re ready for summer!</p>','faded-short-sleeve-tshirts','','','','Faded Short Sleeve T-shirts','In stock',''),(31,1,1,'<p>Fashion has been creating well-designed collections since 2010. The brand offers feminine designs delivering stylish separates and statement dresses which has since evolved into a full ready-to-wear collection in which every item is a vital part of a woman\'s wardrobe. The result? Cool, easy, chic looks with youthful elegance and unmistakable signature style. All the beautiful pieces are made in Italy and manufactured with the greatest attention. Now Fashion extends to a range of accessories including shoes, hats, belts and more!</p>','<p>Faded short sleeve t-shirt with high neckline. Soft and stretchy material for a comfortable fit. Accessorize with a straw hat and you\'re ready for summer!</p>','faded-short-sleeve-tshirts','','','','Faded Short Sleeve T-shirts','In stock',''),(31,1,2,'','','full-jungle','','','','Full jungle','In stock',''),(31,1,3,'<p>Fashion has been creating well-designed collections since 2010. The brand offers feminine designs delivering stylish separates and statement dresses which has since evolved into a full ready-to-wear collection in which every item is a vital part of a woman\'s wardrobe. The result? Cool, easy, chic looks with youthful elegance and unmistakable signature style. All the beautiful pieces are made in Italy and manufactured with the greatest attention. Now Fashion extends to a range of accessories including shoes, hats, belts and more!</p>','<p>Faded short sleeve t-shirt with high neckline. Soft and stretchy material for a comfortable fit. Accessorize with a straw hat and you\'re ready for summer!</p>','faded-short-sleeve-tshirts','','','','Faded Short Sleeve T-shirts','In stock',''),(31,1,4,'<p>Fashion has been creating well-designed collections since 2010. The brand offers feminine designs delivering stylish separates and statement dresses which has since evolved into a full ready-to-wear collection in which every item is a vital part of a woman\'s wardrobe. The result? Cool, easy, chic looks with youthful elegance and unmistakable signature style. All the beautiful pieces are made in Italy and manufactured with the greatest attention. Now Fashion extends to a range of accessories including shoes, hats, belts and more!</p>','<p>Faded short sleeve t-shirt with high neckline. Soft and stretchy material for a comfortable fit. Accessorize with a straw hat and you\'re ready for summer!</p>','faded-short-sleeve-tshirts','','','','Faded Short Sleeve T-shirts','In stock',''),(31,1,5,'<p>Fashion has been creating well-designed collections since 2010. The brand offers feminine designs delivering stylish separates and statement dresses which has since evolved into a full ready-to-wear collection in which every item is a vital part of a woman\'s wardrobe. The result? Cool, easy, chic looks with youthful elegance and unmistakable signature style. All the beautiful pieces are made in Italy and manufactured with the greatest attention. Now Fashion extends to a range of accessories including shoes, hats, belts and more!</p>','<p>Faded short sleeve t-shirt with high neckline. Soft and stretchy material for a comfortable fit. Accessorize with a straw hat and you\'re ready for summer!</p>','faded-short-sleeve-tshirts','','','','Faded Short Sleeve T-shirts','In stock',''),(31,1,6,'<p>Fashion has been creating well-designed collections since 2010. The brand offers feminine designs delivering stylish separates and statement dresses which has since evolved into a full ready-to-wear collection in which every item is a vital part of a woman\'s wardrobe. The result? Cool, easy, chic looks with youthful elegance and unmistakable signature style. All the beautiful pieces are made in Italy and manufactured with the greatest attention. Now Fashion extends to a range of accessories including shoes, hats, belts and more!</p>','<p>Faded short sleeve t-shirt with high neckline. Soft and stretchy material for a comfortable fit. Accessorize with a straw hat and you\'re ready for summer!</p>','faded-short-sleeve-tshirts','','','','Faded Short Sleeve T-shirts','In stock',''),(31,1,7,'<p>Fashion has been creating well-designed collections since 2010. The brand offers feminine designs delivering stylish separates and statement dresses which has since evolved into a full ready-to-wear collection in which every item is a vital part of a woman\'s wardrobe. The result? Cool, easy, chic looks with youthful elegance and unmistakable signature style. All the beautiful pieces are made in Italy and manufactured with the greatest attention. Now Fashion extends to a range of accessories including shoes, hats, belts and more!</p>','<p>Faded short sleeve t-shirt with high neckline. Soft and stretchy material for a comfortable fit. Accessorize with a straw hat and you\'re ready for summer!</p>','faded-short-sleeve-tshirts','','','','Faded Short Sleeve T-shirts','In stock',''),(31,1,8,'<p>Fashion has been creating well-designed collections since 2010. The brand offers feminine designs delivering stylish separates and statement dresses which has since evolved into a full ready-to-wear collection in which every item is a vital part of a woman\'s wardrobe. The result? Cool, easy, chic looks with youthful elegance and unmistakable signature style. All the beautiful pieces are made in Italy and manufactured with the greatest attention. Now Fashion extends to a range of accessories including shoes, hats, belts and more!</p>','<p>Faded short sleeve t-shirt with high neckline. Soft and stretchy material for a comfortable fit. Accessorize with a straw hat and you\'re ready for summer!</p>','faded-short-sleeve-tshirts','','','','Faded Short Sleeve T-shirts','In stock',''),(31,1,9,'<p>Fashion has been creating well-designed collections since 2010. The brand offers feminine designs delivering stylish separates and statement dresses which has since evolved into a full ready-to-wear collection in which every item is a vital part of a woman\'s wardrobe. The result? Cool, easy, chic looks with youthful elegance and unmistakable signature style. All the beautiful pieces are made in Italy and manufactured with the greatest attention. Now Fashion extends to a range of accessories including shoes, hats, belts and more!</p>','<p>Faded short sleeve t-shirt with high neckline. Soft and stretchy material for a comfortable fit. Accessorize with a straw hat and you\'re ready for summer!</p>','faded-short-sleeve-tshirts','','','','Faded Short Sleeve T-shirts','In stock',''),(32,1,1,'<p>Fashion has been creating well-designed collections since 2010. The brand offers feminine designs delivering stylish separates and statement dresses which has since evolved into a full ready-to-wear collection in which every item is a vital part of a woman\'s wardrobe. The result? Cool, easy, chic looks with youthful elegance and unmistakable signature style. All the beautiful pieces are made in Italy and manufactured with the greatest attention. Now Fashion extends to a range of accessories including shoes, hats, belts and more!</p>','<p>Faded short sleeve t-shirt with high neckline. Soft and stretchy material for a comfortable fit. Accessorize with a straw hat and you\'re ready for summer!</p>','faded-short-sleeve-tshirts','','','','Faded Short Sleeve T-shirts','In stock',''),(32,1,2,'','','press-r','','','','Press R','In stock',''),(32,1,3,'<p>Fashion has been creating well-designed collections since 2010. The brand offers feminine designs delivering stylish separates and statement dresses which has since evolved into a full ready-to-wear collection in which every item is a vital part of a woman\'s wardrobe. The result? Cool, easy, chic looks with youthful elegance and unmistakable signature style. All the beautiful pieces are made in Italy and manufactured with the greatest attention. Now Fashion extends to a range of accessories including shoes, hats, belts and more!</p>','<p>Faded short sleeve t-shirt with high neckline. Soft and stretchy material for a comfortable fit. Accessorize with a straw hat and you\'re ready for summer!</p>','faded-short-sleeve-tshirts','','','','Faded Short Sleeve T-shirts','In stock',''),(32,1,4,'<p>Fashion has been creating well-designed collections since 2010. The brand offers feminine designs delivering stylish separates and statement dresses which has since evolved into a full ready-to-wear collection in which every item is a vital part of a woman\'s wardrobe. The result? Cool, easy, chic looks with youthful elegance and unmistakable signature style. All the beautiful pieces are made in Italy and manufactured with the greatest attention. Now Fashion extends to a range of accessories including shoes, hats, belts and more!</p>','<p>Faded short sleeve t-shirt with high neckline. Soft and stretchy material for a comfortable fit. Accessorize with a straw hat and you\'re ready for summer!</p>','faded-short-sleeve-tshirts','','','','Faded Short Sleeve T-shirts','In stock',''),(32,1,5,'<p>Fashion has been creating well-designed collections since 2010. The brand offers feminine designs delivering stylish separates and statement dresses which has since evolved into a full ready-to-wear collection in which every item is a vital part of a woman\'s wardrobe. The result? Cool, easy, chic looks with youthful elegance and unmistakable signature style. All the beautiful pieces are made in Italy and manufactured with the greatest attention. Now Fashion extends to a range of accessories including shoes, hats, belts and more!</p>','<p>Faded short sleeve t-shirt with high neckline. Soft and stretchy material for a comfortable fit. Accessorize with a straw hat and you\'re ready for summer!</p>','faded-short-sleeve-tshirts','','','','Faded Short Sleeve T-shirts','In stock',''),(32,1,6,'<p>Fashion has been creating well-designed collections since 2010. The brand offers feminine designs delivering stylish separates and statement dresses which has since evolved into a full ready-to-wear collection in which every item is a vital part of a woman\'s wardrobe. The result? Cool, easy, chic looks with youthful elegance and unmistakable signature style. All the beautiful pieces are made in Italy and manufactured with the greatest attention. Now Fashion extends to a range of accessories including shoes, hats, belts and more!</p>','<p>Faded short sleeve t-shirt with high neckline. Soft and stretchy material for a comfortable fit. Accessorize with a straw hat and you\'re ready for summer!</p>','faded-short-sleeve-tshirts','','','','Faded Short Sleeve T-shirts','In stock',''),(32,1,7,'<p>Fashion has been creating well-designed collections since 2010. The brand offers feminine designs delivering stylish separates and statement dresses which has since evolved into a full ready-to-wear collection in which every item is a vital part of a woman\'s wardrobe. The result? Cool, easy, chic looks with youthful elegance and unmistakable signature style. All the beautiful pieces are made in Italy and manufactured with the greatest attention. Now Fashion extends to a range of accessories including shoes, hats, belts and more!</p>','<p>Faded short sleeve t-shirt with high neckline. Soft and stretchy material for a comfortable fit. Accessorize with a straw hat and you\'re ready for summer!</p>','faded-short-sleeve-tshirts','','','','Faded Short Sleeve T-shirts','In stock',''),(32,1,8,'<p>Fashion has been creating well-designed collections since 2010. The brand offers feminine designs delivering stylish separates and statement dresses which has since evolved into a full ready-to-wear collection in which every item is a vital part of a woman\'s wardrobe. The result? Cool, easy, chic looks with youthful elegance and unmistakable signature style. All the beautiful pieces are made in Italy and manufactured with the greatest attention. Now Fashion extends to a range of accessories including shoes, hats, belts and more!</p>','<p>Faded short sleeve t-shirt with high neckline. Soft and stretchy material for a comfortable fit. Accessorize with a straw hat and you\'re ready for summer!</p>','faded-short-sleeve-tshirts','','','','Faded Short Sleeve T-shirts','In stock',''),(32,1,9,'<p>Fashion has been creating well-designed collections since 2010. The brand offers feminine designs delivering stylish separates and statement dresses which has since evolved into a full ready-to-wear collection in which every item is a vital part of a woman\'s wardrobe. The result? Cool, easy, chic looks with youthful elegance and unmistakable signature style. All the beautiful pieces are made in Italy and manufactured with the greatest attention. Now Fashion extends to a range of accessories including shoes, hats, belts and more!</p>','<p>Faded short sleeve t-shirt with high neckline. Soft and stretchy material for a comfortable fit. Accessorize with a straw hat and you\'re ready for summer!</p>','faded-short-sleeve-tshirts','','','','Faded Short Sleeve T-shirts','In stock',''),(33,1,1,'<p>Fashion has been creating well-designed collections since 2010. The brand offers feminine designs delivering stylish separates and statement dresses which has since evolved into a full ready-to-wear collection in which every item is a vital part of a woman\'s wardrobe. The result? Cool, easy, chic looks with youthful elegance and unmistakable signature style. All the beautiful pieces are made in Italy and manufactured with the greatest attention. Now Fashion extends to a range of accessories including shoes, hats, belts and more!</p>','<p>Faded short sleeve t-shirt with high neckline. Soft and stretchy material for a comfortable fit. Accessorize with a straw hat and you\'re ready for summer!</p>','faded-short-sleeve-tshirts','','','','Faded Short Sleeve T-shirts','In stock',''),(33,1,2,'','','don-t-watch-tv','','','','Don\'t watch Tv!','In stock',''),(33,1,3,'<p>Fashion has been creating well-designed collections since 2010. The brand offers feminine designs delivering stylish separates and statement dresses which has since evolved into a full ready-to-wear collection in which every item is a vital part of a woman\'s wardrobe. The result? Cool, easy, chic looks with youthful elegance and unmistakable signature style. All the beautiful pieces are made in Italy and manufactured with the greatest attention. Now Fashion extends to a range of accessories including shoes, hats, belts and more!</p>','<p>Faded short sleeve t-shirt with high neckline. Soft and stretchy material for a comfortable fit. Accessorize with a straw hat and you\'re ready for summer!</p>','faded-short-sleeve-tshirts','','','','Faded Short Sleeve T-shirts','In stock',''),(33,1,4,'<p>Fashion has been creating well-designed collections since 2010. The brand offers feminine designs delivering stylish separates and statement dresses which has since evolved into a full ready-to-wear collection in which every item is a vital part of a woman\'s wardrobe. The result? Cool, easy, chic looks with youthful elegance and unmistakable signature style. All the beautiful pieces are made in Italy and manufactured with the greatest attention. Now Fashion extends to a range of accessories including shoes, hats, belts and more!</p>','<p>Faded short sleeve t-shirt with high neckline. Soft and stretchy material for a comfortable fit. Accessorize with a straw hat and you\'re ready for summer!</p>','faded-short-sleeve-tshirts','','','','Faded Short Sleeve T-shirts','In stock',''),(33,1,5,'<p>Fashion has been creating well-designed collections since 2010. The brand offers feminine designs delivering stylish separates and statement dresses which has since evolved into a full ready-to-wear collection in which every item is a vital part of a woman\'s wardrobe. The result? Cool, easy, chic looks with youthful elegance and unmistakable signature style. All the beautiful pieces are made in Italy and manufactured with the greatest attention. Now Fashion extends to a range of accessories including shoes, hats, belts and more!</p>','<p>Faded short sleeve t-shirt with high neckline. Soft and stretchy material for a comfortable fit. Accessorize with a straw hat and you\'re ready for summer!</p>','faded-short-sleeve-tshirts','','','','Faded Short Sleeve T-shirts','In stock',''),(33,1,6,'<p>Fashion has been creating well-designed collections since 2010. The brand offers feminine designs delivering stylish separates and statement dresses which has since evolved into a full ready-to-wear collection in which every item is a vital part of a woman\'s wardrobe. The result? Cool, easy, chic looks with youthful elegance and unmistakable signature style. All the beautiful pieces are made in Italy and manufactured with the greatest attention. Now Fashion extends to a range of accessories including shoes, hats, belts and more!</p>','<p>Faded short sleeve t-shirt with high neckline. Soft and stretchy material for a comfortable fit. Accessorize with a straw hat and you\'re ready for summer!</p>','faded-short-sleeve-tshirts','','','','Faded Short Sleeve T-shirts','In stock',''),(33,1,7,'<p>Fashion has been creating well-designed collections since 2010. The brand offers feminine designs delivering stylish separates and statement dresses which has since evolved into a full ready-to-wear collection in which every item is a vital part of a woman\'s wardrobe. The result? Cool, easy, chic looks with youthful elegance and unmistakable signature style. All the beautiful pieces are made in Italy and manufactured with the greatest attention. Now Fashion extends to a range of accessories including shoes, hats, belts and more!</p>','<p>Faded short sleeve t-shirt with high neckline. Soft and stretchy material for a comfortable fit. Accessorize with a straw hat and you\'re ready for summer!</p>','faded-short-sleeve-tshirts','','','','Faded Short Sleeve T-shirts','In stock',''),(33,1,8,'<p>Fashion has been creating well-designed collections since 2010. The brand offers feminine designs delivering stylish separates and statement dresses which has since evolved into a full ready-to-wear collection in which every item is a vital part of a woman\'s wardrobe. The result? Cool, easy, chic looks with youthful elegance and unmistakable signature style. All the beautiful pieces are made in Italy and manufactured with the greatest attention. Now Fashion extends to a range of accessories including shoes, hats, belts and more!</p>','<p>Faded short sleeve t-shirt with high neckline. Soft and stretchy material for a comfortable fit. Accessorize with a straw hat and you\'re ready for summer!</p>','faded-short-sleeve-tshirts','','','','Faded Short Sleeve T-shirts','In stock',''),(33,1,9,'<p>Fashion has been creating well-designed collections since 2010. The brand offers feminine designs delivering stylish separates and statement dresses which has since evolved into a full ready-to-wear collection in which every item is a vital part of a woman\'s wardrobe. The result? Cool, easy, chic looks with youthful elegance and unmistakable signature style. All the beautiful pieces are made in Italy and manufactured with the greatest attention. Now Fashion extends to a range of accessories including shoes, hats, belts and more!</p>','<p>Faded short sleeve t-shirt with high neckline. Soft and stretchy material for a comfortable fit. Accessorize with a straw hat and you\'re ready for summer!</p>','faded-short-sleeve-tshirts','','','','Faded Short Sleeve T-shirts','In stock',''),(34,1,1,'<p>Fashion has been creating well-designed collections since 2010. The brand offers feminine designs delivering stylish separates and statement dresses which has since evolved into a full ready-to-wear collection in which every item is a vital part of a woman\'s wardrobe. The result? Cool, easy, chic looks with youthful elegance and unmistakable signature style. All the beautiful pieces are made in Italy and manufactured with the greatest attention. Now Fashion extends to a range of accessories including shoes, hats, belts and more!</p>','<p>Faded short sleeve t-shirt with high neckline. Soft and stretchy material for a comfortable fit. Accessorize with a straw hat and you\'re ready for summer!</p>','faded-short-sleeve-tshirts','','','','Faded Short Sleeve T-shirts','In stock',''),(34,1,2,'','','don-t-watch-tv','','','','Don\'t hat the game','In stock',''),(34,1,3,'<p>Fashion has been creating well-designed collections since 2010. The brand offers feminine designs delivering stylish separates and statement dresses which has since evolved into a full ready-to-wear collection in which every item is a vital part of a woman\'s wardrobe. The result? Cool, easy, chic looks with youthful elegance and unmistakable signature style. All the beautiful pieces are made in Italy and manufactured with the greatest attention. Now Fashion extends to a range of accessories including shoes, hats, belts and more!</p>','<p>Faded short sleeve t-shirt with high neckline. Soft and stretchy material for a comfortable fit. Accessorize with a straw hat and you\'re ready for summer!</p>','faded-short-sleeve-tshirts','','','','Faded Short Sleeve T-shirts','In stock',''),(34,1,4,'<p>Fashion has been creating well-designed collections since 2010. The brand offers feminine designs delivering stylish separates and statement dresses which has since evolved into a full ready-to-wear collection in which every item is a vital part of a woman\'s wardrobe. The result? Cool, easy, chic looks with youthful elegance and unmistakable signature style. All the beautiful pieces are made in Italy and manufactured with the greatest attention. Now Fashion extends to a range of accessories including shoes, hats, belts and more!</p>','<p>Faded short sleeve t-shirt with high neckline. Soft and stretchy material for a comfortable fit. Accessorize with a straw hat and you\'re ready for summer!</p>','faded-short-sleeve-tshirts','','','','Faded Short Sleeve T-shirts','In stock',''),(34,1,5,'<p>Fashion has been creating well-designed collections since 2010. The brand offers feminine designs delivering stylish separates and statement dresses which has since evolved into a full ready-to-wear collection in which every item is a vital part of a woman\'s wardrobe. The result? Cool, easy, chic looks with youthful elegance and unmistakable signature style. All the beautiful pieces are made in Italy and manufactured with the greatest attention. Now Fashion extends to a range of accessories including shoes, hats, belts and more!</p>','<p>Faded short sleeve t-shirt with high neckline. Soft and stretchy material for a comfortable fit. Accessorize with a straw hat and you\'re ready for summer!</p>','faded-short-sleeve-tshirts','','','','Faded Short Sleeve T-shirts','In stock',''),(34,1,6,'<p>Fashion has been creating well-designed collections since 2010. The brand offers feminine designs delivering stylish separates and statement dresses which has since evolved into a full ready-to-wear collection in which every item is a vital part of a woman\'s wardrobe. The result? Cool, easy, chic looks with youthful elegance and unmistakable signature style. All the beautiful pieces are made in Italy and manufactured with the greatest attention. Now Fashion extends to a range of accessories including shoes, hats, belts and more!</p>','<p>Faded short sleeve t-shirt with high neckline. Soft and stretchy material for a comfortable fit. Accessorize with a straw hat and you\'re ready for summer!</p>','faded-short-sleeve-tshirts','','','','Faded Short Sleeve T-shirts','In stock',''),(34,1,7,'<p>Fashion has been creating well-designed collections since 2010. The brand offers feminine designs delivering stylish separates and statement dresses which has since evolved into a full ready-to-wear collection in which every item is a vital part of a woman\'s wardrobe. The result? Cool, easy, chic looks with youthful elegance and unmistakable signature style. All the beautiful pieces are made in Italy and manufactured with the greatest attention. Now Fashion extends to a range of accessories including shoes, hats, belts and more!</p>','<p>Faded short sleeve t-shirt with high neckline. Soft and stretchy material for a comfortable fit. Accessorize with a straw hat and you\'re ready for summer!</p>','faded-short-sleeve-tshirts','','','','Faded Short Sleeve T-shirts','In stock',''),(34,1,8,'<p>Fashion has been creating well-designed collections since 2010. The brand offers feminine designs delivering stylish separates and statement dresses which has since evolved into a full ready-to-wear collection in which every item is a vital part of a woman\'s wardrobe. The result? Cool, easy, chic looks with youthful elegance and unmistakable signature style. All the beautiful pieces are made in Italy and manufactured with the greatest attention. Now Fashion extends to a range of accessories including shoes, hats, belts and more!</p>','<p>Faded short sleeve t-shirt with high neckline. Soft and stretchy material for a comfortable fit. Accessorize with a straw hat and you\'re ready for summer!</p>','faded-short-sleeve-tshirts','','','','Faded Short Sleeve T-shirts','In stock',''),(34,1,9,'<p>Fashion has been creating well-designed collections since 2010. The brand offers feminine designs delivering stylish separates and statement dresses which has since evolved into a full ready-to-wear collection in which every item is a vital part of a woman\'s wardrobe. The result? Cool, easy, chic looks with youthful elegance and unmistakable signature style. All the beautiful pieces are made in Italy and manufactured with the greatest attention. Now Fashion extends to a range of accessories including shoes, hats, belts and more!</p>','<p>Faded short sleeve t-shirt with high neckline. Soft and stretchy material for a comfortable fit. Accessorize with a straw hat and you\'re ready for summer!</p>','faded-short-sleeve-tshirts','','','','Faded Short Sleeve T-shirts','In stock',''),(35,1,1,'<p>Fashion has been creating well-designed collections since 2010. The brand offers feminine designs delivering stylish separates and statement dresses which has since evolved into a full ready-to-wear collection in which every item is a vital part of a woman\'s wardrobe. The result? Cool, easy, chic looks with youthful elegance and unmistakable signature style. All the beautiful pieces are made in Italy and manufactured with the greatest attention. Now Fashion extends to a range of accessories including shoes, hats, belts and more!</p>','<p>Faded short sleeve t-shirt with high neckline. Soft and stretchy material for a comfortable fit. Accessorize with a straw hat and you\'re ready for summer!</p>','faded-short-sleeve-tshirts','','','','Faded Short Sleeve T-shirts','In stock',''),(35,1,2,'','','don-t-watch-tv','','','','Vagin cosmique','In stock',''),(35,1,3,'<p>Fashion has been creating well-designed collections since 2010. The brand offers feminine designs delivering stylish separates and statement dresses which has since evolved into a full ready-to-wear collection in which every item is a vital part of a woman\'s wardrobe. The result? Cool, easy, chic looks with youthful elegance and unmistakable signature style. All the beautiful pieces are made in Italy and manufactured with the greatest attention. Now Fashion extends to a range of accessories including shoes, hats, belts and more!</p>','<p>Faded short sleeve t-shirt with high neckline. Soft and stretchy material for a comfortable fit. Accessorize with a straw hat and you\'re ready for summer!</p>','faded-short-sleeve-tshirts','','','','Faded Short Sleeve T-shirts','In stock',''),(35,1,4,'<p>Fashion has been creating well-designed collections since 2010. The brand offers feminine designs delivering stylish separates and statement dresses which has since evolved into a full ready-to-wear collection in which every item is a vital part of a woman\'s wardrobe. The result? Cool, easy, chic looks with youthful elegance and unmistakable signature style. All the beautiful pieces are made in Italy and manufactured with the greatest attention. Now Fashion extends to a range of accessories including shoes, hats, belts and more!</p>','<p>Faded short sleeve t-shirt with high neckline. Soft and stretchy material for a comfortable fit. Accessorize with a straw hat and you\'re ready for summer!</p>','faded-short-sleeve-tshirts','','','','Faded Short Sleeve T-shirts','In stock',''),(35,1,5,'<p>Fashion has been creating well-designed collections since 2010. The brand offers feminine designs delivering stylish separates and statement dresses which has since evolved into a full ready-to-wear collection in which every item is a vital part of a woman\'s wardrobe. The result? Cool, easy, chic looks with youthful elegance and unmistakable signature style. All the beautiful pieces are made in Italy and manufactured with the greatest attention. Now Fashion extends to a range of accessories including shoes, hats, belts and more!</p>','<p>Faded short sleeve t-shirt with high neckline. Soft and stretchy material for a comfortable fit. Accessorize with a straw hat and you\'re ready for summer!</p>','faded-short-sleeve-tshirts','','','','Faded Short Sleeve T-shirts','In stock',''),(35,1,6,'<p>Fashion has been creating well-designed collections since 2010. The brand offers feminine designs delivering stylish separates and statement dresses which has since evolved into a full ready-to-wear collection in which every item is a vital part of a woman\'s wardrobe. The result? Cool, easy, chic looks with youthful elegance and unmistakable signature style. All the beautiful pieces are made in Italy and manufactured with the greatest attention. Now Fashion extends to a range of accessories including shoes, hats, belts and more!</p>','<p>Faded short sleeve t-shirt with high neckline. Soft and stretchy material for a comfortable fit. Accessorize with a straw hat and you\'re ready for summer!</p>','faded-short-sleeve-tshirts','','','','Faded Short Sleeve T-shirts','In stock',''),(35,1,7,'<p>Fashion has been creating well-designed collections since 2010. The brand offers feminine designs delivering stylish separates and statement dresses which has since evolved into a full ready-to-wear collection in which every item is a vital part of a woman\'s wardrobe. The result? Cool, easy, chic looks with youthful elegance and unmistakable signature style. All the beautiful pieces are made in Italy and manufactured with the greatest attention. Now Fashion extends to a range of accessories including shoes, hats, belts and more!</p>','<p>Faded short sleeve t-shirt with high neckline. Soft and stretchy material for a comfortable fit. Accessorize with a straw hat and you\'re ready for summer!</p>','faded-short-sleeve-tshirts','','','','Faded Short Sleeve T-shirts','In stock',''),(35,1,8,'<p>Fashion has been creating well-designed collections since 2010. The brand offers feminine designs delivering stylish separates and statement dresses which has since evolved into a full ready-to-wear collection in which every item is a vital part of a woman\'s wardrobe. The result? Cool, easy, chic looks with youthful elegance and unmistakable signature style. All the beautiful pieces are made in Italy and manufactured with the greatest attention. Now Fashion extends to a range of accessories including shoes, hats, belts and more!</p>','<p>Faded short sleeve t-shirt with high neckline. Soft and stretchy material for a comfortable fit. Accessorize with a straw hat and you\'re ready for summer!</p>','faded-short-sleeve-tshirts','','','','Faded Short Sleeve T-shirts','In stock',''),(35,1,9,'<p>Fashion has been creating well-designed collections since 2010. The brand offers feminine designs delivering stylish separates and statement dresses which has since evolved into a full ready-to-wear collection in which every item is a vital part of a woman\'s wardrobe. The result? Cool, easy, chic looks with youthful elegance and unmistakable signature style. All the beautiful pieces are made in Italy and manufactured with the greatest attention. Now Fashion extends to a range of accessories including shoes, hats, belts and more!</p>','<p>Faded short sleeve t-shirt with high neckline. Soft and stretchy material for a comfortable fit. Accessorize with a straw hat and you\'re ready for summer!</p>','faded-short-sleeve-tshirts','','','','Faded Short Sleeve T-shirts','In stock',''),(36,1,1,'<p>Fashion has been creating well-designed collections since 2010. The brand offers feminine designs delivering stylish separates and statement dresses which has since evolved into a full ready-to-wear collection in which every item is a vital part of a woman\'s wardrobe. The result? Cool, easy, chic looks with youthful elegance and unmistakable signature style. All the beautiful pieces are made in Italy and manufactured with the greatest attention. Now Fashion extends to a range of accessories including shoes, hats, belts and more!</p>','<p>Faded short sleeve t-shirt with high neckline. Soft and stretchy material for a comfortable fit. Accessorize with a straw hat and you\'re ready for summer!</p>','faded-short-sleeve-tshirts','','','','Faded Short Sleeve T-shirts','In stock',''),(36,1,2,'','','don-t-watch-tv','','','','Meat it boy','In stock',''),(36,1,3,'<p>Fashion has been creating well-designed collections since 2010. The brand offers feminine designs delivering stylish separates and statement dresses which has since evolved into a full ready-to-wear collection in which every item is a vital part of a woman\'s wardrobe. The result? Cool, easy, chic looks with youthful elegance and unmistakable signature style. All the beautiful pieces are made in Italy and manufactured with the greatest attention. Now Fashion extends to a range of accessories including shoes, hats, belts and more!</p>','<p>Faded short sleeve t-shirt with high neckline. Soft and stretchy material for a comfortable fit. Accessorize with a straw hat and you\'re ready for summer!</p>','faded-short-sleeve-tshirts','','','','Faded Short Sleeve T-shirts','In stock',''),(36,1,4,'<p>Fashion has been creating well-designed collections since 2010. The brand offers feminine designs delivering stylish separates and statement dresses which has since evolved into a full ready-to-wear collection in which every item is a vital part of a woman\'s wardrobe. The result? Cool, easy, chic looks with youthful elegance and unmistakable signature style. All the beautiful pieces are made in Italy and manufactured with the greatest attention. Now Fashion extends to a range of accessories including shoes, hats, belts and more!</p>','<p>Faded short sleeve t-shirt with high neckline. Soft and stretchy material for a comfortable fit. Accessorize with a straw hat and you\'re ready for summer!</p>','faded-short-sleeve-tshirts','','','','Faded Short Sleeve T-shirts','In stock',''),(36,1,5,'<p>Fashion has been creating well-designed collections since 2010. The brand offers feminine designs delivering stylish separates and statement dresses which has since evolved into a full ready-to-wear collection in which every item is a vital part of a woman\'s wardrobe. The result? Cool, easy, chic looks with youthful elegance and unmistakable signature style. All the beautiful pieces are made in Italy and manufactured with the greatest attention. Now Fashion extends to a range of accessories including shoes, hats, belts and more!</p>','<p>Faded short sleeve t-shirt with high neckline. Soft and stretchy material for a comfortable fit. Accessorize with a straw hat and you\'re ready for summer!</p>','faded-short-sleeve-tshirts','','','','Faded Short Sleeve T-shirts','In stock',''),(36,1,6,'<p>Fashion has been creating well-designed collections since 2010. The brand offers feminine designs delivering stylish separates and statement dresses which has since evolved into a full ready-to-wear collection in which every item is a vital part of a woman\'s wardrobe. The result? Cool, easy, chic looks with youthful elegance and unmistakable signature style. All the beautiful pieces are made in Italy and manufactured with the greatest attention. Now Fashion extends to a range of accessories including shoes, hats, belts and more!</p>','<p>Faded short sleeve t-shirt with high neckline. Soft and stretchy material for a comfortable fit. Accessorize with a straw hat and you\'re ready for summer!</p>','faded-short-sleeve-tshirts','','','','Faded Short Sleeve T-shirts','In stock',''),(36,1,7,'<p>Fashion has been creating well-designed collections since 2010. The brand offers feminine designs delivering stylish separates and statement dresses which has since evolved into a full ready-to-wear collection in which every item is a vital part of a woman\'s wardrobe. The result? Cool, easy, chic looks with youthful elegance and unmistakable signature style. All the beautiful pieces are made in Italy and manufactured with the greatest attention. Now Fashion extends to a range of accessories including shoes, hats, belts and more!</p>','<p>Faded short sleeve t-shirt with high neckline. Soft and stretchy material for a comfortable fit. Accessorize with a straw hat and you\'re ready for summer!</p>','faded-short-sleeve-tshirts','','','','Faded Short Sleeve T-shirts','In stock',''),(36,1,8,'<p>Fashion has been creating well-designed collections since 2010. The brand offers feminine designs delivering stylish separates and statement dresses which has since evolved into a full ready-to-wear collection in which every item is a vital part of a woman\'s wardrobe. The result? Cool, easy, chic looks with youthful elegance and unmistakable signature style. All the beautiful pieces are made in Italy and manufactured with the greatest attention. Now Fashion extends to a range of accessories including shoes, hats, belts and more!</p>','<p>Faded short sleeve t-shirt with high neckline. Soft and stretchy material for a comfortable fit. Accessorize with a straw hat and you\'re ready for summer!</p>','faded-short-sleeve-tshirts','','','','Faded Short Sleeve T-shirts','In stock',''),(36,1,9,'<p>Fashion has been creating well-designed collections since 2010. The brand offers feminine designs delivering stylish separates and statement dresses which has since evolved into a full ready-to-wear collection in which every item is a vital part of a woman\'s wardrobe. The result? Cool, easy, chic looks with youthful elegance and unmistakable signature style. All the beautiful pieces are made in Italy and manufactured with the greatest attention. Now Fashion extends to a range of accessories including shoes, hats, belts and more!</p>','<p>Faded short sleeve t-shirt with high neckline. Soft and stretchy material for a comfortable fit. Accessorize with a straw hat and you\'re ready for summer!</p>','faded-short-sleeve-tshirts','','','','Faded Short Sleeve T-shirts','In stock',''),(37,1,1,'<p>Fashion has been creating well-designed collections since 2010. The brand offers feminine designs delivering stylish separates and statement dresses which has since evolved into a full ready-to-wear collection in which every item is a vital part of a woman\'s wardrobe. The result? Cool, easy, chic looks with youthful elegance and unmistakable signature style. All the beautiful pieces are made in Italy and manufactured with the greatest attention. Now Fashion extends to a range of accessories including shoes, hats, belts and more!</p>','<p>Faded short sleeve t-shirt with high neckline. Soft and stretchy material for a comfortable fit. Accessorize with a straw hat and you\'re ready for summer!</p>','faded-short-sleeve-tshirts','','','','Faded Short Sleeve T-shirts','In stock',''),(37,1,2,'','','don-t-watch-tv','','','','Big pumpkin','In stock',''),(37,1,3,'<p>Fashion has been creating well-designed collections since 2010. The brand offers feminine designs delivering stylish separates and statement dresses which has since evolved into a full ready-to-wear collection in which every item is a vital part of a woman\'s wardrobe. The result? Cool, easy, chic looks with youthful elegance and unmistakable signature style. All the beautiful pieces are made in Italy and manufactured with the greatest attention. Now Fashion extends to a range of accessories including shoes, hats, belts and more!</p>','<p>Faded short sleeve t-shirt with high neckline. Soft and stretchy material for a comfortable fit. Accessorize with a straw hat and you\'re ready for summer!</p>','faded-short-sleeve-tshirts','','','','Faded Short Sleeve T-shirts','In stock',''),(37,1,4,'<p>Fashion has been creating well-designed collections since 2010. The brand offers feminine designs delivering stylish separates and statement dresses which has since evolved into a full ready-to-wear collection in which every item is a vital part of a woman\'s wardrobe. The result? Cool, easy, chic looks with youthful elegance and unmistakable signature style. All the beautiful pieces are made in Italy and manufactured with the greatest attention. Now Fashion extends to a range of accessories including shoes, hats, belts and more!</p>','<p>Faded short sleeve t-shirt with high neckline. Soft and stretchy material for a comfortable fit. Accessorize with a straw hat and you\'re ready for summer!</p>','faded-short-sleeve-tshirts','','','','Faded Short Sleeve T-shirts','In stock',''),(37,1,5,'<p>Fashion has been creating well-designed collections since 2010. The brand offers feminine designs delivering stylish separates and statement dresses which has since evolved into a full ready-to-wear collection in which every item is a vital part of a woman\'s wardrobe. The result? Cool, easy, chic looks with youthful elegance and unmistakable signature style. All the beautiful pieces are made in Italy and manufactured with the greatest attention. Now Fashion extends to a range of accessories including shoes, hats, belts and more!</p>','<p>Faded short sleeve t-shirt with high neckline. Soft and stretchy material for a comfortable fit. Accessorize with a straw hat and you\'re ready for summer!</p>','faded-short-sleeve-tshirts','','','','Faded Short Sleeve T-shirts','In stock',''),(37,1,6,'<p>Fashion has been creating well-designed collections since 2010. The brand offers feminine designs delivering stylish separates and statement dresses which has since evolved into a full ready-to-wear collection in which every item is a vital part of a woman\'s wardrobe. The result? Cool, easy, chic looks with youthful elegance and unmistakable signature style. All the beautiful pieces are made in Italy and manufactured with the greatest attention. Now Fashion extends to a range of accessories including shoes, hats, belts and more!</p>','<p>Faded short sleeve t-shirt with high neckline. Soft and stretchy material for a comfortable fit. Accessorize with a straw hat and you\'re ready for summer!</p>','faded-short-sleeve-tshirts','','','','Faded Short Sleeve T-shirts','In stock',''),(37,1,7,'<p>Fashion has been creating well-designed collections since 2010. The brand offers feminine designs delivering stylish separates and statement dresses which has since evolved into a full ready-to-wear collection in which every item is a vital part of a woman\'s wardrobe. The result? Cool, easy, chic looks with youthful elegance and unmistakable signature style. All the beautiful pieces are made in Italy and manufactured with the greatest attention. Now Fashion extends to a range of accessories including shoes, hats, belts and more!</p>','<p>Faded short sleeve t-shirt with high neckline. Soft and stretchy material for a comfortable fit. Accessorize with a straw hat and you\'re ready for summer!</p>','faded-short-sleeve-tshirts','','','','Faded Short Sleeve T-shirts','In stock',''),(37,1,8,'<p>Fashion has been creating well-designed collections since 2010. The brand offers feminine designs delivering stylish separates and statement dresses which has since evolved into a full ready-to-wear collection in which every item is a vital part of a woman\'s wardrobe. The result? Cool, easy, chic looks with youthful elegance and unmistakable signature style. All the beautiful pieces are made in Italy and manufactured with the greatest attention. Now Fashion extends to a range of accessories including shoes, hats, belts and more!</p>','<p>Faded short sleeve t-shirt with high neckline. Soft and stretchy material for a comfortable fit. Accessorize with a straw hat and you\'re ready for summer!</p>','faded-short-sleeve-tshirts','','','','Faded Short Sleeve T-shirts','In stock',''),(37,1,9,'<p>Fashion has been creating well-designed collections since 2010. The brand offers feminine designs delivering stylish separates and statement dresses which has since evolved into a full ready-to-wear collection in which every item is a vital part of a woman\'s wardrobe. The result? Cool, easy, chic looks with youthful elegance and unmistakable signature style. All the beautiful pieces are made in Italy and manufactured with the greatest attention. Now Fashion extends to a range of accessories including shoes, hats, belts and more!</p>','<p>Faded short sleeve t-shirt with high neckline. Soft and stretchy material for a comfortable fit. Accessorize with a straw hat and you\'re ready for summer!</p>','faded-short-sleeve-tshirts','','','','Faded Short Sleeve T-shirts','In stock',''),(38,1,1,'<p>Fashion has been creating well-designed collections since 2010. The brand offers feminine designs delivering stylish separates and statement dresses which has since evolved into a full ready-to-wear collection in which every item is a vital part of a woman\'s wardrobe. The result? Cool, easy, chic looks with youthful elegance and unmistakable signature style. All the beautiful pieces are made in Italy and manufactured with the greatest attention. Now Fashion extends to a range of accessories including shoes, hats, belts and more!</p>','<p>Faded short sleeve t-shirt with high neckline. Soft and stretchy material for a comfortable fit. Accessorize with a straw hat and you\'re ready for summer!</p>','faded-short-sleeve-tshirts','','','','Faded Short Sleeve T-shirts','In stock',''),(38,1,2,'','','don-t-watch-tv','','','','Super skull','In stock',''),(38,1,3,'<p>Fashion has been creating well-designed collections since 2010. The brand offers feminine designs delivering stylish separates and statement dresses which has since evolved into a full ready-to-wear collection in which every item is a vital part of a woman\'s wardrobe. The result? Cool, easy, chic looks with youthful elegance and unmistakable signature style. All the beautiful pieces are made in Italy and manufactured with the greatest attention. Now Fashion extends to a range of accessories including shoes, hats, belts and more!</p>','<p>Faded short sleeve t-shirt with high neckline. Soft and stretchy material for a comfortable fit. Accessorize with a straw hat and you\'re ready for summer!</p>','faded-short-sleeve-tshirts','','','','Faded Short Sleeve T-shirts','In stock',''),(38,1,4,'<p>Fashion has been creating well-designed collections since 2010. The brand offers feminine designs delivering stylish separates and statement dresses which has since evolved into a full ready-to-wear collection in which every item is a vital part of a woman\'s wardrobe. The result? Cool, easy, chic looks with youthful elegance and unmistakable signature style. All the beautiful pieces are made in Italy and manufactured with the greatest attention. Now Fashion extends to a range of accessories including shoes, hats, belts and more!</p>','<p>Faded short sleeve t-shirt with high neckline. Soft and stretchy material for a comfortable fit. Accessorize with a straw hat and you\'re ready for summer!</p>','faded-short-sleeve-tshirts','','','','Faded Short Sleeve T-shirts','In stock',''),(38,1,5,'<p>Fashion has been creating well-designed collections since 2010. The brand offers feminine designs delivering stylish separates and statement dresses which has since evolved into a full ready-to-wear collection in which every item is a vital part of a woman\'s wardrobe. The result? Cool, easy, chic looks with youthful elegance and unmistakable signature style. All the beautiful pieces are made in Italy and manufactured with the greatest attention. Now Fashion extends to a range of accessories including shoes, hats, belts and more!</p>','<p>Faded short sleeve t-shirt with high neckline. Soft and stretchy material for a comfortable fit. Accessorize with a straw hat and you\'re ready for summer!</p>','faded-short-sleeve-tshirts','','','','Faded Short Sleeve T-shirts','In stock',''),(38,1,6,'<p>Fashion has been creating well-designed collections since 2010. The brand offers feminine designs delivering stylish separates and statement dresses which has since evolved into a full ready-to-wear collection in which every item is a vital part of a woman\'s wardrobe. The result? Cool, easy, chic looks with youthful elegance and unmistakable signature style. All the beautiful pieces are made in Italy and manufactured with the greatest attention. Now Fashion extends to a range of accessories including shoes, hats, belts and more!</p>','<p>Faded short sleeve t-shirt with high neckline. Soft and stretchy material for a comfortable fit. Accessorize with a straw hat and you\'re ready for summer!</p>','faded-short-sleeve-tshirts','','','','Faded Short Sleeve T-shirts','In stock',''),(38,1,7,'<p>Fashion has been creating well-designed collections since 2010. The brand offers feminine designs delivering stylish separates and statement dresses which has since evolved into a full ready-to-wear collection in which every item is a vital part of a woman\'s wardrobe. The result? Cool, easy, chic looks with youthful elegance and unmistakable signature style. All the beautiful pieces are made in Italy and manufactured with the greatest attention. Now Fashion extends to a range of accessories including shoes, hats, belts and more!</p>','<p>Faded short sleeve t-shirt with high neckline. Soft and stretchy material for a comfortable fit. Accessorize with a straw hat and you\'re ready for summer!</p>','faded-short-sleeve-tshirts','','','','Faded Short Sleeve T-shirts','In stock',''),(38,1,8,'<p>Fashion has been creating well-designed collections since 2010. The brand offers feminine designs delivering stylish separates and statement dresses which has since evolved into a full ready-to-wear collection in which every item is a vital part of a woman\'s wardrobe. The result? Cool, easy, chic looks with youthful elegance and unmistakable signature style. All the beautiful pieces are made in Italy and manufactured with the greatest attention. Now Fashion extends to a range of accessories including shoes, hats, belts and more!</p>','<p>Faded short sleeve t-shirt with high neckline. Soft and stretchy material for a comfortable fit. Accessorize with a straw hat and you\'re ready for summer!</p>','faded-short-sleeve-tshirts','','','','Faded Short Sleeve T-shirts','In stock',''),(38,1,9,'<p>Fashion has been creating well-designed collections since 2010. The brand offers feminine designs delivering stylish separates and statement dresses which has since evolved into a full ready-to-wear collection in which every item is a vital part of a woman\'s wardrobe. The result? Cool, easy, chic looks with youthful elegance and unmistakable signature style. All the beautiful pieces are made in Italy and manufactured with the greatest attention. Now Fashion extends to a range of accessories including shoes, hats, belts and more!</p>','<p>Faded short sleeve t-shirt with high neckline. Soft and stretchy material for a comfortable fit. Accessorize with a straw hat and you\'re ready for summer!</p>','faded-short-sleeve-tshirts','','','','Faded Short Sleeve T-shirts','In stock',''),(39,1,1,'<p>Fashion has been creating well-designed collections since 2010. The brand offers feminine designs delivering stylish separates and statement dresses which has since evolved into a full ready-to-wear collection in which every item is a vital part of a woman\'s wardrobe. The result? Cool, easy, chic looks with youthful elegance and unmistakable signature style. All the beautiful pieces are made in Italy and manufactured with the greatest attention. Now Fashion extends to a range of accessories including shoes, hats, belts and more!</p>','<p>Faded short sleeve t-shirt with high neckline. Soft and stretchy material for a comfortable fit. Accessorize with a straw hat and you\'re ready for summer!</p>','faded-short-sleeve-tshirts','','','','Faded Short Sleeve T-shirts','In stock',''),(39,1,2,'','','don-t-watch-tv','','','','Gon-esys','In stock',''),(39,1,3,'<p>Fashion has been creating well-designed collections since 2010. The brand offers feminine designs delivering stylish separates and statement dresses which has since evolved into a full ready-to-wear collection in which every item is a vital part of a woman\'s wardrobe. The result? Cool, easy, chic looks with youthful elegance and unmistakable signature style. All the beautiful pieces are made in Italy and manufactured with the greatest attention. Now Fashion extends to a range of accessories including shoes, hats, belts and more!</p>','<p>Faded short sleeve t-shirt with high neckline. Soft and stretchy material for a comfortable fit. Accessorize with a straw hat and you\'re ready for summer!</p>','faded-short-sleeve-tshirts','','','','Faded Short Sleeve T-shirts','In stock',''),(39,1,4,'<p>Fashion has been creating well-designed collections since 2010. The brand offers feminine designs delivering stylish separates and statement dresses which has since evolved into a full ready-to-wear collection in which every item is a vital part of a woman\'s wardrobe. The result? Cool, easy, chic looks with youthful elegance and unmistakable signature style. All the beautiful pieces are made in Italy and manufactured with the greatest attention. Now Fashion extends to a range of accessories including shoes, hats, belts and more!</p>','<p>Faded short sleeve t-shirt with high neckline. Soft and stretchy material for a comfortable fit. Accessorize with a straw hat and you\'re ready for summer!</p>','faded-short-sleeve-tshirts','','','','Faded Short Sleeve T-shirts','In stock',''),(39,1,5,'<p>Fashion has been creating well-designed collections since 2010. The brand offers feminine designs delivering stylish separates and statement dresses which has since evolved into a full ready-to-wear collection in which every item is a vital part of a woman\'s wardrobe. The result? Cool, easy, chic looks with youthful elegance and unmistakable signature style. All the beautiful pieces are made in Italy and manufactured with the greatest attention. Now Fashion extends to a range of accessories including shoes, hats, belts and more!</p>','<p>Faded short sleeve t-shirt with high neckline. Soft and stretchy material for a comfortable fit. Accessorize with a straw hat and you\'re ready for summer!</p>','faded-short-sleeve-tshirts','','','','Faded Short Sleeve T-shirts','In stock',''),(39,1,6,'<p>Fashion has been creating well-designed collections since 2010. The brand offers feminine designs delivering stylish separates and statement dresses which has since evolved into a full ready-to-wear collection in which every item is a vital part of a woman\'s wardrobe. The result? Cool, easy, chic looks with youthful elegance and unmistakable signature style. All the beautiful pieces are made in Italy and manufactured with the greatest attention. Now Fashion extends to a range of accessories including shoes, hats, belts and more!</p>','<p>Faded short sleeve t-shirt with high neckline. Soft and stretchy material for a comfortable fit. Accessorize with a straw hat and you\'re ready for summer!</p>','faded-short-sleeve-tshirts','','','','Faded Short Sleeve T-shirts','In stock',''),(39,1,7,'<p>Fashion has been creating well-designed collections since 2010. The brand offers feminine designs delivering stylish separates and statement dresses which has since evolved into a full ready-to-wear collection in which every item is a vital part of a woman\'s wardrobe. The result? Cool, easy, chic looks with youthful elegance and unmistakable signature style. All the beautiful pieces are made in Italy and manufactured with the greatest attention. Now Fashion extends to a range of accessories including shoes, hats, belts and more!</p>','<p>Faded short sleeve t-shirt with high neckline. Soft and stretchy material for a comfortable fit. Accessorize with a straw hat and you\'re ready for summer!</p>','faded-short-sleeve-tshirts','','','','Faded Short Sleeve T-shirts','In stock',''),(39,1,8,'<p>Fashion has been creating well-designed collections since 2010. The brand offers feminine designs delivering stylish separates and statement dresses which has since evolved into a full ready-to-wear collection in which every item is a vital part of a woman\'s wardrobe. The result? Cool, easy, chic looks with youthful elegance and unmistakable signature style. All the beautiful pieces are made in Italy and manufactured with the greatest attention. Now Fashion extends to a range of accessories including shoes, hats, belts and more!</p>','<p>Faded short sleeve t-shirt with high neckline. Soft and stretchy material for a comfortable fit. Accessorize with a straw hat and you\'re ready for summer!</p>','faded-short-sleeve-tshirts','','','','Faded Short Sleeve T-shirts','In stock',''),(39,1,9,'<p>Fashion has been creating well-designed collections since 2010. The brand offers feminine designs delivering stylish separates and statement dresses which has since evolved into a full ready-to-wear collection in which every item is a vital part of a woman\'s wardrobe. The result? Cool, easy, chic looks with youthful elegance and unmistakable signature style. All the beautiful pieces are made in Italy and manufactured with the greatest attention. Now Fashion extends to a range of accessories including shoes, hats, belts and more!</p>','<p>Faded short sleeve t-shirt with high neckline. Soft and stretchy material for a comfortable fit. Accessorize with a straw hat and you\'re ready for summer!</p>','faded-short-sleeve-tshirts','','','','Faded Short Sleeve T-shirts','In stock',''),(40,1,1,'<p>Fashion has been creating well-designed collections since 2010. The brand offers feminine designs delivering stylish separates and statement dresses which has since evolved into a full ready-to-wear collection in which every item is a vital part of a woman\'s wardrobe. The result? Cool, easy, chic looks with youthful elegance and unmistakable signature style. All the beautiful pieces are made in Italy and manufactured with the greatest attention. Now Fashion extends to a range of accessories including shoes, hats, belts and more!</p>','<p>Faded short sleeve t-shirt with high neckline. Soft and stretchy material for a comfortable fit. Accessorize with a straw hat and you\'re ready for summer!</p>','faded-short-sleeve-tshirts','','','','Faded Short Sleeve T-shirts','In stock',''),(40,1,2,'','','faded-short-sleeve-tshirts','','','','Luv sic(k)','In stock',''),(40,1,3,'<p>Fashion has been creating well-designed collections since 2010. The brand offers feminine designs delivering stylish separates and statement dresses which has since evolved into a full ready-to-wear collection in which every item is a vital part of a woman\'s wardrobe. The result? Cool, easy, chic looks with youthful elegance and unmistakable signature style. All the beautiful pieces are made in Italy and manufactured with the greatest attention. Now Fashion extends to a range of accessories including shoes, hats, belts and more!</p>','<p>Faded short sleeve t-shirt with high neckline. Soft and stretchy material for a comfortable fit. Accessorize with a straw hat and you\'re ready for summer!</p>','faded-short-sleeve-tshirts','','','','Faded Short Sleeve T-shirts','In stock',''),(40,1,4,'<p>Fashion has been creating well-designed collections since 2010. The brand offers feminine designs delivering stylish separates and statement dresses which has since evolved into a full ready-to-wear collection in which every item is a vital part of a woman\'s wardrobe. The result? Cool, easy, chic looks with youthful elegance and unmistakable signature style. All the beautiful pieces are made in Italy and manufactured with the greatest attention. Now Fashion extends to a range of accessories including shoes, hats, belts and more!</p>','<p>Faded short sleeve t-shirt with high neckline. Soft and stretchy material for a comfortable fit. Accessorize with a straw hat and you\'re ready for summer!</p>','faded-short-sleeve-tshirts','','','','Faded Short Sleeve T-shirts','In stock',''),(40,1,5,'<p>Fashion has been creating well-designed collections since 2010. The brand offers feminine designs delivering stylish separates and statement dresses which has since evolved into a full ready-to-wear collection in which every item is a vital part of a woman\'s wardrobe. The result? Cool, easy, chic looks with youthful elegance and unmistakable signature style. All the beautiful pieces are made in Italy and manufactured with the greatest attention. Now Fashion extends to a range of accessories including shoes, hats, belts and more!</p>','<p>Faded short sleeve t-shirt with high neckline. Soft and stretchy material for a comfortable fit. Accessorize with a straw hat and you\'re ready for summer!</p>','faded-short-sleeve-tshirts','','','','Faded Short Sleeve T-shirts','In stock',''),(40,1,6,'<p>Fashion has been creating well-designed collections since 2010. The brand offers feminine designs delivering stylish separates and statement dresses which has since evolved into a full ready-to-wear collection in which every item is a vital part of a woman\'s wardrobe. The result? Cool, easy, chic looks with youthful elegance and unmistakable signature style. All the beautiful pieces are made in Italy and manufactured with the greatest attention. Now Fashion extends to a range of accessories including shoes, hats, belts and more!</p>','<p>Faded short sleeve t-shirt with high neckline. Soft and stretchy material for a comfortable fit. Accessorize with a straw hat and you\'re ready for summer!</p>','faded-short-sleeve-tshirts','','','','Faded Short Sleeve T-shirts','In stock',''),(40,1,7,'<p>Fashion has been creating well-designed collections since 2010. The brand offers feminine designs delivering stylish separates and statement dresses which has since evolved into a full ready-to-wear collection in which every item is a vital part of a woman\'s wardrobe. The result? Cool, easy, chic looks with youthful elegance and unmistakable signature style. All the beautiful pieces are made in Italy and manufactured with the greatest attention. Now Fashion extends to a range of accessories including shoes, hats, belts and more!</p>','<p>Faded short sleeve t-shirt with high neckline. Soft and stretchy material for a comfortable fit. Accessorize with a straw hat and you\'re ready for summer!</p>','faded-short-sleeve-tshirts','','','','Faded Short Sleeve T-shirts','In stock',''),(40,1,8,'<p>Fashion has been creating well-designed collections since 2010. The brand offers feminine designs delivering stylish separates and statement dresses which has since evolved into a full ready-to-wear collection in which every item is a vital part of a woman\'s wardrobe. The result? Cool, easy, chic looks with youthful elegance and unmistakable signature style. All the beautiful pieces are made in Italy and manufactured with the greatest attention. Now Fashion extends to a range of accessories including shoes, hats, belts and more!</p>','<p>Faded short sleeve t-shirt with high neckline. Soft and stretchy material for a comfortable fit. Accessorize with a straw hat and you\'re ready for summer!</p>','faded-short-sleeve-tshirts','','','','Faded Short Sleeve T-shirts','In stock',''),(40,1,9,'<p>Fashion has been creating well-designed collections since 2010. The brand offers feminine designs delivering stylish separates and statement dresses which has since evolved into a full ready-to-wear collection in which every item is a vital part of a woman\'s wardrobe. The result? Cool, easy, chic looks with youthful elegance and unmistakable signature style. All the beautiful pieces are made in Italy and manufactured with the greatest attention. Now Fashion extends to a range of accessories including shoes, hats, belts and more!</p>','<p>Faded short sleeve t-shirt with high neckline. Soft and stretchy material for a comfortable fit. Accessorize with a straw hat and you\'re ready for summer!</p>','faded-short-sleeve-tshirts','','','','Faded Short Sleeve T-shirts','In stock',''),(41,1,1,'<p>Fashion has been creating well-designed collections since 2010. The brand offers feminine designs delivering stylish separates and statement dresses which has since evolved into a full ready-to-wear collection in which every item is a vital part of a woman\'s wardrobe. The result? Cool, easy, chic looks with youthful elegance and unmistakable signature style. All the beautiful pieces are made in Italy and manufactured with the greatest attention. Now Fashion extends to a range of accessories including shoes, hats, belts and more!</p>','<p>Faded short sleeve t-shirt with high neckline. Soft and stretchy material for a comfortable fit. Accessorize with a straw hat and you\'re ready for summer!</p>','faded-short-sleeve-tshirts','','','','Faded Short Sleeve T-shirts','In stock',''),(41,1,2,'','','faded-short-sleeve-tshirts','','','','Mugen\'s spirit','In stock',''),(41,1,3,'<p>Fashion has been creating well-designed collections since 2010. The brand offers feminine designs delivering stylish separates and statement dresses which has since evolved into a full ready-to-wear collection in which every item is a vital part of a woman\'s wardrobe. The result? Cool, easy, chic looks with youthful elegance and unmistakable signature style. All the beautiful pieces are made in Italy and manufactured with the greatest attention. Now Fashion extends to a range of accessories including shoes, hats, belts and more!</p>','<p>Faded short sleeve t-shirt with high neckline. Soft and stretchy material for a comfortable fit. Accessorize with a straw hat and you\'re ready for summer!</p>','faded-short-sleeve-tshirts','','','','Faded Short Sleeve T-shirts','In stock',''),(41,1,4,'<p>Fashion has been creating well-designed collections since 2010. The brand offers feminine designs delivering stylish separates and statement dresses which has since evolved into a full ready-to-wear collection in which every item is a vital part of a woman\'s wardrobe. The result? Cool, easy, chic looks with youthful elegance and unmistakable signature style. All the beautiful pieces are made in Italy and manufactured with the greatest attention. Now Fashion extends to a range of accessories including shoes, hats, belts and more!</p>','<p>Faded short sleeve t-shirt with high neckline. Soft and stretchy material for a comfortable fit. Accessorize with a straw hat and you\'re ready for summer!</p>','faded-short-sleeve-tshirts','','','','Faded Short Sleeve T-shirts','In stock',''),(41,1,5,'<p>Fashion has been creating well-designed collections since 2010. The brand offers feminine designs delivering stylish separates and statement dresses which has since evolved into a full ready-to-wear collection in which every item is a vital part of a woman\'s wardrobe. The result? Cool, easy, chic looks with youthful elegance and unmistakable signature style. All the beautiful pieces are made in Italy and manufactured with the greatest attention. Now Fashion extends to a range of accessories including shoes, hats, belts and more!</p>','<p>Faded short sleeve t-shirt with high neckline. Soft and stretchy material for a comfortable fit. Accessorize with a straw hat and you\'re ready for summer!</p>','faded-short-sleeve-tshirts','','','','Faded Short Sleeve T-shirts','In stock',''),(41,1,6,'<p>Fashion has been creating well-designed collections since 2010. The brand offers feminine designs delivering stylish separates and statement dresses which has since evolved into a full ready-to-wear collection in which every item is a vital part of a woman\'s wardrobe. The result? Cool, easy, chic looks with youthful elegance and unmistakable signature style. All the beautiful pieces are made in Italy and manufactured with the greatest attention. Now Fashion extends to a range of accessories including shoes, hats, belts and more!</p>','<p>Faded short sleeve t-shirt with high neckline. Soft and stretchy material for a comfortable fit. Accessorize with a straw hat and you\'re ready for summer!</p>','faded-short-sleeve-tshirts','','','','Faded Short Sleeve T-shirts','In stock',''),(41,1,7,'<p>Fashion has been creating well-designed collections since 2010. The brand offers feminine designs delivering stylish separates and statement dresses which has since evolved into a full ready-to-wear collection in which every item is a vital part of a woman\'s wardrobe. The result? Cool, easy, chic looks with youthful elegance and unmistakable signature style. All the beautiful pieces are made in Italy and manufactured with the greatest attention. Now Fashion extends to a range of accessories including shoes, hats, belts and more!</p>','<p>Faded short sleeve t-shirt with high neckline. Soft and stretchy material for a comfortable fit. Accessorize with a straw hat and you\'re ready for summer!</p>','faded-short-sleeve-tshirts','','','','Faded Short Sleeve T-shirts','In stock',''),(41,1,8,'<p>Fashion has been creating well-designed collections since 2010. The brand offers feminine designs delivering stylish separates and statement dresses which has since evolved into a full ready-to-wear collection in which every item is a vital part of a woman\'s wardrobe. The result? Cool, easy, chic looks with youthful elegance and unmistakable signature style. All the beautiful pieces are made in Italy and manufactured with the greatest attention. Now Fashion extends to a range of accessories including shoes, hats, belts and more!</p>','<p>Faded short sleeve t-shirt with high neckline. Soft and stretchy material for a comfortable fit. Accessorize with a straw hat and you\'re ready for summer!</p>','faded-short-sleeve-tshirts','','','','Faded Short Sleeve T-shirts','In stock',''),(41,1,9,'<p>Fashion has been creating well-designed collections since 2010. The brand offers feminine designs delivering stylish separates and statement dresses which has since evolved into a full ready-to-wear collection in which every item is a vital part of a woman\'s wardrobe. The result? Cool, easy, chic looks with youthful elegance and unmistakable signature style. All the beautiful pieces are made in Italy and manufactured with the greatest attention. Now Fashion extends to a range of accessories including shoes, hats, belts and more!</p>','<p>Faded short sleeve t-shirt with high neckline. Soft and stretchy material for a comfortable fit. Accessorize with a straw hat and you\'re ready for summer!</p>','faded-short-sleeve-tshirts','','','','Faded Short Sleeve T-shirts','In stock','');

--
