(1943,9,'<div id=\"wrap_id_advice_706\" >\n		<section id=\"0_checkyourdata\" class=\"panel \" style=\"display:none\">\n			<header class=\"panel-heading\">\n				<span class=\"icon-lightbulb\"></span> Conseil du jour</header>\n			<div class=\"panel-body\" style=\"padding:0\">\n				<img class=\"img-responsive\" src=\"https://api.prestashop.com/partner/tipsoftheday/img/logo-checkyourdata.png\" style=\"float:right; margin-left: 5px;\">\n				<img src=\"https://gamification.prestashop.com/api/getAdviceImg/706.png\"/>\n				<p><b>Avez-vous des écarts entre vos ventes réelles et vos données analytics ?</b></p>\n				<p>Les données des outils d\'analyse peuvent avoir 10 à 30% de marge d\'erreur. Affinez vos données en utilisant une solution de tracking 100% fiable et dédiée à l\'ecommerce.</p>\n				<span class=\"text-right\" style=\"float:right\">\n					<a class=\"btn btn-default\" target=\"_blank\" href=\"https://gamification.prestashop.com/get_advice_link.php?id_advice=706&url=http%3A%2F%2Faddons.prestashop.com%2Ffr%2Fstatistiques-analyses-modules-prestashop%2F20943-checkyourdata.html%3Futm_source%3Dback-office%26utm_medium%3Dtipoftheday%26utm_campaign%3Dpartenariats%26utm_content%3Dcheckyourdata\">Envie d\'en savoir plus ?</a>\n				</span>\n			</div>\n		</section>\n			<script>\n			$(document).ready( function () {\n				$(\'#\'+rand(0)+\'_checkyourdata\').show();\n			});\n\n			function rand(nbr){\n			   return Math.floor(Math.random()*(nbr+1));\n			}\n			</script>\n			</div>'),(1944,1,'<div id=\"wrap_id_advice_707\" >\n	<div class=\"col-lg-6\">\n		<section id=\"\" class=\"panel panel-advice\">\n			<a href=\"#\" id=\"707\" class=\"close_link gamification_premium_close\">\n				<i class=\"icon-remove\"></i>\n			</a>\n			<span class=\"gamification-close-confirmation hide\">\n				Etes vous sur ?\n				<button class=\"btn btn-default btn-sm\" data-advice=\"delete\"><i class=\"icon-trash\"></i> Supprimer</button>\n				<button class=\"btn btn-default btn-sm\" data-advice=\"cancel\">Annuler</button>\n			</span>\n			<a class=\"preactivationLink row\" rel=\"yousticeresolutionsystem\" href=\"{link}AdminModules{/link}&install=yousticeresolutionsystem&module_name=yousticeresolutionsystem&redirectconfig\">\n				<img src=\"https://api.prestashop.com/partner/premium/images/yousticeresolutionsystem.png\" class=\"advice-img img-thumbnail\">\n				<img src=\"https://gamification.prestashop.com/api/getAdviceImg/707.png\"/ class=\"hide\">\n				<p class=\"advice-description\">Réglez les litiges clients en conformité avec la nouvelle législation européenne<br/></p>\n			</a>\n		</section>\n	</div></div>'),(1944,2,'<div id=\"wrap_id_advice_707\" >\n	<div class=\"col-lg-6\">\n		<section id=\"\" class=\"panel panel-advice\">\n			<a href=\"#\" id=\"707\" class=\"close_link gamification_premium_close\">\n				<i class=\"icon-remove\"></i>\n			</a>\n			<span class=\"gamification-close-confirmation hide\">\n				Etes vous sur ?\n				<button class=\"btn btn-default btn-sm\" data-advice=\"delete\"><i class=\"icon-trash\"></i> Supprimer</button>\n				<button class=\"btn btn-default btn-sm\" data-advice=\"cancel\">Annuler</button>\n			</span>\n			<a class=\"preactivationLink row\" rel=\"yousticeresolutionsystem\" href=\"{link}AdminModules{/link}&install=yousticeresolutionsystem&module_name=yousticeresolutionsystem&redirectconfig\">\n				<img src=\"https://api.prestashop.com/partner/premium/images/yousticeresolutionsystem.png\" class=\"advice-img img-thumbnail\">\n				<img src=\"https://gamification.prestashop.com/api/getAdviceImg/707.png\"/ class=\"hide\">\n				<p class=\"advice-description\">Réglez les litiges clients en conformité avec la nouvelle législation européenne<br/></p>\n			</a>\n		</section>\n	</div></div>'),(1944,3,'<div id=\"wrap_id_advice_707\" >\n	<div class=\"col-lg-6\">\n		<section id=\"\" class=\"panel panel-advice\">\n			<a href=\"#\" id=\"707\" class=\"close_link gamification_premium_close\">\n				<i class=\"icon-remove\"></i>\n			</a>\n			<span class=\"gamification-close-confirmation hide\">\n				Etes vous sur ?\n				<button class=\"btn btn-default btn-sm\" data-advice=\"delete\"><i class=\"icon-trash\"></i> Supprimer</button>\n				<button class=\"btn btn-default btn-sm\" data-advice=\"cancel\">Annuler</button>\n			</span>\n			<a class=\"preactivationLink row\" rel=\"yousticeresolutionsystem\" href=\"{link}AdminModules{/link}&install=yousticeresolutionsystem&module_name=yousticeresolutionsystem&redirectconfig\">\n				<img src=\"https://api.prestashop.com/partner/premium/images/yousticeresolutionsystem.png\" class=\"advice-img img-thumbnail\">\n				<img src=\"https://gamification.prestashop.com/api/getAdviceImg/707.png\"/ class=\"hide\">\n				<p class=\"advice-description\">Réglez les litiges clients en conformité avec la nouvelle législation européenne<br/></p>\n			</a>\n		</section>\n	</div></div>'),(1944,4,'<div id=\"wrap_id_advice_707\" >\n	<div class=\"col-lg-6\">\n		<section id=\"\" class=\"panel panel-advice\">\n			<a href=\"#\" id=\"707\" class=\"close_link gamification_premium_close\">\n				<i class=\"icon-remove\"></i>\n			</a>\n			<span class=\"gamification-close-confirmation hide\">\n				Etes vous sur ?\n				<button class=\"btn btn-default btn-sm\" data-advice=\"delete\"><i class=\"icon-trash\"></i> Supprimer</button>\n				<button class=\"btn btn-default btn-sm\" data-advice=\"cancel\">Annuler</button>\n			</span>\n			<a class=\"preactivationLink row\" rel=\"yousticeresolutionsystem\" href=\"{link}AdminModules{/link}&install=yousticeresolutionsystem&module_name=yousticeresolutionsystem&redirectconfig\">\n				<img src=\"https://api.prestashop.com/partner/premium/images/yousticeresolutionsystem.png\" class=\"advice-img img-thumbnail\">\n				<img src=\"https://gamification.prestashop.com/api/getAdviceImg/707.png\"/ class=\"hide\">\n				<p class=\"advice-description\">Réglez les litiges clients en conformité avec la nouvelle législation européenne<br/></p>\n			</a>\n		</section>\n	</div></div>'),(1944,5,'<div id=\"wrap_id_advice_707\" >\n	<div class=\"col-lg-6\">\n		<section id=\"\" class=\"panel panel-advice\">\n			<a href=\"#\" id=\"707\" class=\"close_link gamification_premium_close\">\n				<i class=\"icon-remove\"></i>\n			</a>\n			<span class=\"gamification-close-confirmation hide\">\n				Etes vous sur ?\n				<button class=\"btn btn-default btn-sm\" data-advice=\"delete\"><i class=\"icon-trash\"></i> Supprimer</button>\n				<button class=\"btn btn-default btn-sm\" data-advice=\"cancel\">Annuler</button>\n			</span>\n			<a class=\"preactivationLink row\" rel=\"yousticeresolutionsystem\" href=\"{link}AdminModules{/link}&install=yousticeresolutionsystem&module_name=yousticeresolutionsystem&redirectconfig\">\n				<img src=\"https://api.prestashop.com/partner/premium/images/yousticeresolutionsystem.png\" class=\"advice-img img-thumbnail\">\n				<img src=\"https://gamification.prestashop.com/api/getAdviceImg/707.png\"/ class=\"hide\">\n				<p class=\"advice-description\">Réglez les litiges clients en conformité avec la nouvelle législation européenne<br/></p>\n			</a>\n		</section>\n	</div></div>'),(1944,6,'<div id=\"wrap_id_advice_707\" >\n	<div class=\"col-lg-6\">\n		<section id=\"\" class=\"panel panel-advice\">\n			<a href=\"#\" id=\"707\" class=\"close_link gamification_premium_close\">\n				<i class=\"icon-remove\"></i>\n			</a>\n			<span class=\"gamification-close-confirmation hide\">\n				Etes vous sur ?\n				<button class=\"btn btn-default btn-sm\" data-advice=\"delete\"><i class=\"icon-trash\"></i> Supprimer</button>\n				<button class=\"btn btn-default btn-sm\" data-advice=\"cancel\">Annuler</button>\n			</span>\n			<a class=\"preactivationLink row\" rel=\"yousticeresolutionsystem\" href=\"{link}AdminModules{/link}&install=yousticeresolutionsystem&module_name=yousticeresolutionsystem&redirectconfig\">\n				<img src=\"https://api.prestashop.com/partner/premium/images/yousticeresolutionsystem.png\" class=\"advice-img img-thumbnail\">\n				<img src=\"https://gamification.prestashop.com/api/getAdviceImg/707.png\"/ class=\"hide\">\n				<p class=\"advice-description\">Réglez les litiges clients en conformité avec la nouvelle législation européenne<br/></p>\n			</a>\n		</section>\n	</div></div>'),(1944,7,'<div id=\"wrap_id_advice_707\" >\n	<div class=\"col-lg-6\">\n		<section id=\"\" class=\"panel panel-advice\">\n			<a href=\"#\" id=\"707\" class=\"close_link gamification_premium_close\">\n				<i class=\"icon-remove\"></i>\n			</a>\n			<span class=\"gamification-close-confirmation hide\">\n				Etes vous sur ?\n				<button class=\"btn btn-default btn-sm\" data-advice=\"delete\"><i class=\"icon-trash\"></i> Supprimer</button>\n				<button class=\"btn btn-default btn-sm\" data-advice=\"cancel\">Annuler</button>\n			</span>\n			<a class=\"preactivationLink row\" rel=\"yousticeresolutionsystem\" href=\"{link}AdminModules{/link}&install=yousticeresolutionsystem&module_name=yousticeresolutionsystem&redirectconfig\">\n				<img src=\"https://api.prestashop.com/partner/premium/images/yousticeresolutionsystem.png\" class=\"advice-img img-thumbnail\">\n				<img src=\"https://gamification.prestashop.com/api/getAdviceImg/707.png\"/ class=\"hide\">\n				<p class=\"advice-description\">Réglez les litiges clients en conformité avec la nouvelle législation européenne<br/></p>\n			</a>\n		</section>\n	</div></div>'),(1944,8,'<div id=\"wrap_id_advice_707\" >\n	<div class=\"col-lg-6\">\n		<section id=\"\" class=\"panel panel-advice\">\n			<a href=\"#\" id=\"707\" class=\"close_link gamification_premium_close\">\n				<i class=\"icon-remove\"></i>\n			</a>\n			<span class=\"gamification-close-confirmation hide\">\n				Etes vous sur ?\n				<button class=\"btn btn-default btn-sm\" data-advice=\"delete\"><i class=\"icon-trash\"></i> Supprimer</button>\n				<button class=\"btn btn-default btn-sm\" data-advice=\"cancel\">Annuler</button>\n			</span>\n			<a class=\"preactivationLink row\" rel=\"yousticeresolutionsystem\" href=\"{link}AdminModules{/link}&install=yousticeresolutionsystem&module_name=yousticeresolutionsystem&redirectconfig\">\n				<img src=\"https://api.prestashop.com/partner/premium/images/yousticeresolutionsystem.png\" class=\"advice-img img-thumbnail\">\n				<img src=\"https://gamification.prestashop.com/api/getAdviceImg/707.png\"/ class=\"hide\">\n				<p class=\"advice-description\">Réglez les litiges clients en conformité avec la nouvelle législation européenne<br/></p>\n			</a>\n		</section>\n	</div></div>'),(1944,9,'<div id=\"wrap_id_advice_707\" >\n	<div class=\"col-lg-6\">\n		<section id=\"\" class=\"panel panel-advice\">\n			<a href=\"#\" id=\"707\" class=\"close_link gamification_premium_close\">\n				<i class=\"icon-remove\"></i>\n			</a>\n			<span class=\"gamification-close-confirmation hide\">\n				Etes vous sur ?\n				<button class=\"btn btn-default btn-sm\" data-advice=\"delete\"><i class=\"icon-trash\"></i> Supprimer</button>\n				<button class=\"btn btn-default btn-sm\" data-advice=\"cancel\">Annuler</button>\n			</span>\n			<a class=\"preactivationLink row\" rel=\"yousticeresolutionsystem\" href=\"{link}AdminModules{/link}&install=yousticeresolutionsystem&module_name=yousticeresolutionsystem&redirectconfig\">\n				<img src=\"https://api.prestashop.com/partner/premium/images/yousticeresolutionsystem.png\" class=\"advice-img img-thumbnail\">\n				<img src=\"https://gamification.prestashop.com/api/getAdviceImg/707.png\"/ class=\"hide\">\n				<p class=\"advice-description\">Réglez les litiges clients en conformité avec la nouvelle législation européenne<br/></p>\n			</a>\n		</section>\n	</div></div>'),(1945,1,'<div id=\"wrap_id_advice_708\" >\n		<section id=\"0_videotraining_productpage\" class=\"panel \" style=\"display:none\">\n			<header class=\"panel-heading\">\n				<span class=\"icon-lightbulb\"></span> Conseil du jour</header>\n			<div class=\"panel-body\" style=\"padding:0\">\n				<img class=\"img-responsive\" src=\"https://api.prestashop.com/partner/tipsoftheday/img/logo-videotraining_productpage.png\" style=\"float:right; margin-left: 5px;\">\n				<img src=\"https://gamification.prestashop.com/api/getAdviceImg/708.png\"/>\n				<p><b>A quoi ressemblent vos pages produits ?</b></p>\n				<p>Visionnez cette courte vidéo avec 12 conseils pour vous assurer de leur efficacité !</p>\n				<span class=\"text-right\" style=\"float:right\">\n					<a class=\"btn btn-default\" target=\"_blank\" href=\"https://gamification.prestashop.com/get_advice_link.php?id_advice=708&url=http%3A%2F%2Fbit.ly%2F1OQlZUM\">Voir</a>\n				</span>\n			</div>\n		</section>\n			<script>\n			$(document).ready( function () {\n				$(\'#\'+rand(0)+\'_videotraining_productpage\').show();\n			});\n\n			function rand(nbr){\n			   return Math.floor(Math.random()*(nbr+1));\n			}\n			</script>\n			</div>'),(1945,2,'<div id=\"wrap_id_advice_708\" >\n		<section id=\"0_videotraining_productpage\" class=\"panel \" style=\"display:none\">\n			<header class=\"panel-heading\">\n				<span class=\"icon-lightbulb\"></span> Conseil du jour</header>\n			<div class=\"panel-body\" style=\"padding:0\">\n				<img class=\"img-responsive\" src=\"https://api.prestashop.com/partner/tipsoftheday/img/logo-videotraining_productpage.png\" style=\"float:right; margin-left: 5px;\">\n				<img src=\"https://gamification.prestashop.com/api/getAdviceImg/708.png\"/>\n				<p><b>A quoi ressemblent vos pages produits ?</b></p>\n				<p>Visionnez cette courte vidéo avec 12 conseils pour vous assurer de leur efficacité !</p>\n				<span class=\"text-right\" style=\"float:right\">\n					<a class=\"btn btn-default\" target=\"_blank\" href=\"https://gamification.prestashop.com/get_advice_link.php?id_advice=708&url=http%3A%2F%2Fbit.ly%2F1OQlZUM\">Voir</a>\n				</span>\n			</div>\n		</section>\n			<script>\n			$(document).ready( function () {\n				$(\'#\'+rand(0)+\'_videotraining_productpage\').show();\n			});\n\n			function rand(nbr){\n			   return Math.floor(Math.random()*(nbr+1));\n			}\n			</script>\n			</div>'),(1945,3,'<div id=\"wrap_id_advice_708\" >\n		<section id=\"0_videotraining_productpage\" class=\"panel \" style=\"display:none\">\n			<header class=\"panel-heading\">\n				<span class=\"icon-lightbulb\"></span> Conseil du jour</header>\n			<div class=\"panel-body\" style=\"padding:0\">\n				<img class=\"img-responsive\" src=\"https://api.prestashop.com/partner/tipsoftheday/img/logo-videotraining_productpage.png\" style=\"float:right; margin-left: 5px;\">\n				<img src=\"https://gamification.prestashop.com/api/getAdviceImg/708.png\"/>\n				<p><b>A quoi ressemblent vos pages produits ?</b></p>\n				<p>Visionnez cette courte vidéo avec 12 conseils pour vous assurer de leur efficacité !</p>\n				<span class=\"text-right\" style=\"float:right\">\n					<a class=\"btn btn-default\" target=\"_blank\" href=\"https://gamification.prestashop.com/get_advice_link.php?id_advice=708&url=http%3A%2F%2Fbit.ly%2F1OQlZUM\">Voir</a>\n				</span>\n			</div>\n		</section>\n			<script>\n			$(document).ready( function () {\n				$(\'#\'+rand(0)+\'_videotraining_productpage\').show();\n			});\n\n			function rand(nbr){\n			   return Math.floor(Math.random()*(nbr+1));\n			}\n			</script>\n			</div>'),(1945,4,'<div id=\"wrap_id_advice_708\" >\n		<section id=\"0_videotraining_productpage\" class=\"panel \" style=\"display:none\">\n			<header class=\"panel-heading\">\n				<span class=\"icon-lightbulb\"></span> Conseil du jour</header>\n			<div class=\"panel-body\" style=\"padding:0\">\n				<img class=\"img-responsive\" src=\"https://api.prestashop.com/partner/tipsoftheday/img/logo-videotraining_productpage.png\" style=\"float:right; margin-left: 5px;\">\n				<img src=\"https://gamification.prestashop.com/api/getAdviceImg/708.png\"/>\n				<p><b>A quoi ressemblent vos pages produits ?</b></p>\n				<p>Visionnez cette courte vidéo avec 12 conseils pour vous assurer de leur efficacité !</p>\n				<span class=\"text-right\" style=\"float:right\">\n					<a class=\"btn btn-default\" target=\"_blank\" href=\"https://gamification.prestashop.com/get_advice_link.php?id_advice=708&url=http%3A%2F%2Fbit.ly%2F1OQlZUM\">Voir</a>\n				</span>\n			</div>\n		</section>\n			<script>\n			$(document).ready( function () {\n				$(\'#\'+rand(0)+\'_videotraining_productpage\').show();\n			});\n\n			function rand(nbr){\n			   return Math.floor(Math.random()*(nbr+1));\n			}\n			</script>\n			</div>'),(1945,5,'<div id=\"wrap_id_advice_708\" >\n		<section id=\"0_videotraining_productpage\" class=\"panel \" style=\"display:none\">\n			<header class=\"panel-heading\">\n				<span class=\"icon-lightbulb\"></span> Conseil du jour</header>\n			<div class=\"panel-body\" style=\"padding:0\">\n				<img class=\"img-responsive\" src=\"https://api.prestashop.com/partner/tipsoftheday/img/logo-videotraining_productpage.png\" style=\"float:right; margin-left: 5px;\">\n				<img src=\"https://gamification.prestashop.com/api/getAdviceImg/708.png\"/>\n				<p><b>A quoi ressemblent vos pages produits ?</b></p>\n				<p>Visionnez cette courte vidéo avec 12 conseils pour vous assurer de leur efficacité !</p>\n				<span class=\"text-right\" style=\"float:right\">\n					<a class=\"btn btn-default\" target=\"_blank\" href=\"https://gamification.prestashop.com/get_advice_link.php?id_advice=708&url=http%3A%2F%2Fbit.ly%2F1OQlZUM\">Voir</a>\n				</span>\n			</div>\n		</section>\n			<script>\n			$(document).ready( function () {\n				$(\'#\'+rand(0)+\'_videotraining_productpage\').show();\n			});\n\n			function rand(nbr){\n			   return Math.floor(Math.random()*(nbr+1));\n			}\n			</script>\n			</div>'),(1945,6,'<div id=\"wrap_id_advice_708\" >\n		<section id=\"0_videotraining_productpage\" class=\"panel \" style=\"display:none\">\n			<header class=\"panel-heading\">\n				<span class=\"icon-lightbulb\"></span> Conseil du jour</header>\n			<div class=\"panel-body\" style=\"padding:0\">\n				<img class=\"img-responsive\" src=\"https://api.prestashop.com/partner/tipsoftheday/img/logo-videotraining_productpage.png\" style=\"float:right; margin-left: 5px;\">\n				<img src=\"https://gamification.prestashop.com/api/getAdviceImg/708.png\"/>\n				<p><b>A quoi ressemblent vos pages produits ?</b></p>\n				<p>Visionnez cette courte vidéo avec 12 conseils pour vous assurer de leur efficacité !</p>\n				<span class=\"text-right\" style=\"float:right\">\n					<a class=\"btn btn-default\" target=\"_blank\" href=\"https://gamification.prestashop.com/get_advice_link.php?id_advice=708&url=http%3A%2F%2Fbit.ly%2F1OQlZUM\">Voir</a>\n				</span>\n			</div>\n		</section>\n			<script>\n			$(document).ready( function () {\n				$(\'#\'+rand(0)+\'_videotraining_productpage\').show();\n			});\n\n			function rand(nbr){\n			   return Math.floor(Math.random()*(nbr+1));\n			}\n			</script>\n			</div>'),(1945,7,'<div id=\"wrap_id_advice_708\" >\n		<section id=\"0_videotraining_productpage\" class=\"panel \" style=\"display:none\">\n			<header class=\"panel-heading\">\n				<span class=\"icon-lightbulb\"></span> Conseil du jour</header>\n			<div class=\"panel-body\" style=\"padding:0\">\n				<img class=\"img-responsive\" src=\"https://api.prestashop.com/partner/tipsoftheday/img/logo-videotraining_productpage.png\" style=\"float:right; margin-left: 5px;\">\n				<img src=\"https://gamification.prestashop.com/api/getAdviceImg/708.png\"/>\n				<p><b>A quoi ressemblent vos pages produits ?</b></p>\n				<p>Visionnez cette courte vidéo avec 12 conseils pour vous assurer de leur efficacité !</p>\n				<span class=\"text-right\" style=\"float:right\">\n					<a class=\"btn btn-default\" target=\"_blank\" href=\"https://gamification.prestashop.com/get_advice_link.php?id_advice=708&url=http%3A%2F%2Fbit.ly%2F1OQlZUM\">Voir</a>\n				</span>\n			</div>\n		</section>\n			<script>\n			$(document).ready( function () {\n				$(\'#\'+rand(0)+\'_videotraining_productpage\').show();\n			});\n\n			function rand(nbr){\n			   return Math.floor(Math.random()*(nbr+1));\n			}\n			</script>\n			</div>'),(1945,8,'<div id=\"wrap_id_advice_708\" >\n		<section id=\"0_videotraining_productpage\" class=\"panel \" style=\"display:none\">\n			<header class=\"panel-heading\">\n				<span class=\"icon-lightbulb\"></span> Conseil du jour</header>\n			<div class=\"panel-body\" style=\"padding:0\">\n				<img class=\"img-responsive\" src=\"https://api.prestashop.com/partner/tipsoftheday/img/logo-videotraining_productpage.png\" style=\"float:right; margin-left: 5px;\">\n				<img src=\"https://gamification.prestashop.com/api/getAdviceImg/708.png\"/>\n				<p><b>A quoi ressemblent vos pages produits ?</b></p>\n				<p>Visionnez cette courte vidéo avec 12 conseils pour vous assurer de leur efficacité !</p>\n				<span class=\"text-right\" style=\"float:right\">\n					<a class=\"btn btn-default\" target=\"_blank\" href=\"https://gamification.prestashop.com/get_advice_link.php?id_advice=708&url=http%3A%2F%2Fbit.ly%2F1OQlZUM\">Voir</a>\n				</span>\n			</div>\n		</section>\n			<script>\n			$(document).ready( function () {\n				$(\'#\'+rand(0)+\'_videotraining_productpage\').show();\n			});\n\n			function rand(nbr){\n			   return Math.floor(Math.random()*(nbr+1));\n			}\n			</script>\n			</div>'),(1945,9,'<div id=\"wrap_id_advice_708\" >\n		<section id=\"0_videotraining_productpage\" class=\"panel \" style=\"display:none\">\n			<header class=\"panel-heading\">\n				<span class=\"icon-lightbulb\"></span> Conseil du jour</header>\n			<div class=\"panel-body\" style=\"padding:0\">\n				<img class=\"img-responsive\" src=\"https://api.prestashop.com/partner/tipsoftheday/img/logo-videotraining_productpage.png\" style=\"float:right; margin-left: 5px;\">\n				<img src=\"https://gamification.prestashop.com/api/getAdviceImg/708.png\"/>\n				<p><b>A quoi ressemblent vos pages produits ?</b></p>\n				<p>Visionnez cette courte vidéo avec 12 conseils pour vous assurer de leur efficacité !</p>\n				<span class=\"text-right\" style=\"float:right\">\n					<a class=\"btn btn-default\" target=\"_blank\" href=\"https://gamification.prestashop.com/get_advice_link.php?id_advice=708&url=http%3A%2F%2Fbit.ly%2F1OQlZUM\">Voir</a>\n				</span>\n			</div>\n		</section>\n			<script>\n			$(document).ready( function () {\n				$(\'#\'+rand(0)+\'_videotraining_productpage\').show();\n			});\n\n			function rand(nbr){\n			   return Math.floor(Math.random()*(nbr+1));\n			}\n			</script>\n			</div>'),(1946,1,'<div id=\"wrap_id_advice_709\" >\n		<section id=\"0_yousticeresolutionsystem\" class=\"panel \" style=\"display:none\">\n			<header class=\"panel-heading\">\n				<span class=\"icon-lightbulb\"></span> Conseil du jour</header>\n			<div class=\"panel-body\" style=\"padding:0\">\n				<img class=\"img-responsive\" src=\"https://api.prestashop.com/partner/tipsoftheday/img/logo-yousticeresolutionsystem.png\" style=\"float:right; margin-left: 5px;\">\n				<img src=\"https://gamification.prestashop.com/api/getAdviceImg/709.png\"/>\n				<p><b>Le ratio bons/mauvais commentaires doit être de 9 contre 1.</b></p>\n				<p>Traitez efficacement vos  litiges en ligne pour conserver un  ratio satifaisant, en conformité avec la nouvelle loi sur les litiges de la consommation.</p>\n				<span class=\"text-right\" style=\"float:right\">\n					<a class=\"btn btn-default\" target=\"_blank\" href=\"https://gamification.prestashop.com/get_advice_link.php?id_advice=709&url=http%3A%2F%2Faddons.prestashop.com%2Ffr%2Foutils-administration-modules-prestashop%2F17727-yousticeresolutionsystem.html%3Futm_source%3Dback-office%26utm_medium%3Dtipoftheday%26utm_campaign%3Dpartenariats%26utm_content%3Dyousticeresolutionsystem\">Envie d\'en savoir plus ?</a>\n				</span>\n			</div>\n		</section>\n			<script>\n			$(document).ready( function () {\n				$(\'#\'+rand(0)+\'_yousticeresolutionsystem\').show();\n			});\n\n			function rand(nbr){\n			   return Math.floor(Math.random()*(nbr+1));\n			}\n			</script>\n			</div>'),(1946,2,'<div id=\"wrap_id_advice_709\" >\n		<section id=\"0_yousticeresolutionsystem\" class=\"panel \" style=\"display:none\">\n			<header class=\"panel-heading\">\n				<span class=\"icon-lightbulb\"></span> Conseil du jour</header>\n			<div class=\"panel-body\" style=\"padding:0\">\n				<img class=\"img-responsive\" src=\"https://api.prestashop.com/partner/tipsoftheday/img/logo-yousticeresolutionsystem.png\" style=\"float:right; margin-left: 5px;\">\n				<img src=\"https://gamification.prestashop.com/api/getAdviceImg/709.png\"/>\n				<p><b>Le ratio bons/mauvais commentaires doit être de 9 contre 1.</b></p>\n				<p>Traitez efficacement vos  litiges en ligne pour conserver un  ratio satifaisant, en conformité avec la nouvelle loi sur les litiges de la consommation.</p>\n				<span class=\"text-right\" style=\"float:right\">\n					<a class=\"btn btn-default\" target=\"_blank\" href=\"https://gamification.prestashop.com/get_advice_link.php?id_advice=709&url=http%3A%2F%2Faddons.prestashop.com%2Ffr%2Foutils-administration-modules-prestashop%2F17727-yousticeresolutionsystem.html%3Futm_source%3Dback-office%26utm_medium%3Dtipoftheday%26utm_campaign%3Dpartenariats%26utm_content%3Dyousticeresolutionsystem\">Envie d\'en savoir plus ?</a>\n				</span>\n			</div>\n		</section>\n			<script>\n			$(document).ready( function () {\n				$(\'#\'+rand(0)+\'_yousticeresolutionsystem\').show();\n			});\n\n			function rand(nbr){\n			   return Math.floor(Math.random()*(nbr+1));\n			}\n			</script>\n			</div>'),(1946,3,'<div id=\"wrap_id_advice_709\" >\n		<section id=\"0_yousticeresolutionsystem\" class=\"panel \" style=\"display:none\">\n			<header class=\"panel-heading\">\n				<span class=\"icon-lightbulb\"></span> Conseil du jour</header>\n			<div class=\"panel-body\" style=\"padding:0\">\n				<img class=\"img-responsive\" src=\"https://api.prestashop.com/partner/tipsoftheday/img/logo-yousticeresolutionsystem.png\" style=\"float:right; margin-left: 5px;\">\n				<img src=\"https://gamification.prestashop.com/api/getAdviceImg/709.png\"/>\n				<p><b>Le ratio bons/mauvais commentaires doit être de 9 contre 1.</b></p>\n				<p>Traitez efficacement vos  litiges en ligne pour conserver un  ratio satifaisant, en conformité avec la nouvelle loi sur les litiges de la consommation.</p>\n				<span class=\"text-right\" style=\"float:right\">\n					<a class=\"btn btn-default\" target=\"_blank\" href=\"https://gamification.prestashop.com/get_advice_link.php?id_advice=709&url=http%3A%2F%2Faddons.prestashop.com%2Ffr%2Foutils-administration-modules-prestashop%2F17727-yousticeresolutionsystem.html%3Futm_source%3Dback-office%26utm_medium%3Dtipoftheday%26utm_campaign%3Dpartenariats%26utm_content%3Dyousticeresolutionsystem\">Envie d\'en savoir plus ?</a>\n				</span>\n			</div>\n		</section>\n			<script>\n			$(document).ready( function () {\n				$(\'#\'+rand(0)+\'_yousticeresolutionsystem\').show();\n			});\n\n			function rand(nbr){\n			   return Math.floor(Math.random()*(nbr+1));\n			}\n			</script>\n			</div>'),(1946,4,'<div id=\"wrap_id_advice_709\" >\n		<section id=\"0_yousticeresolutionsystem\" class=\"panel \" style=\"display:none\">\n			<header class=\"panel-heading\">\n				<span class=\"icon-lightbulb\"></span> Conseil du jour</header>\n			<div class=\"panel-body\" style=\"padding:0\">\n				<img class=\"img-responsive\" src=\"https://api.prestashop.com/partner/tipsoftheday/img/logo-yousticeresolutionsystem.png\" style=\"float:right; margin-left: 5px;\">\n				<img src=\"https://gamification.prestashop.com/api/getAdviceImg/709.png\"/>\n				<p><b>Le ratio bons/mauvais commentaires doit être de 9 contre 1.</b></p>\n				<p>Traitez efficacement vos  litiges en ligne pour conserver un  ratio satifaisant, en conformité avec la nouvelle loi sur les litiges de la consommation.</p>\n				<span class=\"text-right\" style=\"float:right\">\n					<a class=\"btn btn-default\" target=\"_blank\" href=\"https://gamification.prestashop.com/get_advice_link.php?id_advice=709&url=http%3A%2F%2Faddons.prestashop.com%2Ffr%2Foutils-administration-modules-prestashop%2F17727-yousticeresolutionsystem.html%3Futm_source%3Dback-office%26utm_medium%3Dtipoftheday%26utm_campaign%3Dpartenariats%26utm_content%3Dyousticeresolutionsystem\">Envie d\'en savoir plus ?</a>\n				</span>\n			</div>\n		</section>\n			<script>\n			$(document).ready( function () {\n				$(\'#\'+rand(0)+\'_yousticeresolutionsystem\').show();\n			});\n\n			function rand(nbr){\n			   return Math.floor(Math.random()*(nbr+1));\n			}\n			</script>\n			</div>'),(1946,5,'<div id=\"wrap_id_advice_709\" >\n		<section id=\"0_yousticeresolutionsystem\" class=\"panel \" style=\"display:none\">\n			<header class=\"panel-heading\">\n				<span class=\"icon-lightbulb\"></span> Conseil du jour</header>\n			<div class=\"panel-body\" style=\"padding:0\">\n				<img class=\"img-responsive\" src=\"https://api.prestashop.com/partner/tipsoftheday/img/logo-yousticeresolutionsystem.png\" style=\"float:right; margin-left: 5px;\">\n				<img src=\"https://gamification.prestashop.com/api/getAdviceImg/709.png\"/>\n				<p><b>Le ratio bons/mauvais commentaires doit être de 9 contre 1.</b></p>\n				<p>Traitez efficacement vos  litiges en ligne pour conserver un  ratio satifaisant, en conformité avec la nouvelle loi sur les litiges de la consommation.</p>\n				<span class=\"text-right\" style=\"float:right\">\n					<a class=\"btn btn-default\" target=\"_blank\" href=\"https://gamification.prestashop.com/get_advice_link.php?id_advice=709&url=http%3A%2F%2Faddons.prestashop.com%2Ffr%2Foutils-administration-modules-prestashop%2F17727-yousticeresolutionsystem.html%3Futm_source%3Dback-office%26utm_medium%3Dtipoftheday%26utm_campaign%3Dpartenariats%26utm_content%3Dyousticeresolutionsystem\">Envie d\'en savoir plus ?</a>\n				</span>\n			</div>\n		</section>\n			<script>\n			$(document).ready( function () {\n				$(\'#\'+rand(0)+\'_yousticeresolutionsystem\').show();\n			});\n\n			function rand(nbr){\n			   return Math.floor(Math.random()*(nbr+1));\n			}\n			</script>\n			</div>'),(1946,6,'<div id=\"wrap_id_advice_709\" >\n		<section id=\"0_yousticeresolutionsystem\" class=\"panel \" style=\"display:none\">\n			<header class=\"panel-heading\">\n				<span class=\"icon-lightbulb\"></span> Conseil du jour</header>\n			<div class=\"panel-body\" style=\"padding:0\">\n				<img class=\"img-responsive\" src=\"https://api.prestashop.com/partner/tipsoftheday/img/logo-yousticeresolutionsystem.png\" style=\"float:right; margin-left: 5px;\">\n				<img src=\"https://gamification.prestashop.com/api/getAdviceImg/709.png\"/>\n				<p><b>Le ratio bons/mauvais commentaires doit être de 9 contre 1.</b></p>\n				<p>Traitez efficacement vos  litiges en ligne pour conserver un  ratio satifaisant, en conformité avec la nouvelle loi sur les litiges de la consommation.</p>\n				<span class=\"text-right\" style=\"float:right\">\n					<a class=\"btn btn-default\" target=\"_blank\" href=\"https://gamification.prestashop.com/get_advice_link.php?id_advice=709&url=http%3A%2F%2Faddons.prestashop.com%2Ffr%2Foutils-administration-modules-prestashop%2F17727-yousticeresolutionsystem.html%3Futm_source%3Dback-office%26utm_medium%3Dtipoftheday%26utm_campaign%3Dpartenariats%26utm_content%3Dyousticeresolutionsystem\">Envie d\'en savoir plus ?</a>\n				</span>\n			</div>\n		</section>\n			<script>\n			$(document).ready( function () {\n				$(\'#\'+rand(0)+\'_yousticeresolutionsystem\').show();\n			});\n\n			function rand(nbr){\n			   return Math.floor(Math.random()*(nbr+1));\n			}\n			</script>\n			</div>'),(1946,7,'<div id=\"wrap_id_advice_709\" >\n		<section id=\"0_yousticeresolutionsystem\" class=\"panel \" style=\"display:none\">\n			<header class=\"panel-heading\">\n				<span class=\"icon-lightbulb\"></span> Conseil du jour</header>\n			<div class=\"panel-body\" style=\"padding:0\">\n				<img class=\"img-responsive\" src=\"https://api.prestashop.com/partner/tipsoftheday/img/logo-yousticeresolutionsystem.png\" style=\"float:right; margin-left: 5px;\">\n				<img src=\"https://gamification.prestashop.com/api/getAdviceImg/709.png\"/>\n				<p><b>Le ratio bons/mauvais commentaires doit être de 9 contre 1.</b></p>\n				<p>Traitez efficacement vos  litiges en ligne pour conserver un  ratio satifaisant, en conformité avec la nouvelle loi sur les litiges de la consommation.</p>\n				<span class=\"text-right\" style=\"float:right\">\n					<a class=\"btn btn-default\" target=\"_blank\" href=\"https://gamification.prestashop.com/get_advice_link.php?id_advice=709&url=http%3A%2F%2Faddons.prestashop.com%2Ffr%2Foutils-administration-modules-prestashop%2F17727-yousticeresolutionsystem.html%3Futm_source%3Dback-office%26utm_medium%3Dtipoftheday%26utm_campaign%3Dpartenariats%26utm_content%3Dyousticeresolutionsystem\">Envie d\'en savoir plus ?</a>\n				</span>\n			</div>\n		</section>\n			<script>\n			$(document).ready( function () {\n				$(\'#\'+rand(0)+\'_yousticeresolutionsystem\').show();\n			});\n\n			function rand(nbr){\n			   return Math.floor(Math.random()*(nbr+1));\n			}\n			</script>\n			</div>'),(1946,8,'<div id=\"wrap_id_advice_709\" >\n		<section id=\"0_yousticeresolutionsystem\" class=\"panel \" style=\"display:none\">\n			<header class=\"panel-heading\">\n				<span class=\"icon-lightbulb\"></span> Conseil du jour</header>\n			<div class=\"panel-body\" style=\"padding:0\">\n				<img class=\"img-responsive\" src=\"https://api.prestashop.com/partner/tipsoftheday/img/logo-yousticeresolutionsystem.png\" style=\"float:right; margin-left: 5px;\">\n				<img src=\"https://gamification.prestashop.com/api/getAdviceImg/709.png\"/>\n				<p><b>Le ratio bons/mauvais commentaires doit être de 9 contre 1.</b></p>\n				<p>Traitez efficacement vos  litiges en ligne pour conserver un  ratio satifaisant, en conformité avec la nouvelle loi sur les litiges de la consommation.</p>\n				<span class=\"text-right\" style=\"float:right\">\n					<a class=\"btn btn-default\" target=\"_blank\" href=\"https://gamification.prestashop.com/get_advice_link.php?id_advice=709&url=http%3A%2F%2Faddons.prestashop.com%2Ffr%2Foutils-administration-modules-prestashop%2F17727-yousticeresolutionsystem.html%3Futm_source%3Dback-office%26utm_medium%3Dtipoftheday%26utm_campaign%3Dpartenariats%26utm_content%3Dyousticeresolutionsystem\">Envie d\'en savoir plus ?</a>\n				</span>\n			</div>\n		</section>\n			<script>\n			$(document).ready( function () {\n				$(\'#\'+rand(0)+\'_yousticeresolutionsystem\').show();\n			});\n\n			function rand(nbr){\n			   return Math.floor(Math.random()*(nbr+1));\n			}\n			</script>\n			</div>'),(1946,9,'<div id=\"wrap_id_advice_709\" >\n		<section id=\"0_yousticeresolutionsystem\" class=\"panel \" style=\"display:none\">\n			<header class=\"panel-heading\">\n				<span class=\"icon-lightbulb\"></span> Conseil du jour</header>\n			<div class=\"panel-body\" style=\"padding:0\">\n				<img class=\"img-responsive\" src=\"https://api.prestashop.com/partner/tipsoftheday/img/logo-yousticeresolutionsystem.png\" style=\"float:right; margin-left: 5px;\">\n				<img src=\"https://gamification.prestashop.com/api/getAdviceImg/709.png\"/>\n				<p><b>Le ratio bons/mauvais commentaires doit être de 9 contre 1.</b></p>\n				<p>Traitez efficacement vos  litiges en ligne pour conserver un  ratio satifaisant, en conformité avec la nouvelle loi sur les litiges de la consommation.</p>\n				<span class=\"text-right\" style=\"float:right\">\n					<a class=\"btn btn-default\" target=\"_blank\" href=\"https://gamification.prestashop.com/get_advice_link.php?id_advice=709&url=http%3A%2F%2Faddons.prestashop.com%2Ffr%2Foutils-administration-modules-prestashop%2F17727-yousticeresolutionsystem.html%3Futm_source%3Dback-office%26utm_medium%3Dtipoftheday%26utm_campaign%3Dpartenariats%26utm_content%3Dyousticeresolutionsystem\">Envie d\'en savoir plus ?</a>\n				</span>\n			</div>\n		</section>\n			<script>\n			$(document).ready( function () {\n				$(\'#\'+rand(0)+\'_yousticeresolutionsystem\').show();\n			});\n\n			function rand(nbr){\n			   return Math.floor(Math.random()*(nbr+1));\n			}\n			</script>\n			</div>'),(1947,1,'<div id=\"wrap_id_advice_710\" >\n	<div class=\"col-lg-6\">\n		<section id=\"\" class=\"panel panel-advice\">\n			<a href=\"#\" id=\"710\" class=\"close_link gamification_premium_close\">\n				<i class=\"icon-remove\"></i>\n			</a>\n			<span class=\"gamification-close-confirmation hide\">\n				Etes vous sur ?\n				<button class=\"btn btn-default btn-sm\" data-advice=\"delete\"><i class=\"icon-trash\"></i> Supprimer</button>\n				<button class=\"btn btn-default btn-sm\" data-advice=\"cancel\">Annuler</button>\n			</span>\n			<a class=\"preactivationLink row\" rel=\"ovhhosting\" href=\"{link}AdminModules{/link}&install=ovhhosting&module_name=ovhhosting&redirectconfig\">\n				<img src=\"https://api.prestashop.com/partner/premium/images/ovhhosting.png\" class=\"advice-img img-thumbnail\">\n				<img src=\"https://gamification.prestashop.com/api/getAdviceImg/710.png\"/ class=\"hide\">\n				<p class=\"advice-description\">Boostez la vitesse de chargement de votre boutique avec l\'hébergement OVH<br/></p>\n			</a>\n		</section>\n	</div></div>'),(1947,2,'<div id=\"wrap_id_advice_710\" >\n	<div class=\"col-lg-6\">\n		<section id=\"\" class=\"panel panel-advice\">\n			<a href=\"#\" id=\"710\" class=\"close_link gamification_premium_close\">\n				<i class=\"icon-remove\"></i>\n			</a>\n			<span class=\"gamification-close-confirmation hide\">\n				Etes vous sur ?\n				<button class=\"btn btn-default btn-sm\" data-advice=\"delete\"><i class=\"icon-trash\"></i> Supprimer</button>\n				<button class=\"btn btn-default btn-sm\" data-advice=\"cancel\">Annuler</button>\n			</span>\n			<a class=\"preactivationLink row\" rel=\"ovhhosting\" href=\"{link}AdminModules{/link}&install=ovhhosting&module_name=ovhhosting&redirectconfig\">\n				<img src=\"https://api.prestashop.com/partner/premium/images/ovhhosting.png\" class=\"advice-img img-thumbnail\">\n				<img src=\"https://gamification.prestashop.com/api/getAdviceImg/710.png\"/ class=\"hide\">\n				<p class=\"advice-description\">Boostez la vitesse de chargement de votre boutique avec l\'hébergement OVH<br/></p>\n			</a>\n		</section>\n	</div></div>'),(1947,3,'<div id=\"wrap_id_advice_710\" >\n	<div class=\"col-lg-6\">\n		<section id=\"\" class=\"panel panel-advice\">\n			<a href=\"#\" id=\"710\" class=\"close_link gamification_premium_close\">\n				<i class=\"icon-remove\"></i>\n			</a>\n			<span class=\"gamification-close-confirmation hide\">\n				Etes vous sur ?\n				<button class=\"btn btn-default btn-sm\" data-advice=\"delete\"><i class=\"icon-trash\"></i> Supprimer</button>\n				<button class=\"btn btn-default btn-sm\" data-advice=\"cancel\">Annuler</button>\n			</span>\n			<a class=\"preactivationLink row\" rel=\"ovhhosting\" href=\"{link}AdminModules{/link}&install=ovhhosting&module_name=ovhhosting&redirectconfig\">\n				<img src=\"https://api.prestashop.com/partner/premium/images/ovhhosting.png\" class=\"advice-img img-thumbnail\">\n				<img src=\"https://gamification.prestashop.com/api/getAdviceImg/710.png\"/ class=\"hide\">\n				<p class=\"advice-description\">Boostez la vitesse de chargement de votre boutique avec l\'hébergement OVH<br/></p>\n			</a>\n		</section>\n	</div></div>'),(1947,4,'<div id=\"wrap_id_advice_710\" >\n	<div class=\"col-lg-6\">\n		<section id=\"\" class=\"panel panel-advice\">\n			<a href=\"#\" id=\"710\" class=\"close_link gamification_premium_close\">\n				<i class=\"icon-remove\"></i>\n			</a>\n			<span class=\"gamification-close-confirmation hide\">\n				Etes vous sur ?\n				<button class=\"btn btn-default btn-sm\" data-advice=\"delete\"><i class=\"icon-trash\"></i> Supprimer</button>\n				<button class=\"btn btn-default btn-sm\" data-advice=\"cancel\">Annuler</button>\n			</span>\n			<a class=\"preactivationLink row\" rel=\"ovhhosting\" href=\"{link}AdminModules{/link}&install=ovhhosting&module_name=ovhhosting&redirectconfig\">\n				<img src=\"https://api.prestashop.com/partner/premium/images/ovhhosting.png\" class=\"advice-img img-thumbnail\">\n				<img src=\"https://gamification.prestashop.com/api/getAdviceImg/710.png\"/ class=\"hide\">\n				<p class=\"advice-description\">Boostez la vitesse de chargement de votre boutique avec l\'hébergement OVH<br/></p>\n			</a>\n		</section>\n	</div></div>'),(1947,5,'<div id=\"wrap_id_advice_710\" >\n	<div class=\"col-lg-6\">\n		<section id=\"\" class=\"panel panel-advice\">\n			<a href=\"#\" id=\"710\" class=\"close_link gamification_premium_close\">\n				<i class=\"icon-remove\"></i>\n			</a>\n			<span class=\"gamification-close-confirmation hide\">\n				Etes vous sur ?\n				<button class=\"btn btn-default btn-sm\" data-advice=\"delete\"><i class=\"icon-trash\"></i> Supprimer</button>\n				<button class=\"btn btn-default btn-sm\" data-advice=\"cancel\">Annuler</button>\n			</span>\n			<a class=\"preactivationLink row\" rel=\"ovhhosting\" href=\"{link}AdminModules{/link}&install=ovhhosting&module_name=ovhhosting&redirectconfig\">\n				<img src=\"https://api.prestashop.com/partner/premium/images/ovhhosting.png\" class=\"advice-img img-thumbnail\">\n				<img src=\"https://gamification.prestashop.com/api/getAdviceImg/710.png\"/ class=\"hide\">\n				<p class=\"advice-description\">Boostez la vitesse de chargement de votre boutique avec l\'hébergement OVH<br/></p>\n			</a>\n		</section>\n	</div></div>'),(1947,6,'<div id=\"wrap_id_advice_710\" >\n	<div class=\"col-lg-6\">\n		<section id=\"\" class=\"panel panel-advice\">\n			<a href=\"#\" id=\"710\" class=\"close_link gamification_premium_close\">\n				<i class=\"icon-remove\"></i>\n			</a>\n			<span class=\"gamification-close-confirmation hide\">\n				Etes vous sur ?\n				<button class=\"btn btn-default btn-sm\" data-advice=\"delete\"><i class=\"icon-trash\"></i> Supprimer</button>\n				<button class=\"btn btn-default btn-sm\" data-advice=\"cancel\">Annuler</button>\n			</span>\n			<a class=\"preactivationLink row\" rel=\"ovhhosting\" href=\"{link}AdminModules{/link}&install=ovhhosting&module_name=ovhhosting&redirectconfig\">\n				<img src=\"https://api.prestashop.com/partner/premium/images/ovhhosting.png\" class=\"advice-img img-thumbnail\">\n				<img src=\"https://gamification.prestashop.com/api/getAdviceImg/710.png\"/ class=\"hide\">\n				<p class=\"advice-description\">Boostez la vitesse de chargement de votre boutique avec l\'hébergement OVH<br/></p>\n			</a>\n		</section>\n	</div></div>'),(1947,7,'<div id=\"wrap_id_advice_710\" >\n	<div class=\"col-lg-6\">\n		<section id=\"\" class=\"panel panel-advice\">\n			<a href=\"#\" id=\"710\" class=\"close_link gamification_premium_close\">\n				<i class=\"icon-remove\"></i>\n			</a>\n			<span class=\"gamification-close-confirmation hide\">\n				Etes vous sur ?\n				<button class=\"btn btn-default btn-sm\" data-advice=\"delete\"><i class=\"icon-trash\"></i> Supprimer</button>\n				<button class=\"btn btn-default btn-sm\" data-advice=\"cancel\">Annuler</button>\n			</span>\n			<a class=\"preactivationLink row\" rel=\"ovhhosting\" href=\"{link}AdminModules{/link}&install=ovhhosting&module_name=ovhhosting&redirectconfig\">\n				<img src=\"https://api.prestashop.com/partner/premium/images/ovhhosting.png\" class=\"advice-img img-thumbnail\">\n				<img src=\"https://gamification.prestashop.com/api/getAdviceImg/710.png\"/ class=\"hide\">\n				<p class=\"advice-description\">Boostez la vitesse de chargement de votre boutique avec l\'hébergement OVH<br/></p>\n			</a>\n		</section>\n	</div></div>'),(1947,8,'<div id=\"wrap_id_advice_710\" >\n	<div class=\"col-lg-6\">\n		<section id=\"\" class=\"panel panel-advice\">\n			<a href=\"#\" id=\"710\" class=\"close_link gamification_premium_close\">\n				<i class=\"icon-remove\"></i>\n			</a>\n			<span class=\"gamification-close-confirmation hide\">\n				Etes vous sur ?\n				<button class=\"btn btn-default btn-sm\" data-advice=\"delete\"><i class=\"icon-trash\"></i> Supprimer</button>\n				<button class=\"btn btn-default btn-sm\" data-advice=\"cancel\">Annuler</button>\n			</span>\n			<a class=\"preactivationLink row\" rel=\"ovhhosting\" href=\"{link}AdminModules{/link}&install=ovhhosting&module_name=ovhhosting&redirectconfig\">\n				<img src=\"https://api.prestashop.com/partner/premium/images/ovhhosting.png\" class=\"advice-img img-thumbnail\">\n				<img src=\"https://gamification.prestashop.com/api/getAdviceImg/710.png\"/ class=\"hide\">\n				<p class=\"advice-description\">Boostez la vitesse de chargement de votre boutique avec l\'hébergement OVH<br/></p>\n			</a>\n		</section>\n	</div></div>'),(1947,9,'<div id=\"wrap_id_advice_710\" >\n	<div class=\"col-lg-6\">\n		<section id=\"\" class=\"panel panel-advice\">\n			<a href=\"#\" id=\"710\" class=\"close_link gamification_premium_close\">\n				<i class=\"icon-remove\"></i>\n			</a>\n			<span class=\"gamification-close-confirmation hide\">\n				Etes vous sur ?\n				<button class=\"btn btn-default btn-sm\" data-advice=\"delete\"><i class=\"icon-trash\"></i> Supprimer</button>\n				<button class=\"btn btn-default btn-sm\" data-advice=\"cancel\">Annuler</button>\n			</span>\n			<a class=\"preactivationLink row\" rel=\"ovhhosting\" href=\"{link}AdminModules{/link}&install=ovhhosting&module_name=ovhhosting&redirectconfig\">\n				<img src=\"https://api.prestashop.com/partner/premium/images/ovhhosting.png\" class=\"advice-img img-thumbnail\">\n				<img src=\"https://gamification.prestashop.com/api/getAdviceImg/710.png\"/ class=\"hide\">\n				<p class=\"advice-description\">Boostez la vitesse de chargement de votre boutique avec l\'hébergement OVH<br/></p>\n			</a>\n		</section>\n	</div></div>');
INSERT INTO `ps_advice_lang` VALUES (1948,1,'<div id=\"wrap_id_advice_719\" >\n		<section id=\"0_twengafeed\" class=\"panel \" style=\"display:none\">\n			<header class=\"panel-heading\">\n				<span class=\"icon-lightbulb\"></span> Conseil du jour</header>\n			<div class=\"panel-body\" style=\"padding:0\">\n				<img class=\"img-responsive\" src=\"https://api.prestashop.com/partner/tipsoftheday/img/logo-twengafeed.png\" style=\"float:right; margin-left: 5px;\">\n				<img src=\"https://gamification.prestashop.com/api/getAdviceImg/719.png\"/>\n				<p><b>Comment optimiser Google Shopping ?</b></p>\n				<p>Il faut mettre à jour votre flux de produits pour vous assurer que le prix, la disponibilité, les promotions et dates de livraison sont bien toujours à jour.</p>\n				<span class=\"text-right\" style=\"float:right\">\n					<a class=\"btn btn-default\" target=\"_blank\" href=\"https://gamification.prestashop.com/get_advice_link.php?id_advice=719&url=http%3A%2F%2Faddons.prestashop.com%2Ffr%2Fcomparateurs-prix%2F21619-twengafeed.html%3Futm_source%3Dback-office%26utm_medium%3Dtipoftheday%26utm_campaign%3Dpartenariats%26utm_content%3Dtwengafeed\">Lancer ma campagne!</a>\n				</span>\n			</div>\n		</section>\n			<script>\n			$(document).ready( function () {\n				$(\'#\'+rand(0)+\'_twengafeed\').show();\n			});\n\n			function rand(nbr){\n			   return Math.floor(Math.random()*(nbr+1));\n			}\n			</script>\n			</div>'),(1948,2,'<div id=\"wrap_id_advice_719\" >\n		<section id=\"0_twengafeed\" class=\"panel \" style=\"display:none\">\n			<header class=\"panel-heading\">\n				<span class=\"icon-lightbulb\"></span> Conseil du jour</header>\n			<div class=\"panel-body\" style=\"padding:0\">\n				<img class=\"img-responsive\" src=\"https://api.prestashop.com/partner/tipsoftheday/img/logo-twengafeed.png\" style=\"float:right; margin-left: 5px;\">\n				<img src=\"https://gamification.prestashop.com/api/getAdviceImg/719.png\"/>\n				<p><b>Comment optimiser Google Shopping ?</b></p>\n				<p>Il faut mettre à jour votre flux de produits pour vous assurer que le prix, la disponibilité, les promotions et dates de livraison sont bien toujours à jour.</p>\n				<span class=\"text-right\" style=\"float:right\">\n					<a class=\"btn btn-default\" target=\"_blank\" href=\"https://gamification.prestashop.com/get_advice_link.php?id_advice=719&url=http%3A%2F%2Faddons.prestashop.com%2Ffr%2Fcomparateurs-prix%2F21619-twengafeed.html%3Futm_source%3Dback-office%26utm_medium%3Dtipoftheday%26utm_campaign%3Dpartenariats%26utm_content%3Dtwengafeed\">Lancer ma campagne!</a>\n				</span>\n			</div>\n		</section>\n			<script>\n			$(document).ready( function () {\n				$(\'#\'+rand(0)+\'_twengafeed\').show();\n			});\n\n			function rand(nbr){\n			   return Math.floor(Math.random()*(nbr+1));\n			}\n			</script>\n			</div>'),(1948,3,'<div id=\"wrap_id_advice_719\" >\n		<section id=\"0_twengafeed\" class=\"panel \" style=\"display:none\">\n			<header class=\"panel-heading\">\n				<span class=\"icon-lightbulb\"></span> Conseil du jour</header>\n			<div class=\"panel-body\" style=\"padding:0\">\n				<img class=\"img-responsive\" src=\"https://api.prestashop.com/partner/tipsoftheday/img/logo-twengafeed.png\" style=\"float:right; margin-left: 5px;\">\n				<img src=\"https://gamification.prestashop.com/api/getAdviceImg/719.png\"/>\n				<p><b>Comment optimiser Google Shopping ?</b></p>\n				<p>Il faut mettre à jour votre flux de produits pour vous assurer que le prix, la disponibilité, les promotions et dates de livraison sont bien toujours à jour.</p>\n				<span class=\"text-right\" style=\"float:right\">\n					<a class=\"btn btn-default\" target=\"_blank\" href=\"https://gamification.prestashop.com/get_advice_link.php?id_advice=719&url=http%3A%2F%2Faddons.prestashop.com%2Ffr%2Fcomparateurs-prix%2F21619-twengafeed.html%3Futm_source%3Dback-office%26utm_medium%3Dtipoftheday%26utm_campaign%3Dpartenariats%26utm_content%3Dtwengafeed\">Lancer ma campagne!</a>\n				</span>\n			</div>\n		</section>\n			<script>\n			$(document).ready( function () {\n				$(\'#\'+rand(0)+\'_twengafeed\').show();\n			});\n\n			function rand(nbr){\n			   return Math.floor(Math.random()*(nbr+1));\n			}\n			</script>\n			</div>'),(1948,4,'<div id=\"wrap_id_advice_719\" >\n		<section id=\"0_twengafeed\" class=\"panel \" style=\"display:none\">\n			<header class=\"panel-heading\">\n				<span class=\"icon-lightbulb\"></span> Conseil du jour</header>\n			<div class=\"panel-body\" style=\"padding:0\">\n				<img class=\"img-responsive\" src=\"https://api.prestashop.com/partner/tipsoftheday/img/logo-twengafeed.png\" style=\"float:right; margin-left: 5px;\">\n				<img src=\"https://gamification.prestashop.com/api/getAdviceImg/719.png\"/>\n				<p><b>Comment optimiser Google Shopping ?</b></p>\n				<p>Il faut mettre à jour votre flux de produits pour vous assurer que le prix, la disponibilité, les promotions et dates de livraison sont bien toujours à jour.</p>\n				<span class=\"text-right\" style=\"float:right\">\n					<a class=\"btn btn-default\" target=\"_blank\" href=\"https://gamification.prestashop.com/get_advice_link.php?id_advice=719&url=http%3A%2F%2Faddons.prestashop.com%2Ffr%2Fcomparateurs-prix%2F21619-twengafeed.html%3Futm_source%3Dback-office%26utm_medium%3Dtipoftheday%26utm_campaign%3Dpartenariats%26utm_content%3Dtwengafeed\">Lancer ma campagne!</a>\n				</span>\n			</div>\n		</section>\n			<script>\n			$(document).ready( function () {\n				$(\'#\'+rand(0)+\'_twengafeed\').show();\n			});\n\n			function rand(nbr){\n			   return Math.floor(Math.random()*(nbr+1));\n			}\n			</script>\n			</div>'),(1948,5,'<div id=\"wrap_id_advice_719\" >\n		<section id=\"0_twengafeed\" class=\"panel \" style=\"display:none\">\n			<header class=\"panel-heading\">\n				<span class=\"icon-lightbulb\"></span> Conseil du jour</header>\n			<div class=\"panel-body\" style=\"padding:0\">\n				<img class=\"img-responsive\" src=\"https://api.prestashop.com/partner/tipsoftheday/img/logo-twengafeed.png\" style=\"float:right; margin-left: 5px;\">\n				<img src=\"https://gamification.prestashop.com/api/getAdviceImg/719.png\"/>\n				<p><b>Comment optimiser Google Shopping ?</b></p>\n				<p>Il faut mettre à jour votre flux de produits pour vous assurer que le prix, la disponibilité, les promotions et dates de livraison sont bien toujours à jour.</p>\n				<span class=\"text-right\" style=\"float:right\">\n					<a class=\"btn btn-default\" target=\"_blank\" href=\"https://gamification.prestashop.com/get_advice_link.php?id_advice=719&url=http%3A%2F%2Faddons.prestashop.com%2Ffr%2Fcomparateurs-prix%2F21619-twengafeed.html%3Futm_source%3Dback-office%26utm_medium%3Dtipoftheday%26utm_campaign%3Dpartenariats%26utm_content%3Dtwengafeed\">Lancer ma campagne!</a>\n				</span>\n			</div>\n		</section>\n			<script>\n			$(document).ready( function () {\n				$(\'#\'+rand(0)+\'_twengafeed\').show();\n			});\n\n			function rand(nbr){\n			   return Math.floor(Math.random()*(nbr+1));\n			}\n			</script>\n			</div>'),(1948,6,'<div id=\"wrap_id_advice_719\" >\n		<section id=\"0_twengafeed\" class=\"panel \" style=\"display:none\">\n			<header class=\"panel-heading\">\n				<span class=\"icon-lightbulb\"></span> Conseil du jour</header>\n			<div class=\"panel-body\" style=\"padding:0\">\n				<img class=\"img-responsive\" src=\"https://api.prestashop.com/partner/tipsoftheday/img/logo-twengafeed.png\" style=\"float:right; margin-left: 5px;\">\n				<img src=\"https://gamification.prestashop.com/api/getAdviceImg/719.png\"/>\n				<p><b>Comment optimiser Google Shopping ?</b></p>\n				<p>Il faut mettre à jour votre flux de produits pour vous assurer que le prix, la disponibilité, les promotions et dates de livraison sont bien toujours à jour.</p>\n				<span class=\"text-right\" style=\"float:right\">\n					<a class=\"btn btn-default\" target=\"_blank\" href=\"https://gamification.prestashop.com/get_advice_link.php?id_advice=719&url=http%3A%2F%2Faddons.prestashop.com%2Ffr%2Fcomparateurs-prix%2F21619-twengafeed.html%3Futm_source%3Dback-office%26utm_medium%3Dtipoftheday%26utm_campaign%3Dpartenariats%26utm_content%3Dtwengafeed\">Lancer ma campagne!</a>\n				</span>\n			</div>\n		</section>\n			<script>\n			$(document).ready( function () {\n				$(\'#\'+rand(0)+\'_twengafeed\').show();\n			});\n\n			function rand(nbr){\n			   return Math.floor(Math.random()*(nbr+1));\n			}\n			</script>\n			</div>'),(1948,7,'<div id=\"wrap_id_advice_719\" >\n		<section id=\"0_twengafeed\" class=\"panel \" style=\"display:none\">\n			<header class=\"panel-heading\">\n				<span class=\"icon-lightbulb\"></span> Conseil du jour</header>\n			<div class=\"panel-body\" style=\"padding:0\">\n				<img class=\"img-responsive\" src=\"https://api.prestashop.com/partner/tipsoftheday/img/logo-twengafeed.png\" style=\"float:right; margin-left: 5px;\">\n				<img src=\"https://gamification.prestashop.com/api/getAdviceImg/719.png\"/>\n				<p><b>Comment optimiser Google Shopping ?</b></p>\n				<p>Il faut mettre à jour votre flux de produits pour vous assurer que le prix, la disponibilité, les promotions et dates de livraison sont bien toujours à jour.</p>\n				<span class=\"text-right\" style=\"float:right\">\n					<a class=\"btn btn-default\" target=\"_blank\" href=\"https://gamification.prestashop.com/get_advice_link.php?id_advice=719&url=http%3A%2F%2Faddons.prestashop.com%2Ffr%2Fcomparateurs-prix%2F21619-twengafeed.html%3Futm_source%3Dback-office%26utm_medium%3Dtipoftheday%26utm_campaign%3Dpartenariats%26utm_content%3Dtwengafeed\">Lancer ma campagne!</a>\n				</span>\n			</div>\n		</section>\n			<script>\n			$(document).ready( function () {\n				$(\'#\'+rand(0)+\'_twengafeed\').show();\n			});\n\n			function rand(nbr){\n			   return Math.floor(Math.random()*(nbr+1));\n			}\n			</script>\n			</div>'),(1948,8,'<div id=\"wrap_id_advice_719\" >\n		<section id=\"0_twengafeed\" class=\"panel \" style=\"display:none\">\n			<header class=\"panel-heading\">\n				<span class=\"icon-lightbulb\"></span> Conseil du jour</header>\n			<div class=\"panel-body\" style=\"padding:0\">\n				<img class=\"img-responsive\" src=\"https://api.prestashop.com/partner/tipsoftheday/img/logo-twengafeed.png\" style=\"float:right; margin-left: 5px;\">\n				<img src=\"https://gamification.prestashop.com/api/getAdviceImg/719.png\"/>\n				<p><b>Comment optimiser Google Shopping ?</b></p>\n				<p>Il faut mettre à jour votre flux de produits pour vous assurer que le prix, la disponibilité, les promotions et dates de livraison sont bien toujours à jour.</p>\n				<span class=\"text-right\" style=\"float:right\">\n					<a class=\"btn btn-default\" target=\"_blank\" href=\"https://gamification.prestashop.com/get_advice_link.php?id_advice=719&url=http%3A%2F%2Faddons.prestashop.com%2Ffr%2Fcomparateurs-prix%2F21619-twengafeed.html%3Futm_source%3Dback-office%26utm_medium%3Dtipoftheday%26utm_campaign%3Dpartenariats%26utm_content%3Dtwengafeed\">Lancer ma campagne!</a>\n				</span>\n			</div>\n		</section>\n			<script>\n			$(document).ready( function () {\n				$(\'#\'+rand(0)+\'_twengafeed\').show();\n			});\n\n			function rand(nbr){\n			   return Math.floor(Math.random()*(nbr+1));\n			}\n			</script>\n			</div>'),(1948,9,'<div id=\"wrap_id_advice_719\" >\n		<section id=\"0_twengafeed\" class=\"panel \" style=\"display:none\">\n			<header class=\"panel-heading\">\n				<span class=\"icon-lightbulb\"></span> Conseil du jour</header>\n			<div class=\"panel-body\" style=\"padding:0\">\n				<img class=\"img-responsive\" src=\"https://api.prestashop.com/partner/tipsoftheday/img/logo-twengafeed.png\" style=\"float:right; margin-left: 5px;\">\n				<img src=\"https://gamification.prestashop.com/api/getAdviceImg/719.png\"/>\n				<p><b>Comment optimiser Google Shopping ?</b></p>\n				<p>Il faut mettre à jour votre flux de produits pour vous assurer que le prix, la disponibilité, les promotions et dates de livraison sont bien toujours à jour.</p>\n				<span class=\"text-right\" style=\"float:right\">\n					<a class=\"btn btn-default\" target=\"_blank\" href=\"https://gamification.prestashop.com/get_advice_link.php?id_advice=719&url=http%3A%2F%2Faddons.prestashop.com%2Ffr%2Fcomparateurs-prix%2F21619-twengafeed.html%3Futm_source%3Dback-office%26utm_medium%3Dtipoftheday%26utm_campaign%3Dpartenariats%26utm_content%3Dtwengafeed\">Lancer ma campagne!</a>\n				</span>\n			</div>\n		</section>\n			<script>\n			$(document).ready( function () {\n				$(\'#\'+rand(0)+\'_twengafeed\').show();\n			});\n\n			function rand(nbr){\n			   return Math.floor(Math.random()*(nbr+1));\n			}\n			</script>\n			</div>'),(1949,1,'<div id=\"wrap_id_advice_720\" >\n		<section id=\"0_twengabid\" class=\"panel \" style=\"display:none\">\n			<header class=\"panel-heading\">\n				<span class=\"icon-lightbulb\"></span> Conseil du jour</header>\n			<div class=\"panel-body\" style=\"padding:0\">\n				<img class=\"img-responsive\" src=\"https://api.prestashop.com/partner/tipsoftheday/img/logo-twengabid.png\" style=\"float:right; margin-left: 5px;\">\n				<img src=\"https://gamification.prestashop.com/api/getAdviceImg/720.png\"/>\n				<p><b>Pour des campagnes SEM plus efficaces, pensez aux mots-clés négatifs</b></p>\n				<p>Ne payez pas pour les clics de visiteurs à faible intention d\'achat : excluez les mots-clés inutiles de vos campagnes AdWords.</p>\n				<span class=\"text-right\" style=\"float:right\">\n					<a class=\"btn btn-default\" target=\"_blank\" href=\"https://gamification.prestashop.com/get_advice_link.php?id_advice=720&url=http%3A%2F%2Faddons.prestashop.com%2Ffr%2Freferencement-payant-affiliation%2F21618-twengabid.html%3Futm_source%3Dback-office%26utm_medium%3Dtipoftheday%26utm_campaign%3Dpartenariats%26utm_content%3Dtwengabid\">Lancer ma campagne!</a>\n				</span>\n			</div>\n		</section>\n			<script>\n			$(document).ready( function () {\n				$(\'#\'+rand(0)+\'_twengabid\').show();\n			});\n\n			function rand(nbr){\n			   return Math.floor(Math.random()*(nbr+1));\n			}\n			</script>\n			</div>'),(1949,2,'<div id=\"wrap_id_advice_720\" >\n		<section id=\"0_twengabid\" class=\"panel \" style=\"display:none\">\n			<header class=\"panel-heading\">\n				<span class=\"icon-lightbulb\"></span> Conseil du jour</header>\n			<div class=\"panel-body\" style=\"padding:0\">\n				<img class=\"img-responsive\" src=\"https://api.prestashop.com/partner/tipsoftheday/img/logo-twengabid.png\" style=\"float:right; margin-left: 5px;\">\n				<img src=\"https://gamification.prestashop.com/api/getAdviceImg/720.png\"/>\n				<p><b>Pour des campagnes SEM plus efficaces, pensez aux mots-clés négatifs</b></p>\n				<p>Ne payez pas pour les clics de visiteurs à faible intention d\'achat : excluez les mots-clés inutiles de vos campagnes AdWords.</p>\n				<span class=\"text-right\" style=\"float:right\">\n					<a class=\"btn btn-default\" target=\"_blank\" href=\"https://gamification.prestashop.com/get_advice_link.php?id_advice=720&url=http%3A%2F%2Faddons.prestashop.com%2Ffr%2Freferencement-payant-affiliation%2F21618-twengabid.html%3Futm_source%3Dback-office%26utm_medium%3Dtipoftheday%26utm_campaign%3Dpartenariats%26utm_content%3Dtwengabid\">Lancer ma campagne!</a>\n				</span>\n			</div>\n		</section>\n			<script>\n			$(document).ready( function () {\n				$(\'#\'+rand(0)+\'_twengabid\').show();\n			});\n\n			function rand(nbr){\n			   return Math.floor(Math.random()*(nbr+1));\n			}\n			</script>\n			</div>'),(1949,3,'<div id=\"wrap_id_advice_720\" >\n		<section id=\"0_twengabid\" class=\"panel \" style=\"display:none\">\n			<header class=\"panel-heading\">\n				<span class=\"icon-lightbulb\"></span> Conseil du jour</header>\n			<div class=\"panel-body\" style=\"padding:0\">\n				<img class=\"img-responsive\" src=\"https://api.prestashop.com/partner/tipsoftheday/img/logo-twengabid.png\" style=\"float:right; margin-left: 5px;\">\n				<img src=\"https://gamification.prestashop.com/api/getAdviceImg/720.png\"/>\n				<p><b>Pour des campagnes SEM plus efficaces, pensez aux mots-clés négatifs</b></p>\n				<p>Ne payez pas pour les clics de visiteurs à faible intention d\'achat : excluez les mots-clés inutiles de vos campagnes AdWords.</p>\n				<span class=\"text-right\" style=\"float:right\">\n					<a class=\"btn btn-default\" target=\"_blank\" href=\"https://gamification.prestashop.com/get_advice_link.php?id_advice=720&url=http%3A%2F%2Faddons.prestashop.com%2Ffr%2Freferencement-payant-affiliation%2F21618-twengabid.html%3Futm_source%3Dback-office%26utm_medium%3Dtipoftheday%26utm_campaign%3Dpartenariats%26utm_content%3Dtwengabid\">Lancer ma campagne!</a>\n				</span>\n			</div>\n		</section>\n			<script>\n			$(document).ready( function () {\n				$(\'#\'+rand(0)+\'_twengabid\').show();\n			});\n\n			function rand(nbr){\n			   return Math.floor(Math.random()*(nbr+1));\n			}\n			</script>\n			</div>'),(1949,4,'<div id=\"wrap_id_advice_720\" >\n		<section id=\"0_twengabid\" class=\"panel \" style=\"display:none\">\n			<header class=\"panel-heading\">\n				<span class=\"icon-lightbulb\"></span> Conseil du jour</header>\n			<div class=\"panel-body\" style=\"padding:0\">\n				<img class=\"img-responsive\" src=\"https://api.prestashop.com/partner/tipsoftheday/img/logo-twengabid.png\" style=\"float:right; margin-left: 5px;\">\n				<img src=\"https://gamification.prestashop.com/api/getAdviceImg/720.png\"/>\n				<p><b>Pour des campagnes SEM plus efficaces, pensez aux mots-clés négatifs</b></p>\n				<p>Ne payez pas pour les clics de visiteurs à faible intention d\'achat : excluez les mots-clés inutiles de vos campagnes AdWords.</p>\n				<span class=\"text-right\" style=\"float:right\">\n					<a class=\"btn btn-default\" target=\"_blank\" href=\"https://gamification.prestashop.com/get_advice_link.php?id_advice=720&url=http%3A%2F%2Faddons.prestashop.com%2Ffr%2Freferencement-payant-affiliation%2F21618-twengabid.html%3Futm_source%3Dback-office%26utm_medium%3Dtipoftheday%26utm_campaign%3Dpartenariats%26utm_content%3Dtwengabid\">Lancer ma campagne!</a>\n				</span>\n			</div>\n		</section>\n			<script>\n			$(document).ready( function () {\n				$(\'#\'+rand(0)+\'_twengabid\').show();\n			});\n\n			function rand(nbr){\n			   return Math.floor(Math.random()*(nbr+1));\n			}\n			</script>\n			</div>'),(1949,5,'<div id=\"wrap_id_advice_720\" >\n		<section id=\"0_twengabid\" class=\"panel \" style=\"display:none\">\n			<header class=\"panel-heading\">\n				<span class=\"icon-lightbulb\"></span> Conseil du jour</header>\n			<div class=\"panel-body\" style=\"padding:0\">\n				<img class=\"img-responsive\" src=\"https://api.prestashop.com/partner/tipsoftheday/img/logo-twengabid.png\" style=\"float:right; margin-left: 5px;\">\n				<img src=\"https://gamification.prestashop.com/api/getAdviceImg/720.png\"/>\n				<p><b>Pour des campagnes SEM plus efficaces, pensez aux mots-clés négatifs</b></p>\n				<p>Ne payez pas pour les clics de visiteurs à faible intention d\'achat : excluez les mots-clés inutiles de vos campagnes AdWords.</p>\n				<span class=\"text-right\" style=\"float:right\">\n					<a class=\"btn btn-default\" target=\"_blank\" href=\"https://gamification.prestashop.com/get_advice_link.php?id_advice=720&url=http%3A%2F%2Faddons.prestashop.com%2Ffr%2Freferencement-payant-affiliation%2F21618-twengabid.html%3Futm_source%3Dback-office%26utm_medium%3Dtipoftheday%26utm_campaign%3Dpartenariats%26utm_content%3Dtwengabid\">Lancer ma campagne!</a>\n				</span>\n			</div>\n		</section>\n			<script>\n			$(document).ready( function () {\n				$(\'#\'+rand(0)+\'_twengabid\').show();\n			});\n\n			function rand(nbr){\n			   return Math.floor(Math.random()*(nbr+1));\n			}\n			</script>\n			</div>'),(1949,6,'<div id=\"wrap_id_advice_720\" >\n		<section id=\"0_twengabid\" class=\"panel \" style=\"display:none\">\n			<header class=\"panel-heading\">\n				<span class=\"icon-lightbulb\"></span> Conseil du jour</header>\n			<div class=\"panel-body\" style=\"padding:0\">\n				<img class=\"img-responsive\" src=\"https://api.prestashop.com/partner/tipsoftheday/img/logo-twengabid.png\" style=\"float:right; margin-left: 5px;\">\n				<img src=\"https://gamification.prestashop.com/api/getAdviceImg/720.png\"/>\n				<p><b>Pour des campagnes SEM plus efficaces, pensez aux mots-clés négatifs</b></p>\n				<p>Ne payez pas pour les clics de visiteurs à faible intention d\'achat : excluez les mots-clés inutiles de vos campagnes AdWords.</p>\n				<span class=\"text-right\" style=\"float:right\">\n					<a class=\"btn btn-default\" target=\"_blank\" href=\"https://gamification.prestashop.com/get_advice_link.php?id_advice=720&url=http%3A%2F%2Faddons.prestashop.com%2Ffr%2Freferencement-payant-affiliation%2F21618-twengabid.html%3Futm_source%3Dback-office%26utm_medium%3Dtipoftheday%26utm_campaign%3Dpartenariats%26utm_content%3Dtwengabid\">Lancer ma campagne!</a>\n				</span>\n			</div>\n		</section>\n			<script>\n			$(document).ready( function () {\n				$(\'#\'+rand(0)+\'_twengabid\').show();\n			});\n\n			function rand(nbr){\n			   return Math.floor(Math.random()*(nbr+1));\n			}\n			</script>\n			</div>'),(1949,7,'<div id=\"wrap_id_advice_720\" >\n		<section id=\"0_twengabid\" class=\"panel \" style=\"display:none\">\n			<header class=\"panel-heading\">\n				<span class=\"icon-lightbulb\"></span> Conseil du jour</header>\n			<div class=\"panel-body\" style=\"padding:0\">\n				<img class=\"img-responsive\" src=\"https://api.prestashop.com/partner/tipsoftheday/img/logo-twengabid.png\" style=\"float:right; margin-left: 5px;\">\n				<img src=\"https://gamification.prestashop.com/api/getAdviceImg/720.png\"/>\n				<p><b>Pour des campagnes SEM plus efficaces, pensez aux mots-clés négatifs</b></p>\n				<p>Ne payez pas pour les clics de visiteurs à faible intention d\'achat : excluez les mots-clés inutiles de vos campagnes AdWords.</p>\n				<span class=\"text-right\" style=\"float:right\">\n					<a class=\"btn btn-default\" target=\"_blank\" href=\"https://gamification.prestashop.com/get_advice_link.php?id_advice=720&url=http%3A%2F%2Faddons.prestashop.com%2Ffr%2Freferencement-payant-affiliation%2F21618-twengabid.html%3Futm_source%3Dback-office%26utm_medium%3Dtipoftheday%26utm_campaign%3Dpartenariats%26utm_content%3Dtwengabid\">Lancer ma campagne!</a>\n				</span>\n			</div>\n		</section>\n			<script>\n			$(document).ready( function () {\n				$(\'#\'+rand(0)+\'_twengabid\').show();\n			});\n\n			function rand(nbr){\n			   return Math.floor(Math.random()*(nbr+1));\n			}\n			</script>\n			</div>'),(1949,8,'<div id=\"wrap_id_advice_720\" >\n		<section id=\"0_twengabid\" class=\"panel \" style=\"display:none\">\n			<header class=\"panel-heading\">\n				<span class=\"icon-lightbulb\"></span> Conseil du jour</header>\n			<div class=\"panel-body\" style=\"padding:0\">\n				<img class=\"img-responsive\" src=\"https://api.prestashop.com/partner/tipsoftheday/img/logo-twengabid.png\" style=\"float:right; margin-left: 5px;\">\n				<img src=\"https://gamification.prestashop.com/api/getAdviceImg/720.png\"/>\n				<p><b>Pour des campagnes SEM plus efficaces, pensez aux mots-clés négatifs</b></p>\n				<p>Ne payez pas pour les clics de visiteurs à faible intention d\'achat : excluez les mots-clés inutiles de vos campagnes AdWords.</p>\n				<span class=\"text-right\" style=\"float:right\">\n					<a class=\"btn btn-default\" target=\"_blank\" href=\"https://gamification.prestashop.com/get_advice_link.php?id_advice=720&url=http%3A%2F%2Faddons.prestashop.com%2Ffr%2Freferencement-payant-affiliation%2F21618-twengabid.html%3Futm_source%3Dback-office%26utm_medium%3Dtipoftheday%26utm_campaign%3Dpartenariats%26utm_content%3Dtwengabid\">Lancer ma campagne!</a>\n				</span>\n			</div>\n		</section>\n			<script>\n			$(document).ready( function () {\n				$(\'#\'+rand(0)+\'_twengabid\').show();\n			});\n\n			function rand(nbr){\n			   return Math.floor(Math.random()*(nbr+1));\n			}\n			</script>\n			</div>'),(1949,9,'<div id=\"wrap_id_advice_720\" >\n		<section id=\"0_twengabid\" class=\"panel \" style=\"display:none\">\n			<header class=\"panel-heading\">\n				<span class=\"icon-lightbulb\"></span> Conseil du jour</header>\n			<div class=\"panel-body\" style=\"padding:0\">\n				<img class=\"img-responsive\" src=\"https://api.prestashop.com/partner/tipsoftheday/img/logo-twengabid.png\" style=\"float:right; margin-left: 5px;\">\n				<img src=\"https://gamification.prestashop.com/api/getAdviceImg/720.png\"/>\n				<p><b>Pour des campagnes SEM plus efficaces, pensez aux mots-clés négatifs</b></p>\n				<p>Ne payez pas pour les clics de visiteurs à faible intention d\'achat : excluez les mots-clés inutiles de vos campagnes AdWords.</p>\n				<span class=\"text-right\" style=\"float:right\">\n					<a class=\"btn btn-default\" target=\"_blank\" href=\"https://gamification.prestashop.com/get_advice_link.php?id_advice=720&url=http%3A%2F%2Faddons.prestashop.com%2Ffr%2Freferencement-payant-affiliation%2F21618-twengabid.html%3Futm_source%3Dback-office%26utm_medium%3Dtipoftheday%26utm_campaign%3Dpartenariats%26utm_content%3Dtwengabid\">Lancer ma campagne!</a>\n				</span>\n			</div>\n		</section>\n			<script>\n			$(document).ready( function () {\n				$(\'#\'+rand(0)+\'_twengabid\').show();\n			});\n\n			function rand(nbr){\n			   return Math.floor(Math.random()*(nbr+1));\n			}\n			</script>\n			</div>'),(1950,1,'<div id=\"wrap_id_advice_723\" >\n		<section id=\"0_hipay3_fr\" class=\"panel \" style=\"display:none\">\n			<header class=\"panel-heading\">\n				<span class=\"icon-lightbulb\"></span> Conseil du jour</header>\n			<div class=\"panel-body\" style=\"padding:0\">\n				<img class=\"img-responsive\" src=\"https://api.prestashop.com/partner/tipsoftheday/img/logo-hipay3_fr.png\" style=\"float:right; margin-left: 5px;\">\n				<img src=\"https://gamification.prestashop.com/api/getAdviceImg/723.png\"/>\n				<p><b>Finalisez plus de ventes en proposant la bonne solution de paiement</b></p>\n				<p>Afin d\'optimiser votre taux de conversion, assurez-vous de proposer les solutions de paiement internationales spécifiques : CB, Visa, Mastercard, Bancontact, Multibanco, Sofort Banking ...</p>\n				<span class=\"text-right\" style=\"float:right\">\n					<a class=\"btn btn-default\" target=\"_blank\" href=\"https://gamification.prestashop.com/get_advice_link.php?id_advice=723&url=http%3A%2F%2Faddons.prestashop.com%2Ffr%2Fmodules-paiement-prestashop%2F1746-hipay.html%3Futm_source%3Dback-office%26utm_medium%3Dtipoftheday%26utm_campaign%3Dpartenariats%26utm_content%3Dhipay\">Envie d’en savoir plus ?</a>\n				</span>\n			</div>\n		</section>\n			<script>\n			$(document).ready( function () {\n				$(\'#\'+rand(0)+\'_hipay3_fr\').show();\n			});\n\n			function rand(nbr){\n			   return Math.floor(Math.random()*(nbr+1));\n			}\n			</script>\n			</div>'),(1950,2,'<div id=\"wrap_id_advice_723\" >\n		<section id=\"0_hipay3_fr\" class=\"panel \" style=\"display:none\">\n			<header class=\"panel-heading\">\n				<span class=\"icon-lightbulb\"></span> Conseil du jour</header>\n			<div class=\"panel-body\" style=\"padding:0\">\n				<img class=\"img-responsive\" src=\"https://api.prestashop.com/partner/tipsoftheday/img/logo-hipay3_fr.png\" style=\"float:right; margin-left: 5px;\">\n				<img src=\"https://gamification.prestashop.com/api/getAdviceImg/723.png\"/>\n				<p><b>Finalisez plus de ventes en proposant la bonne solution de paiement</b></p>\n				<p>Afin d\'optimiser votre taux de conversion, assurez-vous de proposer les solutions de paiement internationales spécifiques : CB, Visa, Mastercard, Bancontact, Multibanco, Sofort Banking ...</p>\n				<span class=\"text-right\" style=\"float:right\">\n					<a class=\"btn btn-default\" target=\"_blank\" href=\"https://gamification.prestashop.com/get_advice_link.php?id_advice=723&url=http%3A%2F%2Faddons.prestashop.com%2Ffr%2Fmodules-paiement-prestashop%2F1746-hipay.html%3Futm_source%3Dback-office%26utm_medium%3Dtipoftheday%26utm_campaign%3Dpartenariats%26utm_content%3Dhipay\">Envie d’en savoir plus ?</a>\n				</span>\n			</div>\n		</section>\n			<script>\n			$(document).ready( function () {\n				$(\'#\'+rand(0)+\'_hipay3_fr\').show();\n			});\n\n			function rand(nbr){\n			   return Math.floor(Math.random()*(nbr+1));\n			}\n			</script>\n			</div>'),(1950,3,'<div id=\"wrap_id_advice_723\" >\n		<section id=\"0_hipay3_fr\" class=\"panel \" style=\"display:none\">\n			<header class=\"panel-heading\">\n				<span class=\"icon-lightbulb\"></span> Conseil du jour</header>\n			<div class=\"panel-body\" style=\"padding:0\">\n				<img class=\"img-responsive\" src=\"https://api.prestashop.com/partner/tipsoftheday/img/logo-hipay3_fr.png\" style=\"float:right; margin-left: 5px;\">\n				<img src=\"https://gamification.prestashop.com/api/getAdviceImg/723.png\"/>\n				<p><b>Finalisez plus de ventes en proposant la bonne solution de paiement</b></p>\n				<p>Afin d\'optimiser votre taux de conversion, assurez-vous de proposer les solutions de paiement internationales spécifiques : CB, Visa, Mastercard, Bancontact, Multibanco, Sofort Banking ...</p>\n				<span class=\"text-right\" style=\"float:right\">\n					<a class=\"btn btn-default\" target=\"_blank\" href=\"https://gamification.prestashop.com/get_advice_link.php?id_advice=723&url=http%3A%2F%2Faddons.prestashop.com%2Ffr%2Fmodules-paiement-prestashop%2F1746-hipay.html%3Futm_source%3Dback-office%26utm_medium%3Dtipoftheday%26utm_campaign%3Dpartenariats%26utm_content%3Dhipay\">Envie d’en savoir plus ?</a>\n				</span>\n			</div>\n		</section>\n			<script>\n			$(document).ready( function () {\n				$(\'#\'+rand(0)+\'_hipay3_fr\').show();\n			});\n\n			function rand(nbr){\n			   return Math.floor(Math.random()*(nbr+1));\n			}\n			</script>\n			</div>'),(1950,4,'<div id=\"wrap_id_advice_723\" >\n		<section id=\"0_hipay3_fr\" class=\"panel \" style=\"display:none\">\n			<header class=\"panel-heading\">\n				<span class=\"icon-lightbulb\"></span> Conseil du jour</header>\n			<div class=\"panel-body\" style=\"padding:0\">\n				<img class=\"img-responsive\" src=\"https://api.prestashop.com/partner/tipsoftheday/img/logo-hipay3_fr.png\" style=\"float:right; margin-left: 5px;\">\n				<img src=\"https://gamification.prestashop.com/api/getAdviceImg/723.png\"/>\n				<p><b>Finalisez plus de ventes en proposant la bonne solution de paiement</b></p>\n				<p>Afin d\'optimiser votre taux de conversion, assurez-vous de proposer les solutions de paiement internationales spécifiques : CB, Visa, Mastercard, Bancontact, Multibanco, Sofort Banking ...</p>\n				<span class=\"text-right\" style=\"float:right\">\n					<a class=\"btn btn-default\" target=\"_blank\" href=\"https://gamification.prestashop.com/get_advice_link.php?id_advice=723&url=http%3A%2F%2Faddons.prestashop.com%2Ffr%2Fmodules-paiement-prestashop%2F1746-hipay.html%3Futm_source%3Dback-office%26utm_medium%3Dtipoftheday%26utm_campaign%3Dpartenariats%26utm_content%3Dhipay\">Envie d’en savoir plus ?</a>\n				</span>\n			</div>\n		</section>\n			<script>\n			$(document).ready( function () {\n				$(\'#\'+rand(0)+\'_hipay3_fr\').show();\n			});\n\n			function rand(nbr){\n			   return Math.floor(Math.random()*(nbr+1));\n			}\n			</script>\n			</div>'),(1950,5,'<div id=\"wrap_id_advice_723\" >\n		<section id=\"0_hipay3_fr\" class=\"panel \" style=\"display:none\">\n			<header class=\"panel-heading\">\n				<span class=\"icon-lightbulb\"></span> Conseil du jour</header>\n			<div class=\"panel-body\" style=\"padding:0\">\n				<img class=\"img-responsive\" src=\"https://api.prestashop.com/partner/tipsoftheday/img/logo-hipay3_fr.png\" style=\"float:right; margin-left: 5px;\">\n				<img src=\"https://gamification.prestashop.com/api/getAdviceImg/723.png\"/>\n				<p><b>Finalisez plus de ventes en proposant la bonne solution de paiement</b></p>\n				<p>Afin d\'optimiser votre taux de conversion, assurez-vous de proposer les solutions de paiement internationales spécifiques : CB, Visa, Mastercard, Bancontact, Multibanco, Sofort Banking ...</p>\n				<span class=\"text-right\" style=\"float:right\">\n					<a class=\"btn btn-default\" target=\"_blank\" href=\"https://gamification.prestashop.com/get_advice_link.php?id_advice=723&url=http%3A%2F%2Faddons.prestashop.com%2Ffr%2Fmodules-paiement-prestashop%2F1746-hipay.html%3Futm_source%3Dback-office%26utm_medium%3Dtipoftheday%26utm_campaign%3Dpartenariats%26utm_content%3Dhipay\">Envie d’en savoir plus ?</a>\n				</span>\n			</div>\n		</section>\n			<script>\n			$(document).ready( function () {\n				$(\'#\'+rand(0)+\'_hipay3_fr\').show();\n			});\n\n			function rand(nbr){\n			   return Math.floor(Math.random()*(nbr+1));\n			}\n			</script>\n			</div>'),(1950,6,'<div id=\"wrap_id_advice_723\" >\n		<section id=\"0_hipay3_fr\" class=\"panel \" style=\"display:none\">\n			<header class=\"panel-heading\">\n				<span class=\"icon-lightbulb\"></span> Conseil du jour</header>\n			<div class=\"panel-body\" style=\"padding:0\">\n				<img class=\"img-responsive\" src=\"https://api.prestashop.com/partner/tipsoftheday/img/logo-hipay3_fr.png\" style=\"float:right; margin-left: 5px;\">\n				<img src=\"https://gamification.prestashop.com/api/getAdviceImg/723.png\"/>\n				<p><b>Finalisez plus de ventes en proposant la bonne solution de paiement</b></p>\n				<p>Afin d\'optimiser votre taux de conversion, assurez-vous de proposer les solutions de paiement internationales spécifiques : CB, Visa, Mastercard, Bancontact, Multibanco, Sofort Banking ...</p>\n				<span class=\"text-right\" style=\"float:right\">\n					<a class=\"btn btn-default\" target=\"_blank\" href=\"https://gamification.prestashop.com/get_advice_link.php?id_advice=723&url=http%3A%2F%2Faddons.prestashop.com%2Ffr%2Fmodules-paiement-prestashop%2F1746-hipay.html%3Futm_source%3Dback-office%26utm_medium%3Dtipoftheday%26utm_campaign%3Dpartenariats%26utm_content%3Dhipay\">Envie d’en savoir plus ?</a>\n				</span>\n			</div>\n		</section>\n			<script>\n			$(document).ready( function () {\n				$(\'#\'+rand(0)+\'_hipay3_fr\').show();\n			});\n\n			function rand(nbr){\n			   return Math.floor(Math.random()*(nbr+1));\n			}\n			</script>\n			</div>'),(1950,7,'<div id=\"wrap_id_advice_723\" >\n		<section id=\"0_hipay3_fr\" class=\"panel \" style=\"display:none\">\n			<header class=\"panel-heading\">\n				<span class=\"icon-lightbulb\"></span> Conseil du jour</header>\n			<div class=\"panel-body\" style=\"padding:0\">\n				<img class=\"img-responsive\" src=\"https://api.prestashop.com/partner/tipsoftheday/img/logo-hipay3_fr.png\" style=\"float:right; margin-left: 5px;\">\n				<img src=\"https://gamification.prestashop.com/api/getAdviceImg/723.png\"/>\n				<p><b>Finalisez plus de ventes en proposant la bonne solution de paiement</b></p>\n				<p>Afin d\'optimiser votre taux de conversion, assurez-vous de proposer les solutions de paiement internationales spécifiques : CB, Visa, Mastercard, Bancontact, Multibanco, Sofort Banking ...</p>\n				<span class=\"text-right\" style=\"float:right\">\n					<a class=\"btn btn-default\" target=\"_blank\" href=\"https://gamification.prestashop.com/get_advice_link.php?id_advice=723&url=http%3A%2F%2Faddons.prestashop.com%2Ffr%2Fmodules-paiement-prestashop%2F1746-hipay.html%3Futm_source%3Dback-office%26utm_medium%3Dtipoftheday%26utm_campaign%3Dpartenariats%26utm_content%3Dhipay\">Envie d’en savoir plus ?</a>\n				</span>\n			</div>\n		</section>\n			<script>\n			$(document).ready( function () {\n				$(\'#\'+rand(0)+\'_hipay3_fr\').show();\n			});\n\n			function rand(nbr){\n			   return Math.floor(Math.random()*(nbr+1));\n			}\n			</script>\n			</div>'),(1950,8,'<div id=\"wrap_id_advice_723\" >\n		<section id=\"0_hipay3_fr\" class=\"panel \" style=\"display:none\">\n			<header class=\"panel-heading\">\n				<span class=\"icon-lightbulb\"></span> Conseil du jour</header>\n			<div class=\"panel-body\" style=\"padding:0\">\n				<img class=\"img-responsive\" src=\"https://api.prestashop.com/partner/tipsoftheday/img/logo-hipay3_fr.png\" style=\"float:right; margin-left: 5px;\">\n				<img src=\"https://gamification.prestashop.com/api/getAdviceImg/723.png\"/>\n				<p><b>Finalisez plus de ventes en proposant la bonne solution de paiement</b></p>\n				<p>Afin d\'optimiser votre taux de conversion, assurez-vous de proposer les solutions de paiement internationales spécifiques : CB, Visa, Mastercard, Bancontact, Multibanco, Sofort Banking ...</p>\n				<span class=\"text-right\" style=\"float:right\">\n					<a class=\"btn btn-default\" target=\"_blank\" href=\"https://gamification.prestashop.com/get_advice_link.php?id_advice=723&url=http%3A%2F%2Faddons.prestashop.com%2Ffr%2Fmodules-paiement-prestashop%2F1746-hipay.html%3Futm_source%3Dback-office%26utm_medium%3Dtipoftheday%26utm_campaign%3Dpartenariats%26utm_content%3Dhipay\">Envie d’en savoir plus ?</a>\n				</span>\n			</div>\n		</section>\n			<script>\n			$(document).ready( function () {\n				$(\'#\'+rand(0)+\'_hipay3_fr\').show();\n			});\n\n			function rand(nbr){\n			   return Math.floor(Math.random()*(nbr+1));\n			}\n			</script>\n			</div>'),(1950,9,'<div id=\"wrap_id_advice_723\" >\n		<section id=\"0_hipay3_fr\" class=\"panel \" style=\"display:none\">\n			<header class=\"panel-heading\">\n				<span class=\"icon-lightbulb\"></span> Conseil du jour</header>\n			<div class=\"panel-body\" style=\"padding:0\">\n				<img class=\"img-responsive\" src=\"https://api.prestashop.com/partner/tipsoftheday/img/logo-hipay3_fr.png\" style=\"float:right; margin-left: 5px;\">\n				<img src=\"https://gamification.prestashop.com/api/getAdviceImg/723.png\"/>\n				<p><b>Finalisez plus de ventes en proposant la bonne solution de paiement</b></p>\n				<p>Afin d\'optimiser votre taux de conversion, assurez-vous de proposer les solutions de paiement internationales spécifiques : CB, Visa, Mastercard, Bancontact, Multibanco, Sofort Banking ...</p>\n				<span class=\"text-right\" style=\"float:right\">\n					<a class=\"btn btn-default\" target=\"_blank\" href=\"https://gamification.prestashop.com/get_advice_link.php?id_advice=723&url=http%3A%2F%2Faddons.prestashop.com%2Ffr%2Fmodules-paiement-prestashop%2F1746-hipay.html%3Futm_source%3Dback-office%26utm_medium%3Dtipoftheday%26utm_campaign%3Dpartenariats%26utm_content%3Dhipay\">Envie d’en savoir plus ?</a>\n				</span>\n			</div>\n		</section>\n			<script>\n			$(document).ready( function () {\n				$(\'#\'+rand(0)+\'_hipay3_fr\').show();\n			});\n\n			function rand(nbr){\n			   return Math.floor(Math.random()*(nbr+1));\n			}\n			</script>\n			</div>'),(1951,1,'<div id=\"wrap_id_advice_728\" >\n	<div class=\"col-lg-6\">\n		<section id=\"\" class=\"panel panel-advice\">\n			<a href=\"#\" id=\"728\" class=\"close_link gamification_premium_close\">\n				<i class=\"icon-remove\"></i>\n			</a>\n			<span class=\"gamification-close-confirmation hide\">\n				Etes vous sur ?\n				<button class=\"btn btn-default btn-sm\" data-advice=\"delete\"><i class=\"icon-trash\"></i> Supprimer</button>\n				<button class=\"btn btn-default btn-sm\" data-advice=\"cancel\">Annuler</button>\n			</span>\n			<a class=\"preactivationLink row\" rel=\"hipay\" href=\"{link}AdminModules{/link}&install=hipay&module_name=hipay&redirectconfig\">\n				<img src=\"https://api.prestashop.com/partner/premium/images/hipay.png\" class=\"advice-img img-thumbnail\">\n				<img src=\"https://gamification.prestashop.com/api/getAdviceImg/728.png\"/ class=\"hide\">\n				<p class=\"advice-description\">Des paiements simples avec un système de fraude intégré<br/></p>\n			</a>\n		</section>\n	</div></div>'),(1951,2,'<div id=\"wrap_id_advice_728\" >\n	<div class=\"col-lg-6\">\n		<section id=\"\" class=\"panel panel-advice\">\n			<a href=\"#\" id=\"728\" class=\"close_link gamification_premium_close\">\n				<i class=\"icon-remove\"></i>\n			</a>\n			<span class=\"gamification-close-confirmation hide\">\n				Etes vous sur ?\n				<button class=\"btn btn-default btn-sm\" data-advice=\"delete\"><i class=\"icon-trash\"></i> Supprimer</button>\n				<button class=\"btn btn-default btn-sm\" data-advice=\"cancel\">Annuler</button>\n			</span>\n			<a class=\"preactivationLink row\" rel=\"hipay\" href=\"{link}AdminModules{/link}&install=hipay&module_name=hipay&redirectconfig\">\n				<img src=\"https://api.prestashop.com/partner/premium/images/hipay.png\" class=\"advice-img img-thumbnail\">\n				<img src=\"https://gamification.prestashop.com/api/getAdviceImg/728.png\"/ class=\"hide\">\n				<p class=\"advice-description\">Des paiements simples avec un système de fraude intégré<br/></p>\n			</a>\n		</section>\n	</div></div>'),(1951,3,'<div id=\"wrap_id_advice_728\" >\n	<div class=\"col-lg-6\">\n		<section id=\"\" class=\"panel panel-advice\">\n			<a href=\"#\" id=\"728\" class=\"close_link gamification_premium_close\">\n				<i class=\"icon-remove\"></i>\n			</a>\n			<span class=\"gamification-close-confirmation hide\">\n				Etes vous sur ?\n				<button class=\"btn btn-default btn-sm\" data-advice=\"delete\"><i class=\"icon-trash\"></i> Supprimer</button>\n				<button class=\"btn btn-default btn-sm\" data-advice=\"cancel\">Annuler</button>\n			</span>\n			<a class=\"preactivationLink row\" rel=\"hipay\" href=\"{link}AdminModules{/link}&install=hipay&module_name=hipay&redirectconfig\">\n				<img src=\"https://api.prestashop.com/partner/premium/images/hipay.png\" class=\"advice-img img-thumbnail\">\n				<img src=\"https://gamification.prestashop.com/api/getAdviceImg/728.png\"/ class=\"hide\">\n				<p class=\"advice-description\">Des paiements simples avec un système de fraude intégré<br/></p>\n			</a>\n		</section>\n	</div></div>'),(1951,4,'<div id=\"wrap_id_advice_728\" >\n	<div class=\"col-lg-6\">\n		<section id=\"\" class=\"panel panel-advice\">\n			<a href=\"#\" id=\"728\" class=\"close_link gamification_premium_close\">\n				<i class=\"icon-remove\"></i>\n			</a>\n			<span class=\"gamification-close-confirmation hide\">\n				Etes vous sur ?\n				<button class=\"btn btn-default btn-sm\" data-advice=\"delete\"><i class=\"icon-trash\"></i> Supprimer</button>\n				<button class=\"btn btn-default btn-sm\" data-advice=\"cancel\">Annuler</button>\n			</span>\n			<a class=\"preactivationLink row\" rel=\"hipay\" href=\"{link}AdminModules{/link}&install=hipay&module_name=hipay&redirectconfig\">\n				<img src=\"https://api.prestashop.com/partner/premium/images/hipay.png\" class=\"advice-img img-thumbnail\">\n				<img src=\"https://gamification.prestashop.com/api/getAdviceImg/728.png\"/ class=\"hide\">\n				<p class=\"advice-description\">Des paiements simples avec un système de fraude intégré<br/></p>\n			</a>\n		</section>\n	</div></div>'),(1951,5,'<div id=\"wrap_id_advice_728\" >\n	<div class=\"col-lg-6\">\n		<section id=\"\" class=\"panel panel-advice\">\n			<a href=\"#\" id=\"728\" class=\"close_link gamification_premium_close\">\n				<i class=\"icon-remove\"></i>\n			</a>\n			<span class=\"gamification-close-confirmation hide\">\n				Etes vous sur ?\n				<button class=\"btn btn-default btn-sm\" data-advice=\"delete\"><i class=\"icon-trash\"></i> Supprimer</button>\n				<button class=\"btn btn-default btn-sm\" data-advice=\"cancel\">Annuler</button>\n			</span>\n			<a class=\"preactivationLink row\" rel=\"hipay\" href=\"{link}AdminModules{/link}&install=hipay&module_name=hipay&redirectconfig\">\n				<img src=\"https://api.prestashop.com/partner/premium/images/hipay.png\" class=\"advice-img img-thumbnail\">\n				<img src=\"https://gamification.prestashop.com/api/getAdviceImg/728.png\"/ class=\"hide\">\n				<p class=\"advice-description\">Des paiements simples avec un système de fraude intégré<br/></p>\n			</a>\n		</section>\n	</div></div>'),(1951,6,'<div id=\"wrap_id_advice_728\" >\n	<div class=\"col-lg-6\">\n		<section id=\"\" class=\"panel panel-advice\">\n			<a href=\"#\" id=\"728\" class=\"close_link gamification_premium_close\">\n				<i class=\"icon-remove\"></i>\n			</a>\n			<span class=\"gamification-close-confirmation hide\">\n				Etes vous sur ?\n				<button class=\"btn btn-default btn-sm\" data-advice=\"delete\"><i class=\"icon-trash\"></i> Supprimer</button>\n				<button class=\"btn btn-default btn-sm\" data-advice=\"cancel\">Annuler</button>\n			</span>\n			<a class=\"preactivationLink row\" rel=\"hipay\" href=\"{link}AdminModules{/link}&install=hipay&module_name=hipay&redirectconfig\">\n				<img src=\"https://api.prestashop.com/partner/premium/images/hipay.png\" class=\"advice-img img-thumbnail\">\n				<img src=\"https://gamification.prestashop.com/api/getAdviceImg/728.png\"/ class=\"hide\">\n				<p class=\"advice-description\">Des paiements simples avec un système de fraude intégré<br/></p>\n			</a>\n		</section>\n	</div></div>'),(1951,7,'<div id=\"wrap_id_advice_728\" >\n	<div class=\"col-lg-6\">\n		<section id=\"\" class=\"panel panel-advice\">\n			<a href=\"#\" id=\"728\" class=\"close_link gamification_premium_close\">\n				<i class=\"icon-remove\"></i>\n			</a>\n			<span class=\"gamification-close-confirmation hide\">\n				Etes vous sur ?\n				<button class=\"btn btn-default btn-sm\" data-advice=\"delete\"><i class=\"icon-trash\"></i> Supprimer</button>\n				<button class=\"btn btn-default btn-sm\" data-advice=\"cancel\">Annuler</button>\n			</span>\n			<a class=\"preactivationLink row\" rel=\"hipay\" href=\"{link}AdminModules{/link}&install=hipay&module_name=hipay&redirectconfig\">\n				<img src=\"https://api.prestashop.com/partner/premium/images/hipay.png\" class=\"advice-img img-thumbnail\">\n				<img src=\"https://gamification.prestashop.com/api/getAdviceImg/728.png\"/ class=\"hide\">\n				<p class=\"advice-description\">Des paiements simples avec un système de fraude intégré<br/></p>\n			</a>\n		</section>\n	</div></div>'),(1951,8,'<div id=\"wrap_id_advice_728\" >\n	<div class=\"col-lg-6\">\n		<section id=\"\" class=\"panel panel-advice\">\n			<a href=\"#\" id=\"728\" class=\"close_link gamification_premium_close\">\n				<i class=\"icon-remove\"></i>\n			</a>\n			<span class=\"gamification-close-confirmation hide\">\n				Etes vous sur ?\n				<button class=\"btn btn-default btn-sm\" data-advice=\"delete\"><i class=\"icon-trash\"></i> Supprimer</button>\n				<button class=\"btn btn-default btn-sm\" data-advice=\"cancel\">Annuler</button>\n			</span>\n			<a class=\"preactivationLink row\" rel=\"hipay\" href=\"{link}AdminModules{/link}&install=hipay&module_name=hipay&redirectconfig\">\n				<img src=\"https://api.prestashop.com/partner/premium/images/hipay.png\" class=\"advice-img img-thumbnail\">\n				<img src=\"https://gamification.prestashop.com/api/getAdviceImg/728.png\"/ class=\"hide\">\n				<p class=\"advice-description\">Des paiements simples avec un système de fraude intégré<br/></p>\n			</a>\n		</section>\n	</div></div>'),(1951,9,'<div id=\"wrap_id_advice_728\" >\n	<div class=\"col-lg-6\">\n		<section id=\"\" class=\"panel panel-advice\">\n			<a href=\"#\" id=\"728\" class=\"close_link gamification_premium_close\">\n				<i class=\"icon-remove\"></i>\n			</a>\n			<span class=\"gamification-close-confirmation hide\">\n				Etes vous sur ?\n				<button class=\"btn btn-default btn-sm\" data-advice=\"delete\"><i class=\"icon-trash\"></i> Supprimer</button>\n				<button class=\"btn btn-default btn-sm\" data-advice=\"cancel\">Annuler</button>\n			</span>\n			<a class=\"preactivationLink row\" rel=\"hipay\" href=\"{link}AdminModules{/link}&install=hipay&module_name=hipay&redirectconfig\">\n				<img src=\"https://api.prestashop.com/partner/premium/images/hipay.png\" class=\"advice-img img-thumbnail\">\n				<img src=\"https://gamification.prestashop.com/api/getAdviceImg/728.png\"/ class=\"hide\">\n				<p class=\"advice-description\">Des paiements simples avec un système de fraude intégré<br/></p>\n			</a>\n		</section>\n	</div></div>'),(1952,1,'<div id=\"wrap_id_advice_729\" >\n		<section id=\"0_calendar_graphics_for_sale\" class=\"panel \" style=\"display:none\">\n			<header class=\"panel-heading\">\n				<span class=\"icon-lightbulb\"></span> Conseil du jour</header>\n			<div class=\"panel-body\" style=\"padding:0\">\n				<img class=\"img-responsive\" src=\"https://api.prestashop.com/partner/tipsoftheday/img/logo-calendar_graphics_for_sale.png\" style=\"float:right; margin-left: 5px;\">\n				<img src=\"https://gamification.prestashop.com/api/getAdviceImg/729.png\"/>\n				<p><b>Des visuels prêts à l\'emploi pour votre boutique</b></p>\n				<p>Pas de graphiste ? Téléchargez les visuels dédiés à toutes vos promotions de printemps ! Des designs adaptés au slider et au bloc pub de thème par défaut de votre boutique.</p>\n				<span class=\"text-right\" style=\"float:right\">\n					<a class=\"btn btn-default\" target=\"_blank\" href=\"https://gamification.prestashop.com/get_advice_link.php?id_advice=729&url=http%3A%2F%2Faddons.prestashop.com%2Ffr%2F421-visuels-pour-promotions%3Futm_source%3Dback-office%26utm_medium%3Dtipoftheday%26utm_campaign%3Dcalendar-FR%26utm_content%3DFR\">Télécharger les visuels</a>\n				</span>\n			</div>\n		</section>\n			<script>\n			$(document).ready( function () {\n				$(\'#\'+rand(0)+\'_calendar_graphics_for_sale\').show();\n			});\n\n			function rand(nbr){\n			   return Math.floor(Math.random()*(nbr+1));\n			}\n			</script>\n			</div>'),(1952,2,'<div id=\"wrap_id_advice_729\" >\n		<section id=\"0_calendar_graphics_for_sale\" class=\"panel \" style=\"display:none\">\n			<header class=\"panel-heading\">\n				<span class=\"icon-lightbulb\"></span> Conseil du jour</header>\n			<div class=\"panel-body\" style=\"padding:0\">\n				<img class=\"img-responsive\" src=\"https://api.prestashop.com/partner/tipsoftheday/img/logo-calendar_graphics_for_sale.png\" style=\"float:right; margin-left: 5px;\">\n				<img src=\"https://gamification.prestashop.com/api/getAdviceImg/729.png\"/>\n				<p><b>Des visuels prêts à l\'emploi pour votre boutique</b></p>\n				<p>Pas de graphiste ? Téléchargez les visuels dédiés à toutes vos promotions de printemps ! Des designs adaptés au slider et au bloc pub de thème par défaut de votre boutique.</p>\n				<span class=\"text-right\" style=\"float:right\">\n					<a class=\"btn btn-default\" target=\"_blank\" href=\"https://gamification.prestashop.com/get_advice_link.php?id_advice=729&url=http%3A%2F%2Faddons.prestashop.com%2Ffr%2F421-visuels-pour-promotions%3Futm_source%3Dback-office%26utm_medium%3Dtipoftheday%26utm_campaign%3Dcalendar-FR%26utm_content%3DFR\">Télécharger les visuels</a>\n				</span>\n			</div>\n		</section>\n			<script>\n			$(document).ready( function () {\n				$(\'#\'+rand(0)+\'_calendar_graphics_for_sale\').show();\n			});\n\n			function rand(nbr){\n			   return Math.floor(Math.random()*(nbr+1));\n			}\n			</script>\n			</div>'),(1952,3,'<div id=\"wrap_id_advice_729\" >\n		<section id=\"0_calendar_graphics_for_sale\" class=\"panel \" style=\"display:none\">\n			<header class=\"panel-heading\">\n				<span class=\"icon-lightbulb\"></span> Conseil du jour</header>\n			<div class=\"panel-body\" style=\"padding:0\">\n				<img class=\"img-responsive\" src=\"https://api.prestashop.com/partner/tipsoftheday/img/logo-calendar_graphics_for_sale.png\" style=\"float:right; margin-left: 5px;\">\n				<img src=\"https://gamification.prestashop.com/api/getAdviceImg/729.png\"/>\n				<p><b>Des visuels prêts à l\'emploi pour votre boutique</b></p>\n				<p>Pas de graphiste ? Téléchargez les visuels dédiés à toutes vos promotions de printemps ! Des designs adaptés au slider et au bloc pub de thème par défaut de votre boutique.</p>\n				<span class=\"text-right\" style=\"float:right\">\n					<a class=\"btn btn-default\" target=\"_blank\" href=\"https://gamification.prestashop.com/get_advice_link.php?id_advice=729&url=http%3A%2F%2Faddons.prestashop.com%2Ffr%2F421-visuels-pour-promotions%3Futm_source%3Dback-office%26utm_medium%3Dtipoftheday%26utm_campaign%3Dcalendar-FR%26utm_content%3DFR\">Télécharger les visuels</a>\n				</span>\n			</div>\n		</section>\n			<script>\n			$(document).ready( function () {\n				$(\'#\'+rand(0)+\'_calendar_graphics_for_sale\').show();\n			});\n\n			function rand(nbr){\n			   return Math.floor(Math.random()*(nbr+1));\n			}\n			</script>\n			</div>'),(1952,4,'<div id=\"wrap_id_advice_729\" >\n		<section id=\"0_calendar_graphics_for_sale\" class=\"panel \" style=\"display:none\">\n			<header class=\"panel-heading\">\n				<span class=\"icon-lightbulb\"></span> Conseil du jour</header>\n			<div class=\"panel-body\" style=\"padding:0\">\n				<img class=\"img-responsive\" src=\"https://api.prestashop.com/partner/tipsoftheday/img/logo-calendar_graphics_for_sale.png\" style=\"float:right; margin-left: 5px;\">\n				<img src=\"https://gamification.prestashop.com/api/getAdviceImg/729.png\"/>\n				<p><b>Des visuels prêts à l\'emploi pour votre boutique</b></p>\n				<p>Pas de graphiste ? Téléchargez les visuels dédiés à toutes vos promotions de printemps ! Des designs adaptés au slider et au bloc pub de thème par défaut de votre boutique.</p>\n				<span class=\"text-right\" style=\"float:right\">\n					<a class=\"btn btn-default\" target=\"_blank\" href=\"https://gamification.prestashop.com/get_advice_link.php?id_advice=729&url=http%3A%2F%2Faddons.prestashop.com%2Ffr%2F421-visuels-pour-promotions%3Futm_source%3Dback-office%26utm_medium%3Dtipoftheday%26utm_campaign%3Dcalendar-FR%26utm_content%3DFR\">Télécharger les visuels</a>\n				</span>\n			</div>\n		</section>\n			<script>\n			$(document).ready( function () {\n				$(\'#\'+rand(0)+\'_calendar_graphics_for_sale\').show();\n			});\n\n			function rand(nbr){\n			   return Math.floor(Math.random()*(nbr+1));\n			}\n			</script>\n			</div>'),(1952,5,'<div id=\"wrap_id_advice_729\" >\n		<section id=\"0_calendar_graphics_for_sale\" class=\"panel \" style=\"display:none\">\n			<header class=\"panel-heading\">\n				<span class=\"icon-lightbulb\"></span> Conseil du jour</header>\n			<div class=\"panel-body\" style=\"padding:0\">\n				<img class=\"img-responsive\" src=\"https://api.prestashop.com/partner/tipsoftheday/img/logo-calendar_graphics_for_sale.png\" style=\"float:right; margin-left: 5px;\">\n				<img src=\"https://gamification.prestashop.com/api/getAdviceImg/729.png\"/>\n				<p><b>Des visuels prêts à l\'emploi pour votre boutique</b></p>\n				<p>Pas de graphiste ? Téléchargez les visuels dédiés à toutes vos promotions de printemps ! Des designs adaptés au slider et au bloc pub de thème par défaut de votre boutique.</p>\n				<span class=\"text-right\" style=\"float:right\">\n					<a class=\"btn btn-default\" target=\"_blank\" href=\"https://gamification.prestashop.com/get_advice_link.php?id_advice=729&url=http%3A%2F%2Faddons.prestashop.com%2Ffr%2F421-visuels-pour-promotions%3Futm_source%3Dback-office%26utm_medium%3Dtipoftheday%26utm_campaign%3Dcalendar-FR%26utm_content%3DFR\">Télécharger les visuels</a>\n				</span>\n			</div>\n		</section>\n			<script>\n			$(document).ready( function () {\n				$(\'#\'+rand(0)+\'_calendar_graphics_for_sale\').show();\n			});\n\n			function rand(nbr){\n			   return Math.floor(Math.random()*(nbr+1));\n			}\n			</script>\n			</div>'),(1952,6,'<div id=\"wrap_id_advice_729\" >\n		<section id=\"0_calendar_graphics_for_sale\" class=\"panel \" style=\"display:none\">\n			<header class=\"panel-heading\">\n				<span class=\"icon-lightbulb\"></span> Conseil du jour</header>\n			<div class=\"panel-body\" style=\"padding:0\">\n				<img class=\"img-responsive\" src=\"https://api.prestashop.com/partner/tipsoftheday/img/logo-calendar_graphics_for_sale.png\" style=\"float:right; margin-left: 5px;\">\n				<img src=\"https://gamification.prestashop.com/api/getAdviceImg/729.png\"/>\n				<p><b>Des visuels prêts à l\'emploi pour votre boutique</b></p>\n				<p>Pas de graphiste ? Téléchargez les visuels dédiés à toutes vos promotions de printemps ! Des designs adaptés au slider et au bloc pub de thème par défaut de votre boutique.</p>\n				<span class=\"text-right\" style=\"float:right\">\n					<a class=\"btn btn-default\" target=\"_blank\" href=\"https://gamification.prestashop.com/get_advice_link.php?id_advice=729&url=http%3A%2F%2Faddons.prestashop.com%2Ffr%2F421-visuels-pour-promotions%3Futm_source%3Dback-office%26utm_medium%3Dtipoftheday%26utm_campaign%3Dcalendar-FR%26utm_content%3DFR\">Télécharger les visuels</a>\n				</span>\n			</div>\n		</section>\n			<script>\n			$(document).ready( function () {\n				$(\'#\'+rand(0)+\'_calendar_graphics_for_sale\').show();\n			});\n\n			function rand(nbr){\n			   return Math.floor(Math.random()*(nbr+1));\n			}\n			</script>\n			</div>'),(1952,7,'<div id=\"wrap_id_advice_729\" >\n		<section id=\"0_calendar_graphics_for_sale\" class=\"panel \" style=\"display:none\">\n			<header class=\"panel-heading\">\n				<span class=\"icon-lightbulb\"></span> Conseil du jour</header>\n			<div class=\"panel-body\" style=\"padding:0\">\n				<img class=\"img-responsive\" src=\"https://api.prestashop.com/partner/tipsoftheday/img/logo-calendar_graphics_for_sale.png\" style=\"float:right; margin-left: 5px;\">\n				<img src=\"https://gamification.prestashop.com/api/getAdviceImg/729.png\"/>\n				<p><b>Des visuels prêts à l\'emploi pour votre boutique</b></p>\n				<p>Pas de graphiste ? Téléchargez les visuels dédiés à toutes vos promotions de printemps ! Des designs adaptés au slider et au bloc pub de thème par défaut de votre boutique.</p>\n				<span class=\"text-right\" style=\"float:right\">\n					<a class=\"btn btn-default\" target=\"_blank\" href=\"https://gamification.prestashop.com/get_advice_link.php?id_advice=729&url=http%3A%2F%2Faddons.prestashop.com%2Ffr%2F421-visuels-pour-promotions%3Futm_source%3Dback-office%26utm_medium%3Dtipoftheday%26utm_campaign%3Dcalendar-FR%26utm_content%3DFR\">Télécharger les visuels</a>\n				</span>\n			</div>\n		</section>\n			<script>\n			$(document).ready( function () {\n				$(\'#\'+rand(0)+\'_calendar_graphics_for_sale\').show();\n			});\n\n			function rand(nbr){\n			   return Math.floor(Math.random()*(nbr+1));\n			}\n			</script>\n			</div>'),(1952,8,'<div id=\"wrap_id_advice_729\" >\n		<section id=\"0_calendar_graphics_for_sale\" class=\"panel \" style=\"display:none\">\n			<header class=\"panel-heading\">\n				<span class=\"icon-lightbulb\"></span> Conseil du jour</header>\n			<div class=\"panel-body\" style=\"padding:0\">\n				<img class=\"img-responsive\" src=\"https://api.prestashop.com/partner/tipsoftheday/img/logo-calendar_graphics_for_sale.png\" style=\"float:right; margin-left: 5px;\">\n				<img src=\"https://gamification.prestashop.com/api/getAdviceImg/729.png\"/>\n				<p><b>Des visuels prêts à l\'emploi pour votre boutique</b></p>\n				<p>Pas de graphiste ? Téléchargez les visuels dédiés à toutes vos promotions de printemps ! Des designs adaptés au slider et au bloc pub de thème par défaut de votre boutique.</p>\n				<span class=\"text-right\" style=\"float:right\">\n					<a class=\"btn btn-default\" target=\"_blank\" href=\"https://gamification.prestashop.com/get_advice_link.php?id_advice=729&url=http%3A%2F%2Faddons.prestashop.com%2Ffr%2F421-visuels-pour-promotions%3Futm_source%3Dback-office%26utm_medium%3Dtipoftheday%26utm_campaign%3Dcalendar-FR%26utm_content%3DFR\">Télécharger les visuels</a>\n				</span>\n			</div>\n		</section>\n			<script>\n			$(document).ready( function () {\n				$(\'#\'+rand(0)+\'_calendar_graphics_for_sale\').show();\n			});\n\n			function rand(nbr){\n			   return Math.floor(Math.random()*(nbr+1));\n			}\n			</script>\n			</div>'),(1952,9,'<div id=\"wrap_id_advice_729\" >\n		<section id=\"0_calendar_graphics_for_sale\" class=\"panel \" style=\"display:none\">\n			<header class=\"panel-heading\">\n				<span class=\"icon-lightbulb\"></span> Conseil du jour</header>\n			<div class=\"panel-body\" style=\"padding:0\">\n				<img class=\"img-responsive\" src=\"https://api.prestashop.com/partner/tipsoftheday/img/logo-calendar_graphics_for_sale.png\" style=\"float:right; margin-left: 5px;\">\n				<img src=\"https://gamification.prestashop.com/api/getAdviceImg/729.png\"/>\n				<p><b>Des visuels prêts à l\'emploi pour votre boutique</b></p>\n				<p>Pas de graphiste ? Téléchargez les visuels dédiés à toutes vos promotions de printemps ! Des designs adaptés au slider et au bloc pub de thème par défaut de votre boutique.</p>\n				<span class=\"text-right\" style=\"float:right\">\n					<a class=\"btn btn-default\" target=\"_blank\" href=\"https://gamification.prestashop.com/get_advice_link.php?id_advice=729&url=http%3A%2F%2Faddons.prestashop.com%2Ffr%2F421-visuels-pour-promotions%3Futm_source%3Dback-office%26utm_medium%3Dtipoftheday%26utm_campaign%3Dcalendar-FR%26utm_content%3DFR\">Télécharger les visuels</a>\n				</span>\n			</div>\n		</section>\n			<script>\n			$(document).ready( function () {\n				$(\'#\'+rand(0)+\'_calendar_graphics_for_sale\').show();\n			});\n\n			function rand(nbr){\n			   return Math.floor(Math.random()*(nbr+1));\n			}\n			</script>\n			</div>'),(1953,1,'<div id=\"wrap_id_advice_730\" >\n		<section id=\"0_videotraining_businesstech\" class=\"panel \" style=\"display:none\">\n			<header class=\"panel-heading\">\n				<span class=\"icon-lightbulb\"></span> Conseil du jour</header>\n			<div class=\"panel-body\" style=\"padding:0\">\n				<img class=\"img-responsive\" src=\"https://api.prestashop.com/partner/tipsoftheday/img/logo-videotraining_businesstech.png\" style=\"float:right; margin-left: 5px;\">\n				<img src=\"https://gamification.prestashop.com/api/getAdviceImg/730.png\"/>\n				<p><b>4 étapes simples pour optimiser les performances de sa boutique en ligne</b></p>\n				<p>Découvrez comment analyser et optimiser votre boutique en ligne en quatre étapes simples avec cette courte vidéo de Business Tech, expert PrestaShop.</p>\n				<span class=\"text-right\" style=\"float:right\">\n					<a class=\"btn btn-default\" target=\"_blank\" href=\"https://gamification.prestashop.com/get_advice_link.php?id_advice=730&url=https%3A%2F%2Fwww.youtube.com%2Fwatch%3Fv%3D0acJfI8fn-0%3Futm_source%3Dback+office%26utm_medium%3Dtipoftheday%26utm_campaign%3DYoutube-launch%26utm_content%3Dkpi\">Visionner la vidéo</a>\n				</span>\n			</div>\n		</section>\n			<script>\n			$(document).ready( function () {\n				$(\'#\'+rand(0)+\'_videotraining_businesstech\').show();\n			});\n\n			function rand(nbr){\n			   return Math.floor(Math.random()*(nbr+1));\n			}\n			</script>\n			</div>'),(1953,2,'<div id=\"wrap_id_advice_730\" >\n		<section id=\"0_videotraining_businesstech\" class=\"panel \" style=\"display:none\">\n			<header class=\"panel-heading\">\n				<span class=\"icon-lightbulb\"></span> Conseil du jour</header>\n			<div class=\"panel-body\" style=\"padding:0\">\n				<img class=\"img-responsive\" src=\"https://api.prestashop.com/partner/tipsoftheday/img/logo-videotraining_businesstech.png\" style=\"float:right; margin-left: 5px;\">\n				<img src=\"https://gamification.prestashop.com/api/getAdviceImg/730.png\"/>\n				<p><b>4 étapes simples pour optimiser les performances de sa boutique en ligne</b></p>\n				<p>Découvrez comment analyser et optimiser votre boutique en ligne en quatre étapes simples avec cette courte vidéo de Business Tech, expert PrestaShop.</p>\n				<span class=\"text-right\" style=\"float:right\">\n					<a class=\"btn btn-default\" target=\"_blank\" href=\"https://gamification.prestashop.com/get_advice_link.php?id_advice=730&url=https%3A%2F%2Fwww.youtube.com%2Fwatch%3Fv%3D0acJfI8fn-0%3Futm_source%3Dback+office%26utm_medium%3Dtipoftheday%26utm_campaign%3DYoutube-launch%26utm_content%3Dkpi\">Visionner la vidéo</a>\n				</span>\n			</div>\n		</section>\n			<script>\n			$(document).ready( function () {\n				$(\'#\'+rand(0)+\'_videotraining_businesstech\').show();\n			});\n\n			function rand(nbr){\n			   return Math.floor(Math.random()*(nbr+1));\n			}\n			</script>\n			</div>'),(1953,3,'<div id=\"wrap_id_advice_730\" >\n		<section id=\"0_videotraining_businesstech\" class=\"panel \" style=\"display:none\">\n			<header class=\"panel-heading\">\n				<span class=\"icon-lightbulb\"></span> Conseil du jour</header>\n			<div class=\"panel-body\" style=\"padding:0\">\n				<img class=\"img-responsive\" src=\"https://api.prestashop.com/partner/tipsoftheday/img/logo-videotraining_businesstech.png\" style=\"float:right; margin-left: 5px;\">\n				<img src=\"https://gamification.prestashop.com/api/getAdviceImg/730.png\"/>\n				<p><b>4 étapes simples pour optimiser les performances de sa boutique en ligne</b></p>\n				<p>Découvrez comment analyser et optimiser votre boutique en ligne en quatre étapes simples avec cette courte vidéo de Business Tech, expert PrestaShop.</p>\n				<span class=\"text-right\" style=\"float:right\">\n					<a class=\"btn btn-default\" target=\"_blank\" href=\"https://gamification.prestashop.com/get_advice_link.php?id_advice=730&url=https%3A%2F%2Fwww.youtube.com%2Fwatch%3Fv%3D0acJfI8fn-0%3Futm_source%3Dback+office%26utm_medium%3Dtipoftheday%26utm_campaign%3DYoutube-launch%26utm_content%3Dkpi\">Visionner la vidéo</a>\n				</span>\n			</div>\n		</section>\n			<script>\n			$(document).ready( function () {\n				$(\'#\'+rand(0)+\'_videotraining_businesstech\').show();\n			});\n\n			function rand(nbr){\n			   return Math.floor(Math.random()*(nbr+1));\n			}\n			</script>\n			</div>'),(1953,4,'<div id=\"wrap_id_advice_730\" >\n		<section id=\"0_videotraining_businesstech\" class=\"panel \" style=\"display:none\">\n			<header class=\"panel-heading\">\n				<span class=\"icon-lightbulb\"></span> Conseil du jour</header>\n			<div class=\"panel-body\" style=\"padding:0\">\n				<img class=\"img-responsive\" src=\"https://api.prestashop.com/partner/tipsoftheday/img/logo-videotraining_businesstech.png\" style=\"float:right; margin-left: 5px;\">\n				<img src=\"https://gamification.prestashop.com/api/getAdviceImg/730.png\"/>\n				<p><b>4 étapes simples pour optimiser les performances de sa boutique en ligne</b></p>\n				<p>Découvrez comment analyser et optimiser votre boutique en ligne en quatre étapes simples avec cette courte vidéo de Business Tech, expert PrestaShop.</p>\n				<span class=\"text-right\" style=\"float:right\">\n					<a class=\"btn btn-default\" target=\"_blank\" href=\"https://gamification.prestashop.com/get_advice_link.php?id_advice=730&url=https%3A%2F%2Fwww.youtube.com%2Fwatch%3Fv%3D0acJfI8fn-0%3Futm_source%3Dback+office%26utm_medium%3Dtipoftheday%26utm_campaign%3DYoutube-launch%26utm_content%3Dkpi\">Visionner la vidéo</a>\n				</span>\n			</div>\n		</section>\n			<script>\n			$(document).ready( function () {\n				$(\'#\'+rand(0)+\'_videotraining_businesstech\').show();\n			});\n\n			function rand(nbr){\n			   return Math.floor(Math.random()*(nbr+1));\n			}\n			</script>\n			</div>'),(1953,5,'<div id=\"wrap_id_advice_730\" >\n		<section id=\"0_videotraining_businesstech\" class=\"panel \" style=\"display:none\">\n			<header class=\"panel-heading\">\n				<span class=\"icon-lightbulb\"></span> Conseil du jour</header>\n			<div class=\"panel-body\" style=\"padding:0\">\n				<img class=\"img-responsive\" src=\"https://api.prestashop.com/partner/tipsoftheday/img/logo-videotraining_businesstech.png\" style=\"float:right; margin-left: 5px;\">\n				<img src=\"https://gamification.prestashop.com/api/getAdviceImg/730.png\"/>\n				<p><b>4 étapes simples pour optimiser les performances de sa boutique en ligne</b></p>\n				<p>Découvrez comment analyser et optimiser votre boutique en ligne en quatre étapes simples avec cette courte vidéo de Business Tech, expert PrestaShop.</p>\n				<span class=\"text-right\" style=\"float:right\">\n					<a class=\"btn btn-default\" target=\"_blank\" href=\"https://gamification.prestashop.com/get_advice_link.php?id_advice=730&url=https%3A%2F%2Fwww.youtube.com%2Fwatch%3Fv%3D0acJfI8fn-0%3Futm_source%3Dback+office%26utm_medium%3Dtipoftheday%26utm_campaign%3DYoutube-launch%26utm_content%3Dkpi\">Visionner la vidéo</a>\n				</span>\n			</div>\n		</section>\n			<script>\n			$(document).ready( function () {\n				$(\'#\'+rand(0)+\'_videotraining_businesstech\').show();\n			});\n\n			function rand(nbr){\n			   return Math.floor(Math.random()*(nbr+1));\n			}\n			</script>\n			</div>'),(1953,6,'<div id=\"wrap_id_advice_730\" >\n		<section id=\"0_videotraining_businesstech\" class=\"panel \" style=\"display:none\">\n			<header class=\"panel-heading\">\n				<span class=\"icon-lightbulb\"></span> Conseil du jour</header>\n			<div class=\"panel-body\" style=\"padding:0\">\n				<img class=\"img-responsive\" src=\"https://api.prestashop.com/partner/tipsoftheday/img/logo-videotraining_businesstech.png\" style=\"float:right; margin-left: 5px;\">\n				<img src=\"https://gamification.prestashop.com/api/getAdviceImg/730.png\"/>\n				<p><b>4 étapes simples pour optimiser les performances de sa boutique en ligne</b></p>\n				<p>Découvrez comment analyser et optimiser votre boutique en ligne en quatre étapes simples avec cette courte vidéo de Business Tech, expert PrestaShop.</p>\n				<span class=\"text-right\" style=\"float:right\">\n					<a class=\"btn btn-default\" target=\"_blank\" href=\"https://gamification.prestashop.com/get_advice_link.php?id_advice=730&url=https%3A%2F%2Fwww.youtube.com%2Fwatch%3Fv%3D0acJfI8fn-0%3Futm_source%3Dback+office%26utm_medium%3Dtipoftheday%26utm_campaign%3DYoutube-launch%26utm_content%3Dkpi\">Visionner la vidéo</a>\n				</span>\n			</div>\n		</section>\n			<script>\n			$(document).ready( function () {\n				$(\'#\'+rand(0)+\'_videotraining_businesstech\').show();\n			});\n\n			function rand(nbr){\n			   return Math.floor(Math.random()*(nbr+1));\n			}\n			</script>\n			</div>'),(1953,7,'<div id=\"wrap_id_advice_730\" >\n		<section id=\"0_videotraining_businesstech\" class=\"panel \" style=\"display:none\">\n			<header class=\"panel-heading\">\n				<span class=\"icon-lightbulb\"></span> Conseil du jour</header>\n			<div class=\"panel-body\" style=\"padding:0\">\n				<img class=\"img-responsive\" src=\"https://api.prestashop.com/partner/tipsoftheday/img/logo-videotraining_businesstech.png\" style=\"float:right; margin-left: 5px;\">\n				<img src=\"https://gamification.prestashop.com/api/getAdviceImg/730.png\"/>\n				<p><b>4 étapes simples pour optimiser les performances de sa boutique en ligne</b></p>\n				<p>Découvrez comment analyser et optimiser votre boutique en ligne en quatre étapes simples avec cette courte vidéo de Business Tech, expert PrestaShop.</p>\n				<span class=\"text-right\" style=\"float:right\">\n					<a class=\"btn btn-default\" target=\"_blank\" href=\"https://gamification.prestashop.com/get_advice_link.php?id_advice=730&url=https%3A%2F%2Fwww.youtube.com%2Fwatch%3Fv%3D0acJfI8fn-0%3Futm_source%3Dback+office%26utm_medium%3Dtipoftheday%26utm_campaign%3DYoutube-launch%26utm_content%3Dkpi\">Visionner la vidéo</a>\n				</span>\n			</div>\n		</section>\n			<script>\n			$(document).ready( function () {\n				$(\'#\'+rand(0)+\'_videotraining_businesstech\').show();\n			});\n\n			function rand(nbr){\n			   return Math.floor(Math.random()*(nbr+1));\n			}\n			</script>\n			</div>'),(1953,8,'<div id=\"wrap_id_advice_730\" >\n		<section id=\"0_videotraining_businesstech\" class=\"panel \" style=\"display:none\">\n			<header class=\"panel-heading\">\n				<span class=\"icon-lightbulb\"></span> Conseil du jour</header>\n			<div class=\"panel-body\" style=\"padding:0\">\n				<img class=\"img-responsive\" src=\"https://api.prestashop.com/partner/tipsoftheday/img/logo-videotraining_businesstech.png\" style=\"float:right; margin-left: 5px;\">\n				<img src=\"https://gamification.prestashop.com/api/getAdviceImg/730.png\"/>\n				<p><b>4 étapes simples pour optimiser les performances de sa boutique en ligne</b></p>\n				<p>Découvrez comment analyser et optimiser votre boutique en ligne en quatre étapes simples avec cette courte vidéo de Business Tech, expert PrestaShop.</p>\n				<span class=\"text-right\" style=\"float:right\">\n					<a class=\"btn btn-default\" target=\"_blank\" href=\"https://gamification.prestashop.com/get_advice_link.php?id_advice=730&url=https%3A%2F%2Fwww.youtube.com%2Fwatch%3Fv%3D0acJfI8fn-0%3Futm_source%3Dback+office%26utm_medium%3Dtipoftheday%26utm_campaign%3DYoutube-launch%26utm_content%3Dkpi\">Visionner la vidéo</a>\n				</span>\n			</div>\n		</section>\n			<script>\n			$(document).ready( function () {\n				$(\'#\'+rand(0)+\'_videotraining_businesstech\').show();\n			});\n\n			function rand(nbr){\n			   return Math.floor(Math.random()*(nbr+1));\n			}\n			</script>\n			</div>'),(1953,9,'<div id=\"wrap_id_advice_730\" >\n		<section id=\"0_videotraining_businesstech\" class=\"panel \" style=\"display:none\">\n			<header class=\"panel-heading\">\n				<span class=\"icon-lightbulb\"></span> Conseil du jour</header>\n			<div class=\"panel-body\" style=\"padding:0\">\n				<img class=\"img-responsive\" src=\"https://api.prestashop.com/partner/tipsoftheday/img/logo-videotraining_businesstech.png\" style=\"float:right; margin-left: 5px;\">\n				<img src=\"https://gamification.prestashop.com/api/getAdviceImg/730.png\"/>\n				<p><b>4 étapes simples pour optimiser les performances de sa boutique en ligne</b></p>\n				<p>Découvrez comment analyser et optimiser votre boutique en ligne en quatre étapes simples avec cette courte vidéo de Business Tech, expert PrestaShop.</p>\n				<span class=\"text-right\" style=\"float:right\">\n					<a class=\"btn btn-default\" target=\"_blank\" href=\"https://gamification.prestashop.com/get_advice_link.php?id_advice=730&url=https%3A%2F%2Fwww.youtube.com%2Fwatch%3Fv%3D0acJfI8fn-0%3Futm_source%3Dback+office%26utm_medium%3Dtipoftheday%26utm_campaign%3DYoutube-launch%26utm_content%3Dkpi\">Visionner la vidéo</a>\n				</span>\n			</div>\n		</section>\n			<script>\n			$(document).ready( function () {\n				$(\'#\'+rand(0)+\'_videotraining_businesstech\').show();\n			});\n\n			function rand(nbr){\n			   return Math.floor(Math.random()*(nbr+1));\n			}\n			</script>\n			</div>'),(1954,1,'<div id=\"wrap_id_advice_731\" >\n		<section id=\"0_videotraining_enverguredigital\" class=\"panel \" style=\"display:none\">\n			<header class=\"panel-heading\">\n				<span class=\"icon-lightbulb\"></span> Conseil du jour</header>\n			<div class=\"panel-body\" style=\"padding:0\">\n				<img class=\"img-responsive\" src=\"https://api.prestashop.com/partner/tipsoftheday/img/logo-videotraining_enverguredigital.png\" style=\"float:right; margin-left: 5px;\">\n				<img src=\"https://gamification.prestashop.com/api/getAdviceImg/731.png\"/>\n				<p><b>12 astuces essentielles pour créer une fiche produit efficace</b></p>\n				<p>Apprenez à créer une page produit efficace pour stimuler vos ventes avec cette courte vidéo d\'Envergure Digitale, expert PrestaShop.</p>\n				<span class=\"text-right\" style=\"float:right\">\n					<a class=\"btn btn-default\" target=\"_blank\" href=\"https://gamification.prestashop.com/get_advice_link.php?id_advice=731&url=https%3A%2F%2Fwww.youtube.com%2Fwatch%3Fv%3D5k3ZdPo00KY%3Futm_source%3Dback+office%26utm_medium%3Dtipoftheday%26utm_campaign%3DYoutube-launch%26utm_content%3Dproduct\">Visionner la vidéo</a>\n				</span>\n			</div>\n		</section>\n			<script>\n			$(document).ready( function () {\n				$(\'#\'+rand(0)+\'_videotraining_enverguredigital\').show();\n			});\n\n			function rand(nbr){\n			   return Math.floor(Math.random()*(nbr+1));\n			}\n			</script>\n			</div>'),(1954,2,'<div id=\"wrap_id_advice_731\" >\n		<section id=\"0_videotraining_enverguredigital\" class=\"panel \" style=\"display:none\">\n			<header class=\"panel-heading\">\n				<span class=\"icon-lightbulb\"></span> Conseil du jour</header>\n			<div class=\"panel-body\" style=\"padding:0\">\n				<img class=\"img-responsive\" src=\"https://api.prestashop.com/partner/tipsoftheday/img/logo-videotraining_enverguredigital.png\" style=\"float:right; margin-left: 5px;\">\n				<img src=\"https://gamification.prestashop.com/api/getAdviceImg/731.png\"/>\n				<p><b>12 astuces essentielles pour créer une fiche produit efficace</b></p>\n				<p>Apprenez à créer une page produit efficace pour stimuler vos ventes avec cette courte vidéo d\'Envergure Digitale, expert PrestaShop.</p>\n				<span class=\"text-right\" style=\"float:right\">\n					<a class=\"btn btn-default\" target=\"_blank\" href=\"https://gamification.prestashop.com/get_advice_link.php?id_advice=731&url=https%3A%2F%2Fwww.youtube.com%2Fwatch%3Fv%3D5k3ZdPo00KY%3Futm_source%3Dback+office%26utm_medium%3Dtipoftheday%26utm_campaign%3DYoutube-launch%26utm_content%3Dproduct\">Visionner la vidéo</a>\n				</span>\n			</div>\n		</section>\n			<script>\n			$(document).ready( function () {\n				$(\'#\'+rand(0)+\'_videotraining_enverguredigital\').show();\n			});\n\n			function rand(nbr){\n			   return Math.floor(Math.random()*(nbr+1));\n			}\n			</script>\n			</div>'),(1954,3,'<div id=\"wrap_id_advice_731\" >\n		<section id=\"0_videotraining_enverguredigital\" class=\"panel \" style=\"display:none\">\n			<header class=\"panel-heading\">\n				<span class=\"icon-lightbulb\"></span> Conseil du jour</header>\n			<div class=\"panel-body\" style=\"padding:0\">\n				<img class=\"img-responsive\" src=\"https://api.prestashop.com/partner/tipsoftheday/img/logo-videotraining_enverguredigital.png\" style=\"float:right; margin-left: 5px;\">\n				<img src=\"https://gamification.prestashop.com/api/getAdviceImg/731.png\"/>\n				<p><b>12 astuces essentielles pour créer une fiche produit efficace</b></p>\n				<p>Apprenez à créer une page produit efficace pour stimuler vos ventes avec cette courte vidéo d\'Envergure Digitale, expert PrestaShop.</p>\n				<span class=\"text-right\" style=\"float:right\">\n					<a class=\"btn btn-default\" target=\"_blank\" href=\"https://gamification.prestashop.com/get_advice_link.php?id_advice=731&url=https%3A%2F%2Fwww.youtube.com%2Fwatch%3Fv%3D5k3ZdPo00KY%3Futm_source%3Dback+office%26utm_medium%3Dtipoftheday%26utm_campaign%3DYoutube-launch%26utm_content%3Dproduct\">Visionner la vidéo</a>\n				</span>\n			</div>\n		</section>\n			<script>\n			$(document).ready( function () {\n				$(\'#\'+rand(0)+\'_videotraining_enverguredigital\').show();\n			});\n\n			function rand(nbr){\n			   return Math.floor(Math.random()*(nbr+1));\n			}\n			</script>\n			</div>'),(1954,4,'<div id=\"wrap_id_advice_731\" >\n		<section id=\"0_videotraining_enverguredigital\" class=\"panel \" style=\"display:none\">\n			<header class=\"panel-heading\">\n				<span class=\"icon-lightbulb\"></span> Conseil du jour</header>\n			<div class=\"panel-body\" style=\"padding:0\">\n				<img class=\"img-responsive\" src=\"https://api.prestashop.com/partner/tipsoftheday/img/logo-videotraining_enverguredigital.png\" style=\"float:right; margin-left: 5px;\">\n				<img src=\"https://gamification.prestashop.com/api/getAdviceImg/731.png\"/>\n				<p><b>12 astuces essentielles pour créer une fiche produit efficace</b></p>\n				<p>Apprenez à créer une page produit efficace pour stimuler vos ventes avec cette courte vidéo d\'Envergure Digitale, expert PrestaShop.</p>\n				<span class=\"text-right\" style=\"float:right\">\n					<a class=\"btn btn-default\" target=\"_blank\" href=\"https://gamification.prestashop.com/get_advice_link.php?id_advice=731&url=https%3A%2F%2Fwww.youtube.com%2Fwatch%3Fv%3D5k3ZdPo00KY%3Futm_source%3Dback+office%26utm_medium%3Dtipoftheday%26utm_campaign%3DYoutube-launch%26utm_content%3Dproduct\">Visionner la vidéo</a>\n				</span>\n			</div>\n		</section>\n			<script>\n			$(document).ready( function () {\n				$(\'#\'+rand(0)+\'_videotraining_enverguredigital\').show();\n			});\n\n			function rand(nbr){\n			   return Math.floor(Math.random()*(nbr+1));\n			}\n			</script>\n			</div>'),(1954,5,'<div id=\"wrap_id_advice_731\" >\n		<section id=\"0_videotraining_enverguredigital\" class=\"panel \" style=\"display:none\">\n			<header class=\"panel-heading\">\n				<span class=\"icon-lightbulb\"></span> Conseil du jour</header>\n			<div class=\"panel-body\" style=\"padding:0\">\n				<img class=\"img-responsive\" src=\"https://api.prestashop.com/partner/tipsoftheday/img/logo-videotraining_enverguredigital.png\" style=\"float:right; margin-left: 5px;\">\n				<img src=\"https://gamification.prestashop.com/api/getAdviceImg/731.png\"/>\n				<p><b>12 astuces essentielles pour créer une fiche produit efficace</b></p>\n				<p>Apprenez à créer une page produit efficace pour stimuler vos ventes avec cette courte vidéo d\'Envergure Digitale, expert PrestaShop.</p>\n				<span class=\"text-right\" style=\"float:right\">\n					<a class=\"btn btn-default\" target=\"_blank\" href=\"https://gamification.prestashop.com/get_advice_link.php?id_advice=731&url=https%3A%2F%2Fwww.youtube.com%2Fwatch%3Fv%3D5k3ZdPo00KY%3Futm_source%3Dback+office%26utm_medium%3Dtipoftheday%26utm_campaign%3DYoutube-launch%26utm_content%3Dproduct\">Visionner la vidéo</a>\n				</span>\n			</div>\n		</section>\n			<script>\n			$(document).ready( function () {\n				$(\'#\'+rand(0)+\'_videotraining_enverguredigital\').show();\n			});\n\n			function rand(nbr){\n			   return Math.floor(Math.random()*(nbr+1));\n			}\n			</script>\n			</div>'),(1954,6,'<div id=\"wrap_id_advice_731\" >\n		<section id=\"0_videotraining_enverguredigital\" class=\"panel \" style=\"display:none\">\n			<header class=\"panel-heading\">\n				<span class=\"icon-lightbulb\"></span> Conseil du jour</header>\n			<div class=\"panel-body\" style=\"padding:0\">\n				<img class=\"img-responsive\" src=\"https://api.prestashop.com/partner/tipsoftheday/img/logo-videotraining_enverguredigital.png\" style=\"float:right; margin-left: 5px;\">\n				<img src=\"https://gamification.prestashop.com/api/getAdviceImg/731.png\"/>\n				<p><b>12 astuces essentielles pour créer une fiche produit efficace</b></p>\n				<p>Apprenez à créer une page produit efficace pour stimuler vos ventes avec cette courte vidéo d\'Envergure Digitale, expert PrestaShop.</p>\n				<span class=\"text-right\" style=\"float:right\">\n					<a class=\"btn btn-default\" target=\"_blank\" href=\"https://gamification.prestashop.com/get_advice_link.php?id_advice=731&url=https%3A%2F%2Fwww.youtube.com%2Fwatch%3Fv%3D5k3ZdPo00KY%3Futm_source%3Dback+office%26utm_medium%3Dtipoftheday%26utm_campaign%3DYoutube-launch%26utm_content%3Dproduct\">Visionner la vidéo</a>\n				</span>\n			</div>\n		</section>\n			<script>\n			$(document).ready( function () {\n				$(\'#\'+rand(0)+\'_videotraining_enverguredigital\').show();\n			});\n\n			function rand(nbr){\n			   return Math.floor(Math.random()*(nbr+1));\n			}\n			</script>\n			</div>'),(1954,7,'<div id=\"wrap_id_advice_731\" >\n		<section id=\"0_videotraining_enverguredigital\" class=\"panel \" style=\"display:none\">\n			<header class=\"panel-heading\">\n				<span class=\"icon-lightbulb\"></span> Conseil du jour</header>\n			<div class=\"panel-body\" style=\"padding:0\">\n				<img class=\"img-responsive\" src=\"https://api.prestashop.com/partner/tipsoftheday/img/logo-videotraining_enverguredigital.png\" style=\"float:right; margin-left: 5px;\">\n				<img src=\"https://gamification.prestashop.com/api/getAdviceImg/731.png\"/>\n				<p><b>12 astuces essentielles pour créer une fiche produit efficace</b></p>\n				<p>Apprenez à créer une page produit efficace pour stimuler vos ventes avec cette courte vidéo d\'Envergure Digitale, expert PrestaShop.</p>\n				<span class=\"text-right\" style=\"float:right\">\n					<a class=\"btn btn-default\" target=\"_blank\" href=\"https://gamification.prestashop.com/get_advice_link.php?id_advice=731&url=https%3A%2F%2Fwww.youtube.com%2Fwatch%3Fv%3D5k3ZdPo00KY%3Futm_source%3Dback+office%26utm_medium%3Dtipoftheday%26utm_campaign%3DYoutube-launch%26utm_content%3Dproduct\">Visionner la vidéo</a>\n				</span>\n			</div>\n		</section>\n			<script>\n			$(document).ready( function () {\n				$(\'#\'+rand(0)+\'_videotraining_enverguredigital\').show();\n			});\n\n			function rand(nbr){\n			   return Math.floor(Math.random()*(nbr+1));\n			}\n			</script>\n			</div>'),(1954,8,'<div id=\"wrap_id_advice_731\" >\n		<section id=\"0_videotraining_enverguredigital\" class=\"panel \" style=\"display:none\">\n			<header class=\"panel-heading\">\n				<span class=\"icon-lightbulb\"></span> Conseil du jour</header>\n			<div class=\"panel-body\" style=\"padding:0\">\n				<img class=\"img-responsive\" src=\"https://api.prestashop.com/partner/tipsoftheday/img/logo-videotraining_enverguredigital.png\" style=\"float:right; margin-left: 5px;\">\n				<img src=\"https://gamification.prestashop.com/api/getAdviceImg/731.png\"/>\n				<p><b>12 astuces essentielles pour créer une fiche produit efficace</b></p>\n				<p>Apprenez à créer une page produit efficace pour stimuler vos ventes avec cette courte vidéo d\'Envergure Digitale, expert PrestaShop.</p>\n				<span class=\"text-right\" style=\"float:right\">\n					<a class=\"btn btn-default\" target=\"_blank\" href=\"https://gamification.prestashop.com/get_advice_link.php?id_advice=731&url=https%3A%2F%2Fwww.youtube.com%2Fwatch%3Fv%3D5k3ZdPo00KY%3Futm_source%3Dback+office%26utm_medium%3Dtipoftheday%26utm_campaign%3DYoutube-launch%26utm_content%3Dproduct\">Visionner la vidéo</a>\n				</span>\n			</div>\n		</section>\n			<script>\n			$(document).ready( function () {\n				$(\'#\'+rand(0)+\'_videotraining_enverguredigital\').show();\n			});\n\n			function rand(nbr){\n			   return Math.floor(Math.random()*(nbr+1));\n			}\n			</script>\n			</div>'),(1954,9,'<div id=\"wrap_id_advice_731\" >\n		<section id=\"0_videotraining_enverguredigital\" class=\"panel \" style=\"display:none\">\n			<header class=\"panel-heading\">\n				<span class=\"icon-lightbulb\"></span> Conseil du jour</header>\n			<div class=\"panel-body\" style=\"padding:0\">\n				<img class=\"img-responsive\" src=\"https://api.prestashop.com/partner/tipsoftheday/img/logo-videotraining_enverguredigital.png\" style=\"float:right; margin-left: 5px;\">\n				<img src=\"https://gamification.prestashop.com/api/getAdviceImg/731.png\"/>\n				<p><b>12 astuces essentielles pour créer une fiche produit efficace</b></p>\n				<p>Apprenez à créer une page produit efficace pour stimuler vos ventes avec cette courte vidéo d\'Envergure Digitale, expert PrestaShop.</p>\n				<span class=\"text-right\" style=\"float:right\">\n					<a class=\"btn btn-default\" target=\"_blank\" href=\"https://gamification.prestashop.com/get_advice_link.php?id_advice=731&url=https%3A%2F%2Fwww.youtube.com%2Fwatch%3Fv%3D5k3ZdPo00KY%3Futm_source%3Dback+office%26utm_medium%3Dtipoftheday%26utm_campaign%3DYoutube-launch%26utm_content%3Dproduct\">Visionner la vidéo</a>\n				</span>\n			</div>\n		</section>\n			<script>\n			$(document).ready( function () {\n				$(\'#\'+rand(0)+\'_videotraining_enverguredigital\').show();\n			});\n\n			function rand(nbr){\n			   return Math.floor(Math.random()*(nbr+1));\n			}\n			</script>\n			</div>'),(1955,1,'<div id=\"wrap_id_advice_732\" >\n		<section id=\"0_videotraining_envoimoinscher\" class=\"panel \" style=\"display:none\">\n			<header class=\"panel-heading\">\n				<span class=\"icon-lightbulb\"></span> Conseil du jour</header>\n			<div class=\"panel-body\" style=\"padding:0\">\n				<img class=\"img-responsive\" src=\"https://api.prestashop.com/partner/tipsoftheday/img/logo-videotraining_envoimoinscher.png\" style=\"float:right; margin-left: 5px;\">\n				<img src=\"https://gamification.prestashop.com/api/getAdviceImg/732.png\"/>\n				<p><b>6 conseils pour construire une politique de livraison qui convertit et fidélise</b></p>\n				<p>Découvrez des astuces utiles pour créer une politique de livraison efficace avec cette courte vidéo de Envoismoinscher.com, qui vous aidera à attirer des clients et les fidéliser.</p>\n				<span class=\"text-right\" style=\"float:right\">\n					<a class=\"btn btn-default\" target=\"_blank\" href=\"https://gamification.prestashop.com/get_advice_link.php?id_advice=732&url=https%3A%2F%2Fwww.youtube.com%2Fwatch%3Fv%3DQhTU_eSrm7o%3Futm_source%3Dback+office%26utm_medium%3Dtipoftheday%26utm_campaign%3DYoutube-launch%26utm_content%3Dshipping\">Visionner la vidéo</a>\n				</span>\n			</div>\n		</section>\n			<script>\n			$(document).ready( function () {\n				$(\'#\'+rand(0)+\'_videotraining_envoimoinscher\').show();\n			});\n\n			function rand(nbr){\n			   return Math.floor(Math.random()*(nbr+1));\n			}\n			</script>\n			</div>'),(1955,2,'<div id=\"wrap_id_advice_732\" >\n		<section id=\"0_videotraining_envoimoinscher\" class=\"panel \" style=\"display:none\">\n			<header class=\"panel-heading\">\n				<span class=\"icon-lightbulb\"></span> Conseil du jour</header>\n			<div class=\"panel-body\" style=\"padding:0\">\n				<img class=\"img-responsive\" src=\"https://api.prestashop.com/partner/tipsoftheday/img/logo-videotraining_envoimoinscher.png\" style=\"float:right; margin-left: 5px;\">\n				<img src=\"https://gamification.prestashop.com/api/getAdviceImg/732.png\"/>\n				<p><b>6 conseils pour construire une politique de livraison qui convertit et fidélise</b></p>\n				<p>Découvrez des astuces utiles pour créer une politique de livraison efficace avec cette courte vidéo de Envoismoinscher.com, qui vous aidera à attirer des clients et les fidéliser.</p>\n				<span class=\"text-right\" style=\"float:right\">\n					<a class=\"btn btn-default\" target=\"_blank\" href=\"https://gamification.prestashop.com/get_advice_link.php?id_advice=732&url=https%3A%2F%2Fwww.youtube.com%2Fwatch%3Fv%3DQhTU_eSrm7o%3Futm_source%3Dback+office%26utm_medium%3Dtipoftheday%26utm_campaign%3DYoutube-launch%26utm_content%3Dshipping\">Visionner la vidéo</a>\n				</span>\n			</div>\n		</section>\n			<script>\n			$(document).ready( function () {\n				$(\'#\'+rand(0)+\'_videotraining_envoimoinscher\').show();\n			});\n\n			function rand(nbr){\n			   return Math.floor(Math.random()*(nbr+1));\n			}\n			</script>\n			</div>'),(1955,3,'<div id=\"wrap_id_advice_732\" >\n		<section id=\"0_videotraining_envoimoinscher\" class=\"panel \" style=\"display:none\">\n			<header class=\"panel-heading\">\n				<span class=\"icon-lightbulb\"></span> Conseil du jour</header>\n			<div class=\"panel-body\" style=\"padding:0\">\n				<img class=\"img-responsive\" src=\"https://api.prestashop.com/partner/tipsoftheday/img/logo-videotraining_envoimoinscher.png\" style=\"float:right; margin-left: 5px;\">\n				<img src=\"https://gamification.prestashop.com/api/getAdviceImg/732.png\"/>\n				<p><b>6 conseils pour construire une politique de livraison qui convertit et fidélise</b></p>\n				<p>Découvrez des astuces utiles pour créer une politique de livraison efficace avec cette courte vidéo de Envoismoinscher.com, qui vous aidera à attirer des clients et les fidéliser.</p>\n				<span class=\"text-right\" style=\"float:right\">\n					<a class=\"btn btn-default\" target=\"_blank\" href=\"https://gamification.prestashop.com/get_advice_link.php?id_advice=732&url=https%3A%2F%2Fwww.youtube.com%2Fwatch%3Fv%3DQhTU_eSrm7o%3Futm_source%3Dback+office%26utm_medium%3Dtipoftheday%26utm_campaign%3DYoutube-launch%26utm_content%3Dshipping\">Visionner la vidéo</a>\n				</span>\n			</div>\n		</section>\n			<script>\n			$(document).ready( function () {\n				$(\'#\'+rand(0)+\'_videotraining_envoimoinscher\').show();\n			});\n\n			function rand(nbr){\n			   return Math.floor(Math.random()*(nbr+1));\n			}\n			</script>\n			</div>'),(1955,4,'<div id=\"wrap_id_advice_732\" >\n		<section id=\"0_videotraining_envoimoinscher\" class=\"panel \" style=\"display:none\">\n			<header class=\"panel-heading\">\n				<span class=\"icon-lightbulb\"></span> Conseil du jour</header>\n			<div class=\"panel-body\" style=\"padding:0\">\n				<img class=\"img-responsive\" src=\"https://api.prestashop.com/partner/tipsoftheday/img/logo-videotraining_envoimoinscher.png\" style=\"float:right; margin-left: 5px;\">\n				<img src=\"https://gamification.prestashop.com/api/getAdviceImg/732.png\"/>\n				<p><b>6 conseils pour construire une politique de livraison qui convertit et fidélise</b></p>\n				<p>Découvrez des astuces utiles pour créer une politique de livraison efficace avec cette courte vidéo de Envoismoinscher.com, qui vous aidera à attirer des clients et les fidéliser.</p>\n				<span class=\"text-right\" style=\"float:right\">\n					<a class=\"btn btn-default\" target=\"_blank\" href=\"https://gamification.prestashop.com/get_advice_link.php?id_advice=732&url=https%3A%2F%2Fwww.youtube.com%2Fwatch%3Fv%3DQhTU_eSrm7o%3Futm_source%3Dback+office%26utm_medium%3Dtipoftheday%26utm_campaign%3DYoutube-launch%26utm_content%3Dshipping\">Visionner la vidéo</a>\n				</span>\n			</div>\n		</section>\n			<script>\n			$(document).ready( function () {\n				$(\'#\'+rand(0)+\'_videotraining_envoimoinscher\').show();\n			});\n\n			function rand(nbr){\n			   return Math.floor(Math.random()*(nbr+1));\n			}\n			</script>\n			</div>'),(1955,5,'<div id=\"wrap_id_advice_732\" >\n		<section id=\"0_videotraining_envoimoinscher\" class=\"panel \" style=\"display:none\">\n			<header class=\"panel-heading\">\n				<span class=\"icon-lightbulb\"></span> Conseil du jour</header>\n			<div class=\"panel-body\" style=\"padding:0\">\n				<img class=\"img-responsive\" src=\"https://api.prestashop.com/partner/tipsoftheday/img/logo-videotraining_envoimoinscher.png\" style=\"float:right; margin-left: 5px;\">\n				<img src=\"https://gamification.prestashop.com/api/getAdviceImg/732.png\"/>\n				<p><b>6 conseils pour construire une politique de livraison qui convertit et fidélise</b></p>\n				<p>Découvrez des astuces utiles pour créer une politique de livraison efficace avec cette courte vidéo de Envoismoinscher.com, qui vous aidera à attirer des clients et les fidéliser.</p>\n				<span class=\"text-right\" style=\"float:right\">\n					<a class=\"btn btn-default\" target=\"_blank\" href=\"https://gamification.prestashop.com/get_advice_link.php?id_advice=732&url=https%3A%2F%2Fwww.youtube.com%2Fwatch%3Fv%3DQhTU_eSrm7o%3Futm_source%3Dback+office%26utm_medium%3Dtipoftheday%26utm_campaign%3DYoutube-launch%26utm_content%3Dshipping\">Visionner la vidéo</a>\n				</span>\n			</div>\n		</section>\n			<script>\n			$(document).ready( function () {\n				$(\'#\'+rand(0)+\'_videotraining_envoimoinscher\').show();\n			});\n\n			function rand(nbr){\n			   return Math.floor(Math.random()*(nbr+1));\n			}\n			</script>\n			</div>'),(1955,6,'<div id=\"wrap_id_advice_732\" >\n		<section id=\"0_videotraining_envoimoinscher\" class=\"panel \" style=\"display:none\">\n			<header class=\"panel-heading\">\n				<span class=\"icon-lightbulb\"></span> Conseil du jour</header>\n			<div class=\"panel-body\" style=\"padding:0\">\n				<img class=\"img-responsive\" src=\"https://api.prestashop.com/partner/tipsoftheday/img/logo-videotraining_envoimoinscher.png\" style=\"float:right; margin-left: 5px;\">\n				<img src=\"https://gamification.prestashop.com/api/getAdviceImg/732.png\"/>\n				<p><b>6 conseils pour construire une politique de livraison qui convertit et fidélise</b></p>\n				<p>Découvrez des astuces utiles pour créer une politique de livraison efficace avec cette courte vidéo de Envoismoinscher.com, qui vous aidera à attirer des clients et les fidéliser.</p>\n				<span class=\"text-right\" style=\"float:right\">\n					<a class=\"btn btn-default\" target=\"_blank\" href=\"https://gamification.prestashop.com/get_advice_link.php?id_advice=732&url=https%3A%2F%2Fwww.youtube.com%2Fwatch%3Fv%3DQhTU_eSrm7o%3Futm_source%3Dback+office%26utm_medium%3Dtipoftheday%26utm_campaign%3DYoutube-launch%26utm_content%3Dshipping\">Visionner la vidéo</a>\n				</span>\n			</div>\n		</section>\n			<script>\n			$(document).ready( function () {\n				$(\'#\'+rand(0)+\'_videotraining_envoimoinscher\').show();\n			});\n\n			function rand(nbr){\n			   return Math.floor(Math.random()*(nbr+1));\n			}\n			</script>\n			</div>'),(1955,7,'<div id=\"wrap_id_advice_732\" >\n		<section id=\"0_videotraining_envoimoinscher\" class=\"panel \" style=\"display:none\">\n			<header class=\"panel-heading\">\n				<span class=\"icon-lightbulb\"></span> Conseil du jour</header>\n			<div class=\"panel-body\" style=\"padding:0\">\n				<img class=\"img-responsive\" src=\"https://api.prestashop.com/partner/tipsoftheday/img/logo-videotraining_envoimoinscher.png\" style=\"float:right; margin-left: 5px;\">\n				<img src=\"https://gamification.prestashop.com/api/getAdviceImg/732.png\"/>\n				<p><b>6 conseils pour construire une politique de livraison qui convertit et fidélise</b></p>\n				<p>Découvrez des astuces utiles pour créer une politique de livraison efficace avec cette courte vidéo de Envoismoinscher.com, qui vous aidera à attirer des clients et les fidéliser.</p>\n				<span class=\"text-right\" style=\"float:right\">\n					<a class=\"btn btn-default\" target=\"_blank\" href=\"https://gamification.prestashop.com/get_advice_link.php?id_advice=732&url=https%3A%2F%2Fwww.youtube.com%2Fwatch%3Fv%3DQhTU_eSrm7o%3Futm_source%3Dback+office%26utm_medium%3Dtipoftheday%26utm_campaign%3DYoutube-launch%26utm_content%3Dshipping\">Visionner la vidéo</a>\n				</span>\n			</div>\n		</section>\n			<script>\n			$(document).ready( function () {\n				$(\'#\'+rand(0)+\'_videotraining_envoimoinscher\').show();\n			});\n\n			function rand(nbr){\n			   return Math.floor(Math.random()*(nbr+1));\n			}\n			</script>\n			</div>'),(1955,8,'<div id=\"wrap_id_advice_732\" >\n		<section id=\"0_videotraining_envoimoinscher\" class=\"panel \" style=\"display:none\">\n			<header class=\"panel-heading\">\n				<span class=\"icon-lightbulb\"></span> Conseil du jour</header>\n			<div class=\"panel-body\" style=\"padding:0\">\n				<img class=\"img-responsive\" src=\"https://api.prestashop.com/partner/tipsoftheday/img/logo-videotraining_envoimoinscher.png\" style=\"float:right; margin-left: 5px;\">\n				<img src=\"https://gamification.prestashop.com/api/getAdviceImg/732.png\"/>\n				<p><b>6 conseils pour construire une politique de livraison qui convertit et fidélise</b></p>\n				<p>Découvrez des astuces utiles pour créer une politique de livraison efficace avec cette courte vidéo de Envoismoinscher.com, qui vous aidera à attirer des clients et les fidéliser.</p>\n				<span class=\"text-right\" style=\"float:right\">\n					<a class=\"btn btn-default\" target=\"_blank\" href=\"https://gamification.prestashop.com/get_advice_link.php?id_advice=732&url=https%3A%2F%2Fwww.youtube.com%2Fwatch%3Fv%3DQhTU_eSrm7o%3Futm_source%3Dback+office%26utm_medium%3Dtipoftheday%26utm_campaign%3DYoutube-launch%26utm_content%3Dshipping\">Visionner la vidéo</a>\n				</span>\n			</div>\n		</section>\n			<script>\n			$(document).ready( function () {\n				$(\'#\'+rand(0)+\'_videotraining_envoimoinscher\').show();\n			});\n\n			function rand(nbr){\n			   return Math.floor(Math.random()*(nbr+1));\n			}\n			</script>\n			</div>'),(1955,9,'<div id=\"wrap_id_advice_732\" >\n		<section id=\"0_videotraining_envoimoinscher\" class=\"panel \" style=\"display:none\">\n			<header class=\"panel-heading\">\n				<span class=\"icon-lightbulb\"></span> Conseil du jour</header>\n			<div class=\"panel-body\" style=\"padding:0\">\n				<img class=\"img-responsive\" src=\"https://api.prestashop.com/partner/tipsoftheday/img/logo-videotraining_envoimoinscher.png\" style=\"float:right; margin-left: 5px;\">\n				<img src=\"https://gamification.prestashop.com/api/getAdviceImg/732.png\"/>\n				<p><b>6 conseils pour construire une politique de livraison qui convertit et fidélise</b></p>\n				<p>Découvrez des astuces utiles pour créer une politique de livraison efficace avec cette courte vidéo de Envoismoinscher.com, qui vous aidera à attirer des clients et les fidéliser.</p>\n				<span class=\"text-right\" style=\"float:right\">\n					<a class=\"btn btn-default\" target=\"_blank\" href=\"https://gamification.prestashop.com/get_advice_link.php?id_advice=732&url=https%3A%2F%2Fwww.youtube.com%2Fwatch%3Fv%3DQhTU_eSrm7o%3Futm_source%3Dback+office%26utm_medium%3Dtipoftheday%26utm_campaign%3DYoutube-launch%26utm_content%3Dshipping\">Visionner la vidéo</a>\n				</span>\n			</div>\n		</section>\n			<script>\n			$(document).ready( function () {\n				$(\'#\'+rand(0)+\'_videotraining_envoimoinscher\').show();\n			});\n\n			function rand(nbr){\n			   return Math.floor(Math.random()*(nbr+1));\n			}\n			</script>\n			</div>'),(1956,1,'<div id=\"wrap_id_advice_733\" >\n		<section id=\"0_videotraining_milega\" class=\"panel \" style=\"display:none\">\n			<header class=\"panel-heading\">\n				<span class=\"icon-lightbulb\"></span> Conseil du jour</header>\n			<div class=\"panel-body\" style=\"padding:0\">\n				<img class=\"img-responsive\" src=\"https://api.prestashop.com/partner/tipsoftheday/img/logo-videotraining_milega.png\" style=\"float:right; margin-left: 5px;\">\n				<img src=\"https://gamification.prestashop.com/api/getAdviceImg/733.png\"/>\n				<p><b>4 étapes essentielles pour bien traduire son site e-commerce</b></p>\n				<p>Apprenez comment traduire le site de votre boutique en ligne en quatre étapes clés avec cette courte vidéo d\'e-Translation Agency, expert PrestaShop.</p>\n				<span class=\"text-right\" style=\"float:right\">\n					<a class=\"btn btn-default\" target=\"_blank\" href=\"https://gamification.prestashop.com/get_advice_link.php?id_advice=733&url=https%3A%2F%2Fwww.youtube.com%2Fwatch%3Fv%3DqX8mN-pLIks%3Futm_source%3Dback+office%26utm_medium%3Dtipoftheday%26utm_campaign%3DYoutube-launch%26utm_content%3Dtranslation\">Visionner la vidéo</a>\n				</span>\n			</div>\n		</section>\n			<script>\n			$(document).ready( function () {\n				$(\'#\'+rand(0)+\'_videotraining_milega\').show();\n			});\n\n			function rand(nbr){\n			   return Math.floor(Math.random()*(nbr+1));\n			}\n			</script>\n			</div>'),(1956,2,'<div id=\"wrap_id_advice_733\" >\n		<section id=\"0_videotraining_milega\" class=\"panel \" style=\"display:none\">\n			<header class=\"panel-heading\">\n				<span class=\"icon-lightbulb\"></span> Conseil du jour</header>\n			<div class=\"panel-body\" style=\"padding:0\">\n				<img class=\"img-responsive\" src=\"https://api.prestashop.com/partner/tipsoftheday/img/logo-videotraining_milega.png\" style=\"float:right; margin-left: 5px;\">\n				<img src=\"https://gamification.prestashop.com/api/getAdviceImg/733.png\"/>\n				<p><b>4 étapes essentielles pour bien traduire son site e-commerce</b></p>\n				<p>Apprenez comment traduire le site de votre boutique en ligne en quatre étapes clés avec cette courte vidéo d\'e-Translation Agency, expert PrestaShop.</p>\n				<span class=\"text-right\" style=\"float:right\">\n					<a class=\"btn btn-default\" target=\"_blank\" href=\"https://gamification.prestashop.com/get_advice_link.php?id_advice=733&url=https%3A%2F%2Fwww.youtube.com%2Fwatch%3Fv%3DqX8mN-pLIks%3Futm_source%3Dback+office%26utm_medium%3Dtipoftheday%26utm_campaign%3DYoutube-launch%26utm_content%3Dtranslation\">Visionner la vidéo</a>\n				</span>\n			</div>\n		</section>\n			<script>\n			$(document).ready( function () {\n				$(\'#\'+rand(0)+\'_videotraining_milega\').show();\n			});\n\n			function rand(nbr){\n			   return Math.floor(Math.random()*(nbr+1));\n			}\n			</script>\n			</div>'),(1956,3,'<div id=\"wrap_id_advice_733\" >\n		<section id=\"0_videotraining_milega\" class=\"panel \" style=\"display:none\">\n			<header class=\"panel-heading\">\n				<span class=\"icon-lightbulb\"></span> Conseil du jour</header>\n			<div class=\"panel-body\" style=\"padding:0\">\n				<img class=\"img-responsive\" src=\"https://api.prestashop.com/partner/tipsoftheday/img/logo-videotraining_milega.png\" style=\"float:right; margin-left: 5px;\">\n				<img src=\"https://gamification.prestashop.com/api/getAdviceImg/733.png\"/>\n				<p><b>4 étapes essentielles pour bien traduire son site e-commerce</b></p>\n				<p>Apprenez comment traduire le site de votre boutique en ligne en quatre étapes clés avec cette courte vidéo d\'e-Translation Agency, expert PrestaShop.</p>\n				<span class=\"text-right\" style=\"float:right\">\n					<a class=\"btn btn-default\" target=\"_blank\" href=\"https://gamification.prestashop.com/get_advice_link.php?id_advice=733&url=https%3A%2F%2Fwww.youtube.com%2Fwatch%3Fv%3DqX8mN-pLIks%3Futm_source%3Dback+office%26utm_medium%3Dtipoftheday%26utm_campaign%3DYoutube-launch%26utm_content%3Dtranslation\">Visionner la vidéo</a>\n				</span>\n			</div>\n		</section>\n			<script>\n			$(document).ready( function () {\n				$(\'#\'+rand(0)+\'_videotraining_milega\').show();\n			});\n\n			function rand(nbr){\n			   return Math.floor(Math.random()*(nbr+1));\n			}\n			</script>\n			</div>'),(1956,4,'<div id=\"wrap_id_advice_733\" >\n		<section id=\"0_videotraining_milega\" class=\"panel \" style=\"display:none\">\n			<header class=\"panel-heading\">\n				<span class=\"icon-lightbulb\"></span> Conseil du jour</header>\n			<div class=\"panel-body\" style=\"padding:0\">\n				<img class=\"img-responsive\" src=\"https://api.prestashop.com/partner/tipsoftheday/img/logo-videotraining_milega.png\" style=\"float:right; margin-left: 5px;\">\n				<img src=\"https://gamification.prestashop.com/api/getAdviceImg/733.png\"/>\n				<p><b>4 étapes essentielles pour bien traduire son site e-commerce</b></p>\n				<p>Apprenez comment traduire le site de votre boutique en ligne en quatre étapes clés avec cette courte vidéo d\'e-Translation Agency, expert PrestaShop.</p>\n				<span class=\"text-right\" style=\"float:right\">\n					<a class=\"btn btn-default\" target=\"_blank\" href=\"https://gamification.prestashop.com/get_advice_link.php?id_advice=733&url=https%3A%2F%2Fwww.youtube.com%2Fwatch%3Fv%3DqX8mN-pLIks%3Futm_source%3Dback+office%26utm_medium%3Dtipoftheday%26utm_campaign%3DYoutube-launch%26utm_content%3Dtranslation\">Visionner la vidéo</a>\n				</span>\n			</div>\n		</section>\n			<script>\n			$(document).ready( function () {\n				$(\'#\'+rand(0)+\'_videotraining_milega\').show();\n			});\n\n			function rand(nbr){\n			   return Math.floor(Math.random()*(nbr+1));\n			}\n			</script>\n			</div>'),(1956,5,'<div id=\"wrap_id_advice_733\" >\n		<section id=\"0_videotraining_milega\" class=\"panel \" style=\"display:none\">\n			<header class=\"panel-heading\">\n				<span class=\"icon-lightbulb\"></span> Conseil du jour</header>\n			<div class=\"panel-body\" style=\"padding:0\">\n				<img class=\"img-responsive\" src=\"https://api.prestashop.com/partner/tipsoftheday/img/logo-videotraining_milega.png\" style=\"float:right; margin-left: 5px;\">\n				<img src=\"https://gamification.prestashop.com/api/getAdviceImg/733.png\"/>\n				<p><b>4 étapes essentielles pour bien traduire son site e-commerce</b></p>\n				<p>Apprenez comment traduire le site de votre boutique en ligne en quatre étapes clés avec cette courte vidéo d\'e-Translation Agency, expert PrestaShop.</p>\n				<span class=\"text-right\" style=\"float:right\">\n					<a class=\"btn btn-default\" target=\"_blank\" href=\"https://gamification.prestashop.com/get_advice_link.php?id_advice=733&url=https%3A%2F%2Fwww.youtube.com%2Fwatch%3Fv%3DqX8mN-pLIks%3Futm_source%3Dback+office%26utm_medium%3Dtipoftheday%26utm_campaign%3DYoutube-launch%26utm_content%3Dtranslation\">Visionner la vidéo</a>\n				</span>\n			</div>\n		</section>\n			<script>\n			$(document).ready( function () {\n				$(\'#\'+rand(0)+\'_videotraining_milega\').show();\n			});\n\n			function rand(nbr){\n			   return Math.floor(Math.random()*(nbr+1));\n			}\n			</script>\n			</div>'),(1956,6,'<div id=\"wrap_id_advice_733\" >\n		<section id=\"0_videotraining_milega\" class=\"panel \" style=\"display:none\">\n			<header class=\"panel-heading\">\n				<span class=\"icon-lightbulb\"></span> Conseil du jour</header>\n			<div class=\"panel-body\" style=\"padding:0\">\n				<img class=\"img-responsive\" src=\"https://api.prestashop.com/partner/tipsoftheday/img/logo-videotraining_milega.png\" style=\"float:right; margin-left: 5px;\">\n				<img src=\"https://gamification.prestashop.com/api/getAdviceImg/733.png\"/>\n				<p><b>4 étapes essentielles pour bien traduire son site e-commerce</b></p>\n				<p>Apprenez comment traduire le site de votre boutique en ligne en quatre étapes clés avec cette courte vidéo d\'e-Translation Agency, expert PrestaShop.</p>\n				<span class=\"text-right\" style=\"float:right\">\n					<a class=\"btn btn-default\" target=\"_blank\" href=\"https://gamification.prestashop.com/get_advice_link.php?id_advice=733&url=https%3A%2F%2Fwww.youtube.com%2Fwatch%3Fv%3DqX8mN-pLIks%3Futm_source%3Dback+office%26utm_medium%3Dtipoftheday%26utm_campaign%3DYoutube-launch%26utm_content%3Dtranslation\">Visionner la vidéo</a>\n				</span>\n			</div>\n		</section>\n			<script>\n			$(document).ready( function () {\n				$(\'#\'+rand(0)+\'_videotraining_milega\').show();\n			});\n\n			function rand(nbr){\n			   return Math.floor(Math.random()*(nbr+1));\n			}\n			</script>\n			</div>'),(1956,7,'<div id=\"wrap_id_advice_733\" >\n		<section id=\"0_videotraining_milega\" class=\"panel \" style=\"display:none\">\n			<header class=\"panel-heading\">\n				<span class=\"icon-lightbulb\"></span> Conseil du jour</header>\n			<div class=\"panel-body\" style=\"padding:0\">\n				<img class=\"img-responsive\" src=\"https://api.prestashop.com/partner/tipsoftheday/img/logo-videotraining_milega.png\" style=\"float:right; margin-left: 5px;\">\n				<img src=\"https://gamification.prestashop.com/api/getAdviceImg/733.png\"/>\n				<p><b>4 étapes essentielles pour bien traduire son site e-commerce</b></p>\n				<p>Apprenez comment traduire le site de votre boutique en ligne en quatre étapes clés avec cette courte vidéo d\'e-Translation Agency, expert PrestaShop.</p>\n				<span class=\"text-right\" style=\"float:right\">\n					<a class=\"btn btn-default\" target=\"_blank\" href=\"https://gamification.prestashop.com/get_advice_link.php?id_advice=733&url=https%3A%2F%2Fwww.youtube.com%2Fwatch%3Fv%3DqX8mN-pLIks%3Futm_source%3Dback+office%26utm_medium%3Dtipoftheday%26utm_campaign%3DYoutube-launch%26utm_content%3Dtranslation\">Visionner la vidéo</a>\n				</span>\n			</div>\n		</section>\n			<script>\n			$(document).ready( function () {\n				$(\'#\'+rand(0)+\'_videotraining_milega\').show();\n			});\n\n			function rand(nbr){\n			   return Math.floor(Math.random()*(nbr+1));\n			}\n			</script>\n			</div>'),(1956,8,'<div id=\"wrap_id_advice_733\" >\n		<section id=\"0_videotraining_milega\" class=\"panel \" style=\"display:none\">\n			<header class=\"panel-heading\">\n				<span class=\"icon-lightbulb\"></span> Conseil du jour</header>\n			<div class=\"panel-body\" style=\"padding:0\">\n				<img class=\"img-responsive\" src=\"https://api.prestashop.com/partner/tipsoftheday/img/logo-videotraining_milega.png\" style=\"float:right; margin-left: 5px;\">\n				<img src=\"https://gamification.prestashop.com/api/getAdviceImg/733.png\"/>\n				<p><b>4 étapes essentielles pour bien traduire son site e-commerce</b></p>\n				<p>Apprenez comment traduire le site de votre boutique en ligne en quatre étapes clés avec cette courte vidéo d\'e-Translation Agency, expert PrestaShop.</p>\n				<span class=\"text-right\" style=\"float:right\">\n					<a class=\"btn btn-default\" target=\"_blank\" href=\"https://gamification.prestashop.com/get_advice_link.php?id_advice=733&url=https%3A%2F%2Fwww.youtube.com%2Fwatch%3Fv%3DqX8mN-pLIks%3Futm_source%3Dback+office%26utm_medium%3Dtipoftheday%26utm_campaign%3DYoutube-launch%26utm_content%3Dtranslation\">Visionner la vidéo</a>\n				</span>\n			</div>\n		</section>\n			<script>\n			$(document).ready( function () {\n				$(\'#\'+rand(0)+\'_videotraining_milega\').show();\n			});\n\n			function rand(nbr){\n			   return Math.floor(Math.random()*(nbr+1));\n			}\n			</script>\n			</div>'),(1956,9,'<div id=\"wrap_id_advice_733\" >\n		<section id=\"0_videotraining_milega\" class=\"panel \" style=\"display:none\">\n			<header class=\"panel-heading\">\n				<span class=\"icon-lightbulb\"></span> Conseil du jour</header>\n			<div class=\"panel-body\" style=\"padding:0\">\n				<img class=\"img-responsive\" src=\"https://api.prestashop.com/partner/tipsoftheday/img/logo-videotraining_milega.png\" style=\"float:right; margin-left: 5px;\">\n				<img src=\"https://gamification.prestashop.com/api/getAdviceImg/733.png\"/>\n				<p><b>4 étapes essentielles pour bien traduire son site e-commerce</b></p>\n				<p>Apprenez comment traduire le site de votre boutique en ligne en quatre étapes clés avec cette courte vidéo d\'e-Translation Agency, expert PrestaShop.</p>\n				<span class=\"text-right\" style=\"float:right\">\n					<a class=\"btn btn-default\" target=\"_blank\" href=\"https://gamification.prestashop.com/get_advice_link.php?id_advice=733&url=https%3A%2F%2Fwww.youtube.com%2Fwatch%3Fv%3DqX8mN-pLIks%3Futm_source%3Dback+office%26utm_medium%3Dtipoftheday%26utm_campaign%3DYoutube-launch%26utm_content%3Dtranslation\">Visionner la vidéo</a>\n				</span>\n			</div>\n		</section>\n			<script>\n			$(document).ready( function () {\n				$(\'#\'+rand(0)+\'_videotraining_milega\').show();\n			});\n\n			function rand(nbr){\n			   return Math.floor(Math.random()*(nbr+1));\n			}\n			</script>\n			</div>'),(1957,1,'<div id=\"wrap_id_advice_734\" >\n		<section id=\"0_videotraining_prestashop\" class=\"panel \" style=\"display:none\">\n			<header class=\"panel-heading\">\n				<span class=\"icon-lightbulb\"></span> Conseil du jour</header>\n			<div class=\"panel-body\" style=\"padding:0\">\n				<img class=\"img-responsive\" src=\"https://api.prestashop.com/partner/tipsoftheday/img/logo-videotraining_prestashop.png\" style=\"float:right; margin-left: 5px;\">\n				<img src=\"https://gamification.prestashop.com/api/getAdviceImg/734.png\"/>\n				<p><b>4 pièges à éviter quand vous lancez votre projet Ecommerce</b></p>\n				<p>Apprenez à éviter les quatre erreurs les plus communes lors de la préparation d\'un projet de boutique en ligne avec cette courte vidéo basée sur les expériences des commerçants PrestaShop.</p>\n				<span class=\"text-right\" style=\"float:right\">\n					<a class=\"btn btn-default\" target=\"_blank\" href=\"https://gamification.prestashop.com/get_advice_link.php?id_advice=734&url=https%3A%2F%2Fwww.youtube.com%2Fwatch%3Fv%3D7u56FJfAGSQ%3Futm_source%3Dback+office%26utm_medium%3Dtipoftheday%26utm_campaign%3DYoutube-launch%26utm_content%3Dentrepreneur\">Visionner la vidéo</a>\n				</span>\n			</div>\n		</section>\n			<script>\n			$(document).ready( function () {\n				$(\'#\'+rand(0)+\'_videotraining_prestashop\').show();\n			});\n\n			function rand(nbr){\n			   return Math.floor(Math.random()*(nbr+1));\n			}\n			</script>\n			</div>'),(1957,2,'<div id=\"wrap_id_advice_734\" >\n		<section id=\"0_videotraining_prestashop\" class=\"panel \" style=\"display:none\">\n			<header class=\"panel-heading\">\n				<span class=\"icon-lightbulb\"></span> Conseil du jour</header>\n			<div class=\"panel-body\" style=\"padding:0\">\n				<img class=\"img-responsive\" src=\"https://api.prestashop.com/partner/tipsoftheday/img/logo-videotraining_prestashop.png\" style=\"float:right; margin-left: 5px;\">\n				<img src=\"https://gamification.prestashop.com/api/getAdviceImg/734.png\"/>\n				<p><b>4 pièges à éviter quand vous lancez votre projet Ecommerce</b></p>\n				<p>Apprenez à éviter les quatre erreurs les plus communes lors de la préparation d\'un projet de boutique en ligne avec cette courte vidéo basée sur les expériences des commerçants PrestaShop.</p>\n				<span class=\"text-right\" style=\"float:right\">\n					<a class=\"btn btn-default\" target=\"_blank\" href=\"https://gamification.prestashop.com/get_advice_link.php?id_advice=734&url=https%3A%2F%2Fwww.youtube.com%2Fwatch%3Fv%3D7u56FJfAGSQ%3Futm_source%3Dback+office%26utm_medium%3Dtipoftheday%26utm_campaign%3DYoutube-launch%26utm_content%3Dentrepreneur\">Visionner la vidéo</a>\n				</span>\n			</div>\n		</section>\n			<script>\n			$(document).ready( function () {\n				$(\'#\'+rand(0)+\'_videotraining_prestashop\').show();\n			});\n\n			function rand(nbr){\n			   return Math.floor(Math.random()*(nbr+1));\n			}\n			</script>\n			</div>'),(1957,3,'<div id=\"wrap_id_advice_734\" >\n		<section id=\"0_videotraining_prestashop\" class=\"panel \" style=\"display:none\">\n			<header class=\"panel-heading\">\n				<span class=\"icon-lightbulb\"></span> Conseil du jour</header>\n			<div class=\"panel-body\" style=\"padding:0\">\n				<img class=\"img-responsive\" src=\"https://api.prestashop.com/partner/tipsoftheday/img/logo-videotraining_prestashop.png\" style=\"float:right; margin-left: 5px;\">\n				<img src=\"https://gamification.prestashop.com/api/getAdviceImg/734.png\"/>\n				<p><b>4 pièges à éviter quand vous lancez votre projet Ecommerce</b></p>\n				<p>Apprenez à éviter les quatre erreurs les plus communes lors de la préparation d\'un projet de boutique en ligne avec cette courte vidéo basée sur les expériences des commerçants PrestaShop.</p>\n				<span class=\"text-right\" style=\"float:right\">\n					<a class=\"btn btn-default\" target=\"_blank\" href=\"https://gamification.prestashop.com/get_advice_link.php?id_advice=734&url=https%3A%2F%2Fwww.youtube.com%2Fwatch%3Fv%3D7u56FJfAGSQ%3Futm_source%3Dback+office%26utm_medium%3Dtipoftheday%26utm_campaign%3DYoutube-launch%26utm_content%3Dentrepreneur\">Visionner la vidéo</a>\n				</span>\n			</div>\n		</section>\n			<script>\n			$(document).ready( function () {\n				$(\'#\'+rand(0)+\'_videotraining_prestashop\').show();\n			});\n\n			function rand(nbr){\n			   return Math.floor(Math.random()*(nbr+1));\n			}\n			</script>\n			</div>'),(1957,4,'<div id=\"wrap_id_advice_734\" >\n		<section id=\"0_videotraining_prestashop\" class=\"panel \" style=\"display:none\">\n			<header class=\"panel-heading\">\n				<span class=\"icon-lightbulb\"></span> Conseil du jour</header>\n			<div class=\"panel-body\" style=\"padding:0\">\n				<img class=\"img-responsive\" src=\"https://api.prestashop.com/partner/tipsoftheday/img/logo-videotraining_prestashop.png\" style=\"float:right; margin-left: 5px;\">\n				<img src=\"https://gamification.prestashop.com/api/getAdviceImg/734.png\"/>\n				<p><b>4 pièges à éviter quand vous lancez votre projet Ecommerce</b></p>\n				<p>Apprenez à éviter les quatre erreurs les plus communes lors de la préparation d\'un projet de boutique en ligne avec cette courte vidéo basée sur les expériences des commerçants PrestaShop.</p>\n				<span class=\"text-right\" style=\"float:right\">\n					<a class=\"btn btn-default\" target=\"_blank\" href=\"https://gamification.prestashop.com/get_advice_link.php?id_advice=734&url=https%3A%2F%2Fwww.youtube.com%2Fwatch%3Fv%3D7u56FJfAGSQ%3Futm_source%3Dback+office%26utm_medium%3Dtipoftheday%26utm_campaign%3DYoutube-launch%26utm_content%3Dentrepreneur\">Visionner la vidéo</a>\n				</span>\n			</div>\n		</section>\n			<script>\n			$(document).ready( function () {\n				$(\'#\'+rand(0)+\'_videotraining_prestashop\').show();\n			});\n\n			function rand(nbr){\n			   return Math.floor(Math.random()*(nbr+1));\n			}\n			</script>\n			</div>'),(1957,5,'<div id=\"wrap_id_advice_734\" >\n		<section id=\"0_videotraining_prestashop\" class=\"panel \" style=\"display:none\">\n			<header class=\"panel-heading\">\n				<span class=\"icon-lightbulb\"></span> Conseil du jour</header>\n			<div class=\"panel-body\" style=\"padding:0\">\n				<img class=\"img-responsive\" src=\"https://api.prestashop.com/partner/tipsoftheday/img/logo-videotraining_prestashop.png\" style=\"float:right; margin-left: 5px;\">\n				<img src=\"https://gamification.prestashop.com/api/getAdviceImg/734.png\"/>\n				<p><b>4 pièges à éviter quand vous lancez votre projet Ecommerce</b></p>\n				<p>Apprenez à éviter les quatre erreurs les plus communes lors de la préparation d\'un projet de boutique en ligne avec cette courte vidéo basée sur les expériences des commerçants PrestaShop.</p>\n				<span class=\"text-right\" style=\"float:right\">\n					<a class=\"btn btn-default\" target=\"_blank\" href=\"https://gamification.prestashop.com/get_advice_link.php?id_advice=734&url=https%3A%2F%2Fwww.youtube.com%2Fwatch%3Fv%3D7u56FJfAGSQ%3Futm_source%3Dback+office%26utm_medium%3Dtipoftheday%26utm_campaign%3DYoutube-launch%26utm_content%3Dentrepreneur\">Visionner la vidéo</a>\n				</span>\n			</div>\n		</section>\n			<script>\n			$(document).ready( function () {\n				$(\'#\'+rand(0)+\'_videotraining_prestashop\').show();\n			});\n\n			function rand(nbr){\n			   return Math.floor(Math.random()*(nbr+1));\n			}\n			</script>\n			</div>'),(1957,6,'<div id=\"wrap_id_advice_734\" >\n		<section id=\"0_videotraining_prestashop\" class=\"panel \" style=\"display:none\">\n			<header class=\"panel-heading\">\n				<span class=\"icon-lightbulb\"></span> Conseil du jour</header>\n			<div class=\"panel-body\" style=\"padding:0\">\n				<img class=\"img-responsive\" src=\"https://api.prestashop.com/partner/tipsoftheday/img/logo-videotraining_prestashop.png\" style=\"float:right; margin-left: 5px;\">\n				<img src=\"https://gamification.prestashop.com/api/getAdviceImg/734.png\"/>\n				<p><b>4 pièges à éviter quand vous lancez votre projet Ecommerce</b></p>\n				<p>Apprenez à éviter les quatre erreurs les plus communes lors de la préparation d\'un projet de boutique en ligne avec cette courte vidéo basée sur les expériences des commerçants PrestaShop.</p>\n				<span class=\"text-right\" style=\"float:right\">\n					<a class=\"btn btn-default\" target=\"_blank\" href=\"https://gamification.prestashop.com/get_advice_link.php?id_advice=734&url=https%3A%2F%2Fwww.youtube.com%2Fwatch%3Fv%3D7u56FJfAGSQ%3Futm_source%3Dback+office%26utm_medium%3Dtipoftheday%26utm_campaign%3DYoutube-launch%26utm_content%3Dentrepreneur\">Visionner la vidéo</a>\n				</span>\n			</div>\n		</section>\n			<script>\n			$(document).ready( function () {\n				$(\'#\'+rand(0)+\'_videotraining_prestashop\').show();\n			});\n\n			function rand(nbr){\n			   return Math.floor(Math.random()*(nbr+1));\n			}\n			</script>\n			</div>'),(1957,7,'<div id=\"wrap_id_advice_734\" >\n		<section id=\"0_videotraining_prestashop\" class=\"panel \" style=\"display:none\">\n			<header class=\"panel-heading\">\n				<span class=\"icon-lightbulb\"></span> Conseil du jour</header>\n			<div class=\"panel-body\" style=\"padding:0\">\n				<img class=\"img-responsive\" src=\"https://api.prestashop.com/partner/tipsoftheday/img/logo-videotraining_prestashop.png\" style=\"float:right; margin-left: 5px;\">\n				<img src=\"https://gamification.prestashop.com/api/getAdviceImg/734.png\"/>\n				<p><b>4 pièges à éviter quand vous lancez votre projet Ecommerce</b></p>\n				<p>Apprenez à éviter les quatre erreurs les plus communes lors de la préparation d\'un projet de boutique en ligne avec cette courte vidéo basée sur les expériences des commerçants PrestaShop.</p>\n				<span class=\"text-right\" style=\"float:right\">\n					<a class=\"btn btn-default\" target=\"_blank\" href=\"https://gamification.prestashop.com/get_advice_link.php?id_advice=734&url=https%3A%2F%2Fwww.youtube.com%2Fwatch%3Fv%3D7u56FJfAGSQ%3Futm_source%3Dback+office%26utm_medium%3Dtipoftheday%26utm_campaign%3DYoutube-launch%26utm_content%3Dentrepreneur\">Visionner la vidéo</a>\n				</span>\n			</div>\n		</section>\n			<script>\n			$(document).ready( function () {\n				$(\'#\'+rand(0)+\'_videotraining_prestashop\').show();\n			});\n\n			function rand(nbr){\n			   return Math.floor(Math.random()*(nbr+1));\n			}\n			</script>\n			</div>'),(1957,8,'<div id=\"wrap_id_advice_734\" >\n		<section id=\"0_videotraining_prestashop\" class=\"panel \" style=\"display:none\">\n			<header class=\"panel-heading\">\n				<span class=\"icon-lightbulb\"></span> Conseil du jour</header>\n			<div class=\"panel-body\" style=\"padding:0\">\n				<img class=\"img-responsive\" src=\"https://api.prestashop.com/partner/tipsoftheday/img/logo-videotraining_prestashop.png\" style=\"float:right; margin-left: 5px;\">\n				<img src=\"https://gamification.prestashop.com/api/getAdviceImg/734.png\"/>\n				<p><b>4 pièges à éviter quand vous lancez votre projet Ecommerce</b></p>\n				<p>Apprenez à éviter les quatre erreurs les plus communes lors de la préparation d\'un projet de boutique en ligne avec cette courte vidéo basée sur les expériences des commerçants PrestaShop.</p>\n				<span class=\"text-right\" style=\"float:right\">\n					<a class=\"btn btn-default\" target=\"_blank\" href=\"https://gamification.prestashop.com/get_advice_link.php?id_advice=734&url=https%3A%2F%2Fwww.youtube.com%2Fwatch%3Fv%3D7u56FJfAGSQ%3Futm_source%3Dback+office%26utm_medium%3Dtipoftheday%26utm_campaign%3DYoutube-launch%26utm_content%3Dentrepreneur\">Visionner la vidéo</a>\n				</span>\n			</div>\n		</section>\n			<script>\n			$(document).ready( function () {\n				$(\'#\'+rand(0)+\'_videotraining_prestashop\').show();\n			});\n\n			function rand(nbr){\n			   return Math.floor(Math.random()*(nbr+1));\n			}\n			</script>\n			</div>'),(1957,9,'<div id=\"wrap_id_advice_734\" >\n		<section id=\"0_videotraining_prestashop\" class=\"panel \" style=\"display:none\">\n			<header class=\"panel-heading\">\n				<span class=\"icon-lightbulb\"></span> Conseil du jour</header>\n			<div class=\"panel-body\" style=\"padding:0\">\n				<img class=\"img-responsive\" src=\"https://api.prestashop.com/partner/tipsoftheday/img/logo-videotraining_prestashop.png\" style=\"float:right; margin-left: 5px;\">\n				<img src=\"https://gamification.prestashop.com/api/getAdviceImg/734.png\"/>\n				<p><b>4 pièges à éviter quand vous lancez votre projet Ecommerce</b></p>\n				<p>Apprenez à éviter les quatre erreurs les plus communes lors de la préparation d\'un projet de boutique en ligne avec cette courte vidéo basée sur les expériences des commerçants PrestaShop.</p>\n				<span class=\"text-right\" style=\"float:right\">\n					<a class=\"btn btn-default\" target=\"_blank\" href=\"https://gamification.prestashop.com/get_advice_link.php?id_advice=734&url=https%3A%2F%2Fwww.youtube.com%2Fwatch%3Fv%3D7u56FJfAGSQ%3Futm_source%3Dback+office%26utm_medium%3Dtipoftheday%26utm_campaign%3DYoutube-launch%26utm_content%3Dentrepreneur\">Visionner la vidéo</a>\n				</span>\n			</div>\n		</section>\n			<script>\n			$(document).ready( function () {\n				$(\'#\'+rand(0)+\'_videotraining_prestashop\').show();\n			});\n\n			function rand(nbr){\n			   return Math.floor(Math.random()*(nbr+1));\n			}\n			</script>\n			</div>'),(1958,1,'<div id=\"wrap_id_advice_735\" >\n		<section id=\"0_videotraining_suscribe\" class=\"panel \" style=\"display:none\">\n			<header class=\"panel-heading\">\n				<span class=\"icon-lightbulb\"></span> Conseil du jour</header>\n			<div class=\"panel-body\" style=\"padding:0\">\n				<img class=\"img-responsive\" src=\"https://api.prestashop.com/partner/tipsoftheday/img/logo-videotraining_suscribe.png\" style=\"float:right; margin-left: 5px;\">\n				<img src=\"https://gamification.prestashop.com/api/getAdviceImg/735.png\"/>\n				<p><b>Découvrez toutes nos vidéos sur l\'Ecommerce sur notre chaîne Youtube!</b></p>\n				<p>Abonnez-vous à la chaîne YouTube de PrestaShop pour bénéficier de conseils d\'experts en e-commerce, de témoignages de commerçants et de tutoriels PrestaShop !</p>\n				<span class=\"text-right\" style=\"float:right\">\n					<a class=\"btn btn-default\" target=\"_blank\" href=\"https://gamification.prestashop.com/get_advice_link.php?id_advice=735&url=https%3A%2F%2Fwww.youtube.com%2Fuser%2Fprestashop%3Futm_source%3Dback+office%26utm_medium%3Dtipoftheday%26utm_campaign%3DYoutube-launch%26utm_content%3Dlaunch\">S\'abonner</a>\n				</span>\n			</div>\n		</section>\n			<script>\n			$(document).ready( function () {\n				$(\'#\'+rand(0)+\'_videotraining_suscribe\').show();\n			});\n\n			function rand(nbr){\n			   return Math.floor(Math.random()*(nbr+1));\n			}\n			</script>\n			</div>'),(1958,2,'<div id=\"wrap_id_advice_735\" >\n		<section id=\"0_videotraining_suscribe\" class=\"panel \" style=\"display:none\">\n			<header class=\"panel-heading\">\n				<span class=\"icon-lightbulb\"></span> Conseil du jour</header>\n			<div class=\"panel-body\" style=\"padding:0\">\n				<img class=\"img-responsive\" src=\"https://api.prestashop.com/partner/tipsoftheday/img/logo-videotraining_suscribe.png\" style=\"float:right; margin-left: 5px;\">\n				<img src=\"https://gamification.prestashop.com/api/getAdviceImg/735.png\"/>\n				<p><b>Découvrez toutes nos vidéos sur l\'Ecommerce sur notre chaîne Youtube!</b></p>\n				<p>Abonnez-vous à la chaîne YouTube de PrestaShop pour bénéficier de conseils d\'experts en e-commerce, de témoignages de commerçants et de tutoriels PrestaShop !</p>\n				<span class=\"text-right\" style=\"float:right\">\n					<a class=\"btn btn-default\" target=\"_blank\" href=\"https://gamification.prestashop.com/get_advice_link.php?id_advice=735&url=https%3A%2F%2Fwww.youtube.com%2Fuser%2Fprestashop%3Futm_source%3Dback+office%26utm_medium%3Dtipoftheday%26utm_campaign%3DYoutube-launch%26utm_content%3Dlaunch\">S\'abonner</a>\n				</span>\n			</div>\n		</section>\n			<script>\n			$(document).ready( function () {\n				$(\'#\'+rand(0)+\'_videotraining_suscribe\').show();\n			});\n\n			function rand(nbr){\n			   return Math.floor(Math.random()*(nbr+1));\n			}\n			</script>\n			</div>'),(1958,3,'<div id=\"wrap_id_advice_735\" >\n		<section id=\"0_videotraining_suscribe\" class=\"panel \" style=\"display:none\">\n			<header class=\"panel-heading\">\n				<span class=\"icon-lightbulb\"></span> Conseil du jour</header>\n			<div class=\"panel-body\" style=\"padding:0\">\n				<img class=\"img-responsive\" src=\"https://api.prestashop.com/partner/tipsoftheday/img/logo-videotraining_suscribe.png\" style=\"float:right; margin-left: 5px;\">\n				<img src=\"https://gamification.prestashop.com/api/getAdviceImg/735.png\"/>\n				<p><b>Découvrez toutes nos vidéos sur l\'Ecommerce sur notre chaîne Youtube!</b></p>\n				<p>Abonnez-vous à la chaîne YouTube de PrestaShop pour bénéficier de conseils d\'experts en e-commerce, de témoignages de commerçants et de tutoriels PrestaShop !</p>\n				<span class=\"text-right\" style=\"float:right\">\n					<a class=\"btn btn-default\" target=\"_blank\" href=\"https://gamification.prestashop.com/get_advice_link.php?id_advice=735&url=https%3A%2F%2Fwww.youtube.com%2Fuser%2Fprestashop%3Futm_source%3Dback+office%26utm_medium%3Dtipoftheday%26utm_campaign%3DYoutube-launch%26utm_content%3Dlaunch\">S\'abonner</a>\n				</span>\n			</div>\n		</section>\n			<script>\n			$(document).ready( function () {\n				$(\'#\'+rand(0)+\'_videotraining_suscribe\').show();\n			});\n\n			function rand(nbr){\n			   return Math.floor(Math.random()*(nbr+1));\n			}\n			</script>\n			</div>'),(1958,4,'<div id=\"wrap_id_advice_735\" >\n		<section id=\"0_videotraining_suscribe\" class=\"panel \" style=\"display:none\">\n			<header class=\"panel-heading\">\n				<span class=\"icon-lightbulb\"></span> Conseil du jour</header>\n			<div class=\"panel-body\" style=\"padding:0\">\n				<img class=\"img-responsive\" src=\"https://api.prestashop.com/partner/tipsoftheday/img/logo-videotraining_suscribe.png\" style=\"float:right; margin-left: 5px;\">\n				<img src=\"https://gamification.prestashop.com/api/getAdviceImg/735.png\"/>\n				<p><b>Découvrez toutes nos vidéos sur l\'Ecommerce sur notre chaîne Youtube!</b></p>\n				<p>Abonnez-vous à la chaîne YouTube de PrestaShop pour bénéficier de conseils d\'experts en e-commerce, de témoignages de commerçants et de tutoriels PrestaShop !</p>\n				<span class=\"text-right\" style=\"float:right\">\n					<a class=\"btn btn-default\" target=\"_blank\" href=\"https://gamification.prestashop.com/get_advice_link.php?id_advice=735&url=https%3A%2F%2Fwww.youtube.com%2Fuser%2Fprestashop%3Futm_source%3Dback+office%26utm_medium%3Dtipoftheday%26utm_campaign%3DYoutube-launch%26utm_content%3Dlaunch\">S\'abonner</a>\n				</span>\n			</div>\n		</section>\n			<script>\n			$(document).ready( function () {\n				$(\'#\'+rand(0)+\'_videotraining_suscribe\').show();\n			});\n\n			function rand(nbr){\n			   return Math.floor(Math.random()*(nbr+1));\n			}\n			</script>\n			</div>'),(1958,5,'<div id=\"wrap_id_advice_735\" >\n		<section id=\"0_videotraining_suscribe\" class=\"panel \" style=\"display:none\">\n			<header class=\"panel-heading\">\n				<span class=\"icon-lightbulb\"></span> Conseil du jour</header>\n			<div class=\"panel-body\" style=\"padding:0\">\n				<img class=\"img-responsive\" src=\"https://api.prestashop.com/partner/tipsoftheday/img/logo-videotraining_suscribe.png\" style=\"float:right; margin-left: 5px;\">\n				<img src=\"https://gamification.prestashop.com/api/getAdviceImg/735.png\"/>\n				<p><b>Découvrez toutes nos vidéos sur l\'Ecommerce sur notre chaîne Youtube!</b></p>\n				<p>Abonnez-vous à la chaîne YouTube de PrestaShop pour bénéficier de conseils d\'experts en e-commerce, de témoignages de commerçants et de tutoriels PrestaShop !</p>\n				<span class=\"text-right\" style=\"float:right\">\n					<a class=\"btn btn-default\" target=\"_blank\" href=\"https://gamification.prestashop.com/get_advice_link.php?id_advice=735&url=https%3A%2F%2Fwww.youtube.com%2Fuser%2Fprestashop%3Futm_source%3Dback+office%26utm_medium%3Dtipoftheday%26utm_campaign%3DYoutube-launch%26utm_content%3Dlaunch\">S\'abonner</a>\n				</span>\n			</div>\n		</section>\n			<script>\n			$(document).ready( function () {\n				$(\'#\'+rand(0)+\'_videotraining_suscribe\').show();\n			});\n\n			function rand(nbr){\n			   return Math.floor(Math.random()*(nbr+1));\n			}\n			</script>\n			</div>'),(1958,6,'<div id=\"wrap_id_advice_735\" >\n		<section id=\"0_videotraining_suscribe\" class=\"panel \" style=\"display:none\">\n			<header class=\"panel-heading\">\n				<span class=\"icon-lightbulb\"></span> Conseil du jour</header>\n			<div class=\"panel-body\" style=\"padding:0\">\n				<img class=\"img-responsive\" src=\"https://api.prestashop.com/partner/tipsoftheday/img/logo-videotraining_suscribe.png\" style=\"float:right; margin-left: 5px;\">\n				<img src=\"https://gamification.prestashop.com/api/getAdviceImg/735.png\"/>\n				<p><b>Découvrez toutes nos vidéos sur l\'Ecommerce sur notre chaîne Youtube!</b></p>\n				<p>Abonnez-vous à la chaîne YouTube de PrestaShop pour bénéficier de conseils d\'experts en e-commerce, de témoignages de commerçants et de tutoriels PrestaShop !</p>\n				<span class=\"text-right\" style=\"float:right\">\n					<a class=\"btn btn-default\" target=\"_blank\" href=\"https://gamification.prestashop.com/get_advice_link.php?id_advice=735&url=https%3A%2F%2Fwww.youtube.com%2Fuser%2Fprestashop%3Futm_source%3Dback+office%26utm_medium%3Dtipoftheday%26utm_campaign%3DYoutube-launch%26utm_content%3Dlaunch\">S\'abonner</a>\n				</span>\n			</div>\n		</section>\n			<script>\n			$(document).ready( function () {\n				$(\'#\'+rand(0)+\'_videotraining_suscribe\').show();\n			});\n\n			function rand(nbr){\n			   return Math.floor(Math.random()*(nbr+1));\n			}\n			</script>\n			</div>'),(1958,7,'<div id=\"wrap_id_advice_735\" >\n		<section id=\"0_videotraining_suscribe\" class=\"panel \" style=\"display:none\">\n			<header class=\"panel-heading\">\n				<span class=\"icon-lightbulb\"></span> Conseil du jour</header>\n			<div class=\"panel-body\" style=\"padding:0\">\n				<img class=\"img-responsive\" src=\"https://api.prestashop.com/partner/tipsoftheday/img/logo-videotraining_suscribe.png\" style=\"float:right; margin-left: 5px;\">\n				<img src=\"https://gamification.prestashop.com/api/getAdviceImg/735.png\"/>\n				<p><b>Découvrez toutes nos vidéos sur l\'Ecommerce sur notre chaîne Youtube!</b></p>\n				<p>Abonnez-vous à la chaîne YouTube de PrestaShop pour bénéficier de conseils d\'experts en e-commerce, de témoignages de commerçants et de tutoriels PrestaShop !</p>\n				<span class=\"text-right\" style=\"float:right\">\n					<a class=\"btn btn-default\" target=\"_blank\" href=\"https://gamification.prestashop.com/get_advice_link.php?id_advice=735&url=https%3A%2F%2Fwww.youtube.com%2Fuser%2Fprestashop%3Futm_source%3Dback+office%26utm_medium%3Dtipoftheday%26utm_campaign%3DYoutube-launch%26utm_content%3Dlaunch\">S\'abonner</a>\n				</span>\n			</div>\n		</section>\n			<script>\n			$(document).ready( function () {\n				$(\'#\'+rand(0)+\'_videotraining_suscribe\').show();\n			});\n\n			function rand(nbr){\n			   return Math.floor(Math.random()*(nbr+1));\n			}\n			</script>\n			</div>'),(1958,8,'<div id=\"wrap_id_advice_735\" >\n		<section id=\"0_videotraining_suscribe\" class=\"panel \" style=\"display:none\">\n			<header class=\"panel-heading\">\n				<span class=\"icon-lightbulb\"></span> Conseil du jour</header>\n			<div class=\"panel-body\" style=\"padding:0\">\n				<img class=\"img-responsive\" src=\"https://api.prestashop.com/partner/tipsoftheday/img/logo-videotraining_suscribe.png\" style=\"float:right; margin-left: 5px;\">\n				<img src=\"https://gamification.prestashop.com/api/getAdviceImg/735.png\"/>\n				<p><b>Découvrez toutes nos vidéos sur l\'Ecommerce sur notre chaîne Youtube!</b></p>\n				<p>Abonnez-vous à la chaîne YouTube de PrestaShop pour bénéficier de conseils d\'experts en e-commerce, de témoignages de commerçants et de tutoriels PrestaShop !</p>\n				<span class=\"text-right\" style=\"float:right\">\n					<a class=\"btn btn-default\" target=\"_blank\" href=\"https://gamification.prestashop.com/get_advice_link.php?id_advice=735&url=https%3A%2F%2Fwww.youtube.com%2Fuser%2Fprestashop%3Futm_source%3Dback+office%26utm_medium%3Dtipoftheday%26utm_campaign%3DYoutube-launch%26utm_content%3Dlaunch\">S\'abonner</a>\n				</span>\n			</div>\n		</section>\n			<script>\n			$(document).ready( function () {\n				$(\'#\'+rand(0)+\'_videotraining_suscribe\').show();\n			});\n\n			function rand(nbr){\n			   return Math.floor(Math.random()*(nbr+1));\n			}\n			</script>\n			</div>'),(1958,9,'<div id=\"wrap_id_advice_735\" >\n		<section id=\"0_videotraining_suscribe\" class=\"panel \" style=\"display:none\">\n			<header class=\"panel-heading\">\n				<span class=\"icon-lightbulb\"></span> Conseil du jour</header>\n			<div class=\"panel-body\" style=\"padding:0\">\n				<img class=\"img-responsive\" src=\"https://api.prestashop.com/partner/tipsoftheday/img/logo-videotraining_suscribe.png\" style=\"float:right; margin-left: 5px;\">\n				<img src=\"https://gamification.prestashop.com/api/getAdviceImg/735.png\"/>\n				<p><b>Découvrez toutes nos vidéos sur l\'Ecommerce sur notre chaîne Youtube!</b></p>\n				<p>Abonnez-vous à la chaîne YouTube de PrestaShop pour bénéficier de conseils d\'experts en e-commerce, de témoignages de commerçants et de tutoriels PrestaShop !</p>\n				<span class=\"text-right\" style=\"float:right\">\n					<a class=\"btn btn-default\" target=\"_blank\" href=\"https://gamification.prestashop.com/get_advice_link.php?id_advice=735&url=https%3A%2F%2Fwww.youtube.com%2Fuser%2Fprestashop%3Futm_source%3Dback+office%26utm_medium%3Dtipoftheday%26utm_campaign%3DYoutube-launch%26utm_content%3Dlaunch\">S\'abonner</a>\n				</span>\n			</div>\n		</section>\n			<script>\n			$(document).ready( function () {\n				$(\'#\'+rand(0)+\'_videotraining_suscribe\').show();\n			});\n\n			function rand(nbr){\n			   return Math.floor(Math.random()*(nbr+1));\n			}\n			</script>\n			</div>'),(1959,1,'<div id=\"wrap_id_advice_737\" >\n	<div class=\"col-lg-6\">\n		<section id=\"\" class=\"panel panel-advice\">\n			<a href=\"#\" id=\"737\" class=\"close_link gamification_premium_close\">\n				<i class=\"icon-remove\"></i>\n			</a>\n			<span class=\"gamification-close-confirmation hide\">\n				Etes vous sur ?\n				<button class=\"btn btn-default btn-sm\" data-advice=\"delete\"><i class=\"icon-trash\"></i> Supprimer</button>\n				<button class=\"btn btn-default btn-sm\" data-advice=\"cancel\">Annuler</button>\n			</span>\n			<a class=\"preactivationLink row\" rel=\"oneandonehosting\" href=\"{link}AdminModules{/link}&install=oneandonehosting&module_name=oneandonehosting&redirectconfig\">\n				<img src=\"https://api.prestashop.com/partner/premium/images/oneandonehosting.png\" class=\"advice-img img-thumbnail\">\n				<img src=\"https://gamification.prestashop.com/api/getAdviceImg/737.png\"/ class=\"hide\">\n				<p class=\"advice-description\">Faites évoluer facilement vos projets e-commerce avec un espace serveur illimité<br/></p>\n			</a>\n		</section>\n	</div></div>'),(1959,2,'<div id=\"wrap_id_advice_737\" >\n	<div class=\"col-lg-6\">\n		<section id=\"\" class=\"panel panel-advice\">\n			<a href=\"#\" id=\"737\" class=\"close_link gamification_premium_close\">\n				<i class=\"icon-remove\"></i>\n			</a>\n			<span class=\"gamification-close-confirmation hide\">\n				Etes vous sur ?\n				<button class=\"btn btn-default btn-sm\" data-advice=\"delete\"><i class=\"icon-trash\"></i> Supprimer</button>\n				<button class=\"btn btn-default btn-sm\" data-advice=\"cancel\">Annuler</button>\n			</span>\n			<a class=\"preactivationLink row\" rel=\"oneandonehosting\" href=\"{link}AdminModules{/link}&install=oneandonehosting&module_name=oneandonehosting&redirectconfig\">\n				<img src=\"https://api.prestashop.com/partner/premium/images/oneandonehosting.png\" class=\"advice-img img-thumbnail\">\n				<img src=\"https://gamification.prestashop.com/api/getAdviceImg/737.png\"/ class=\"hide\">\n				<p class=\"advice-description\">Faites évoluer facilement vos projets e-commerce avec un espace serveur illimité<br/></p>\n			</a>\n		</section>\n	</div></div>'),(1959,3,'<div id=\"wrap_id_advice_737\" >\n	<div class=\"col-lg-6\">\n		<section id=\"\" class=\"panel panel-advice\">\n			<a href=\"#\" id=\"737\" class=\"close_link gamification_premium_close\">\n				<i class=\"icon-remove\"></i>\n			</a>\n			<span class=\"gamification-close-confirmation hide\">\n				Etes vous sur ?\n				<button class=\"btn btn-default btn-sm\" data-advice=\"delete\"><i class=\"icon-trash\"></i> Supprimer</button>\n				<button class=\"btn btn-default btn-sm\" data-advice=\"cancel\">Annuler</button>\n			</span>\n			<a class=\"preactivationLink row\" rel=\"oneandonehosting\" href=\"{link}AdminModules{/link}&install=oneandonehosting&module_name=oneandonehosting&redirectconfig\">\n				<img src=\"https://api.prestashop.com/partner/premium/images/oneandonehosting.png\" class=\"advice-img img-thumbnail\">\n				<img src=\"https://gamification.prestashop.com/api/getAdviceImg/737.png\"/ class=\"hide\">\n				<p class=\"advice-description\">Faites évoluer facilement vos projets e-commerce avec un espace serveur illimité<br/></p>\n			</a>\n		</section>\n	</div></div>'),(1959,4,'<div id=\"wrap_id_advice_737\" >\n	<div class=\"col-lg-6\">\n		<section id=\"\" class=\"panel panel-advice\">\n			<a href=\"#\" id=\"737\" class=\"close_link gamification_premium_close\">\n				<i class=\"icon-remove\"></i>\n			</a>\n			<span class=\"gamification-close-confirmation hide\">\n				Etes vous sur ?\n				<button class=\"btn btn-default btn-sm\" data-advice=\"delete\"><i class=\"icon-trash\"></i> Supprimer</button>\n				<button class=\"btn btn-default btn-sm\" data-advice=\"cancel\">Annuler</button>\n			</span>\n			<a class=\"preactivationLink row\" rel=\"oneandonehosting\" href=\"{link}AdminModules{/link}&install=oneandonehosting&module_name=oneandonehosting&redirectconfig\">\n				<img src=\"https://api.prestashop.com/partner/premium/images/oneandonehosting.png\" class=\"advice-img img-thumbnail\">\n				<img src=\"https://gamification.prestashop.com/api/getAdviceImg/737.png\"/ class=\"hide\">\n				<p class=\"advice-description\">Faites évoluer facilement vos projets e-commerce avec un espace serveur illimité<br/></p>\n			</a>\n		</section>\n	</div></div>'),(1959,5,'<div id=\"wrap_id_advice_737\" >\n	<div class=\"col-lg-6\">\n		<section id=\"\" class=\"panel panel-advice\">\n			<a href=\"#\" id=\"737\" class=\"close_link gamification_premium_close\">\n				<i class=\"icon-remove\"></i>\n			</a>\n			<span class=\"gamification-close-confirmation hide\">\n				Etes vous sur ?\n				<button class=\"btn btn-default btn-sm\" data-advice=\"delete\"><i class=\"icon-trash\"></i> Supprimer</button>\n				<button class=\"btn btn-default btn-sm\" data-advice=\"cancel\">Annuler</button>\n			</span>\n			<a class=\"preactivationLink row\" rel=\"oneandonehosting\" href=\"{link}AdminModules{/link}&install=oneandonehosting&module_name=oneandonehosting&redirectconfig\">\n				<img src=\"https://api.prestashop.com/partner/premium/images/oneandonehosting.png\" class=\"advice-img img-thumbnail\">\n				<img src=\"https://gamification.prestashop.com/api/getAdviceImg/737.png\"/ class=\"hide\">\n				<p class=\"advice-description\">Faites évoluer facilement vos projets e-commerce avec un espace serveur illimité<br/></p>\n			</a>\n		</section>\n	</div></div>'),(1959,6,'<div id=\"wrap_id_advice_737\" >\n	<div class=\"col-lg-6\">\n		<section id=\"\" class=\"panel panel-advice\">\n			<a href=\"#\" id=\"737\" class=\"close_link gamification_premium_close\">\n				<i class=\"icon-remove\"></i>\n			</a>\n			<span class=\"gamification-close-confirmation hide\">\n				Etes vous sur ?\n				<button class=\"btn btn-default btn-sm\" data-advice=\"delete\"><i class=\"icon-trash\"></i> Supprimer</button>\n				<button class=\"btn btn-default btn-sm\" data-advice=\"cancel\">Annuler</button>\n			</span>\n			<a class=\"preactivationLink row\" rel=\"oneandonehosting\" href=\"{link}AdminModules{/link}&install=oneandonehosting&module_name=oneandonehosting&redirectconfig\">\n				<img src=\"https://api.prestashop.com/partner/premium/images/oneandonehosting.png\" class=\"advice-img img-thumbnail\">\n				<img src=\"https://gamification.prestashop.com/api/getAdviceImg/737.png\"/ class=\"hide\">\n				<p class=\"advice-description\">Faites évoluer facilement vos projets e-commerce avec un espace serveur illimité<br/></p>\n			</a>\n		</section>\n	</div></div>'),(1959,7,'<div id=\"wrap_id_advice_737\" >\n	<div class=\"col-lg-6\">\n		<section id=\"\" class=\"panel panel-advice\">\n			<a href=\"#\" id=\"737\" class=\"close_link gamification_premium_close\">\n				<i class=\"icon-remove\"></i>\n			</a>\n			<span class=\"gamification-close-confirmation hide\">\n				Etes vous sur ?\n				<button class=\"btn btn-default btn-sm\" data-advice=\"delete\"><i class=\"icon-trash\"></i> Supprimer</button>\n				<button class=\"btn btn-default btn-sm\" data-advice=\"cancel\">Annuler</button>\n			</span>\n			<a class=\"preactivationLink row\" rel=\"oneandonehosting\" href=\"{link}AdminModules{/link}&install=oneandonehosting&module_name=oneandonehosting&redirectconfig\">\n				<img src=\"https://api.prestashop.com/partner/premium/images/oneandonehosting.png\" class=\"advice-img img-thumbnail\">\n				<img src=\"https://gamification.prestashop.com/api/getAdviceImg/737.png\"/ class=\"hide\">\n				<p class=\"advice-description\">Faites évoluer facilement vos projets e-commerce avec un espace serveur illimité<br/></p>\n			</a>\n		</section>\n	</div></div>'),(1959,8,'<div id=\"wrap_id_advice_737\" >\n	<div class=\"col-lg-6\">\n		<section id=\"\" class=\"panel panel-advice\">\n			<a href=\"#\" id=\"737\" class=\"close_link gamification_premium_close\">\n				<i class=\"icon-remove\"></i>\n			</a>\n			<span class=\"gamification-close-confirmation hide\">\n				Etes vous sur ?\n				<button class=\"btn btn-default btn-sm\" data-advice=\"delete\"><i class=\"icon-trash\"></i> Supprimer</button>\n				<button class=\"btn btn-default btn-sm\" data-advice=\"cancel\">Annuler</button>\n			</span>\n			<a class=\"preactivationLink row\" rel=\"oneandonehosting\" href=\"{link}AdminModules{/link}&install=oneandonehosting&module_name=oneandonehosting&redirectconfig\">\n				<img src=\"https://api.prestashop.com/partner/premium/images/oneandonehosting.png\" class=\"advice-img img-thumbnail\">\n				<img src=\"https://gamification.prestashop.com/api/getAdviceImg/737.png\"/ class=\"hide\">\n				<p class=\"advice-description\">Faites évoluer facilement vos projets e-commerce avec un espace serveur illimité<br/></p>\n			</a>\n		</section>\n	</div></div>'),(1959,9,'<div id=\"wrap_id_advice_737\" >\n	<div class=\"col-lg-6\">\n		<section id=\"\" class=\"panel panel-advice\">\n			<a href=\"#\" id=\"737\" class=\"close_link gamification_premium_close\">\n				<i class=\"icon-remove\"></i>\n			</a>\n			<span class=\"gamification-close-confirmation hide\">\n				Etes vous sur ?\n				<button class=\"btn btn-default btn-sm\" data-advice=\"delete\"><i class=\"icon-trash\"></i> Supprimer</button>\n				<button class=\"btn btn-default btn-sm\" data-advice=\"cancel\">Annuler</button>\n			</span>\n			<a class=\"preactivationLink row\" rel=\"oneandonehosting\" href=\"{link}AdminModules{/link}&install=oneandonehosting&module_name=oneandonehosting&redirectconfig\">\n				<img src=\"https://api.prestashop.com/partner/premium/images/oneandonehosting.png\" class=\"advice-img img-thumbnail\">\n				<img src=\"https://gamification.prestashop.com/api/getAdviceImg/737.png\"/ class=\"hide\">\n				<p class=\"advice-description\">Faites évoluer facilement vos projets e-commerce avec un espace serveur illimité<br/></p>\n			</a>\n		</section>\n	</div></div>'),(1960,1,'<div id=\"wrap_id_advice_742\" >\n	<div class=\"col-lg-6\">\n		<section id=\"\" class=\"panel panel-advice\">\n			<a href=\"#\" id=\"742\" class=\"close_link gamification_premium_close\">\n				<i class=\"icon-remove\"></i>\n			</a>\n			<span class=\"gamification-close-confirmation hide\">\n				Etes vous sur ?\n				<button class=\"btn btn-default btn-sm\" data-advice=\"delete\"><i class=\"icon-trash\"></i> Supprimer</button>\n				<button class=\"btn btn-default btn-sm\" data-advice=\"cancel\">Annuler</button>\n			</span>\n			<a class=\"preactivationLink row\" rel=\"sofortbanking\" href=\"{link}AdminModules{/link}&install=sofortbanking&module_name=sofortbanking&redirectconfig\">\n				<img src=\"https://api.prestashop.com/partner/premium/images/sofort.png\" class=\"advice-img img-thumbnail\">\n				<img src=\"https://gamification.prestashop.com/api/getAdviceImg/742.png\"/ class=\"hide\">\n				<p class=\"advice-description\">Paiement pratique pour vos clients qui utilisent leurs codes confidentiels de banque en ligne<br/></p>\n			</a>\n		</section>\n	</div></div>'),(1960,2,'<div id=\"wrap_id_advice_742\" >\n	<div class=\"col-lg-6\">\n		<section id=\"\" class=\"panel panel-advice\">\n			<a href=\"#\" id=\"742\" class=\"close_link gamification_premium_close\">\n				<i class=\"icon-remove\"></i>\n			</a>\n			<span class=\"gamification-close-confirmation hide\">\n				Etes vous sur ?\n				<button class=\"btn btn-default btn-sm\" data-advice=\"delete\"><i class=\"icon-trash\"></i> Supprimer</button>\n				<button class=\"btn btn-default btn-sm\" data-advice=\"cancel\">Annuler</button>\n			</span>\n			<a class=\"preactivationLink row\" rel=\"sofortbanking\" href=\"{link}AdminModules{/link}&install=sofortbanking&module_name=sofortbanking&redirectconfig\">\n				<img src=\"https://api.prestashop.com/partner/premium/images/sofort.png\" class=\"advice-img img-thumbnail\">\n				<img src=\"https://gamification.prestashop.com/api/getAdviceImg/742.png\"/ class=\"hide\">\n				<p class=\"advice-description\">Paiement pratique pour vos clients qui utilisent leurs codes confidentiels de banque en ligne<br/></p>\n			</a>\n		</section>\n	</div></div>'),(1960,3,'<div id=\"wrap_id_advice_742\" >\n	<div class=\"col-lg-6\">\n		<section id=\"\" class=\"panel panel-advice\">\n			<a href=\"#\" id=\"742\" class=\"close_link gamification_premium_close\">\n				<i class=\"icon-remove\"></i>\n			</a>\n			<span class=\"gamification-close-confirmation hide\">\n				Etes vous sur ?\n				<button class=\"btn btn-default btn-sm\" data-advice=\"delete\"><i class=\"icon-trash\"></i> Supprimer</button>\n				<button class=\"btn btn-default btn-sm\" data-advice=\"cancel\">Annuler</button>\n			</span>\n			<a class=\"preactivationLink row\" rel=\"sofortbanking\" href=\"{link}AdminModules{/link}&install=sofortbanking&module_name=sofortbanking&redirectconfig\">\n				<img src=\"https://api.prestashop.com/partner/premium/images/sofort.png\" class=\"advice-img img-thumbnail\">\n				<img src=\"https://gamification.prestashop.com/api/getAdviceImg/742.png\"/ class=\"hide\">\n				<p class=\"advice-description\">Paiement pratique pour vos clients qui utilisent leurs codes confidentiels de banque en ligne<br/></p>\n			</a>\n		</section>\n	</div></div>'),(1960,4,'<div id=\"wrap_id_advice_742\" >\n	<div class=\"col-lg-6\">\n		<section id=\"\" class=\"panel panel-advice\">\n			<a href=\"#\" id=\"742\" class=\"close_link gamification_premium_close\">\n				<i class=\"icon-remove\"></i>\n			</a>\n			<span class=\"gamification-close-confirmation hide\">\n				Etes vous sur ?\n				<button class=\"btn btn-default btn-sm\" data-advice=\"delete\"><i class=\"icon-trash\"></i> Supprimer</button>\n				<button class=\"btn btn-default btn-sm\" data-advice=\"cancel\">Annuler</button>\n			</span>\n			<a class=\"preactivationLink row\" rel=\"sofortbanking\" href=\"{link}AdminModules{/link}&install=sofortbanking&module_name=sofortbanking&redirectconfig\">\n				<img src=\"https://api.prestashop.com/partner/premium/images/sofort.png\" class=\"advice-img img-thumbnail\">\n				<img src=\"https://gamification.prestashop.com/api/getAdviceImg/742.png\"/ class=\"hide\">\n				<p class=\"advice-description\">Paiement pratique pour vos clients qui utilisent leurs codes confidentiels de banque en ligne<br/></p>\n			</a>\n		</section>\n	</div></div>'),(1960,5,'<div id=\"wrap_id_advice_742\" >\n	<div class=\"col-lg-6\">\n		<section id=\"\" class=\"panel panel-advice\">\n			<a href=\"#\" id=\"742\" class=\"close_link gamification_premium_close\">\n				<i class=\"icon-remove\"></i>\n			</a>\n			<span class=\"gamification-close-confirmation hide\">\n				Etes vous sur ?\n				<button class=\"btn btn-default btn-sm\" data-advice=\"delete\"><i class=\"icon-trash\"></i> Supprimer</button>\n				<button class=\"btn btn-default btn-sm\" data-advice=\"cancel\">Annuler</button>\n			</span>\n			<a class=\"preactivationLink row\" rel=\"sofortbanking\" href=\"{link}AdminModules{/link}&install=sofortbanking&module_name=sofortbanking&redirectconfig\">\n				<img src=\"https://api.prestashop.com/partner/premium/images/sofort.png\" class=\"advice-img img-thumbnail\">\n				<img src=\"https://gamification.prestashop.com/api/getAdviceImg/742.png\"/ class=\"hide\">\n				<p class=\"advice-description\">Paiement pratique pour vos clients qui utilisent leurs codes confidentiels de banque en ligne<br/></p>\n			</a>\n		</section>\n	</div></div>'),(1960,6,'<div id=\"wrap_id_advice_742\" >\n	<div class=\"col-lg-6\">\n		<section id=\"\" class=\"panel panel-advice\">\n			<a href=\"#\" id=\"742\" class=\"close_link gamification_premium_close\">\n				<i class=\"icon-remove\"></i>\n			</a>\n			<span class=\"gamification-close-confirmation hide\">\n				Etes vous sur ?\n				<button class=\"btn btn-default btn-sm\" data-advice=\"delete\"><i class=\"icon-trash\"></i> Supprimer</button>\n				<button class=\"btn btn-default btn-sm\" data-advice=\"cancel\">Annuler</button>\n			</span>\n			<a class=\"preactivationLink row\" rel=\"sofortbanking\" href=\"{link}AdminModules{/link}&install=sofortbanking&module_name=sofortbanking&redirectconfig\">\n				<img src=\"https://api.prestashop.com/partner/premium/images/sofort.png\" class=\"advice-img img-thumbnail\">\n				<img src=\"https://gamification.prestashop.com/api/getAdviceImg/742.png\"/ class=\"hide\">\n				<p class=\"advice-description\">Paiement pratique pour vos clients qui utilisent leurs codes confidentiels de banque en ligne<br/></p>\n			</a>\n		</section>\n	</div></div>'),(1960,7,'<div id=\"wrap_id_advice_742\" >\n	<div class=\"col-lg-6\">\n		<section id=\"\" class=\"panel panel-advice\">\n			<a href=\"#\" id=\"742\" class=\"close_link gamification_premium_close\">\n				<i class=\"icon-remove\"></i>\n			</a>\n			<span class=\"gamification-close-confirmation hide\">\n				Etes vous sur ?\n				<button class=\"btn btn-default btn-sm\" data-advice=\"delete\"><i class=\"icon-trash\"></i> Supprimer</button>\n				<button class=\"btn btn-default btn-sm\" data-advice=\"cancel\">Annuler</button>\n			</span>\n			<a class=\"preactivationLink row\" rel=\"sofortbanking\" href=\"{link}AdminModules{/link}&install=sofortbanking&module_name=sofortbanking&redirectconfig\">\n				<img src=\"https://api.prestashop.com/partner/premium/images/sofort.png\" class=\"advice-img img-thumbnail\">\n				<img src=\"https://gamification.prestashop.com/api/getAdviceImg/742.png\"/ class=\"hide\">\n				<p class=\"advice-description\">Paiement pratique pour vos clients qui utilisent leurs codes confidentiels de banque en ligne<br/></p>\n			</a>\n		</section>\n	</div></div>'),(1960,8,'<div id=\"wrap_id_advice_742\" >\n	<div class=\"col-lg-6\">\n		<section id=\"\" class=\"panel panel-advice\">\n			<a href=\"#\" id=\"742\" class=\"close_link gamification_premium_close\">\n				<i class=\"icon-remove\"></i>\n			</a>\n			<span class=\"gamification-close-confirmation hide\">\n				Etes vous sur ?\n				<button class=\"btn btn-default btn-sm\" data-advice=\"delete\"><i class=\"icon-trash\"></i> Supprimer</button>\n				<button class=\"btn btn-default btn-sm\" data-advice=\"cancel\">Annuler</button>\n			</span>\n			<a class=\"preactivationLink row\" rel=\"sofortbanking\" href=\"{link}AdminModules{/link}&install=sofortbanking&module_name=sofortbanking&redirectconfig\">\n				<img src=\"https://api.prestashop.com/partner/premium/images/sofort.png\" class=\"advice-img img-thumbnail\">\n				<img src=\"https://gamification.prestashop.com/api/getAdviceImg/742.png\"/ class=\"hide\">\n				<p class=\"advice-description\">Paiement pratique pour vos clients qui utilisent leurs codes confidentiels de banque en ligne<br/></p>\n			</a>\n		</section>\n	</div></div>'),(1960,9,'<div id=\"wrap_id_advice_742\" >\n	<div class=\"col-lg-6\">\n		<section id=\"\" class=\"panel panel-advice\">\n			<a href=\"#\" id=\"742\" class=\"close_link gamification_premium_close\">\n				<i class=\"icon-remove\"></i>\n			</a>\n			<span class=\"gamification-close-confirmation hide\">\n				Etes vous sur ?\n				<button class=\"btn btn-default btn-sm\" data-advice=\"delete\"><i class=\"icon-trash\"></i> Supprimer</button>\n				<button class=\"btn btn-default btn-sm\" data-advice=\"cancel\">Annuler</button>\n			</span>\n			<a class=\"preactivationLink row\" rel=\"sofortbanking\" href=\"{link}AdminModules{/link}&install=sofortbanking&module_name=sofortbanking&redirectconfig\">\n				<img src=\"https://api.prestashop.com/partner/premium/images/sofort.png\" class=\"advice-img img-thumbnail\">\n				<img src=\"https://gamification.prestashop.com/api/getAdviceImg/742.png\"/ class=\"hide\">\n				<p class=\"advice-description\">Paiement pratique pour vos clients qui utilisent leurs codes confidentiels de banque en ligne<br/></p>\n			</a>\n		</section>\n	</div></div>');

--
-- Table structure for table `ps_alias`
--

CREATE TABLE `ps_alias` (
  `id_alias` int(10) unsigned NOT NULL AUTO_INCREMENT,
  `alias` varchar(255) NOT NULL,
  `search` varchar(255) NOT NULL,
  `active` tinyint(1) NOT NULL DEFAULT '1',
  PRIMARY KEY (`id_alias`),
  UNIQUE KEY `alias` (`alias`)
) ENGINE=InnoDB DEFAULT CHARSET=utf8;

--
-- Dumping data for table `ps_alias`
--


--
-- Table structure for table `ps_attachment`
--

CREATE TABLE `ps_attachment` (
  `id_attachment` int(10) unsigned NOT NULL AUTO_INCREMENT,
  `file` varchar(40) NOT NULL,
  `file_name` varchar(128) NOT NULL,
  `file_size` bigint(10) unsigned NOT NULL DEFAULT '0',
  `mime` varchar(128) NOT NULL,
  PRIMARY KEY (`id_attachment`)
) ENGINE=InnoDB AUTO_INCREMENT=3 DEFAULT CHARSET=utf8;

--
-- Dumping data for table `ps_attachment`
--

INSERT INTO `ps_attachment` VALUES (1,'5a07a945e52af89a73be6aa8730d38a0aea43ce4','26-kindred.svg',128688,'image/svg+xml'),(2,'077aa38cefddf4f0dc03755374b12d0fb0a0d583','30-fiddle.svg',172415,'image/svg+xml');

--
-- Table structure for table `ps_attachment_lang`
--

CREATE TABLE `ps_attachment_lang` (
  `id_attachment` int(10) unsigned NOT NULL AUTO_INCREMENT,
  `id_lang` int(10) unsigned NOT NULL,
  `name` varchar(32) DEFAULT NULL,
  `description` text,
  PRIMARY KEY (`id_attachment`,`id_lang`)
) ENGINE=InnoDB AUTO_INCREMENT=3 DEFAULT CHARSET=utf8;

--
-- Dumping data for table `ps_attachment_lang`
--

INSERT INTO `ps_attachment_lang` VALUES (1,1,'Kindred',''),(1,2,'Kindred',''),(1,3,'Kindred',''),(1,4,'Kindred',''),(1,5,'Kindred',''),(1,6,'Kindred',''),(1,7,'Kindred',''),(1,8,'Kindred',''),(1,9,'Kindred',''),(2,1,'tryhard',''),(2,2,'tryhard',''),(2,3,'tryhard',''),(2,4,'tryhard',''),(2,5,'tryhard',''),(2,6,'tryhard',''),(2,7,'tryhard',''),(2,8,'tryhard',''),(2,9,'tryhard','');

--
-- Table structure for table `ps_attribute`
--

CREATE TABLE `ps_attribute` (
  `id_attribute` int(10) unsigned NOT NULL AUTO_INCREMENT,
  `id_attribute_group` int(10) unsigned NOT NULL,
  `color` varchar(32) DEFAULT NULL,
  `position` int(10) unsigned NOT NULL DEFAULT '0',
  PRIMARY KEY (`id_attribute`),
  KEY `attribute_group` (`id_attribute_group`)
) ENGINE=InnoDB AUTO_INCREMENT=25 DEFAULT CHARSET=utf8;

--
-- Dumping data for table `ps_attribute`
--

INSERT INTO `ps_attribute` VALUES (1,1,NULL,0),(2,1,NULL,1),(3,1,NULL,2),(4,1,NULL,3),(5,3,'#AAB2BD',0),(6,3,'#CFC4A6',1),(7,3,'#f5f5dc',2),(8,3,'#ffffff',3),(9,3,'#faebd7',4),(10,3,'#E84C3D',5),(11,3,'#434A54',6),(12,3,'#C19A6B',7),(13,3,'#F39C11',8),(14,3,'#5D9CEC',9),(15,3,'#A0D468',10),(16,3,'#F1C40F',11),(17,3,'#964B00',12),(18,2,'',0),(24,3,'#FCCACD',13);

--
-- Table structure for table `ps_attribute_group`
--

CREATE TABLE `ps_attribute_group` (
  `id_attribute_group` int(10) unsigned NOT NULL AUTO_INCREMENT,
  `is_color_group` tinyint(1) NOT NULL DEFAULT '0',
  `group_type` enum('select','radio','color') NOT NULL DEFAULT 'select',
  `position` int(10) unsigned NOT NULL DEFAULT '0',
  PRIMARY KEY (`id_attribute_group`)
) ENGINE=InnoDB AUTO_INCREMENT=4 DEFAULT CHARSET=utf8;

--
-- Dumping data for table `ps_attribute_group`
--

INSERT INTO `ps_attribute_group` VALUES (1,0,'select',0),(2,0,'select',2),(3,1,'color',1);

--
-- Table structure for table `ps_attribute_group_lang`
--

CREATE TABLE `ps_attribute_group_lang` (
  `id_attribute_group` int(10) unsigned NOT NULL,
  `id_lang` int(10) unsigned NOT NULL,
  `name` varchar(128) NOT NULL,
  `public_name` varchar(64) NOT NULL,
  PRIMARY KEY (`id_attribute_group`,`id_lang`)
) ENGINE=InnoDB DEFAULT CHARSET=utf8;

--
-- Dumping data for table `ps_attribute_group_lang`
--

INSERT INTO `ps_attribute_group_lang` VALUES (1,1,'Size','Size'),(1,2,'Size','Size'),(1,3,'Size','Size'),(1,4,'Size','Size'),(1,5,'Size','Size'),(1,6,'Size','Size'),(1,7,'Size','Size'),(1,8,'Size','Size'),(1,9,'Size','Size'),(2,1,'Shoes Size','Size'),(2,2,'Modele','model'),(2,3,'Shoes Size','Size'),(2,4,'Shoes Size','Size'),(2,5,'Shoes Size','Size'),(2,6,'Shoes Size','Size'),(2,7,'Shoes Size','Size'),(2,8,'Shoes Size','Size'),(2,9,'Shoes Size','Size'),(3,1,'Color','Color'),(3,2,'Color','Color'),(3,3,'Color','Color'),(3,4,'Color','Color'),(3,5,'Color','Color'),(3,6,'Color','Color'),(3,7,'Color','Color'),(3,8,'Color','Color'),(3,9,'Color','Color');

--
-- Table structure for table `ps_attribute_group_shop`
--

CREATE TABLE `ps_attribute_group_shop` (
  `id_attribute_group` int(11) unsigned NOT NULL,
  `id_shop` int(11) unsigned NOT NULL,
  PRIMARY KEY (`id_attribute_group`,`id_shop`),
  KEY `id_shop` (`id_shop`)
) ENGINE=InnoDB DEFAULT CHARSET=utf8;

--
-- Dumping data for table `ps_attribute_group_shop`
--

INSERT INTO `ps_attribute_group_shop` VALUES (1,1),(2,1),(3,1);

--
-- Table structure for table `ps_attribute_impact`
--

CREATE TABLE `ps_attribute_impact` (
  `id_attribute_impact` int(10) unsigned NOT NULL AUTO_INCREMENT,
  `id_product` int(11) unsigned NOT NULL,
  `id_attribute` int(11) unsigned NOT NULL,
  `weight` decimal(20,6) NOT NULL,
  `price` decimal(17,2) NOT NULL,
  PRIMARY KEY (`id_attribute_impact`),
  UNIQUE KEY `id_product` (`id_product`,`id_attribute`)
) ENGINE=InnoDB DEFAULT CHARSET=utf8;

--
-- Dumping data for table `ps_attribute_impact`
--


--
-- Table structure for table `ps_attribute_lang`
--

CREATE TABLE `ps_attribute_lang` (
  `id_attribute` int(10) unsigned NOT NULL,
  `id_lang` int(10) unsigned NOT NULL,
  `name` varchar(128) NOT NULL,
  PRIMARY KEY (`id_attribute`,`id_lang`),
  KEY `id_lang` (`id_lang`,`name`)
) ENGINE=InnoDB DEFAULT CHARSET=utf8;

--
-- Dumping data for table `ps_attribute_lang`
--

INSERT INTO `ps_attribute_lang` VALUES (18,1,'35'),(7,1,'Beige'),(11,1,'Black'),(14,1,'Blue'),(17,1,'Brown'),(12,1,'Camel'),(15,1,'Green'),(5,1,'Grey'),(3,1,'L'),(2,1,'M'),(9,1,'Off White'),(4,1,'One size'),(13,1,'Orange'),(24,1,'Pink'),(10,1,'Red'),(1,1,'S'),(6,1,'Taupe'),(8,1,'White'),(16,1,'Yellow'),(7,2,'Beige'),(11,2,'Black'),(14,2,'Blue'),(17,2,'Brown'),(12,2,'Camel'),(18,2,'Col Rond'),(15,2,'Green'),(5,2,'Grey'),(3,2,'L'),(2,2,'M'),(9,2,'Off White'),(4,2,'One size'),(13,2,'Orange'),(24,2,'Pink'),(10,2,'Red'),(1,2,'S'),(6,2,'Taupe'),(8,2,'White'),(16,2,'Yellow'),(18,3,'35'),(7,3,'Beige'),(11,3,'Black'),(14,3,'Blue'),(17,3,'Brown'),(12,3,'Camel'),(15,3,'Green'),(5,3,'Grey'),(3,3,'L'),(2,3,'M'),(9,3,'Off White'),(4,3,'One size'),(13,3,'Orange'),(24,3,'Pink'),(10,3,'Red'),(1,3,'S'),(6,3,'Taupe'),(8,3,'White'),(16,3,'Yellow'),(18,4,'35'),(7,4,'Beige'),(11,4,'Black'),(14,4,'Blue'),(17,4,'Brown'),(12,4,'Camel'),(15,4,'Green'),(5,4,'Grey'),(3,4,'L'),(2,4,'M'),(9,4,'Off White'),(4,4,'One size'),(13,4,'Orange'),(24,4,'Pink'),(10,4,'Red'),(1,4,'S'),(6,4,'Taupe'),(8,4,'White'),(16,4,'Yellow'),(18,5,'35'),(7,5,'Beige'),(11,5,'Black'),(14,5,'Blue'),(17,5,'Brown'),(12,5,'Camel'),(15,5,'Green'),(5,5,'Grey'),(3,5,'L'),(2,5,'M'),(9,5,'Off White'),(4,5,'One size'),(13,5,'Orange'),(24,5,'Pink'),(10,5,'Red'),(1,5,'S'),(6,5,'Taupe'),(8,5,'White'),(16,5,'Yellow'),(18,6,'35'),(7,6,'Beige'),(11,6,'Black'),(14,6,'Blue'),(17,6,'Brown'),(12,6,'Camel'),(15,6,'Green'),(5,6,'Grey'),(3,6,'L'),(2,6,'M'),(9,6,'Off White'),(4,6,'One size'),(13,6,'Orange'),(24,6,'Pink'),(10,6,'Red'),(1,6,'S'),(6,6,'Taupe'),(8,6,'White'),(16,6,'Yellow'),(18,7,'35'),(7,7,'Beige'),(11,7,'Black'),(14,7,'Blue'),(17,7,'Brown'),(12,7,'Camel'),(15,7,'Green'),(5,7,'Grey'),(3,7,'L'),(2,7,'M'),(9,7,'Off White'),(4,7,'One size'),(13,7,'Orange'),(24,7,'Pink'),(10,7,'Red'),(1,7,'S'),(6,7,'Taupe'),(8,7,'White'),(16,7,'Yellow'),(18,8,'35'),(7,8,'Beige'),(11,8,'Black'),(14,8,'Blue'),(17,8,'Brown'),(12,8,'Camel'),(15,8,'Green'),(5,8,'Grey'),(3,8,'L'),(2,8,'M'),(9,8,'Off White'),(4,8,'One size'),(13,8,'Orange'),(24,8,'Pink'),(10,8,'Red'),(1,8,'S'),(6,8,'Taupe'),(8,8,'White'),(16,8,'Yellow'),(18,9,'35'),(7,9,'Beige'),(11,9,'Black'),(14,9,'Blue'),(17,9,'Brown'),(12,9,'Camel'),(15,9,'Green'),(5,9,'Grey'),(3,9,'L'),(2,9,'M'),(9,9,'Off White'),(4,9,'One size'),(13,9,'Orange'),(24,9,'Pink'),(10,9,'Red'),(1,9,'S'),(6,9,'Taupe'),(8,9,'White'),(16,9,'Yellow');

--
-- Table structure for table `ps_attribute_shop`
--

CREATE TABLE `ps_attribute_shop` (
  `id_attribute` int(11) unsigned NOT NULL,
  `id_shop` int(11) unsigned NOT NULL,
  PRIMARY KEY (`id_attribute`,`id_shop`),
  KEY `id_shop` (`id_shop`)
) ENGINE=InnoDB DEFAULT CHARSET=utf8;

--
-- Dumping data for table `ps_attribute_shop`
--

INSERT INTO `ps_attribute_shop` VALUES (1,1),(2,1),(3,1),(4,1),(5,1),(6,1),(7,1),(8,1),(9,1),(10,1),(11,1),(12,1),(13,1),(14,1),(15,1),(16,1),(17,1),(18,1),(24,1);

--
-- Table structure for table `ps_badge`
--

CREATE TABLE `ps_badge` (
  `id_badge` int(11) NOT NULL AUTO_INCREMENT,
  `id_ps_badge` int(11) NOT NULL,
  `type` varchar(32) NOT NULL,
  `id_group` int(11) NOT NULL,
  `group_position` int(11) NOT NULL,
  `scoring` int(11) NOT NULL,
  `awb` int(11) DEFAULT '0',
  `validated` tinyint(1) unsigned NOT NULL DEFAULT '0',
  PRIMARY KEY (`id_badge`)
) ENGINE=InnoDB AUTO_INCREMENT=503 DEFAULT CHARSET=utf8;

--
-- Dumping data for table `ps_badge`
--

INSERT INTO `ps_badge` VALUES (111,2,'feature',2,1,10,0,0),(115,10,'feature',6,1,15,0,1),(117,14,'feature',5,4,15,0,0),(125,30,'achievement',11,2,10,0,0),(161,1,'feature',1,1,10,0,1),(163,5,'feature',3,2,15,0,0),(165,9,'feature',5,2,10,0,0),(167,13,'feature',5,3,10,0,0),(169,17,'achievement',7,1,5,0,1),(171,21,'feature',9,1,15,0,0),(173,25,'feature',10,4,10,0,0),(175,29,'achievement',11,1,5,0,0),(176,31,'achievement',11,3,15,0,0),(177,33,'achievement',11,5,25,0,0),(179,37,'achievement',7,5,25,0,0),(181,41,'achievement',12,3,15,0,0),(183,45,'achievement',13,1,5,0,0),(184,47,'achievement',13,3,15,0,0),(185,49,'achievement',13,5,25,0,0),(187,53,'achievement',14,3,15,0,0),(189,57,'achievement',15,1,5,0,0),(223,4,'feature',3,1,15,0,0),(224,8,'feature',5,1,5,0,1),(225,12,'feature',6,3,10,0,0),(226,16,'feature',5,6,20,0,0),(227,18,'achievement',7,2,10,0,1),(228,20,'feature',8,2,15,0,0),(229,24,'feature',10,3,10,0,1),(230,26,'feature',10,5,10,0,0),(231,28,'feature',3,3,10,0,0),(232,32,'achievement',11,4,20,0,0),(233,34,'achievement',11,6,30,0,0),(234,36,'achievement',7,4,20,0,0),(235,40,'achievement',12,2,10,0,0),(236,42,'achievement',12,4,20,0,0),(237,44,'achievement',12,6,30,0,0),(238,46,'achievement',13,2,10,0,1),(239,48,'achievement',13,4,20,0,0),(240,50,'achievement',13,6,30,0,0),(241,52,'achievement',14,2,10,0,0),(242,56,'achievement',14,6,30,0,0),(243,58,'achievement',15,2,10,0,0),(244,60,'achievement',15,4,20,0,0),(245,64,'achievement',16,2,10,0,0),(246,66,'achievement',16,4,20,0,0),(247,68,'achievement',16,6,30,0,0),(248,75,'international',23,1,10,0,0),(249,88,'feature',35,1,5,0,0),(250,93,'feature',35,6,10,0,0),(251,94,'feature',36,1,5,0,1),(252,95,'feature',36,2,5,0,0),(253,96,'feature',36,3,10,0,0),(254,97,'feature',36,4,10,0,0),(255,98,'feature',36,5,20,0,0),(256,99,'feature',36,6,20,0,0),(257,100,'feature',8,3,15,0,1),(258,103,'achievement',37,3,10,0,0),(259,104,'achievement',37,4,10,0,0),(260,105,'achievement',37,5,15,0,0),(261,107,'achievement',38,1,10,0,0),(262,108,'achievement',38,2,10,0,0),(263,109,'achievement',38,3,15,0,0),(264,110,'achievement',38,4,20,0,0),(265,111,'achievement',38,5,25,0,0),(266,114,'achievement',39,2,20,0,0),(267,122,'feature',40,4,25,0,0),(268,159,'feature',41,1,5,1,0),(269,160,'feature',41,2,10,1,0),(270,161,'feature',41,3,15,1,0),(271,162,'feature',41,4,20,1,0),(272,163,'feature',41,1,5,1,0),(273,164,'feature',41,2,10,1,0),(274,165,'feature',41,3,15,1,0),(275,166,'feature',41,4,20,1,0),(276,195,'feature',41,1,5,1,0),(277,196,'feature',41,2,10,1,0),(278,3,'feature',2,2,15,0,0),(279,6,'feature',4,1,15,0,1),(280,7,'feature',4,2,15,0,1),(281,11,'feature',6,2,10,0,0),(282,15,'feature',5,5,20,0,0),(283,19,'feature',8,1,15,0,1),(284,22,'feature',10,1,10,0,1),(285,23,'feature',10,2,10,0,1),(286,27,'feature',4,3,10,0,1),(287,35,'achievement',7,3,15,0,1),(288,38,'achievement',7,6,30,0,0),(289,39,'achievement',12,1,5,0,1),(290,43,'achievement',12,5,25,0,0),(291,51,'achievement',14,1,5,0,1),(292,54,'achievement',14,4,20,0,0),(293,55,'achievement',14,5,25,0,0),(294,59,'achievement',15,3,15,0,0),(295,61,'achievement',15,5,25,0,0),(296,62,'achievement',15,6,30,0,0),(297,63,'achievement',16,1,5,0,1),(298,65,'achievement',16,3,15,0,0),(299,67,'achievement',16,5,25,0,0),(300,74,'international',22,1,10,0,0),(301,83,'international',31,1,10,0,0),(302,84,'international',25,1,10,0,0),(304,86,'international',33,1,10,0,0),(305,87,'international',34,1,10,0,0),(306,89,'feature',35,2,10,0,1),(307,90,'feature',35,3,10,0,0),(308,91,'feature',35,4,10,0,0),(309,92,'feature',35,5,10,0,0),(310,101,'achievement',37,1,5,0,0),(311,102,'achievement',37,2,5,0,0),(312,106,'achievement',37,6,15,0,0),(313,112,'achievement',38,6,30,0,0),(314,113,'achievement',39,1,10,0,0),(315,115,'achievement',39,3,30,0,0),(316,116,'achievement',39,4,40,0,0),(317,117,'achievement',39,5,50,0,0),(318,118,'achievement',39,6,50,0,0),(319,119,'feature',40,1,10,0,0),(320,120,'feature',40,2,15,0,0),(321,121,'feature',40,3,20,0,0),(322,123,'feature',41,1,5,1,0),(323,124,'feature',41,2,10,1,0),(324,125,'feature',41,3,15,1,0),(325,126,'feature',41,4,20,1,0),(326,127,'feature',41,1,5,1,0),(327,128,'feature',41,2,10,1,0),(328,129,'feature',41,3,15,1,0),(329,130,'feature',41,4,20,1,0),(330,139,'feature',41,1,5,1,0),(331,140,'feature',41,2,10,1,0),(332,141,'feature',41,3,15,1,0),(333,142,'feature',41,4,20,1,0),(334,143,'feature',41,1,5,1,0),(335,144,'feature',41,2,10,1,0),(336,145,'feature',41,3,15,1,0),(337,146,'feature',41,4,20,1,0),(338,147,'feature',41,1,5,1,1),(339,148,'feature',41,2,10,1,0),(340,149,'feature',41,3,15,1,0),(341,150,'feature',41,4,20,1,0),(342,167,'feature',41,1,5,1,0),(343,168,'feature',41,2,10,1,0),(344,169,'feature',41,3,15,1,0),(345,170,'feature',41,4,20,1,0),(346,175,'feature',41,1,5,1,0),(347,176,'feature',41,2,10,1,0),(348,177,'feature',41,3,15,1,0),(349,178,'feature',41,4,20,1,0),(350,179,'feature',41,1,5,1,0),(351,180,'feature',41,2,10,1,0),(352,181,'feature',41,3,15,1,0),(353,182,'feature',41,4,20,1,0),(354,183,'feature',41,1,5,1,1),(355,184,'feature',41,2,10,1,0),(356,185,'feature',41,3,15,1,0),(357,186,'feature',41,4,20,1,0),(358,187,'feature',41,1,5,1,0),(359,188,'feature',41,2,10,1,0),(360,189,'feature',41,3,15,1,0),(361,190,'feature',41,4,20,1,0),(362,191,'feature',41,1,5,1,0),(363,192,'feature',41,2,10,1,0),(364,193,'feature',41,1,5,1,0),(365,194,'feature',41,2,10,1,0),(366,197,'feature',41,1,5,1,0),(367,198,'feature',41,2,10,1,0),(368,199,'feature',41,3,15,1,0),(369,200,'feature',41,4,20,1,0),(370,201,'feature',41,1,5,1,0),(371,202,'feature',41,1,5,1,0),(372,203,'feature',41,2,10,1,0),(373,206,'feature',41,1,5,1,0),(374,207,'feature',41,2,10,1,0),(375,208,'feature',41,3,15,1,0),(376,209,'feature',41,4,20,1,0),(377,214,'feature',41,1,5,1,0),(378,215,'feature',41,2,10,1,0),(379,216,'feature',41,3,15,1,0),(380,217,'feature',41,4,20,1,0),(381,218,'feature',41,1,5,1,0),(382,219,'feature',41,2,10,1,0),(383,220,'feature',41,3,15,1,0),(384,221,'feature',41,4,20,1,0),(385,222,'feature',41,1,5,1,0),(386,223,'feature',41,3,15,1,0),(387,224,'feature',41,4,20,1,0),(388,225,'feature',41,1,5,1,0),(389,226,'feature',41,2,10,1,0),(390,227,'feature',41,3,15,1,0),(391,228,'feature',41,4,20,1,0),(392,233,'feature',41,1,5,1,0),(393,234,'feature',41,2,10,1,0),(394,235,'feature',41,3,15,1,0),(395,236,'feature',41,4,20,1,0),(396,249,'feature',41,1,5,1,0),(397,250,'feature',41,2,10,1,0),(398,251,'feature',41,3,15,1,0),(399,252,'feature',41,4,20,1,0),(400,253,'feature',41,1,5,1,0),(401,254,'feature',41,2,10,1,0),(402,255,'feature',41,3,15,1,0),(403,256,'feature',41,4,20,1,0),(404,261,'feature',41,1,5,1,0),(405,262,'feature',41,2,10,1,0),(406,269,'feature',41,1,5,1,0),(407,270,'feature',41,2,10,1,0),(408,271,'feature',41,3,15,1,0),(409,272,'feature',41,4,20,1,0),(410,273,'feature',41,1,5,1,0),(411,274,'feature',41,2,10,1,0),(412,275,'feature',41,3,15,1,0),(413,276,'feature',41,4,20,1,0),(414,277,'feature',41,1,5,1,0),(415,278,'feature',41,2,10,1,0),(416,279,'feature',41,3,15,1,0),(417,280,'feature',41,4,20,1,0),(418,281,'feature',41,1,5,1,0),(419,282,'feature',41,2,10,1,0),(420,283,'feature',41,3,15,1,0),(421,284,'feature',41,4,20,1,0),(422,285,'feature',41,1,5,1,0),(423,286,'feature',41,2,10,1,0),(424,287,'feature',41,3,15,1,0),(425,288,'feature',41,4,20,1,0),(426,289,'feature',41,1,5,1,0),(427,290,'feature',41,2,10,1,0),(428,291,'feature',41,3,15,1,0),(429,292,'feature',41,4,20,1,0),(430,293,'feature',41,1,5,1,0),(431,294,'feature',41,2,10,1,0),(432,295,'feature',41,3,15,1,0),(433,296,'feature',41,4,20,1,0),(434,297,'feature',41,1,5,1,0),(435,298,'feature',41,2,10,1,0),(436,299,'feature',41,3,15,1,0),(437,300,'feature',41,4,20,1,0),(438,301,'feature',41,1,5,1,0),(439,302,'feature',41,2,10,1,0),(440,303,'feature',41,3,15,1,0),(441,304,'feature',41,4,20,1,0),(442,305,'feature',41,1,5,1,0),(443,306,'feature',41,2,10,1,0),(444,307,'feature',41,3,15,1,0),(445,308,'feature',41,4,20,1,0),(446,309,'feature',41,1,5,1,0),(447,310,'feature',41,2,10,1,0),(448,311,'feature',41,3,15,1,0),(449,312,'feature',41,4,20,1,0),(450,313,'feature',41,1,5,1,1),(451,314,'feature',41,2,10,1,0),(452,315,'feature',41,3,15,1,0),(453,316,'feature',41,4,20,1,0),(454,317,'feature',41,1,5,1,0),(455,318,'feature',41,2,10,1,0),(456,319,'feature',41,3,15,1,0),(457,320,'feature',41,4,20,1,0),(458,321,'feature',41,1,5,1,0),(459,322,'feature',41,2,10,1,0),(460,323,'feature',41,3,15,1,0),(461,324,'feature',41,4,20,1,0),(462,325,'feature',41,1,5,1,0),(463,326,'feature',41,2,10,1,0),(464,327,'feature',41,3,15,1,0),(465,328,'feature',41,4,20,1,0),(466,329,'feature',41,1,5,1,0),(467,330,'feature',41,2,10,1,0),(468,331,'feature',41,3,15,1,0),(469,332,'feature',41,4,20,1,0),(470,333,'feature',41,1,5,1,0),(471,334,'feature',41,2,10,1,0),(472,335,'feature',41,3,15,1,0),(473,336,'feature',41,4,20,1,0),(474,337,'feature',41,1,5,1,0),(475,338,'feature',41,2,10,1,0),(476,339,'feature',41,3,15,1,0),(477,340,'feature',41,4,20,1,0),(478,341,'feature',41,1,5,1,0),(479,342,'feature',41,2,10,1,0),(480,343,'feature',41,3,15,1,0),(481,344,'feature',41,4,20,1,0),(482,345,'feature',41,1,5,1,0),(483,346,'feature',41,2,10,1,0),(484,347,'feature',41,3,15,1,0),(485,348,'feature',41,4,20,1,0),(486,349,'feature',41,1,5,1,0),(487,350,'feature',41,2,10,1,0),(488,351,'feature',41,3,15,1,0),(489,352,'feature',41,4,20,1,0),(490,353,'feature',41,1,5,1,0),(491,354,'feature',41,2,10,1,0),(492,355,'feature',41,3,15,1,0),(493,356,'feature',41,4,20,1,0),(494,357,'feature',41,1,5,1,0),(495,358,'feature',41,2,10,1,0),(496,359,'feature',41,3,15,1,0),(497,360,'feature',41,4,20,1,0),(498,69,'international',17,1,10,0,0),(499,70,'international',18,1,10,0,0),(500,71,'international',19,1,10,0,0),(501,72,'international',20,1,10,0,0),(502,73,'international',21,1,10,0,0);

--
-- Table structure for table `ps_badge_lang`
--

CREATE TABLE `ps_badge_lang` (
  `id_badge` int(11) NOT NULL,
  `id_lang` int(11) NOT NULL,
  `name` varchar(64) DEFAULT NULL,
  `description` varchar(255) DEFAULT NULL,
  `group_name` varchar(255) DEFAULT NULL,
  PRIMARY KEY (`id_badge`,`id_lang`)
) ENGINE=InnoDB DEFAULT CHARSET=utf8;

--
-- Dumping data for table `ps_badge_lang`
--

INSERT INTO `ps_badge_lang` VALUES (111,1,'Site Performance','You enabled CCC (Combine, Compress and Cache), Rijndael and Smarty through the tab \r\nAdvanced Parameters > Performance.','Site Performance'),(111,2,'Performances','Vous avez activé CCC (Concaténation, Compression et mise en Cache), Rijndael et Smarty via l\'onglet \"Paramètres avancés > Performances\".','Performances'),(111,3,'Site Performance','',''),(111,4,'Site Performance','',''),(111,5,'Site Performance','',''),(111,6,'Site Performance','',''),(111,7,'Site Performance','',''),(111,8,'Site Performance','',''),(111,9,'Site Performance','',''),(115,1,'Contact information','You configured your phone number so your customers can reach you!','Contact information'),(115,2,'Points de contact','Vous avez configuré votre numéro de téléphone en guise de point de contact.','Points de contact'),(115,3,'Contact information','',''),(115,4,'Contact information','',''),(115,5,'Contact information','',''),(115,6,'Contact information','',''),(115,7,'Contact information','',''),(115,8,'Contact information','',''),(115,9,'Contact information','',''),(117,1,'Catalog Size','You have 1,000 products within your catalog.','Catalog Size'),(117,2,'Taille de catalogue','Vous avez 1 000 produits au sein de votre catalogue.','Taille de catalogue'),(117,3,'Catalog Size','',''),(117,4,'Catalog Size','',''),(117,5,'Catalog Size','',''),(117,6,'Catalog Size','',''),(117,7,'Catalog Size','',''),(117,8,'Catalog Size','',''),(117,9,'Catalog Size','',''),(125,1,'Revenue','You get this badge when you reach 1000 USD in sales.','Revenue'),(125,2,'Chiffre d\'affaires','Vous remportez ce badge lorsque vous atteignez un chiffre d\'affaires de 1000 EUR.','Chiffre d\'affaires'),(125,3,'Revenue','',''),(125,4,'Revenue','',''),(125,5,'Revenue','',''),(125,6,'Revenue','',''),(125,7,'Revenue','',''),(125,8,'Revenue','',''),(125,9,'Revenue','',''),(161,1,'SEO','You enabled the URL rewriting through the tab \"Preferences > SEO and URLs\".','SEO'),(161,2,'Référencement','Vous avez activé la réécriture d\'URL via l\'onglet \"Préférences > SEO et URLs\".','Référencement'),(161,3,'SEO','',''),(161,4,'SEO','',''),(161,5,'SEO','',''),(161,6,'SEO','',''),(161,7,'SEO','',''),(161,8,'SEO','',''),(161,9,'SEO','',''),(163,1,'Payment','You offer two different payment methods to your customers.','Payment'),(163,2,'Moyens de paiement','Vous offrez 2 méthodes de paiement différentes à vos clients.','Moyens de paiement'),(163,3,'Payment','',''),(163,4,'Payment','',''),(163,5,'Payment','',''),(163,6,'Payment','',''),(163,7,'Payment','',''),(163,8,'Payment','',''),(163,9,'Payment','',''),(165,1,'Catalog Size','You have 10 products within your catalog.','Catalog Size'),(165,2,'Taille de catalogue','Vous avez 10 produits au sein de votre catalogue.','Taille de catalogue'),(165,3,'Catalog Size','',''),(165,4,'Catalog Size','',''),(165,5,'Catalog Size','',''),(165,6,'Catalog Size','',''),(165,7,'Catalog Size','',''),(165,8,'Catalog Size','',''),(165,9,'Catalog Size','',''),(167,1,'Catalog Size','You have 100 products within your catalog.','Catalog Size'),(167,2,'Taille de catalogue','Vous avez 100 produits au sein de votre catalogue.','Taille de catalogue'),(167,3,'Catalog Size','',''),(167,4,'Catalog Size','',''),(167,5,'Catalog Size','',''),(167,6,'Catalog Size','',''),(167,7,'Catalog Size','',''),(167,8,'Catalog Size','',''),(167,9,'Catalog Size','',''),(169,1,'Days of Experience','You just installed PrestaShop!','Days of Experience'),(169,2,'Expérience','Vous avez installé PrestaShop !','Expérience'),(169,3,'Days of Experience','',''),(169,4,'Days of Experience','',''),(169,5,'Days of Experience','',''),(169,6,'Days of Experience','',''),(169,7,'Days of Experience','',''),(169,8,'Days of Experience','',''),(169,9,'Days of Experience','',''),(171,1,'Addons','You connected your back-office to the Addons platform using your PrestaShop Addons account.','Addons'),(171,2,'Addons','Vous avez connecté votre back-office à la plateforme Addons grâce à votre compte PrestaShop Addons.','Addons'),(171,3,'Addons','',''),(171,4,'Addons','',''),(171,5,'Addons','',''),(171,6,'Addons','',''),(171,7,'Addons','',''),(171,8,'Addons','',''),(171,9,'Addons','',''),(173,1,'Multistores','You manage five shops with the Multistores feature.','Multistores'),(173,2,'Multi-boutiques','Vous gérez 5 boutiques différentes via la fonctionnalité de multi-boutiques.','Multi-boutiques'),(173,3,'Multistores','',''),(173,4,'Multistores','',''),(173,5,'Multistores','',''),(173,6,'Multistores','',''),(173,7,'Multistores','',''),(173,8,'Multistores','',''),(173,9,'Multistores','',''),(175,1,'Revenue','You get this badge when you reach 200 USD in sales.','Revenue'),(175,2,'Chiffre d\'affaires','Vous remportez ce badge lorsque vous atteignez un chiffre d\'affaires de 100 EUR.','Chiffre d\'affaires'),(175,3,'Revenue','',''),(175,4,'Revenue','',''),(175,5,'Revenue','',''),(175,6,'Revenue','',''),(175,7,'Revenue','',''),(175,8,'Revenue','',''),(175,9,'Revenue','',''),(176,1,'Revenue','You get this badge when you reach 1000 USD in sales.','Revenue'),(176,2,'Chiffre d\'affaires','Vous remportez ce badge lorsque vous atteignez un chiffre d\'affaires de 10 000 EUR.','Chiffre d\'affaires'),(176,3,'Revenue','',''),(176,4,'Revenue','',''),(176,5,'Revenue','',''),(176,6,'Revenue','',''),(176,7,'Revenue','',''),(176,8,'Revenue','',''),(176,9,'Revenue','',''),(177,1,'Revenue','You get this badge when you reach 1000 USD in sales.','Revenue'),(177,2,'Chiffre d\'affaires','Vous remportez ce badge lorsque vous atteignez un chiffre d\'affaires de 1 000 000 EUR','Chiffre d\'affaires'),(177,3,'Revenue','',''),(177,4,'Revenue','',''),(177,5,'Revenue','',''),(177,6,'Revenue','',''),(177,7,'Revenue','',''),(177,8,'Revenue','',''),(177,9,'Revenue','',''),(179,1,'Days of Experience','You installed PrestaShop a year ago!','Days of Experience'),(179,2,'Expérience','Vous avez installé PrestaShop il y a un an !','Expérience'),(179,3,'Days of Experience','',''),(179,4,'Days of Experience','',''),(179,5,'Days of Experience','',''),(179,6,'Days of Experience','',''),(179,7,'Days of Experience','',''),(179,8,'Days of Experience','',''),(179,9,'Days of Experience','',''),(181,1,'Visitors','You reached 1,000 visitors!','Visitors'),(181,2,'Visiteurs','Vous avez accueilli 1 000 visiteurs !','Visiteurs'),(181,3,'Visitors','',''),(181,4,'Visitors','',''),(181,5,'Visitors','',''),(181,6,'Visitors','',''),(181,7,'Visitors','',''),(181,8,'Visitors','',''),(181,9,'Visitors','',''),(183,1,'Customer Carts','Two carts have been created by visitors','Customer Carts'),(183,2,'Paniers','2 paniers ont été créés par vos visiteurs.','Paniers'),(183,3,'Customer Carts','',''),(183,4,'Customer Carts','',''),(183,5,'Customer Carts','',''),(183,6,'Customer Carts','',''),(183,7,'Customer Carts','',''),(183,8,'Customer Carts','',''),(183,9,'Customer Carts','',''),(184,1,'Customer Carts','A hundred carts have been created by visitors on your shop.','Customer Carts'),(184,2,'Paniers','100 paniers ont été créés par vos visiteurs.','Paniers'),(184,3,'Customer Carts','',''),(184,4,'Customer Carts','',''),(184,5,'Customer Carts','',''),(184,6,'Customer Carts','',''),(184,7,'Customer Carts','',''),(184,8,'Customer Carts','',''),(184,9,'Customer Carts','',''),(185,1,'Customer Carts','10,000 carts have been created by visitors.','Customer Carts'),(185,2,'Paniers','10 000 paniers ont été créés par vos visiteurs.','Paniers'),(185,3,'Customer Carts','',''),(185,4,'Customer Carts','',''),(185,5,'Customer Carts','',''),(185,6,'Customer Carts','',''),(185,7,'Customer Carts','',''),(185,8,'Customer Carts','',''),(185,9,'Customer Carts','',''),(187,1,'Orders','You received 100 orders through your online shop!','Orders'),(187,2,'Commandes','100 commandes ont été passées sur votre boutique.','Commandes'),(187,3,'Orders','',''),(187,4,'Orders','',''),(187,5,'Orders','',''),(187,6,'Orders','',''),(187,7,'Orders','',''),(187,8,'Orders','',''),(187,9,'Orders','',''),(189,1,'Customer Service Threads','You received  your first customer\'s message.','Customer Service Threads'),(189,2,'Messages Clients','Vous avez reçu votre premier message client.','Messages Clients'),(189,3,'Customer Service Threads','',''),(189,4,'Customer Service Threads','',''),(189,5,'Customer Service Threads','',''),(189,6,'Customer Service Threads','',''),(189,7,'Customer Service Threads','',''),(189,8,'Customer Service Threads','',''),(189,9,'Customer Service Threads','',''),(223,1,'Payment','You configured a payment solution on your shop.','Payment'),(223,2,'Moyens de paiement','Vous avez configuré une méthode de paiement sur votre boutique.','Moyens de paiement'),(223,3,'Payment','',''),(223,4,'Payment','',''),(223,5,'Payment','',''),(223,6,'Payment','',''),(223,7,'Payment','',''),(223,8,'Payment','',''),(223,9,'Payment','',''),(224,1,'Catalog Size','You added your first product to your catalog!','Catalog Size'),(224,2,'Taille de catalogue','Vous avez créé le premier produit dans votre catalogue.','Taille de catalogue'),(224,3,'Catalog Size','',''),(224,4,'Catalog Size','',''),(224,5,'Catalog Size','',''),(224,6,'Catalog Size','',''),(224,7,'Catalog Size','',''),(224,8,'Catalog Size','',''),(224,9,'Catalog Size','',''),(225,1,'Contact information','You suggest a total of 5 departments to be reached by your customers via your contact form.','Contact information'),(225,2,'Points de contact','5 services différents peuvent être contactés via votre formulaire de contact.','Points de contact'),(225,3,'Contact information','',''),(225,4,'Contact information','',''),(225,5,'Contact information','',''),(225,6,'Contact information','',''),(225,7,'Contact information','',''),(225,8,'Contact information','',''),(225,9,'Contact information','',''),(226,1,'Catalog Size','You have 100,000 products within your catalog.','Catalog Size'),(226,2,'Taille de catalogue','Vous avez 100 000 produits au sein de votre catalogue.','Taille de catalogue'),(226,3,'Catalog Size','',''),(226,4,'Catalog Size','',''),(226,5,'Catalog Size','',''),(226,6,'Catalog Size','',''),(226,7,'Catalog Size','',''),(226,8,'Catalog Size','',''),(226,9,'Catalog Size','',''),(227,1,'Days of Experience','You installed PrestaShop a week ago!','Days of Experience'),(227,2,'Expérience','Vous avez démarré avec PrestaShop il y a une semaine !','Expérience'),(227,3,'Days of Experience','',''),(227,4,'Days of Experience','',''),(227,5,'Days of Experience','',''),(227,6,'Days of Experience','',''),(227,7,'Days of Experience','',''),(227,8,'Days of Experience','',''),(227,9,'Days of Experience','',''),(228,1,'Customization','You installed a new template.','Customization'),(228,2,'Personnalisation','Vous avez installé un nouveau thème graphique.','Personnalisation'),(228,3,'Customization','',''),(228,4,'Customization','',''),(228,5,'Customization','',''),(228,6,'Customization','',''),(228,7,'Customization','',''),(228,8,'Customization','',''),(228,9,'Customization','',''),(229,1,'Multistores','You manage two different groups of shops using the Multistores feature.','Multistores'),(229,2,'Multi-boutiques','Vous gérez 2 groupes de boutiques grâce à la fonctionnalité du multi-boutiques.','Multi-boutiques'),(229,3,'Multistores','',''),(229,4,'Multistores','',''),(229,5,'Multistores','',''),(229,6,'Multistores','',''),(229,7,'Multistores','',''),(229,8,'Multistores','',''),(229,9,'Multistores','',''),(230,1,'Multistores','You manage five different groups of shops using the Multistores feature.','Multistores'),(230,2,'Multi-boutiques','Vous gérez 5 groupes de boutiques grâce à la fonctionnalité du multi-boutiques.','Multi-boutiques'),(230,3,'Multistores','',''),(230,4,'Multistores','',''),(230,5,'Multistores','',''),(230,6,'Multistores','',''),(230,7,'Multistores','',''),(230,8,'Multistores','',''),(230,9,'Multistores','',''),(231,1,'Payment','You offer three different payment methods to your customers.','Payment'),(231,2,'Moyens de paiement','Vous offrez 3 méthodes de paiement différentes à vos clients.','Moyens de paiement'),(231,3,'Payment','',''),(231,4,'Payment','',''),(231,5,'Payment','',''),(231,6,'Payment','',''),(231,7,'Payment','',''),(231,8,'Payment','',''),(231,9,'Payment','',''),(232,1,'Revenue','You get this badge when you reach 200 USD in sales.','Revenue'),(232,2,'Chiffre d\'affaires','Vous remportez ce badge lorsque vous atteignez un chiffre d\'affaires de 100 000 EUR.','Chiffre d\'affaires'),(232,3,'Revenue','',''),(232,4,'Revenue','',''),(232,5,'Revenue','',''),(232,6,'Revenue','',''),(232,7,'Revenue','',''),(232,8,'Revenue','',''),(232,9,'Revenue','',''),(233,1,'Revenue','You get this badge when you reach 1000 USD in sales.','Revenue'),(233,2,'Chiffre d\'affaires','Vous remportez ce badge lorsque vous atteignez un chiffre d\'affaires de 10 000 000 EUR.','Chiffre d\'affaires'),(233,3,'Revenue','',''),(233,4,'Revenue','',''),(233,5,'Revenue','',''),(233,6,'Revenue','',''),(233,7,'Revenue','',''),(233,8,'Revenue','',''),(233,9,'Revenue','',''),(234,1,'Days of Experience','You installed PrestaShop six months ago!','Days of Experience'),(234,2,'Expérience','Vous avez installé PrestaShop il y a 6 mois !','Expérience'),(234,3,'Days of Experience','',''),(234,4,'Days of Experience','',''),(234,5,'Days of Experience','',''),(234,6,'Days of Experience','',''),(234,7,'Days of Experience','',''),(234,8,'Days of Experience','',''),(234,9,'Days of Experience','',''),(235,1,'Visitors','You reached 100 visitors!','Visitors'),(235,2,'Visiteurs','Vous avez accueilli 100 visiteurs !','Visiteurs'),(235,3,'Visitors','',''),(235,4,'Visitors','',''),(235,5,'Visitors','',''),(235,6,'Visitors','',''),(235,7,'Visitors','',''),(235,8,'Visitors','',''),(235,9,'Visitors','',''),(236,1,'Visitors','You reached 10,000 visitors!','Visitors'),(236,2,'Visiteurs','Vous avez accueilli 10 000 visiteurs !','Visiteurs'),(236,3,'Visitors','',''),(236,4,'Visitors','',''),(236,5,'Visitors','',''),(236,6,'Visitors','',''),(236,7,'Visitors','',''),(236,8,'Visitors','',''),(236,9,'Visitors','',''),(237,1,'Visitors','You reached 1,000,000 visitors!','Visitors'),(237,2,'Visiteurs','Vous avez accueilli un million de visiteurs !','Visiteurs'),(237,3,'Visitors','',''),(237,4,'Visitors','',''),(237,5,'Visitors','',''),(237,6,'Visitors','',''),(237,7,'Visitors','',''),(237,8,'Visitors','',''),(237,9,'Visitors','',''),(238,1,'Customer Carts','Ten carts have been created by visitors.','Customer Carts'),(238,2,'Paniers','10 paniers ont été créés par vos visiteurs.','Paniers'),(238,3,'Customer Carts','',''),(238,4,'Customer Carts','',''),(238,5,'Customer Carts','',''),(238,6,'Customer Carts','',''),(238,7,'Customer Carts','',''),(238,8,'Customer Carts','',''),(238,9,'Customer Carts','',''),(239,1,'Customer Carts','A thousand carts have been created by visitors on your shop.','Customer Carts'),(239,2,'Paniers','1 000 paniers ont été créés par vos visiteurs.','Paniers'),(239,3,'Customer Carts','',''),(239,4,'Customer Carts','',''),(239,5,'Customer Carts','',''),(239,6,'Customer Carts','',''),(239,7,'Customer Carts','',''),(239,8,'Customer Carts','',''),(239,9,'Customer Carts','',''),(240,1,'Customer Carts','100,000 carts have been created by visitors.','Customer Carts'),(240,2,'Paniers','100 000 paniers ont été créés par vos visiteurs.','Paniers'),(240,3,'Customer Carts','',''),(240,4,'Customer Carts','',''),(240,5,'Customer Carts','',''),(240,6,'Customer Carts','',''),(240,7,'Customer Carts','',''),(240,8,'Customer Carts','',''),(240,9,'Customer Carts','',''),(241,1,'Orders','10 orders have been placed through your online shop.','Orders'),(241,2,'Commandes','10 commandes ont été passées sur votre boutique.','Commandes'),(241,3,'Orders','',''),(241,4,'Orders','',''),(241,5,'Orders','',''),(241,6,'Orders','',''),(241,7,'Orders','',''),(241,8,'Orders','',''),(241,9,'Orders','',''),(242,1,'Orders','You received 100,000 orders through your online shop!','Orders'),(242,2,'Commandes','100 000 commandes ont été passées sur votre boutique.','Commandes'),(242,3,'Orders','',''),(242,4,'Orders','',''),(242,5,'Orders','',''),(242,6,'Orders','',''),(242,7,'Orders','',''),(242,8,'Orders','',''),(242,9,'Orders','',''),(243,1,'Customer Service Threads','You received 10 messages from your customers.','Customer Service Threads'),(243,2,'Messages Clients','Vous avez reçu 10 messages clients.','Messages Clients'),(243,3,'Customer Service Threads','',''),(243,4,'Customer Service Threads','',''),(243,5,'Customer Service Threads','',''),(243,6,'Customer Service Threads','',''),(243,7,'Customer Service Threads','',''),(243,8,'Customer Service Threads','',''),(243,9,'Customer Service Threads','',''),(244,1,'Customer Service Threads','You received 1,000 messages from your customers.','Customer Service Threads'),(244,2,'Messages Clients','Vous avez reçu 1 000 messages clients.','Messages Clients'),(244,3,'Customer Service Threads','',''),(244,4,'Customer Service Threads','',''),(244,5,'Customer Service Threads','',''),(244,6,'Customer Service Threads','',''),(244,7,'Customer Service Threads','',''),(244,8,'Customer Service Threads','',''),(244,9,'Customer Service Threads','',''),(245,1,'Customers','You have over 10 customers registered on your shop.','Customers'),(245,2,'Clients','Vous avez plus de 10 clients inscrits sur votre boutique.','Clients'),(245,3,'Customers','',''),(245,4,'Customers','',''),(245,5,'Customers','',''),(245,6,'Customers','',''),(245,7,'Customers','',''),(245,8,'Customers','',''),(245,9,'Customers','',''),(246,1,'Customers','You have over 1,000 customers registered on your shop.','Customers'),(246,2,'Clients','Vous avez plus de 1 000 clients inscrits sur votre boutique.','Clients'),(246,3,'Customers','',''),(246,4,'Customers','',''),(246,5,'Customers','',''),(246,6,'Customers','',''),(246,7,'Customers','',''),(246,8,'Customers','',''),(246,9,'Customers','',''),(247,1,'Customers','You have over 100,000 customers registered on your shop.','Customers'),(247,2,'Clients','Vous avez plus de 100 000 clients inscrits sur votre boutique.','Clients'),(247,3,'Customers','',''),(247,4,'Customers','',''),(247,5,'Customers','',''),(247,6,'Customers','',''),(247,7,'Customers','',''),(247,8,'Customers','',''),(247,9,'Customers','',''),(248,1,'Oceania','You got your first sale in Oceania','Oceania'),(248,2,'Océanie','Vous avez réalisé votre première vente en Océanie','Océanie'),(248,3,'Oceania','',''),(248,4,'Oceania','',''),(248,5,'Oceania','',''),(248,6,'Oceania','',''),(248,7,'Oceania','',''),(248,8,'Oceania','',''),(248,9,'Oceania','',''),(249,1,'Your Team\'s Employees','First employee account added to your shop','Your Team\'s Employees'),(249,2,'Equipe','1er compte d\'employé ajouté à votre boutique','Equipe'),(249,3,'Your Team\'s Employees','',''),(249,4,'Your Team\'s Employees','',''),(249,5,'Your Team\'s Employees','',''),(249,6,'Your Team\'s Employees','',''),(249,7,'Your Team\'s Employees','',''),(249,8,'Your Team\'s Employees','',''),(249,9,'Your Team\'s Employees','',''),(250,1,'Your Team\'s Employees','40 employee accounts added to your shop','Your Team\'s Employees'),(250,2,'Equipe','40 comptes d\'employé ajoutés à votre boutique','Equipe'),(250,3,'Your Team\'s Employees','',''),(250,4,'Your Team\'s Employees','',''),(250,5,'Your Team\'s Employees','',''),(250,6,'Your Team\'s Employees','',''),(250,7,'Your Team\'s Employees','',''),(250,8,'Your Team\'s Employees','',''),(250,9,'Your Team\'s Employees','',''),(251,1,'Product Pictures','First photo added to your catalog','Product Pictures'),(251,2,'Photos produits','1re photo de produits ajoutée à votre catalogue','Photos produits'),(251,3,'Product Pictures','',''),(251,4,'Product Pictures','',''),(251,5,'Product Pictures','',''),(251,6,'Product Pictures','',''),(251,7,'Product Pictures','',''),(251,8,'Product Pictures','',''),(251,9,'Product Pictures','',''),(252,1,'Product Pictures','50 photos added to your catalog','Product Pictures'),(252,2,'Photos produits','50 photos de produits ajoutées à votre catalogue','Photos produits'),(252,3,'Product Pictures','',''),(252,4,'Product Pictures','',''),(252,5,'Product Pictures','',''),(252,6,'Product Pictures','',''),(252,7,'Product Pictures','',''),(252,8,'Product Pictures','',''),(252,9,'Product Pictures','',''),(253,1,'Product Pictures','100 photos added to your catalog','Product Pictures'),(253,2,'Photos produits','100 photos de produits ajoutées à votre catalogue','Photos produits'),(253,3,'Product Pictures','',''),(253,4,'Product Pictures','',''),(253,5,'Product Pictures','',''),(253,6,'Product Pictures','',''),(253,7,'Product Pictures','',''),(253,8,'Product Pictures','',''),(253,9,'Product Pictures','',''),(254,1,'Product Pictures','1,000 photos added to your catalog','Product Pictures'),(254,2,'Photos produits','1 000 photos de produits ajoutées à votre catalogue','Photos produits'),(254,3,'Product Pictures','',''),(254,4,'Product Pictures','',''),(254,5,'Product Pictures','',''),(254,6,'Product Pictures','',''),(254,7,'Product Pictures','',''),(254,8,'Product Pictures','',''),(254,9,'Product Pictures','',''),(255,1,'Product Pictures','10,000 photos added to your catalog','Product Pictures'),(255,2,'Photos produits','10 000 photos de produits ajoutées à votre catalogue','Photos produits'),(255,3,'Product Pictures','',''),(255,4,'Product Pictures','',''),(255,5,'Product Pictures','',''),(255,6,'Product Pictures','',''),(255,7,'Product Pictures','',''),(255,8,'Product Pictures','',''),(255,9,'Product Pictures','',''),(256,1,'Product Pictures','50,000 photos added to your catalog','Product Pictures'),(256,2,'Photos produits','50 000 photos de produits ajoutées à votre catalogue','Photos produits'),(256,3,'Product Pictures','',''),(256,4,'Product Pictures','',''),(256,5,'Product Pictures','',''),(256,6,'Product Pictures','',''),(256,7,'Product Pictures','',''),(256,8,'Product Pictures','',''),(256,9,'Product Pictures','',''),(257,1,'Customization','First CMS page added to your catalog','Customization'),(257,2,'Personnalisation','1re page CMS ajoutée à votre catalogue','Personnalisation'),(257,3,'Customization','',''),(257,4,'Customization','',''),(257,5,'Customization','',''),(257,6,'Customization','',''),(257,7,'Customization','',''),(257,8,'Customization','',''),(257,9,'Customization','',''),(258,1,'Cart Rules','You have 100 cart rules configured on your shop','Cart Rules'),(258,2,'Règles panier','Vous avez 100 règles de promotion configurées sur votre boutique','Règles panier'),(258,3,'Cart Rules','',''),(258,4,'Cart Rules','',''),(258,5,'Cart Rules','',''),(258,6,'Cart Rules','',''),(258,7,'Cart Rules','',''),(258,8,'Cart Rules','',''),(258,9,'Cart Rules','',''),(259,1,'Cart Rules','You have 500 cart rules configured on your shop','Cart Rules'),(259,2,'Règles panier','Vous avez 500 règles de promotion configurées sur votre boutique','Règles panier'),(259,3,'Cart Rules','',''),(259,4,'Cart Rules','',''),(259,5,'Cart Rules','',''),(259,6,'Cart Rules','',''),(259,7,'Cart Rules','',''),(259,8,'Cart Rules','',''),(259,9,'Cart Rules','',''),(260,1,'Cart Rules','You have 1,000 cart rules configured on your shop','Cart Rules'),(260,2,'Règles panier','Vous avez 1 000 règles de promotion configurées sur votre boutique','Règles panier'),(260,3,'Cart Rules','',''),(260,4,'Cart Rules','',''),(260,5,'Cart Rules','',''),(260,6,'Cart Rules','',''),(260,7,'Cart Rules','',''),(260,8,'Cart Rules','',''),(260,9,'Cart Rules','',''),(261,1,'International Orders','First international order placed on your shop.','International Orders'),(261,2,'Commandes à l\'étranger','Première commande passée par un client international sur votre boutique.','Commandes à l\'étranger'),(261,3,'International Orders','',''),(261,4,'International Orders','',''),(261,5,'International Orders','',''),(261,6,'International Orders','',''),(261,7,'International Orders','',''),(261,8,'International Orders','',''),(261,9,'International Orders','',''),(262,1,'International Orders','10 international orders placed on your shop.','International Orders'),(262,2,'Commandes à l\'étranger','10 commandes passées par des clients internationaux sur votre boutique.','Commandes à l\'étranger'),(262,3,'International Orders','',''),(262,4,'International Orders','',''),(262,5,'International Orders','',''),(262,6,'International Orders','',''),(262,7,'International Orders','',''),(262,8,'International Orders','',''),(262,9,'International Orders','',''),(263,1,'International Orders','100 international orders placed on your shop!','International Orders'),(263,2,'Commandes à l\'étranger','100 commandes passées par des clients internationaux sur votre boutique !','Commandes à l\'étranger'),(263,3,'International Orders','',''),(263,4,'International Orders','',''),(263,5,'International Orders','',''),(263,6,'International Orders','',''),(263,7,'International Orders','',''),(263,8,'International Orders','',''),(263,9,'International Orders','',''),(264,1,'International Orders','1,000 international orders placed on your shop!','International Orders'),(264,2,'Commandes à l\'étranger','1 000 commandes passées par des clients internationaux sur votre boutique !','Commandes à l\'étranger'),(264,3,'International Orders','',''),(264,4,'International Orders','',''),(264,5,'International Orders','',''),(264,6,'International Orders','',''),(264,7,'International Orders','',''),(264,8,'International Orders','',''),(264,9,'International Orders','',''),(265,1,'International Orders','5,000 international orders placed on your shop!','International Orders'),(265,2,'Commandes à l\'étranger','5 000 commandes passées par des clients internationaux sur votre boutique !','Commandes à l\'étranger'),(265,3,'International Orders','',''),(265,4,'International Orders','',''),(265,5,'International Orders','',''),(265,6,'International Orders','',''),(265,7,'International Orders','',''),(265,8,'International Orders','',''),(265,9,'International Orders','',''),(266,1,'Store','You have 2 stores configured on your shop','Store'),(266,2,'Boutique Physique','Vous avez 2 magasins configurés sur votre boutique','Boutique Physique'),(266,3,'Store','',''),(266,4,'Store','',''),(266,5,'Store','',''),(266,6,'Store','',''),(266,7,'Store','',''),(266,8,'Store','',''),(266,9,'Store','',''),(267,1,'Webservice x4','4 webservice accounts added to your shop','WebService'),(267,2,'Webservice x4','4 comptes webservice ajoutés à votre boutique','WebService'),(267,3,'Webservice x4','',''),(267,4,'Webservice x4','',''),(267,5,'Webservice x4','',''),(267,6,'Webservice x4','',''),(267,7,'Webservice x4','',''),(267,8,'Webservice x4','',''),(267,9,'Webservice x4','',''),(268,1,'Shopgate installed','You have installed the Shopgate module','Partners'),(268,2,'Shopgate installé','Vous avez installé le module Shopgate','Partenaires'),(268,3,'Shopgate installed','',''),(268,4,'Shopgate installed','',''),(268,5,'Shopgate installed','',''),(268,6,'Shopgate installed','',''),(268,7,'Shopgate installed','',''),(268,8,'Shopgate installed','',''),(268,9,'Shopgate installed','',''),(269,1,'Shopgate configured','You have configured the Shopgate module','Partners'),(269,2,'Shopgate configuré','Vous avez configuré le modul Shopgate','Partenaires'),(269,3,'Shopgate configured','',''),(269,4,'Shopgate configured','',''),(269,5,'Shopgate configured','',''),(269,6,'Shopgate configured','',''),(269,7,'Shopgate configured','',''),(269,8,'Shopgate configured','',''),(269,9,'Shopgate configured','',''),(270,1,'Shopgate active','Your Shopgate module is active','Partners'),(270,2,'Shopgate actif','Le module Shopgate est actif','Partenaires'),(270,3,'Shopgate active','',''),(270,4,'Shopgate active','',''),(270,5,'Shopgate active','',''),(270,6,'Shopgate active','',''),(270,7,'Shopgate active','',''),(270,8,'Shopgate active','',''),(270,9,'Shopgate active','',''),(271,1,'Shopgate very active','Your Shopgate module is very active','Partners'),(271,2,'Shopgate très actif','Le module Shopgate est très actif','Partenaires'),(271,3,'Shopgate very active','',''),(271,4,'Shopgate very active','',''),(271,5,'Shopgate very active','',''),(271,6,'Shopgate very active','',''),(271,7,'Shopgate very active','',''),(271,8,'Shopgate very active','',''),(271,9,'Shopgate very active','',''),(272,1,'Skrill installed','You have installed the Skrill module','Partners'),(272,2,'Skrill installé','Vous avez installé le module Skrill','Partenaires'),(272,3,'Skrill installed','',''),(272,4,'Skrill installed','',''),(272,5,'Skrill installed','',''),(272,6,'Skrill installed','',''),(272,7,'Skrill installed','',''),(272,8,'Skrill installed','',''),(272,9,'Skrill installed','',''),(273,1,'Skrill configured','You have configured the Skrill module','Partners'),(273,2,'Skrill configuré','Vous avez configuré le module Skrill','Partenaires'),(273,3,'Skrill configured','',''),(273,4,'Skrill configured','',''),(273,5,'Skrill configured','',''),(273,6,'Skrill configured','',''),(273,7,'Skrill configured','',''),(273,8,'Skrill configured','',''),(273,9,'Skrill configured','',''),(274,1,'Skrill active','Your Skrill module is active','Partners'),(274,2,'Skrill actif','Le module Skrill est actif','Partenaires'),(274,3,'Skrill active','',''),(274,4,'Skrill active','',''),(274,5,'Skrill active','',''),(274,6,'Skrill active','',''),(274,7,'Skrill active','',''),(274,8,'Skrill active','',''),(274,9,'Skrill active','',''),(275,1,'Skrill very active','Your Skrill module is very active','Partners'),(275,2,'Skrill très actif','Le module Skrill est très actif','Partenaires'),(275,3,'Skrill very active','',''),(275,4,'Skrill very active','',''),(275,5,'Skrill very active','',''),(275,6,'Skrill very active','',''),(275,7,'Skrill very active','',''),(275,8,'Skrill very active','',''),(275,9,'Skrill very active','',''),(276,1,'Shopping Feed installed','You have installed the Shopping Feed module','Partners'),(276,2,'Shopping Flux installé','Vous avez installé le module Shopping Flux','Partenaires'),(276,3,'Shopping Feed installed','',''),(276,4,'Shopping Feed installed','',''),(276,5,'Shopping Feed installed','',''),(276,6,'Shopping Feed installed','',''),(276,7,'Shopping Feed installed','',''),(276,8,'Shopping Feed installed','',''),(276,9,'Shopping Feed installed','',''),(277,1,'Shopping Feed configured','You have configured the Shopping Feed module','Partners'),(277,2,'Shopping Flux configuré','Vous avez configuré le module Shopping Flux','Partenaires'),(277,3,'Shopping Feed configured','',''),(277,4,'Shopping Feed configured','',''),(277,5,'Shopping Feed configured','',''),(277,6,'Shopping Feed configured','',''),(277,7,'Shopping Feed configured','',''),(277,8,'Shopping Feed configured','',''),(277,9,'Shopping Feed configured','',''),(278,1,'Site Performance','You enabled media servers through the tab \"Advanced parameters > Performance\".','Site Performance'),(278,2,'Performances','Vous avez activé des serveurs de médias via l\'onglet \" Paramètres avancés > Performances\". ','Performances'),(278,3,'Site Performance','',''),(278,4,'Site Performance','',''),(278,5,'Site Performance','',''),(278,6,'Site Performance','',''),(278,7,'Site Performance','',''),(278,8,'Site Performance','',''),(278,9,'Site Performance','',''),(279,1,'Shipping','You configured a carrier on your shop.','Shipping'),(279,2,'Solutions de transport','Vous avez configuré un transporteur sur votre boutique.','Solutions de transport'),(279,3,'Shipping','',''),(279,4,'Shipping','',''),(279,5,'Shipping','',''),(279,6,'Shipping','',''),(279,7,'Shipping','',''),(279,8,'Shipping','',''),(279,9,'Shipping','',''),(280,1,'Shipping','You offer two shipping solutions (carriers) to your customers.','Shipping'),(280,2,'Solutions de transport','Vous proposez 2 solutions de livraison (transporteurs) à vos clients.','Solutions de transport'),(280,3,'Shipping','',''),(280,4,'Shipping','',''),(280,5,'Shipping','',''),(280,6,'Shipping','',''),(280,7,'Shipping','',''),(280,8,'Shipping','',''),(280,9,'Shipping','',''),(281,1,'Contact information','You added a third email address to your contact form.','Contact information'),(281,2,'Points de contact','Vous avez configuré une troisième adresse via votre formulaire de contact.','Points de contact'),(281,3,'Contact information','',''),(281,4,'Contact information','',''),(281,5,'Contact information','',''),(281,6,'Contact information','',''),(281,7,'Contact information','',''),(281,8,'Contact information','',''),(281,9,'Contact information','',''),(282,1,'Catalog Size','You have 10,000 products within your catalog.','Catalog Size'),(282,2,'Taille de catalogue','Vous avez 10 000 produits au sein de votre catalogue.','Taille de catalogue'),(282,3,'Catalog Size','',''),(282,4,'Catalog Size','',''),(282,5,'Catalog Size','',''),(282,6,'Catalog Size','',''),(282,7,'Catalog Size','',''),(282,8,'Catalog Size','',''),(282,9,'Catalog Size','',''),(283,1,'Customization','You uploaded your own logo.','Customization'),(283,2,'Personnalisation','Vous avez ajouté votre logo.','Personnalisation'),(283,3,'Customization','',''),(283,4,'Customization','',''),(283,5,'Customization','',''),(283,6,'Customization','',''),(283,7,'Customization','',''),(283,8,'Customization','',''),(283,9,'Customization','',''),(284,1,'Multistores','You enabled the Multistores feature.','Multistores'),(284,2,'Multi-boutiques','Vous avez activé le multi-boutiques.','Multi-boutiques'),(284,3,'Multistores','',''),(284,4,'Multistores','',''),(284,5,'Multistores','',''),(284,6,'Multistores','',''),(284,7,'Multistores','',''),(284,8,'Multistores','',''),(284,9,'Multistores','',''),(285,1,'Multistores','You manage two shops with the Multistores feature.','Multistores'),(285,2,'Multi-boutiques','Vous gérez 2 boutiques différentes via la fonctionnalité de multi-boutiques.','Multi-boutiques'),(285,3,'Multistores','',''),(285,4,'Multistores','',''),(285,5,'Multistores','',''),(285,6,'Multistores','',''),(285,7,'Multistores','',''),(285,8,'Multistores','',''),(285,9,'Multistores','',''),(286,1,'Shipping','You offer three different shipping solutions (carriers) to your customers.','Shipping'),(286,2,'Solutions de transport','Vous proposez 3 solutions de livraison différentes (transporteurs) à vos clients.','Solutions de transport'),(286,3,'Shipping','',''),(286,4,'Shipping','',''),(286,5,'Shipping','',''),(286,6,'Shipping','',''),(286,7,'Shipping','',''),(286,8,'Shipping','',''),(286,9,'Shipping','',''),(287,1,'Days of Experience','You installed PrestaShop a month ago!','Days of Experience'),(287,2,'Expérience','Déjà un mois que vous avez installé PrestaShop !','Expérience'),(287,3,'Days of Experience','',''),(287,4,'Days of Experience','',''),(287,5,'Days of Experience','',''),(287,6,'Days of Experience','',''),(287,7,'Days of Experience','',''),(287,8,'Days of Experience','',''),(287,9,'Days of Experience','',''),(288,1,'Days of Experience','You installed PrestaShop two years ago!','Days of Experience'),(288,2,'Expérience','Vous avez installé PrestaShop il y a deux ans !','Expérience'),(288,3,'Days of Experience','',''),(288,4,'Days of Experience','',''),(288,5,'Days of Experience','',''),(288,6,'Days of Experience','',''),(288,7,'Days of Experience','',''),(288,8,'Days of Experience','',''),(288,9,'Days of Experience','',''),(289,1,'Visitors','You reached 10 visitors!','Visitors'),(289,2,'Visiteurs','Vous avez accueilli 10 visiteurs !','Visiteurs'),(289,3,'Visitors','',''),(289,4,'Visitors','',''),(289,5,'Visitors','',''),(289,6,'Visitors','',''),(289,7,'Visitors','',''),(289,8,'Visitors','',''),(289,9,'Visitors','',''),(290,1,'Visitors','You reached 100,000 visitors!','Visitors'),(290,2,'Visiteurs','Vous avez accueilli 100 000 visiteurs !','Visiteurs'),(290,3,'Visitors','',''),(290,4,'Visitors','',''),(290,5,'Visitors','',''),(290,6,'Visitors','',''),(290,7,'Visitors','',''),(290,8,'Visitors','',''),(290,9,'Visitors','',''),(291,1,'Orders','You received your first order.','Orders'),(291,2,'Commandes','Vous avez reçu votre première commande.','Commandes'),(291,3,'Orders','',''),(291,4,'Orders','',''),(291,5,'Orders','',''),(291,6,'Orders','',''),(291,7,'Orders','',''),(291,8,'Orders','',''),(291,9,'Orders','',''),(292,1,'Orders','You received 1,000 orders through your online shop, congrats!','Orders'),(292,2,'Commandes','1 000 commandes ont été passées sur votre boutique. Bravo !','Commandes'),(292,3,'Orders','',''),(292,4,'Orders','',''),(292,5,'Orders','',''),(292,6,'Orders','',''),(292,7,'Orders','',''),(292,8,'Orders','',''),(292,9,'Orders','',''),(293,1,'Orders','You received 10,000 orders through your online shop, cheers!','Orders'),(293,2,'Commandes','10 000 commandes ont été passées sur votre boutique, félicitations !','Commandes'),(293,3,'Orders','',''),(293,4,'Orders','',''),(293,5,'Orders','',''),(293,6,'Orders','',''),(293,7,'Orders','',''),(293,8,'Orders','',''),(293,9,'Orders','',''),(294,1,'Customer Service Threads','You received 100 messages from your customers.','Customer Service Threads'),(294,2,'Messages Clients','Vous avez reçu 100 messages clients.','Messages Clients'),(294,3,'Customer Service Threads','',''),(294,4,'Customer Service Threads','',''),(294,5,'Customer Service Threads','',''),(294,6,'Customer Service Threads','',''),(294,7,'Customer Service Threads','',''),(294,8,'Customer Service Threads','',''),(294,9,'Customer Service Threads','',''),(295,1,'Customer Service Threads','You received 10,000 messages from your customers.','Customer Service Threads'),(295,2,'Messages Clients','Vous avez reçu 10 000 messages clients.','Messages Clients'),(295,3,'Customer Service Threads','',''),(295,4,'Customer Service Threads','',''),(295,5,'Customer Service Threads','',''),(295,6,'Customer Service Threads','',''),(295,7,'Customer Service Threads','',''),(295,8,'Customer Service Threads','',''),(295,9,'Customer Service Threads','',''),(296,1,'Customer Service Threads','You received 100,000 messages from your customers.','Customer Service Threads'),(296,2,'Messages Clients','Vous avez reçu 100 000 messages clients.','Messages Clients'),(296,3,'Customer Service Threads','',''),(296,4,'Customer Service Threads','',''),(296,5,'Customer Service Threads','',''),(296,6,'Customer Service Threads','',''),(296,7,'Customer Service Threads','',''),(296,8,'Customer Service Threads','',''),(296,9,'Customer Service Threads','',''),(297,1,'Customers','You got the first customer registered on your shop!','Customers'),(297,2,'Clients','Votre premier client vient de s\'inscrire à votre boutique !','Clients'),(297,3,'Customers','',''),(297,4,'Customers','',''),(297,5,'Customers','',''),(297,6,'Customers','',''),(297,7,'Customers','',''),(297,8,'Customers','',''),(297,9,'Customers','',''),(298,1,'Customers','You have over 100 customers registered on your shop.','Customers'),(298,2,'Clients','Vous avez plus de 100 clients inscrits sur votre boutique.','Clients'),(298,3,'Customers','',''),(298,4,'Customers','',''),(298,5,'Customers','',''),(298,6,'Customers','',''),(298,7,'Customers','',''),(298,8,'Customers','',''),(298,9,'Customers','',''),(299,1,'Customers','You have over 10,000 customers registered on your shop.','Customers'),(299,2,'Clients','Vous avez plus de 10 000 clients inscrits sur votre boutique.','Clients'),(299,3,'Customers','',''),(299,4,'Customers','',''),(299,5,'Customers','',''),(299,6,'Customers','',''),(299,7,'Customers','',''),(299,8,'Customers','',''),(299,9,'Customers','',''),(300,1,'North America','You got your first sale in North America','North America'),(300,2,'Amérique du Nord','Vous avez réalisé votre première vente en Amérique du Nord','Amérique du Nord'),(300,3,'North America','',''),(300,4,'North America','',''),(300,5,'North America','',''),(300,6,'North America','',''),(300,7,'North America','',''),(300,8,'North America','',''),(300,9,'North America','',''),(301,1,'Asia','You got your first sale in Asia','Asia'),(301,2,'Asie','Vous avez réalisé votre première vente en Asie','Asie'),(301,3,'Asia','',''),(301,4,'Asia','',''),(301,5,'Asia','',''),(301,6,'Asia','',''),(301,7,'Asia','',''),(301,8,'Asia','',''),(301,9,'Asia','',''),(302,1,'South America','You got your first sale in South America','South America'),(302,2,'Amérique du Sud','Vous avez réalisé votre première vente en Amérique du Sud','Amérique du Sud'),(302,3,'South America','',''),(302,4,'South America','',''),(302,5,'South America','',''),(302,6,'South America','',''),(302,7,'South America','',''),(302,8,'South America','',''),(302,9,'South America','',''),(304,1,'Africa','You got your first sale in Africa','Africa'),(304,2,'Afrique','Vous avez réalisé votre première vente en Afrique','Afrique'),(304,3,'Africa','',''),(304,4,'Africa','',''),(304,5,'Africa','',''),(304,6,'Africa','',''),(304,7,'Africa','',''),(304,8,'Africa','',''),(304,9,'Africa','',''),(305,1,'Maghreb','You got your first sale in Maghreb','Maghreb'),(305,2,'Maghreb','Vous avez réalisé votre première vente au Maghreb','Maghreb'),(305,3,'Maghreb','',''),(305,4,'Maghreb','',''),(305,5,'Maghreb','',''),(305,6,'Maghreb','',''),(305,7,'Maghreb','',''),(305,8,'Maghreb','',''),(305,9,'Maghreb','',''),(306,1,'Your Team\'s Employees','3 employee accounts added to your shop','Your Team\'s Employees'),(306,2,'Equipe','3 comptes d\'employé ajoutés à votre boutique','Equipe'),(306,3,'Your Team\'s Employees','',''),(306,4,'Your Team\'s Employees','',''),(306,5,'Your Team\'s Employees','',''),(306,6,'Your Team\'s Employees','',''),(306,7,'Your Team\'s Employees','',''),(306,8,'Your Team\'s Employees','',''),(306,9,'Your Team\'s Employees','',''),(307,1,'Your Team\'s Employees','5 employee accounts added to your shop','Your Team\'s Employees'),(307,2,'Equipe','5 comptes d\'employé ajoutés à votre boutique','Equipe'),(307,3,'Your Team\'s Employees','',''),(307,4,'Your Team\'s Employees','',''),(307,5,'Your Team\'s Employees','',''),(307,6,'Your Team\'s Employees','',''),(307,7,'Your Team\'s Employees','',''),(307,8,'Your Team\'s Employees','',''),(307,9,'Your Team\'s Employees','',''),(308,1,'Your Team\'s Employees','10 employee accounts added to your shop','Your Team\'s Employees'),(308,2,'Equipe','10 comptes d\'employé ajoutés à votre boutique','Equipe'),(308,3,'Your Team\'s Employees','',''),(308,4,'Your Team\'s Employees','',''),(308,5,'Your Team\'s Employees','',''),(308,6,'Your Team\'s Employees','',''),(308,7,'Your Team\'s Employees','',''),(308,8,'Your Team\'s Employees','',''),(308,9,'Your Team\'s Employees','',''),(309,1,'Your Team\'s Employees','20 employee accounts added to your shop','Your Team\'s Employees'),(309,2,'Equipe','20 comptes d\'employé ajoutés à votre boutique','Equipe'),(309,3,'Your Team\'s Employees','',''),(309,4,'Your Team\'s Employees','',''),(309,5,'Your Team\'s Employees','',''),(309,6,'Your Team\'s Employees','',''),(309,7,'Your Team\'s Employees','',''),(309,8,'Your Team\'s Employees','',''),(309,9,'Your Team\'s Employees','',''),(310,1,'Cart Rules','First cart rules configured on your shop','Cart Rules'),(310,2,'Règles panier','1re règle de promotion configurée sur votre boutique','Règles panier'),(310,3,'Cart Rules','',''),(310,4,'Cart Rules','',''),(310,5,'Cart Rules','',''),(310,6,'Cart Rules','',''),(310,7,'Cart Rules','',''),(310,8,'Cart Rules','',''),(310,9,'Cart Rules','',''),(311,1,'Cart Rules','You have 10 cart rules configured on your shop','Cart Rules'),(311,2,'Règles panier','Vous avez 10 règles de promotion configurées sur votre boutique','Règles panier'),(311,3,'Cart Rules','',''),(311,4,'Cart Rules','',''),(311,5,'Cart Rules','',''),(311,6,'Cart Rules','',''),(311,7,'Cart Rules','',''),(311,8,'Cart Rules','',''),(311,9,'Cart Rules','',''),(312,1,'Cart Rules','You have 5,000 cart rules configured on your shop','Cart Rules'),(312,2,'Règles panier','Vous avez 5 000 règles de promotion configurées sur votre boutique','Règles panier'),(312,3,'Cart Rules','',''),(312,4,'Cart Rules','',''),(312,5,'Cart Rules','',''),(312,6,'Cart Rules','',''),(312,7,'Cart Rules','',''),(312,8,'Cart Rules','',''),(312,9,'Cart Rules','',''),(313,1,'International Orders','10,000 international orders placed on your shop!','International Orders'),(313,2,'Commandes à l\'étranger','10 000 commandes passées par des clients internationaux sur votre boutique','Commandes à l\'étranger'),(313,3,'International Orders','',''),(313,4,'International Orders','',''),(313,5,'International Orders','',''),(313,6,'International Orders','',''),(313,7,'International Orders','',''),(313,8,'International Orders','',''),(313,9,'International Orders','',''),(314,1,'Store','First store configured on your shop!','Store'),(314,2,'Boutique Physique','Premier magasin configuré sur votre boutique','Boutique Physique'),(314,3,'Store','',''),(314,4,'Store','',''),(314,5,'Store','',''),(314,6,'Store','',''),(314,7,'Store','',''),(314,8,'Store','',''),(314,9,'Store','',''),(315,1,'Store','You have 5 stores configured on your shop','Store'),(315,2,'Boutique Physique','Vous avez 5 magasins configurés sur votre boutique','Boutique Physique'),(315,3,'Store','',''),(315,4,'Store','',''),(315,5,'Store','',''),(315,6,'Store','',''),(315,7,'Store','',''),(315,8,'Store','',''),(315,9,'Store','',''),(316,1,'Store','You have 10 stores configured on your shop','Store'),(316,2,'Boutique Physique','Vous avez 10 magasins configurés sur votre boutique','Boutique Physique'),(316,3,'Store','',''),(316,4,'Store','',''),(316,5,'Store','',''),(316,6,'Store','',''),(316,7,'Store','',''),(316,8,'Store','',''),(316,9,'Store','',''),(317,1,'Store','You have 20 stores configured on your shop','Store'),(317,2,'Boutique Physique','Vous avez 20 magasins configurés sur votre boutique','Boutique Physique'),(317,3,'Store','',''),(317,4,'Store','',''),(317,5,'Store','',''),(317,6,'Store','',''),(317,7,'Store','',''),(317,8,'Store','',''),(317,9,'Store','',''),(318,1,'Store','You have 50 stores configured on your shop','Store'),(318,2,'Boutique Physique','Vous avez 50 magasins configurés sur votre boutique','Boutique Physique'),(318,3,'Store','',''),(318,4,'Store','',''),(318,5,'Store','',''),(318,6,'Store','',''),(318,7,'Store','',''),(318,8,'Store','',''),(318,9,'Store','',''),(319,1,'Webservice x1','First webservice account added to your shop','WebService'),(319,2,'Webservice x1','1er compte webservice ajouté à votre boutique\r\n','WebService'),(319,3,'Webservice x1','',''),(319,4,'Webservice x1','',''),(319,5,'Webservice x1','',''),(319,6,'Webservice x1','',''),(319,7,'Webservice x1','',''),(319,8,'Webservice x1','',''),(319,9,'Webservice x1','',''),(320,1,'Webservice x2','2 webservice accounts added to your shop','WebService'),(320,2,'Webservice x2','2 comptes webservice ajoutés à votre boutique','WebService'),(320,3,'Webservice x2','',''),(320,4,'Webservice x2','',''),(320,5,'Webservice x2','',''),(320,6,'Webservice x2','',''),(320,7,'Webservice x2','',''),(320,8,'Webservice x2','',''),(320,9,'Webservice x2','',''),(321,1,'Webservice x3','3 webservice accounts added to your shop','WebService'),(321,2,'Webservice x3','3 comptes webservice ajoutés à votre boutique','WebService'),(321,3,'Webservice x3','',''),(321,4,'Webservice x3','',''),(321,5,'Webservice x3','',''),(321,6,'Webservice x3','',''),(321,7,'Webservice x3','',''),(321,8,'Webservice x3','',''),(321,9,'Webservice x3','',''),(322,1,'Adyen installé','',''),(322,2,'Adyen installé','Vous avez installé le module Adyen','Partenaires'),(322,3,'Adyen installé','',''),(322,4,'Adyen installé','',''),(322,5,'Adyen installé','',''),(322,6,'Adyen installé','',''),(322,7,'Adyen installé','',''),(322,8,'Adyen installé','',''),(322,9,'Adyen installé','',''),(323,1,'Adyen configuré','',''),(323,2,'Adyen configuré','Vous avez configuré le module Adyen','Partenaires'),(323,3,'Adyen configuré','',''),(323,4,'Adyen configuré','',''),(323,5,'Adyen configuré','',''),(323,6,'Adyen configuré','',''),(323,7,'Adyen configuré','',''),(323,8,'Adyen configuré','',''),(323,9,'Adyen configuré','',''),(324,1,'Adyen actif','',''),(324,2,'Adyen actif','Votre module Adyen est utilisé','Partenaires'),(324,3,'Adyen actif','',''),(324,4,'Adyen actif','',''),(324,5,'Adyen actif','',''),(324,6,'Adyen actif','',''),(324,7,'Adyen actif','',''),(324,8,'Adyen actif','',''),(324,9,'Adyen actif','',''),(325,1,'Adyen très actif','',''),(325,2,'Adyen très actif','Votre module Adyen est très utilisé','Partenaires'),(325,3,'Adyen très actif','',''),(325,4,'Adyen très actif','',''),(325,5,'Adyen très actif','',''),(325,6,'Adyen très actif','',''),(325,7,'Adyen très actif','',''),(325,8,'Adyen très actif','',''),(325,9,'Adyen très actif','',''),(326,1,'Ecopresto installé','',''),(326,2,'Ecopresto installé','Vous avez installé le module Ecopresto','Partenaires'),(326,3,'Ecopresto installé','',''),(326,4,'Ecopresto installé','',''),(326,5,'Ecopresto installé','',''),(326,6,'Ecopresto installé','',''),(326,7,'Ecopresto installé','',''),(326,8,'Ecopresto installé','',''),(326,9,'Ecopresto installé','',''),(327,1,'Ecopresto configuré','',''),(327,2,'Ecopresto configuré','Vous avez configuré le module Ecopresto','Partenaires'),(327,3,'Ecopresto configuré','',''),(327,4,'Ecopresto configuré','',''),(327,5,'Ecopresto configuré','',''),(327,6,'Ecopresto configuré','',''),(327,7,'Ecopresto configuré','',''),(327,8,'Ecopresto configuré','',''),(327,9,'Ecopresto configuré','',''),(328,1,'Ecopresto actif','',''),(328,2,'Ecopresto actif','Votre module Ecopresto est actif','Partenaires'),(328,3,'Ecopresto actif','',''),(328,4,'Ecopresto actif','',''),(328,5,'Ecopresto actif','',''),(328,6,'Ecopresto actif','',''),(328,7,'Ecopresto actif','',''),(328,8,'Ecopresto actif','',''),(328,9,'Ecopresto actif','',''),(329,1,'Ecopresto très actif','',''),(329,2,'Ecopresto très actif','Votre module Ecopresto est très actif','Partenaires'),(329,3,'Ecopresto très actif','',''),(329,4,'Ecopresto très actif','',''),(329,5,'Ecopresto très actif','',''),(329,6,'Ecopresto très actif','',''),(329,7,'Ecopresto très actif','',''),(329,8,'Ecopresto très actif','',''),(329,9,'Ecopresto très actif','',''),(330,1,'HiPay installé','',''),(330,2,'HiPay installé','Vous avez installé le module HiPay','Partenaires'),(330,3,'HiPay installé','',''),(330,4,'HiPay installé','',''),(330,5,'HiPay installé','',''),(330,6,'HiPay installé','',''),(330,7,'HiPay installé','',''),(330,8,'HiPay installé','',''),(330,9,'HiPay installé','',''),(331,1,'HiPay configuré','',''),(331,2,'HiPay configuré','Module HiPay configured','Partenaires'),(331,3,'HiPay configuré','',''),(331,4,'HiPay configuré','',''),(331,5,'HiPay configuré','',''),(331,6,'HiPay configuré','',''),(331,7,'HiPay configuré','',''),(331,8,'HiPay configuré','',''),(331,9,'HiPay configuré','',''),(332,1,'HiPay actif','',''),(332,2,'HiPay actif','Votre module HiPay est actif','Partenaires'),(332,3,'HiPay actif','',''),(332,4,'HiPay actif','',''),(332,5,'HiPay actif','',''),(332,6,'HiPay actif','',''),(332,7,'HiPay actif','',''),(332,8,'HiPay actif','',''),(332,9,'HiPay actif','',''),(333,1,'HiPay très actif','',''),(333,2,'HiPay très actif','Votre module HiPay est très actif','Partenaires'),(333,3,'HiPay très actif','',''),(333,4,'HiPay très actif','',''),(333,5,'HiPay très actif','',''),(333,6,'HiPay très actif','',''),(333,7,'HiPay très actif','',''),(333,8,'HiPay très actif','',''),(333,9,'HiPay très actif','',''),(334,1,'Ogone installé','',''),(334,2,'Ogone installé','Vous avez installé le module Ogone','Partenaires'),(334,3,'Ogone installé','',''),(334,4,'Ogone installé','',''),(334,5,'Ogone installé','',''),(334,6,'Ogone installé','',''),(334,7,'Ogone installé','',''),(334,8,'Ogone installé','',''),(334,9,'Ogone installé','',''),(335,1,'Ogone configuré','',''),(335,2,'Ogone configuré','Vous avez configuré le module Ogone','Partenaires'),(335,3,'Ogone configuré','',''),(335,4,'Ogone configuré','',''),(335,5,'Ogone configuré','',''),(335,6,'Ogone configuré','',''),(335,7,'Ogone configuré','',''),(335,8,'Ogone configuré','',''),(335,9,'Ogone configuré','',''),(336,1,'Ogone actif','',''),(336,2,'Ogone actif','Le module Ogone est actif','Partenaires'),(336,3,'Ogone actif','',''),(336,4,'Ogone actif','',''),(336,5,'Ogone actif','',''),(336,6,'Ogone actif','',''),(336,7,'Ogone actif','',''),(336,8,'Ogone actif','',''),(336,9,'Ogone actif','',''),(337,1,'Ogone très actif','',''),(337,2,'Ogone très actif','Le module Ogone est très actif','Partenaires'),(337,3,'Ogone très actif','',''),(337,4,'Ogone très actif','',''),(337,5,'Ogone très actif','',''),(337,6,'Ogone très actif','',''),(337,7,'Ogone très actif','',''),(337,8,'Ogone très actif','',''),(337,9,'Ogone très actif','',''),(338,1,'PayPal installé','',''),(338,2,'PayPal installé','Vous avez installé le module PayPal','Partenaires'),(338,3,'PayPal installé','',''),(338,4,'PayPal installé','',''),(338,5,'PayPal installé','',''),(338,6,'PayPal installé','',''),(338,7,'PayPal installé','',''),(338,8,'PayPal installé','',''),(338,9,'PayPal installé','',''),(339,1,'PayPal configuré','',''),(339,2,'PayPal configuré','Vous avez configuré le module PayPal','Partenaires'),(339,3,'PayPal configuré','',''),(339,4,'PayPal configuré','',''),(339,5,'PayPal configuré','',''),(339,6,'PayPal configuré','',''),(339,7,'PayPal configuré','',''),(339,8,'PayPal configuré','',''),(339,9,'PayPal configuré','',''),(340,1,'PayPal actif','',''),(340,2,'PayPal actif','Le module PayPal est actif','Partenaires'),(340,3,'PayPal actif','',''),(340,4,'PayPal actif','',''),(340,5,'PayPal actif','',''),(340,6,'PayPal actif','',''),(340,7,'PayPal actif','',''),(340,8,'PayPal actif','',''),(340,9,'PayPal actif','',''),(341,1,'PayPal très actif','',''),(341,2,'PayPal très actif','Le module PayPal est très actif','Partenaires'),(341,3,'PayPal très actif','',''),(341,4,'PayPal très actif','',''),(341,5,'PayPal très actif','',''),(341,6,'PayPal très actif','',''),(341,7,'PayPal très actif','',''),(341,8,'PayPal très actif','',''),(341,9,'PayPal très actif','',''),(342,1,'So Colissimo installé','',''),(342,2,'So Colissimo installé','Vous avez installé le module So Colissimo ','Partenaires'),(342,3,'So Colissimo installé','',''),(342,4,'So Colissimo installé','',''),(342,5,'So Colissimo installé','',''),(342,6,'So Colissimo installé','',''),(342,7,'So Colissimo installé','',''),(342,8,'So Colissimo installé','',''),(342,9,'So Colissimo installé','',''),(343,1,'So Colissimo configuré','',''),(343,2,'So Colissimo configuré','Vous avez configuré le module So Colissimo','Partenaires'),(343,3,'So Colissimo configuré','',''),(343,4,'So Colissimo configuré','',''),(343,5,'So Colissimo configuré','',''),(343,6,'So Colissimo configuré','',''),(343,7,'So Colissimo configuré','',''),(343,8,'So Colissimo configuré','',''),(343,9,'So Colissimo configuré','',''),(344,1,'So Colissimo actif','',''),(344,2,'So Colissimo actif','Le module So Colissimo est actif','Partenaires'),(344,3,'So Colissimo actif','',''),(344,4,'So Colissimo actif','',''),(344,5,'So Colissimo actif','',''),(344,6,'So Colissimo actif','',''),(344,7,'So Colissimo actif','',''),(344,8,'So Colissimo actif','',''),(344,9,'So Colissimo actif','',''),(345,1,'So Colissimo très actif ','',''),(345,2,'So Colissimo très actif ','Le module So Colissimo est très actif\r\n','Partenaires'),(345,3,'So Colissimo très actif ','',''),(345,4,'So Colissimo très actif ','',''),(345,5,'So Colissimo très actif ','',''),(345,6,'So Colissimo très actif ','',''),(345,7,'So Colissimo très actif ','',''),(345,8,'So Colissimo très actif ','',''),(345,9,'So Colissimo très actif ','',''),(346,1,'Fia-Net Certissim installé','',''),(346,2,'Fia-Net Certissim installé','Vous avez installé le module Fia-Net Certissim','Partenaires'),(346,3,'Fia-Net Certissim installé','',''),(346,4,'Fia-Net Certissim installé','',''),(346,5,'Fia-Net Certissim installé','',''),(346,6,'Fia-Net Certissim installé','',''),(346,7,'Fia-Net Certissim installé','',''),(346,8,'Fia-Net Certissim installé','',''),(346,9,'Fia-Net Certissim installé','',''),(347,1,'Fia-Net Certissim configuré','',''),(347,2,'Fia-Net Certissim configuré','Vous avez configuré le module Fia-Net Certissim','Partenaires'),(347,3,'Fia-Net Certissim configuré','',''),(347,4,'Fia-Net Certissim configuré','',''),(347,5,'Fia-Net Certissim configuré','',''),(347,6,'Fia-Net Certissim configuré','',''),(347,7,'Fia-Net Certissim configuré','',''),(347,8,'Fia-Net Certissim configuré','',''),(347,9,'Fia-Net Certissim configuré','',''),(348,1,'Fia-Net Certissim actif','',''),(348,2,'Fia-Net Certissim actif','Le module Fia-Net Certissim est actif !','Partenaires'),(348,3,'Fia-Net Certissim actif','',''),(348,4,'Fia-Net Certissim actif','',''),(348,5,'Fia-Net Certissim actif','',''),(348,6,'Fia-Net Certissim actif','',''),(348,7,'Fia-Net Certissim actif','',''),(348,8,'Fia-Net Certissim actif','',''),(348,9,'Fia-Net Certissim actif','',''),(349,1,'Fia-Net Certissim très actif','',''),(349,2,'Fia-Net Certissim très actif','Le module Fia-Net Certissim est très actif','Partenaires'),(349,3,'Fia-Net Certissim très actif','',''),(349,4,'Fia-Net Certissim très actif','',''),(349,5,'Fia-Net Certissim très actif','',''),(349,6,'Fia-Net Certissim très actif','',''),(349,7,'Fia-Net Certissim très actif','',''),(349,8,'Fia-Net Certissim très actif','',''),(349,9,'Fia-Net Certissim très actif','',''),(350,1,'Kwixo installé','',''),(350,2,'Kwixo installé','Vous avez installé le module Kwixo','Partenaires'),(350,3,'Kwixo installé','',''),(350,4,'Kwixo installé','',''),(350,5,'Kwixo installé','',''),(350,6,'Kwixo installé','',''),(350,7,'Kwixo installé','',''),(350,8,'Kwixo installé','',''),(350,9,'Kwixo installé','',''),(351,1,'Kwixo configuré','',''),(351,2,'Kwixo configuré','Vous avez configuré le module Kwixo','Partenaires'),(351,3,'Kwixo configuré','',''),(351,4,'Kwixo configuré','',''),(351,5,'Kwixo configuré','',''),(351,6,'Kwixo configuré','',''),(351,7,'Kwixo configuré','',''),(351,8,'Kwixo configuré','',''),(351,9,'Kwixo configuré','',''),(352,1,'Kwixo actif','',''),(352,2,'Kwixo actif','Le module Kwixo est actif','Partenaires'),(352,3,'Kwixo actif','',''),(352,4,'Kwixo actif','',''),(352,5,'Kwixo actif','',''),(352,6,'Kwixo actif','',''),(352,7,'Kwixo actif','',''),(352,8,'Kwixo actif','',''),(352,9,'Kwixo actif','',''),(353,1,'Kwixo très actif','',''),(353,2,'Kwixo très actif','Le module Kwixo est très actif','Partenaires'),(353,3,'Kwixo très actif','',''),(353,4,'Kwixo très actif','',''),(353,5,'Kwixo très actif','',''),(353,6,'Kwixo très actif','',''),(353,7,'Kwixo très actif','',''),(353,8,'Kwixo très actif','',''),(353,9,'Kwixo très actif','',''),(354,1,'Mondial Relay installé','',''),(354,2,'Mondial Relay installé','Vous avez installé le module Mondial Relay','Partenaires'),(354,3,'Mondial Relay installé','',''),(354,4,'Mondial Relay installé','',''),(354,5,'Mondial Relay installé','',''),(354,6,'Mondial Relay installé','',''),(354,7,'Mondial Relay installé','',''),(354,8,'Mondial Relay installé','',''),(354,9,'Mondial Relay installé','',''),(355,1,'Mondial Relay configuré','',''),(355,2,'Mondial Relay configuré','Vous avez configuré le module Mondial Relay','Partenaires'),(355,3,'Mondial Relay configuré','',''),(355,4,'Mondial Relay configuré','',''),(355,5,'Mondial Relay configuré','',''),(355,6,'Mondial Relay configuré','',''),(355,7,'Mondial Relay configuré','',''),(355,8,'Mondial Relay configuré','',''),(355,9,'Mondial Relay configuré','',''),(356,1,'Mondial Relay actif','',''),(356,2,'Mondial Relay actif','Le module Mondial Relay est actif','Partenaires'),(356,3,'Mondial Relay actif','',''),(356,4,'Mondial Relay actif','',''),(356,5,'Mondial Relay actif','',''),(356,6,'Mondial Relay actif','',''),(356,7,'Mondial Relay actif','',''),(356,8,'Mondial Relay actif','',''),(356,9,'Mondial Relay actif','',''),(357,1,'Mondial Relay très actif','',''),(357,2,'Mondial Relay très actif','Le module Mondial Relay est très actif','Partenaires'),(357,3,'Mondial Relay très actif','',''),(357,4,'Mondial Relay très actif','',''),(357,5,'Mondial Relay très actif','',''),(357,6,'Mondial Relay très actif','',''),(357,7,'Mondial Relay très actif','',''),(357,8,'Mondial Relay très actif','',''),(357,9,'Mondial Relay très actif','',''),(358,1,'Neteven installé','',''),(358,2,'Neteven installé','Vous avez installé le module Neteven','Partenaires'),(358,3,'Neteven installé','',''),(358,4,'Neteven installé','',''),(358,5,'Neteven installé','',''),(358,6,'Neteven installé','',''),(358,7,'Neteven installé','',''),(358,8,'Neteven installé','',''),(358,9,'Neteven installé','',''),(359,1,'Neteven configuré','',''),(359,2,'Neteven configuré','Vous avez configuré le module Neteven','Partenaires'),(359,3,'Neteven configuré','',''),(359,4,'Neteven configuré','',''),(359,5,'Neteven configuré','',''),(359,6,'Neteven configuré','',''),(359,7,'Neteven configuré','',''),(359,8,'Neteven configuré','',''),(359,9,'Neteven configuré','',''),(360,1,'Neteven actif','',''),(360,2,'Neteven actif','Le module Neteven est actif','Partenaires'),(360,3,'Neteven actif','',''),(360,4,'Neteven actif','',''),(360,5,'Neteven actif','',''),(360,6,'Neteven actif','',''),(360,7,'Neteven actif','',''),(360,8,'Neteven actif','',''),(360,9,'Neteven actif','',''),(361,1,'Neteven très actif','',''),(361,2,'Neteven très actif','Le module Neteven est très actif','Partenaires'),(361,3,'Neteven très actif','',''),(361,4,'Neteven très actif','',''),(361,5,'Neteven très actif','',''),(361,6,'Neteven très actif','',''),(361,7,'Neteven très actif','',''),(361,8,'Neteven très actif','',''),(361,9,'Neteven très actif','',''),(362,1,'Prediggo installé','',''),(362,2,'Prediggo installé','Vous avez installé le module Prediggo','Partenaires'),(362,3,'Prediggo installé','',''),(362,4,'Prediggo installé','',''),(362,5,'Prediggo installé','',''),(362,6,'Prediggo installé','',''),(362,7,'Prediggo installé','',''),(362,8,'Prediggo installé','',''),(362,9,'Prediggo installé','',''),(363,1,'Prediggo configuré','',''),(363,2,'Prediggo configuré','Vous avez configuré le module Prediggo ','Partenaires'),(363,3,'Prediggo configuré','',''),(363,4,'Prediggo configuré','',''),(363,5,'Prediggo configuré','',''),(363,6,'Prediggo configuré','',''),(363,7,'Prediggo configuré','',''),(363,8,'Prediggo configuré','',''),(363,9,'Prediggo configuré','',''),(364,1,'SendinBlue installé','',''),(364,2,'SendinBlue installé','Vous avez installé le module SendinBlue','Partenaires'),(364,3,'SendinBlue installé','',''),(364,4,'SendinBlue installé','',''),(364,5,'SendinBlue installé','',''),(364,6,'SendinBlue installé','',''),(364,7,'SendinBlue installé','',''),(364,8,'SendinBlue installé','',''),(364,9,'SendinBlue installé','',''),(365,1,'SendinBlue configuré','',''),(365,2,'SendinBlue configuré','Vous avez configuré le module SendinBlue','Partenaires'),(365,3,'SendinBlue configuré','',''),(365,4,'SendinBlue configuré','',''),(365,5,'SendinBlue configuré','',''),(365,6,'SendinBlue configuré','',''),(365,7,'SendinBlue configuré','',''),(365,8,'SendinBlue configuré','',''),(365,9,'SendinBlue configuré','',''),(366,1,'TNT installé','',''),(366,2,'TNT installé','Vous avez installé le module TNT','Partenaires'),(366,3,'TNT installé','',''),(366,4,'TNT installé','',''),(366,5,'TNT installé','',''),(366,6,'TNT installé','',''),(366,7,'TNT installé','',''),(366,8,'TNT installé','',''),(366,9,'TNT installé','',''),(367,1,'TNT configuré','',''),(367,2,'TNT configuré','Vous avez configuré le module TNT','Partenaires'),(367,3,'TNT configuré','',''),(367,4,'TNT configuré','',''),(367,5,'TNT configuré','',''),(367,6,'TNT configuré','',''),(367,7,'TNT configuré','',''),(367,8,'TNT configuré','',''),(367,9,'TNT configuré','',''),(368,1,'TNT actif','',''),(368,2,'TNT actif','Le module TNT est actif','Partenaires'),(368,3,'TNT actif','',''),(368,4,'TNT actif','',''),(368,5,'TNT actif','',''),(368,6,'TNT actif','',''),(368,7,'TNT actif','',''),(368,8,'TNT actif','',''),(368,9,'TNT actif','',''),(369,1,'TNT très actif','',''),(369,2,'TNT très actif','Le module TNT est très actif','Partenaires'),(369,3,'TNT très actif','',''),(369,4,'TNT très actif','',''),(369,5,'TNT très actif','',''),(369,6,'TNT très actif','',''),(369,7,'TNT très actif','',''),(369,8,'TNT très actif','',''),(369,9,'TNT très actif','',''),(370,1,'Trustpilot installé','',''),(370,2,'Trustpilot installé','Vous avez installé le module Trustpilot','Partenaires'),(370,3,'Trustpilot installé','',''),(370,4,'Trustpilot installé','',''),(370,5,'Trustpilot installé','',''),(370,6,'Trustpilot installé','',''),(370,7,'Trustpilot installé','',''),(370,8,'Trustpilot installé','',''),(370,9,'Trustpilot installé','',''),(371,1,'Twenga installé','',''),(371,2,'Twenga installé','Vous avez installé le module Twenga','Partenaires'),(371,3,'Twenga installé','',''),(371,4,'Twenga installé','',''),(371,5,'Twenga installé','',''),(371,6,'Twenga installé','',''),(371,7,'Twenga installé','',''),(371,8,'Twenga installé','',''),(371,9,'Twenga installé','',''),(372,1,'Twenga configuré','',''),(372,2,'Twenga configuré','Vous avez configuré le module Twenga\r\n','Partenaires'),(372,3,'Twenga configuré','',''),(372,4,'Twenga configuré','',''),(372,5,'Twenga configuré','',''),(372,6,'Twenga configuré','',''),(372,7,'Twenga configuré','',''),(372,8,'Twenga configuré','',''),(372,9,'Twenga configuré','',''),(373,1,'TextMaster installé','',''),(373,2,'TextMaster installé','Vous avez installé le module TextMaster','Partenaires'),(373,3,'TextMaster installé','',''),(373,4,'TextMaster installé','',''),(373,5,'TextMaster installé','',''),(373,6,'TextMaster installé','',''),(373,7,'TextMaster installé','',''),(373,8,'TextMaster installé','',''),(373,9,'TextMaster installé','',''),(374,1,'TextMaster configuré','',''),(374,2,'TextMaster configuré','Vous avez configuré le module TextMaster ','Partenaires'),(374,3,'TextMaster configuré','',''),(374,4,'TextMaster configuré','',''),(374,5,'TextMaster configuré','',''),(374,6,'TextMaster configuré','',''),(374,7,'TextMaster configuré','',''),(374,8,'TextMaster configuré','',''),(374,9,'TextMaster configuré','',''),(375,1,' TextMaster actif','',''),(375,2,' TextMaster actif','Le module TextMaster est actif','Partenaires'),(375,3,' TextMaster actif','',''),(375,4,' TextMaster actif','',''),(375,5,' TextMaster actif','',''),(375,6,' TextMaster actif','',''),(375,7,' TextMaster actif','',''),(375,8,' TextMaster actif','',''),(375,9,' TextMaster actif','',''),(376,1,'TextMaster très actif','',''),(376,2,'TextMaster très actif','Le module TextMaster est très actif','Partenaires'),(376,3,'TextMaster très actif','',''),(376,4,'TextMaster très actif','',''),(376,5,'TextMaster très actif','',''),(376,6,'TextMaster très actif','',''),(376,7,'TextMaster très actif','',''),(376,8,'TextMaster très actif','',''),(376,9,'TextMaster très actif','',''),(377,1,'FIA-NET Sceau de Confiance installé','',''),(377,2,'FIA-NET Sceau de Confiance installé','Vous avez installé le module FIA-NET Sceau de Confiance','Partenaires'),(377,3,'FIA-NET Sceau de Confiance installé','',''),(377,4,'FIA-NET Sceau de Confiance installé','',''),(377,5,'FIA-NET Sceau de Confiance installé','',''),(377,6,'FIA-NET Sceau de Confiance installé','',''),(377,7,'FIA-NET Sceau de Confiance installé','',''),(377,8,'FIA-NET Sceau de Confiance installé','',''),(377,9,'FIA-NET Sceau de Confiance installé','',''),(378,1,'FIA-NET Sceau de Confiance configuré','',''),(378,2,'FIA-NET Sceau de Confiance configuré','Vous avez configuré le module FIA-NET Sceau de Confiance','Partenaires'),(378,3,'FIA-NET Sceau de Confiance configuré','',''),(378,4,'FIA-NET Sceau de Confiance configuré','',''),(378,5,'FIA-NET Sceau de Confiance configuré','',''),(378,6,'FIA-NET Sceau de Confiance configuré','',''),(378,7,'FIA-NET Sceau de Confiance configuré','',''),(378,8,'FIA-NET Sceau de Confiance configuré','',''),(378,9,'FIA-NET Sceau de Confiance configuré','',''),(379,1,'FIA-NET Sceau de Confiance actif','',''),(379,2,'FIA-NET Sceau de Confiance actif','Le module FIA-NET Sceau de Confiance est actif','Partenaires'),(379,3,'FIA-NET Sceau de Confiance actif','',''),(379,4,'FIA-NET Sceau de Confiance actif','',''),(379,5,'FIA-NET Sceau de Confiance actif','',''),(379,6,'FIA-NET Sceau de Confiance actif','',''),(379,7,'FIA-NET Sceau de Confiance actif','',''),(379,8,'FIA-NET Sceau de Confiance actif','',''),(379,9,'FIA-NET Sceau de Confiance actif','',''),(380,1,'FIA-NET Sceau de Confiance très actif','',''),(380,2,'FIA-NET Sceau de Confiance très actif','Le module FIA-NET Sceau de Confiance est très actif','Partenaires'),(380,3,'FIA-NET Sceau de Confiance très actif','',''),(380,4,'FIA-NET Sceau de Confiance très actif','',''),(380,5,'FIA-NET Sceau de Confiance très actif','',''),(380,6,'FIA-NET Sceau de Confiance très actif','',''),(380,7,'FIA-NET Sceau de Confiance très actif','',''),(380,8,'FIA-NET Sceau de Confiance très actif','',''),(380,9,'FIA-NET Sceau de Confiance très actif','',''),(381,1,'Kwixo installé','',''),(381,2,'Kwixo installé','Vous avez installé le module Kwixo','Partenaires'),(381,3,'Kwixo installé','',''),(381,4,'Kwixo installé','',''),(381,5,'Kwixo installé','',''),(381,6,'Kwixo installé','',''),(381,7,'Kwixo installé','',''),(381,8,'Kwixo installé','',''),(381,9,'Kwixo installé','',''),(382,1,'Kwixo configuré','',''),(382,2,'Kwixo configuré','Vous avez configuré le module Kwixo','Partenaires'),(382,3,'Kwixo configuré','',''),(382,4,'Kwixo configuré','',''),(382,5,'Kwixo configuré','',''),(382,6,'Kwixo configuré','',''),(382,7,'Kwixo configuré','',''),(382,8,'Kwixo configuré','',''),(382,9,'Kwixo configuré','',''),(383,1,'Kwixo actif','',''),(383,2,'Kwixo actif','Le module Kwixo est actif','Partenaires'),(383,3,'Kwixo actif','',''),(383,4,'Kwixo actif','',''),(383,5,'Kwixo actif','',''),(383,6,'Kwixo actif','',''),(383,7,'Kwixo actif','',''),(383,8,'Kwixo actif','',''),(383,9,'Kwixo actif','',''),(384,1,'Kwixo très actif','',''),(384,2,'Kwixo très actif','Le module Kwixo est très actif','Partenaires'),(384,3,'Kwixo très actif','',''),(384,4,'Kwixo très actif','',''),(384,5,'Kwixo très actif','',''),(384,6,'Kwixo très actif','',''),(384,7,'Kwixo très actif','',''),(384,8,'Kwixo très actif','',''),(384,9,'Kwixo très actif','',''),(385,1,'Paymill installé','',''),(385,2,'Paymill installé','Vous avez installé le module Paymill','Partenaires'),(385,3,'Paymill installé','',''),(385,4,'Paymill installé','',''),(385,5,'Paymill installé','',''),(385,6,'Paymill installé','',''),(385,7,'Paymill installé','',''),(385,8,'Paymill installé','',''),(385,9,'Paymill installé','',''),(386,1,'Paymill actif','',''),(386,2,'Paymill actif','Le module Paymill est actif','Partenaires'),(386,3,'Paymill actif','',''),(386,4,'Paymill actif','',''),(386,5,'Paymill actif','',''),(386,6,'Paymill actif','',''),(386,7,'Paymill actif','',''),(386,8,'Paymill actif','',''),(386,9,'Paymill actif','',''),(387,1,'Paymill très actif','',''),(387,2,'Paymill très actif','Le module Paymill est très actif','Partenaires'),(387,3,'Paymill très actif','',''),(387,4,'Paymill très actif','',''),(387,5,'Paymill très actif','',''),(387,6,'Paymill très actif','',''),(387,7,'Paymill très actif','',''),(387,8,'Paymill très actif','',''),(387,9,'Paymill très actif','',''),(388,1,'Syspay installé','',''),(388,2,'Syspay installé','Vous avez installé le module Syspay','Partenaires'),(388,3,'Syspay installé','',''),(388,4,'Syspay installé','',''),(388,5,'Syspay installé','',''),(388,6,'Syspay installé','',''),(388,7,'Syspay installé','',''),(388,8,'Syspay installé','',''),(388,9,'Syspay installé','',''),(389,1,'Syspay configuré','',''),(389,2,'Syspay configuré','Vous avez configuré le module Syspay','Partenaires'),(389,3,'Syspay configuré','',''),(389,4,'Syspay configuré','',''),(389,5,'Syspay configuré','',''),(389,6,'Syspay configuré','',''),(389,7,'Syspay configuré','',''),(389,8,'Syspay configuré','',''),(389,9,'Syspay configuré','',''),(390,1,'Syspay actif','',''),(390,2,'Syspay actif','Le module Syspay est actif','Partenaires'),(390,3,'Syspay actif','',''),(390,4,'Syspay actif','',''),(390,5,'Syspay actif','',''),(390,6,'Syspay actif','',''),(390,7,'Syspay actif','',''),(390,8,'Syspay actif','',''),(390,9,'Syspay actif','',''),(391,1,'Syspay très actif','',''),(391,2,'Syspay très actif','Le module Syspay est très actif','Partenaires'),(391,3,'Syspay très actif','',''),(391,4,'Syspay très actif','',''),(391,5,'Syspay très actif','',''),(391,6,'Syspay très actif','',''),(391,7,'Syspay très actif','',''),(391,8,'Syspay très actif','',''),(391,9,'Syspay très actif','',''),(392,1,'Authorize Aim installé','',''),(392,2,'Authorize Aim installé','Vous avez installé le module Authorize Aim','Partenaires'),(392,3,'Authorize Aim installé','',''),(392,4,'Authorize Aim installé','',''),(392,5,'Authorize Aim installé','',''),(392,6,'Authorize Aim installé','',''),(392,7,'Authorize Aim installé','',''),(392,8,'Authorize Aim installé','',''),(392,9,'Authorize Aim installé','',''),(393,1,'Authorize Aim configuré','',''),(393,2,'Authorize Aim configuré','Vous avez configuré le module Authorize Aim','Partenaires'),(393,3,'Authorize Aim configuré','',''),(393,4,'Authorize Aim configuré','',''),(393,5,'Authorize Aim configuré','',''),(393,6,'Authorize Aim configuré','',''),(393,7,'Authorize Aim configuré','',''),(393,8,'Authorize Aim configuré','',''),(393,9,'Authorize Aim configuré','',''),(394,1,'Authorize Aim actif','',''),(394,2,'Authorize Aim actif','Le module Authorize Aim est actif','Partenaires'),(394,3,'Authorize Aim actif','',''),(394,4,'Authorize Aim actif','',''),(394,5,'Authorize Aim actif','',''),(394,6,'Authorize Aim actif','',''),(394,7,'Authorize Aim actif','',''),(394,8,'Authorize Aim actif','',''),(394,9,'Authorize Aim actif','',''),(395,1,'Authorize Aim très actif','',''),(395,2,'Authorize Aim très actif','Le module Authorize Aim est très actif','Partenaires'),(395,3,'Authorize Aim très actif','',''),(395,4,'Authorize Aim très actif','',''),(395,5,'Authorize Aim très actif','',''),(395,6,'Authorize Aim très actif','',''),(395,7,'Authorize Aim très actif','',''),(395,8,'Authorize Aim très actif','',''),(395,9,'Authorize Aim très actif','',''),(396,1,'Ebay installé','',''),(396,2,'Ebay installé','Vous avez installé le module Ebay','Partenaires'),(396,3,'Ebay installé','',''),(396,4,'Ebay installé','',''),(396,5,'Ebay installé','',''),(396,6,'Ebay installé','',''),(396,7,'Ebay installé','',''),(396,8,'Ebay installé','',''),(396,9,'Ebay installé','',''),(397,1,'Ebay configuré','',''),(397,2,'Ebay configuré','Vous avez configuré le module Ebay','Partenaires'),(397,3,'Ebay configuré','',''),(397,4,'Ebay configuré','',''),(397,5,'Ebay configuré','',''),(397,6,'Ebay configuré','',''),(397,7,'Ebay configuré','',''),(397,8,'Ebay configuré','',''),(397,9,'Ebay configuré','',''),(398,1,'Ebay actif','',''),(398,2,'Ebay actif','Le module Ebay est actif','Partenaires'),(398,3,'Ebay actif','',''),(398,4,'Ebay actif','',''),(398,5,'Ebay actif','',''),(398,6,'Ebay actif','',''),(398,7,'Ebay actif','',''),(398,8,'Ebay actif','',''),(398,9,'Ebay actif','',''),(399,1,'Ebay très actif','',''),(399,2,'Ebay très actif','Le module Ebay est très actif','Partenaires'),(399,3,'Ebay très actif','',''),(399,4,'Ebay très actif','',''),(399,5,'Ebay très actif','',''),(399,6,'Ebay très actif','',''),(399,7,'Ebay très actif','',''),(399,8,'Ebay très actif','',''),(399,9,'Ebay très actif','',''),(400,1,'PayPlug installé','',''),(400,2,'PayPlug installé','Vous avez installé le module PayPlug','Partenaires'),(400,3,'PayPlug installé','',''),(400,4,'PayPlug installé','',''),(400,5,'PayPlug installé','',''),(400,6,'PayPlug installé','',''),(400,7,'PayPlug installé','',''),(400,8,'PayPlug installé','',''),(400,9,'PayPlug installé','',''),(401,1,'PayPlug configuré','',''),(401,2,'PayPlug configuré','Vous avez configuré le module PayPlug','Partenaires'),(401,3,'PayPlug configuré','',''),(401,4,'PayPlug configuré','',''),(401,5,'PayPlug configuré','',''),(401,6,'PayPlug configuré','',''),(401,7,'PayPlug configuré','',''),(401,8,'PayPlug configuré','',''),(401,9,'PayPlug configuré','',''),(402,1,'PayPlug actif','',''),(402,2,'PayPlug actif','Le module PayPlug est actif','Partenaires'),(402,3,'PayPlug actif','',''),(402,4,'PayPlug actif','',''),(402,5,'PayPlug actif','',''),(402,6,'PayPlug actif','',''),(402,7,'PayPlug actif','',''),(402,8,'PayPlug actif','',''),(402,9,'PayPlug actif','',''),(403,1,'PayPlug très actif','',''),(403,2,'PayPlug très actif','Le module PayPlug est très actif','Partenaires'),(403,3,'PayPlug très actif','',''),(403,4,'PayPlug très actif','',''),(403,5,'PayPlug très actif','',''),(403,6,'PayPlug très actif','',''),(403,7,'PayPlug très actif','',''),(403,8,'PayPlug très actif','',''),(403,9,'PayPlug très actif','',''),(404,1,'Affinity Items installé','',''),(404,2,'Affinity Items installé','Vous avez installé le module Affinity Items','Partenaires'),(404,3,'Affinity Items installé','',''),(404,4,'Affinity Items installé','',''),(404,5,'Affinity Items installé','',''),(404,6,'Affinity Items installé','',''),(404,7,'Affinity Items installé','',''),(404,8,'Affinity Items installé','',''),(404,9,'Affinity Items installé','',''),(405,1,'Affinity Items configuré','',''),(405,2,'Affinity Items configuré','Vous avez configuré le module Affinity Items','Partenaires'),(405,3,'Affinity Items configuré','',''),(405,4,'Affinity Items configuré','',''),(405,5,'Affinity Items configuré','',''),(405,6,'Affinity Items configuré','',''),(405,7,'Affinity Items configuré','',''),(405,8,'Affinity Items configuré','',''),(405,9,'Affinity Items configuré','',''),(406,1,'DPD Poland installé','',''),(406,2,'DPD Poland installé','Vous avez installé le module DPD Poland','Partenaires'),(406,3,'DPD Poland installé','',''),(406,4,'DPD Poland installé','',''),(406,5,'DPD Poland installé','',''),(406,6,'DPD Poland installé','',''),(406,7,'DPD Poland installé','',''),(406,8,'DPD Poland installé','',''),(406,9,'DPD Poland installé','',''),(407,1,'DPD Poland configuré','',''),(407,2,'DPD Poland configuré','Vous avez configuré le module DPD Poland','Partenaires'),(407,3,'DPD Poland configuré','',''),(407,4,'DPD Poland configuré','',''),(407,5,'DPD Poland configuré','',''),(407,6,'DPD Poland configuré','',''),(407,7,'DPD Poland configuré','',''),(407,8,'DPD Poland configuré','',''),(407,9,'DPD Poland configuré','',''),(408,1,'DPD Poland actif','',''),(408,2,'DPD Poland actif','Le module DPD Poland est actif','Partenaires'),(408,3,'DPD Poland actif','',''),(408,4,'DPD Poland actif','',''),(408,5,'DPD Poland actif','',''),(408,6,'DPD Poland actif','',''),(408,7,'DPD Poland actif','',''),(408,8,'DPD Poland actif','',''),(408,9,'DPD Poland actif','',''),(409,1,'DPD Poland très actif','',''),(409,2,'DPD Poland très actif','Le module DPD Poland est très actif','Partenaires'),(409,3,'DPD Poland très actif','',''),(409,4,'DPD Poland très actif','',''),(409,5,'DPD Poland très actif','',''),(409,6,'DPD Poland très actif','',''),(409,7,'DPD Poland très actif','',''),(409,8,'DPD Poland très actif','',''),(409,9,'DPD Poland très actif','',''),(410,1,'Envoimoinscher installé','',''),(410,2,'Envoimoinscher installé','Vous avez installé le module Envoimoinscher','Partenaires'),(410,3,'Envoimoinscher installé','',''),(410,4,'Envoimoinscher installé','',''),(410,5,'Envoimoinscher installé','',''),(410,6,'Envoimoinscher installé','',''),(410,7,'Envoimoinscher installé','',''),(410,8,'Envoimoinscher installé','',''),(410,9,'Envoimoinscher installé','',''),(411,1,'Envoimoinscher configuré','',''),(411,2,'Envoimoinscher configuré','Vous avez configuré le module Envoimoinscher','Partenaires'),(411,3,'Envoimoinscher configuré','',''),(411,4,'Envoimoinscher configuré','',''),(411,5,'Envoimoinscher configuré','',''),(411,6,'Envoimoinscher configuré','',''),(411,7,'Envoimoinscher configuré','',''),(411,8,'Envoimoinscher configuré','',''),(411,9,'Envoimoinscher configuré','',''),(412,1,'Envoimoinscher actif','',''),(412,2,'Envoimoinscher actif','Le module Envoimoinscher est actif','Partenaires'),(412,3,'Envoimoinscher actif','',''),(412,4,'Envoimoinscher actif','',''),(412,5,'Envoimoinscher actif','',''),(412,6,'Envoimoinscher actif','',''),(412,7,'Envoimoinscher actif','',''),(412,8,'Envoimoinscher actif','',''),(412,9,'Envoimoinscher actif','',''),(413,1,'Envoimoinscher très actif','',''),(413,2,'Envoimoinscher très actif','Le module Envoimoinscher est très actif','Partenaires'),(413,3,'Envoimoinscher très actif','',''),(413,4,'Envoimoinscher très actif','',''),(413,5,'Envoimoinscher très actif','',''),(413,6,'Envoimoinscher très actif','',''),(413,7,'Envoimoinscher très actif','',''),(413,8,'Envoimoinscher très actif','',''),(413,9,'Envoimoinscher très actif','',''),(414,1,'Klik&Pay installé','',''),(414,2,'Klik&Pay installé','Vous avez installé le module Klik&Pay','Partenaires'),(414,3,'Klik&Pay installé','',''),(414,4,'Klik&Pay installé','',''),(414,5,'Klik&Pay installé','',''),(414,6,'Klik&Pay installé','',''),(414,7,'Klik&Pay installé','',''),(414,8,'Klik&Pay installé','',''),(414,9,'Klik&Pay installé','',''),(415,1,'Klik&Pay configuré','',''),(415,2,'Klik&Pay configuré','Vous avez configuré le module Klik&Pay','Partenaires'),(415,3,'Klik&Pay configuré','',''),(415,4,'Klik&Pay configuré','',''),(415,5,'Klik&Pay configuré','',''),(415,6,'Klik&Pay configuré','',''),(415,7,'Klik&Pay configuré','',''),(415,8,'Klik&Pay configuré','',''),(415,9,'Klik&Pay configuré','',''),(416,1,'Klik&Pay actif','',''),(416,2,'Klik&Pay actif','Le module Klik&Pay est actif','Partenaires'),(416,3,'Klik&Pay actif','',''),(416,4,'Klik&Pay actif','',''),(416,5,'Klik&Pay actif','',''),(416,6,'Klik&Pay actif','',''),(416,7,'Klik&Pay actif','',''),(416,8,'Klik&Pay actif','',''),(416,9,'Klik&Pay actif','',''),(417,1,'Klik&Pay très actif','',''),(417,2,'Klik&Pay très actif','Le module Klik&Pay est très actif','Partenaires'),(417,3,'Klik&Pay très actif','',''),(417,4,'Klik&Pay très actif','',''),(417,5,'Klik&Pay très actif','',''),(417,6,'Klik&Pay très actif','',''),(417,7,'Klik&Pay très actif','',''),(417,8,'Klik&Pay très actif','',''),(417,9,'Klik&Pay très actif','',''),(418,1,'Clickline installé','',''),(418,2,'Clickline installé','Vous avez installé le module Clickline','Partenaires'),(418,3,'Clickline installé','',''),(418,4,'Clickline installé','',''),(418,5,'Clickline installé','',''),(418,6,'Clickline installé','',''),(418,7,'Clickline installé','',''),(418,8,'Clickline installé','',''),(418,9,'Clickline installé','',''),(419,1,'Clickline configuré','',''),(419,2,'Clickline configuré','Vous avez configuré le module Clickline','Partenaires'),(419,3,'Clickline configuré','',''),(419,4,'Clickline configuré','',''),(419,5,'Clickline configuré','',''),(419,6,'Clickline configuré','',''),(419,7,'Clickline configuré','',''),(419,8,'Clickline configuré','',''),(419,9,'Clickline configuré','',''),(420,1,'Clickline actif','',''),(420,2,'Clickline actif','Le module Clickline est actif','Partenaires'),(420,3,'Clickline actif','',''),(420,4,'Clickline actif','',''),(420,5,'Clickline actif','',''),(420,6,'Clickline actif','',''),(420,7,'Clickline actif','',''),(420,8,'Clickline actif','',''),(420,9,'Clickline actif','',''),(421,1,'Clickline très actif','',''),(421,2,'Clickline très actif','Le module Clickline est très actif','Partenaires'),(421,3,'Clickline très actif','',''),(421,4,'Clickline très actif','',''),(421,5,'Clickline très actif','',''),(421,6,'Clickline très actif','',''),(421,7,'Clickline très actif','',''),(421,8,'Clickline très actif','',''),(421,9,'Clickline très actif','',''),(422,1,'CDiscount installé','',''),(422,2,'CDiscount installé','Vous avez installé le module CDiscount','Partenaires'),(422,3,'CDiscount installé','',''),(422,4,'CDiscount installé','',''),(422,5,'CDiscount installé','',''),(422,6,'CDiscount installé','',''),(422,7,'CDiscount installé','',''),(422,8,'CDiscount installé','',''),(422,9,'CDiscount installé','',''),(423,1,'CDiscount configuré','',''),(423,2,'CDiscount configuré','Vous avez configuré le module CDiscount','Partenaires'),(423,3,'CDiscount configuré','',''),(423,4,'CDiscount configuré','',''),(423,5,'CDiscount configuré','',''),(423,6,'CDiscount configuré','',''),(423,7,'CDiscount configuré','',''),(423,8,'CDiscount configuré','',''),(423,9,'CDiscount configuré','',''),(424,1,'CDiscount actif','',''),(424,2,'CDiscount actif','Le module CDiscount est actif','Partenaires'),(424,3,'CDiscount actif','',''),(424,4,'CDiscount actif','',''),(424,5,'CDiscount actif','',''),(424,6,'CDiscount actif','',''),(424,7,'CDiscount actif','',''),(424,8,'CDiscount actif','',''),(424,9,'CDiscount actif','',''),(425,1,'CDiscount très actif','',''),(425,2,'CDiscount très actif','Le module CDiscount est très actif','Partenaires'),(425,3,'CDiscount très actif','',''),(425,4,'CDiscount très actif','',''),(425,5,'CDiscount très actif','',''),(425,6,'CDiscount très actif','',''),(425,7,'CDiscount très actif','',''),(425,8,'CDiscount très actif','',''),(425,9,'CDiscount très actif','',''),(426,1,'illicoPresta installé','',''),(426,2,'illicoPresta installé','Vous avez installé le module illicoPresta','Partenaires'),(426,3,'illicoPresta installé','',''),(426,4,'illicoPresta installé','',''),(426,5,'illicoPresta installé','',''),(426,6,'illicoPresta installé','',''),(426,7,'illicoPresta installé','',''),(426,8,'illicoPresta installé','',''),(426,9,'illicoPresta installé','',''),(427,1,'illicoPresta configuré','',''),(427,2,'illicoPresta configuré','Vous avez configuré le module illicoPresta','Partenaires'),(427,3,'illicoPresta configuré','',''),(427,4,'illicoPresta configuré','',''),(427,5,'illicoPresta configuré','',''),(427,6,'illicoPresta configuré','',''),(427,7,'illicoPresta configuré','',''),(427,8,'illicoPresta configuré','',''),(427,9,'illicoPresta configuré','',''),(428,1,'illicoPresta actif','',''),(428,2,'illicoPresta actif','Le module illicoPresta est actif','Partenaires'),(428,3,'illicoPresta actif','',''),(428,4,'illicoPresta actif','',''),(428,5,'illicoPresta actif','',''),(428,6,'illicoPresta actif','',''),(428,7,'illicoPresta actif','',''),(428,8,'illicoPresta actif','',''),(428,9,'illicoPresta actif','',''),(429,1,'illicoPresta très actif','',''),(429,2,'illicoPresta très actif','Le module illicoPresta est très actif','Partenaires'),(429,3,'illicoPresta très actif','',''),(429,4,'illicoPresta très actif','',''),(429,5,'illicoPresta très actif','',''),(429,6,'illicoPresta très actif','',''),(429,7,'illicoPresta très actif','',''),(429,8,'illicoPresta très actif','',''),(429,9,'illicoPresta très actif','',''),(430,1,'NetReviews installé','',''),(430,2,'NetReviews installé','Vous avez installé le module NetReviews','Partenaires'),(430,3,'NetReviews installé','',''),(430,4,'NetReviews installé','',''),(430,5,'NetReviews installé','',''),(430,6,'NetReviews installé','',''),(430,7,'NetReviews installé','',''),(430,8,'NetReviews installé','',''),(430,9,'NetReviews installé','',''),(431,1,'NetReviews configuré','',''),(431,2,'NetReviews configuré','Vous avez configuré le module NetReviews','Partenaires'),(431,3,'NetReviews configuré','',''),(431,4,'NetReviews configuré','',''),(431,5,'NetReviews configuré','',''),(431,6,'NetReviews configuré','',''),(431,7,'NetReviews configuré','',''),(431,8,'NetReviews configuré','',''),(431,9,'NetReviews configuré','',''),(432,1,'NetReviews actif','',''),(432,2,'NetReviews actif','Le module NetReviews est actif','Partenaires'),(432,3,'NetReviews actif','',''),(432,4,'NetReviews actif','',''),(432,5,'NetReviews actif','',''),(432,6,'NetReviews actif','',''),(432,7,'NetReviews actif','',''),(432,8,'NetReviews actif','',''),(432,9,'NetReviews actif','',''),(433,1,'NetReviews très actif','',''),(433,2,'NetReviews très actif','Le module NetReviews est très actif','Partenaires'),(433,3,'NetReviews très actif','',''),(433,4,'NetReviews très actif','',''),(433,5,'NetReviews très actif','',''),(433,6,'NetReviews très actif','',''),(433,7,'NetReviews très actif','',''),(433,8,'NetReviews très actif','',''),(433,9,'NetReviews très actif','',''),(434,1,'Bluesnap installé','',''),(434,2,'Bluesnap installé','Vous avez installé le module Bluesnap','Partenaires'),(434,3,'Bluesnap installé','',''),(434,4,'Bluesnap installé','',''),(434,5,'Bluesnap installé','',''),(434,6,'Bluesnap installé','',''),(434,7,'Bluesnap installé','',''),(434,8,'Bluesnap installé','',''),(434,9,'Bluesnap installé','',''),(435,1,'Bluesnap configuré','',''),(435,2,'Bluesnap configuré','Vous avez configuré le module Bluesnap','Partenaires'),(435,3,'Bluesnap configuré','',''),(435,4,'Bluesnap configuré','',''),(435,5,'Bluesnap configuré','',''),(435,6,'Bluesnap configuré','',''),(435,7,'Bluesnap configuré','',''),(435,8,'Bluesnap configuré','',''),(435,9,'Bluesnap configuré','',''),(436,1,'Bluesnap actif','',''),(436,2,'Bluesnap actif','Le module Bluesnap est actif','Partenaires'),(436,3,'Bluesnap actif','',''),(436,4,'Bluesnap actif','',''),(436,5,'Bluesnap actif','',''),(436,6,'Bluesnap actif','',''),(436,7,'Bluesnap actif','',''),(436,8,'Bluesnap actif','',''),(436,9,'Bluesnap actif','',''),(437,1,'Bluesnap très actif','',''),(437,2,'Bluesnap très actif','Le module Bluesnap est très actif','Partenaires'),(437,3,'Bluesnap très actif','',''),(437,4,'Bluesnap très actif','',''),(437,5,'Bluesnap très actif','',''),(437,6,'Bluesnap très actif','',''),(437,7,'Bluesnap très actif','',''),(437,8,'Bluesnap très actif','',''),(437,9,'Bluesnap très actif','',''),(438,1,'Desjardins installé','',''),(438,2,'Desjardins installé','Vous avez installé le module Desjardins','Partenaires'),(438,3,'Desjardins installé','',''),(438,4,'Desjardins installé','',''),(438,5,'Desjardins installé','',''),(438,6,'Desjardins installé','',''),(438,7,'Desjardins installé','',''),(438,8,'Desjardins installé','',''),(438,9,'Desjardins installé','',''),(439,1,'Desjardins configuré','',''),(439,2,'Desjardins configuré','Vous avez configuré le module Desjardins','Partenaires'),(439,3,'Desjardins configuré','',''),(439,4,'Desjardins configuré','',''),(439,5,'Desjardins configuré','',''),(439,6,'Desjardins configuré','',''),(439,7,'Desjardins configuré','',''),(439,8,'Desjardins configuré','',''),(439,9,'Desjardins configuré','',''),(440,1,'Desjardins actif','',''),(440,2,'Desjardins actif','Le module Desjardins est actif','Partenaires'),(440,3,'Desjardins actif','',''),(440,4,'Desjardins actif','',''),(440,5,'Desjardins actif','',''),(440,6,'Desjardins actif','',''),(440,7,'Desjardins actif','',''),(440,8,'Desjardins actif','',''),(440,9,'Desjardins actif','',''),(441,1,'Desjardins très actif','',''),(441,2,'Desjardins très actif','Le module Desjardins est très actif','Partenaires'),(441,3,'Desjardins très actif','',''),(441,4,'Desjardins très actif','',''),(441,5,'Desjardins très actif','',''),(441,6,'Desjardins très actif','',''),(441,7,'Desjardins très actif','',''),(441,8,'Desjardins très actif','',''),(441,9,'Desjardins très actif','',''),(442,1,'First Data installé','',''),(442,2,'First Data installé','Vous avez installé le module First Data','Partenaires'),(442,3,'First Data installé','',''),(442,4,'First Data installé','',''),(442,5,'First Data installé','',''),(442,6,'First Data installé','',''),(442,7,'First Data installé','',''),(442,8,'First Data installé','',''),(442,9,'First Data installé','',''),(443,1,'First Data configuré','',''),(443,2,'First Data configuré','Vous avez configuré le module First Data','Partenaires'),(443,3,'First Data configuré','',''),(443,4,'First Data configuré','',''),(443,5,'First Data configuré','',''),(443,6,'First Data configuré','',''),(443,7,'First Data configuré','',''),(443,8,'First Data configuré','',''),(443,9,'First Data configuré','',''),(444,1,'First Data actif','',''),(444,2,'First Data actif','Le module First Data est actif','Partenaires'),(444,3,'First Data actif','',''),(444,4,'First Data actif','',''),(444,5,'First Data actif','',''),(444,6,'First Data actif','',''),(444,7,'First Data actif','',''),(444,8,'First Data actif','',''),(444,9,'First Data actif','',''),(445,1,'First Data très actif','',''),(445,2,'First Data très actif','Le module First Data est très actif','Partenaires'),(445,3,'First Data très actif','',''),(445,4,'First Data très actif','',''),(445,5,'First Data très actif','',''),(445,6,'First Data très actif','',''),(445,7,'First Data très actif','',''),(445,8,'First Data très actif','',''),(445,9,'First Data très actif','',''),(446,1,'Give.it installé','',''),(446,2,'Give.it installé','Vous avez installé le module Give.it','Partenaires'),(446,3,'Give.it installé','',''),(446,4,'Give.it installé','',''),(446,5,'Give.it installé','',''),(446,6,'Give.it installé','',''),(446,7,'Give.it installé','',''),(446,8,'Give.it installé','',''),(446,9,'Give.it installé','',''),(447,1,'Give.it configuré','',''),(447,2,'Give.it configuré','Vous avez configuré le module Give.it','Partenaires'),(447,3,'Give.it configuré','',''),(447,4,'Give.it configuré','',''),(447,5,'Give.it configuré','',''),(447,6,'Give.it configuré','',''),(447,7,'Give.it configuré','',''),(447,8,'Give.it configuré','',''),(447,9,'Give.it configuré','',''),(448,1,'Give.it actif','',''),(448,2,'Give.it actif','Le module Give.it est actif','Partenaires'),(448,3,'Give.it actif','',''),(448,4,'Give.it actif','',''),(448,5,'Give.it actif','',''),(448,6,'Give.it actif','',''),(448,7,'Give.it actif','',''),(448,8,'Give.it actif','',''),(448,9,'Give.it actif','',''),(449,1,'Give.it très actif','',''),(449,2,'Give.it très actif','Le module Give.it est très actif','Partenaires'),(449,3,'Give.it très actif','',''),(449,4,'Give.it très actif','',''),(449,5,'Give.it très actif','',''),(449,6,'Give.it très actif','',''),(449,7,'Give.it très actif','',''),(449,8,'Give.it très actif','',''),(449,9,'Give.it très actif','',''),(450,1,'Google Analytics installé','',''),(450,2,'Google Analytics installé','Vous avez installé le module Google Analytics','Partenaires'),(450,3,'Google Analytics installé','',''),(450,4,'Google Analytics installé','',''),(450,5,'Google Analytics installé','',''),(450,6,'Google Analytics installé','',''),(450,7,'Google Analytics installé','',''),(450,8,'Google Analytics installé','',''),(450,9,'Google Analytics installé','',''),(451,1,'Google Analytics configuré','',''),(451,2,'Google Analytics configuré','Vous avez configuré le module Google Analytics','Partenaires'),(451,3,'Google Analytics configuré','',''),(451,4,'Google Analytics configuré','',''),(451,5,'Google Analytics configuré','',''),(451,6,'Google Analytics configuré','',''),(451,7,'Google Analytics configuré','',''),(451,8,'Google Analytics configuré','',''),(451,9,'Google Analytics configuré','',''),(452,1,'Google Analytics actif','',''),(452,2,'Google Analytics actif','Le module Google Analytics est actif','Partenaires'),(452,3,'Google Analytics actif','',''),(452,4,'Google Analytics actif','',''),(452,5,'Google Analytics actif','',''),(452,6,'Google Analytics actif','',''),(452,7,'Google Analytics actif','',''),(452,8,'Google Analytics actif','',''),(452,9,'Google Analytics actif','',''),(453,1,'Google Analytics très actif','',''),(453,2,'Google Analytics très actif','Le module Google Analytics est très actif','Partenaires'),(453,3,'Google Analytics très actif','',''),(453,4,'Google Analytics très actif','',''),(453,5,'Google Analytics très actif','',''),(453,6,'Google Analytics très actif','',''),(453,7,'Google Analytics très actif','',''),(453,8,'Google Analytics très actif','',''),(453,9,'Google Analytics très actif','',''),(454,1,'PagSeguro installé','',''),(454,2,'PagSeguro installé','Vous avez installé le module PagSeguro','Partenaires'),(454,3,'PagSeguro installé','',''),(454,4,'PagSeguro installé','',''),(454,5,'PagSeguro installé','',''),(454,6,'PagSeguro installé','',''),(454,7,'PagSeguro installé','',''),(454,8,'PagSeguro installé','',''),(454,9,'PagSeguro installé','',''),(455,1,'PagSeguro configuré','',''),(455,2,'PagSeguro configuré','Vous avez configuré le module PagSeguro','Partenaires'),(455,3,'PagSeguro configuré','',''),(455,4,'PagSeguro configuré','',''),(455,5,'PagSeguro configuré','',''),(455,6,'PagSeguro configuré','',''),(455,7,'PagSeguro configuré','',''),(455,8,'PagSeguro configuré','',''),(455,9,'PagSeguro configuré','',''),(456,1,'PagSeguro actif','',''),(456,2,'PagSeguro actif','Le module PagSeguro est actif','Partenaires'),(456,3,'PagSeguro actif','',''),(456,4,'PagSeguro actif','',''),(456,5,'PagSeguro actif','',''),(456,6,'PagSeguro actif','',''),(456,7,'PagSeguro actif','',''),(456,8,'PagSeguro actif','',''),(456,9,'PagSeguro actif','',''),(457,1,'PagSeguro très actif','',''),(457,2,'PagSeguro très actif','Le module PagSeguro est très actif','Partenaires'),(457,3,'PagSeguro très actif','',''),(457,4,'PagSeguro très actif','',''),(457,5,'PagSeguro très actif','',''),(457,6,'PagSeguro très actif','',''),(457,7,'PagSeguro très actif','',''),(457,8,'PagSeguro très actif','',''),(457,9,'PagSeguro très actif','',''),(458,1,'Paypal MX installé','',''),(458,2,'Paypal MX installé','Vous avez installé le module Paypal MX','Partenaires'),(458,3,'Paypal MX installé','',''),(458,4,'Paypal MX installé','',''),(458,5,'Paypal MX installé','',''),(458,6,'Paypal MX installé','',''),(458,7,'Paypal MX installé','',''),(458,8,'Paypal MX installé','',''),(458,9,'Paypal MX installé','',''),(459,1,'Paypal MX configuré','',''),(459,2,'Paypal MX configuré','Vous avez configuré le module Paypal MX','Partenaires'),(459,3,'Paypal MX configuré','',''),(459,4,'Paypal MX configuré','',''),(459,5,'Paypal MX configuré','',''),(459,6,'Paypal MX configuré','',''),(459,7,'Paypal MX configuré','',''),(459,8,'Paypal MX configuré','',''),(459,9,'Paypal MX configuré','',''),(460,1,'Paypal MX actif','',''),(460,2,'Paypal MX actif','Le module Paypal MX est actif','Partenaires'),(460,3,'Paypal MX actif','',''),(460,4,'Paypal MX actif','',''),(460,5,'Paypal MX actif','',''),(460,6,'Paypal MX actif','',''),(460,7,'Paypal MX actif','',''),(460,8,'Paypal MX actif','',''),(460,9,'Paypal MX actif','',''),(461,1,'Paypal MX très actif','',''),(461,2,'Paypal MX très actif','Le module Paypal MX est très actif','Partenaires'),(461,3,'Paypal MX très actif','',''),(461,4,'Paypal MX très actif','',''),(461,5,'Paypal MX très actif','',''),(461,6,'Paypal MX très actif','',''),(461,7,'Paypal MX très actif','',''),(461,8,'Paypal MX très actif','',''),(461,9,'Paypal MX très actif','',''),(462,1,'Paypal USA installé','',''),(462,2,'Paypal USA installé','Vous avez installé le module Paypal USA','Partenaires'),(462,3,'Paypal USA installé','',''),(462,4,'Paypal USA installé','',''),(462,5,'Paypal USA installé','',''),(462,6,'Paypal USA installé','',''),(462,7,'Paypal USA installé','',''),(462,8,'Paypal USA installé','',''),(462,9,'Paypal USA installé','',''),(463,1,'Paypal USA configuré','',''),(463,2,'Paypal USA configuré','Vous avez configuré le module Paypal USA','Partenaires'),(463,3,'Paypal USA configuré','',''),(463,4,'Paypal USA configuré','',''),(463,5,'Paypal USA configuré','',''),(463,6,'Paypal USA configuré','',''),(463,7,'Paypal USA configuré','',''),(463,8,'Paypal USA configuré','',''),(463,9,'Paypal USA configuré','',''),(464,1,'Paypal USA actif','',''),(464,2,'Paypal USA actif','Le module Paypal USA est actif','Partenaires'),(464,3,'Paypal USA actif','',''),(464,4,'Paypal USA actif','',''),(464,5,'Paypal USA actif','',''),(464,6,'Paypal USA actif','',''),(464,7,'Paypal USA actif','',''),(464,8,'Paypal USA actif','',''),(464,9,'Paypal USA actif','',''),(465,1,'Paypal USA très actif','',''),(465,2,'Paypal USA très actif','Le module Paypal USA est très actif','Partenaires'),(465,3,'Paypal USA très actif','',''),(465,4,'Paypal USA très actif','',''),(465,5,'Paypal USA très actif','',''),(465,6,'Paypal USA très actif','',''),(465,7,'Paypal USA très actif','',''),(465,8,'Paypal USA très actif','',''),(465,9,'Paypal USA très actif','',''),(466,1,'PayULatam installé','',''),(466,2,'PayULatam installé','Vous avez installé le module PayULatam','Partenaires'),(466,3,'PayULatam installé','',''),(466,4,'PayULatam installé','',''),(466,5,'PayULatam installé','',''),(466,6,'PayULatam installé','',''),(466,7,'PayULatam installé','',''),(466,8,'PayULatam installé','',''),(466,9,'PayULatam installé','',''),(467,1,'PayULatam configuré','',''),(467,2,'PayULatam configuré','Vous avez configuré le module PayULatam','Partenaires'),(467,3,'PayULatam configuré','',''),(467,4,'PayULatam configuré','',''),(467,5,'PayULatam configuré','',''),(467,6,'PayULatam configuré','',''),(467,7,'PayULatam configuré','',''),(467,8,'PayULatam configuré','',''),(467,9,'PayULatam configuré','',''),(468,1,'PayULatam actif','',''),(468,2,'PayULatam actif','Le module PayULatam est actif','Partenaires'),(468,3,'PayULatam actif','',''),(468,4,'PayULatam actif','',''),(468,5,'PayULatam actif','',''),(468,6,'PayULatam actif','',''),(468,7,'PayULatam actif','',''),(468,8,'PayULatam actif','',''),(468,9,'PayULatam actif','',''),(469,1,'PayULatam très actif','',''),(469,2,'PayULatam très actif','Le module PayULatam est très actif','Partenaires'),(469,3,'PayULatam très actif','',''),(469,4,'PayULatam très actif','',''),(469,5,'PayULatam très actif','',''),(469,6,'PayULatam très actif','',''),(469,7,'PayULatam très actif','',''),(469,8,'PayULatam très actif','',''),(469,9,'PayULatam très actif','',''),(470,1,'PrestaStats installé','',''),(470,2,'PrestaStats installé','Vous avez installé le module PrestaStats','Partenaires'),(470,3,'PrestaStats installé','',''),(470,4,'PrestaStats installé','',''),(470,5,'PrestaStats installé','',''),(470,6,'PrestaStats installé','',''),(470,7,'PrestaStats installé','',''),(470,8,'PrestaStats installé','',''),(470,9,'PrestaStats installé','',''),(471,1,'PrestaStats configuré','',''),(471,2,'PrestaStats configuré','Vous avez configuré le module PrestaStats','Partenaires'),(471,3,'PrestaStats configuré','',''),(471,4,'PrestaStats configuré','',''),(471,5,'PrestaStats configuré','',''),(471,6,'PrestaStats configuré','',''),(471,7,'PrestaStats configuré','',''),(471,8,'PrestaStats configuré','',''),(471,9,'PrestaStats configuré','',''),(472,1,'PrestaStats actif','',''),(472,2,'PrestaStats actif','Le module PrestaStats est actif','Partenaires'),(472,3,'PrestaStats actif','',''),(472,4,'PrestaStats actif','',''),(472,5,'PrestaStats actif','',''),(472,6,'PrestaStats actif','',''),(472,7,'PrestaStats actif','',''),(472,8,'PrestaStats actif','',''),(472,9,'PrestaStats actif','',''),(473,1,'PrestaStats très actif','',''),(473,2,'PrestaStats très actif','Le module PrestaStats est très actif','Partenaires'),(473,3,'PrestaStats très actif','',''),(473,4,'PrestaStats très actif','',''),(473,5,'PrestaStats très actif','',''),(473,6,'PrestaStats très actif','',''),(473,7,'PrestaStats très actif','',''),(473,8,'PrestaStats très actif','',''),(473,9,'PrestaStats très actif','',''),(474,1,'Riskified installé','',''),(474,2,'Riskified installé','Vous avez installé le module Riskified','Partenaires'),(474,3,'Riskified installé','',''),(474,4,'Riskified installé','',''),(474,5,'Riskified installé','',''),(474,6,'Riskified installé','',''),(474,7,'Riskified installé','',''),(474,8,'Riskified installé','',''),(474,9,'Riskified installé','',''),(475,1,'Riskified configuré','',''),(475,2,'Riskified configuré','Vous avez configuré le module Riskified','Partenaires'),(475,3,'Riskified configuré','',''),(475,4,'Riskified configuré','',''),(475,5,'Riskified configuré','',''),(475,6,'Riskified configuré','',''),(475,7,'Riskified configuré','',''),(475,8,'Riskified configuré','',''),(475,9,'Riskified configuré','',''),(476,1,'Riskified actif','',''),(476,2,'Riskified actif','Le module Riskified est actif','Partenaires'),(476,3,'Riskified actif','',''),(476,4,'Riskified actif','',''),(476,5,'Riskified actif','',''),(476,6,'Riskified actif','',''),(476,7,'Riskified actif','',''),(476,8,'Riskified actif','',''),(476,9,'Riskified actif','',''),(477,1,'Riskified très actif','',''),(477,2,'Riskified très actif','Le module Riskified est très actif','Partenaires'),(477,3,'Riskified très actif','',''),(477,4,'Riskified très actif','',''),(477,5,'Riskified très actif','',''),(477,6,'Riskified très actif','',''),(477,7,'Riskified très actif','',''),(477,8,'Riskified très actif','',''),(477,9,'Riskified très actif','',''),(478,1,'Simplify installé','',''),(478,2,'Simplify installé','Vous avez installé le module Simplify','Partenaires'),(478,3,'Simplify installé','',''),(478,4,'Simplify installé','',''),(478,5,'Simplify installé','',''),(478,6,'Simplify installé','',''),(478,7,'Simplify installé','',''),(478,8,'Simplify installé','',''),(478,9,'Simplify installé','',''),(479,1,'Simplify configuré','',''),(479,2,'Simplify configuré','Vous avez configuré le module Simplify','Partenaires'),(479,3,'Simplify configuré','',''),(479,4,'Simplify configuré','',''),(479,5,'Simplify configuré','',''),(479,6,'Simplify configuré','',''),(479,7,'Simplify configuré','',''),(479,8,'Simplify configuré','',''),(479,9,'Simplify configuré','',''),(480,1,'Simplify actif','',''),(480,2,'Simplify actif','Le module Simplify est actif','Partenaires'),(480,3,'Simplify actif','',''),(480,4,'Simplify actif','',''),(480,5,'Simplify actif','',''),(480,6,'Simplify actif','',''),(480,7,'Simplify actif','',''),(480,8,'Simplify actif','',''),(480,9,'Simplify actif','',''),(481,1,'Simplify très actif','',''),(481,2,'Simplify très actif','Le module Simplify est très actif','Partenaires'),(481,3,'Simplify très actif','',''),(481,4,'Simplify très actif','',''),(481,5,'Simplify très actif','',''),(481,6,'Simplify très actif','',''),(481,7,'Simplify très actif','',''),(481,8,'Simplify très actif','',''),(481,9,'Simplify très actif','',''),(482,1,'VTPayment installé','',''),(482,2,'VTPayment installé','Vous avez installé le module VTPayment','Partenaires'),(482,3,'VTPayment installé','',''),(482,4,'VTPayment installé','',''),(482,5,'VTPayment installé','',''),(482,6,'VTPayment installé','',''),(482,7,'VTPayment installé','',''),(482,8,'VTPayment installé','',''),(482,9,'VTPayment installé','',''),(483,1,'VTPayment configuré','',''),(483,2,'VTPayment configuré','Vous avez configuré le module VTPayment','Partenaires'),(483,3,'VTPayment configuré','',''),(483,4,'VTPayment configuré','',''),(483,5,'VTPayment configuré','',''),(483,6,'VTPayment configuré','',''),(483,7,'VTPayment configuré','',''),(483,8,'VTPayment configuré','',''),(483,9,'VTPayment configuré','',''),(484,1,'VTPayment actif','',''),(484,2,'VTPayment actif','Le module VTPayment est actif','Partenaires'),(484,3,'VTPayment actif','',''),(484,4,'VTPayment actif','',''),(484,5,'VTPayment actif','',''),(484,6,'VTPayment actif','',''),(484,7,'VTPayment actif','',''),(484,8,'VTPayment actif','',''),(484,9,'VTPayment actif','',''),(485,1,'VTPayment très actif','',''),(485,2,'VTPayment très actif','Le module VTPayment est très actif','Partenaires'),(485,3,'VTPayment très actif','',''),(485,4,'VTPayment très actif','',''),(485,5,'VTPayment très actif','',''),(485,6,'VTPayment très actif','',''),(485,7,'VTPayment très actif','',''),(485,8,'VTPayment très actif','',''),(485,9,'VTPayment très actif','',''),(486,1,'Yotpo installé','',''),(486,2,'Yotpo installé','Vous avez installé le module Yotpo','Partenaires'),(486,3,'Yotpo installé','',''),(486,4,'Yotpo installé','',''),(486,5,'Yotpo installé','',''),(486,6,'Yotpo installé','',''),(486,7,'Yotpo installé','',''),(486,8,'Yotpo installé','',''),(486,9,'Yotpo installé','',''),(487,1,'Yotpo configuré','',''),(487,2,'Yotpo configuré','Vous avez configuré le module Yotpo','Partenaires'),(487,3,'Yotpo configuré','',''),(487,4,'Yotpo configuré','',''),(487,5,'Yotpo configuré','',''),(487,6,'Yotpo configuré','',''),(487,7,'Yotpo configuré','',''),(487,8,'Yotpo configuré','',''),(487,9,'Yotpo configuré','',''),(488,1,'Yotpo actif','',''),(488,2,'Yotpo actif','Le module Yotpo est actif','Partenaires'),(488,3,'Yotpo actif','',''),(488,4,'Yotpo actif','',''),(488,5,'Yotpo actif','',''),(488,6,'Yotpo actif','',''),(488,7,'Yotpo actif','',''),(488,8,'Yotpo actif','',''),(488,9,'Yotpo actif','',''),(489,1,'Yotpo très actif','',''),(489,2,'Yotpo très actif','Le module Yotpo est très actif','Partenaires'),(489,3,'Yotpo très actif','',''),(489,4,'Yotpo très actif','',''),(489,5,'Yotpo très actif','',''),(489,6,'Yotpo très actif','',''),(489,7,'Yotpo très actif','',''),(489,8,'Yotpo très actif','',''),(489,9,'Yotpo très actif','',''),(490,1,'Youstice installé','',''),(490,2,'Youstice installé','Vous avez installé le module Youstice','Partenaires'),(490,3,'Youstice installé','',''),(490,4,'Youstice installé','',''),(490,5,'Youstice installé','',''),(490,6,'Youstice installé','',''),(490,7,'Youstice installé','',''),(490,8,'Youstice installé','',''),(490,9,'Youstice installé','',''),(491,1,'Youstice configuré','',''),(491,2,'Youstice configuré','Vous avez configuré le module Youstice','Partenaires'),(491,3,'Youstice configuré','',''),(491,4,'Youstice configuré','',''),(491,5,'Youstice configuré','',''),(491,6,'Youstice configuré','',''),(491,7,'Youstice configuré','',''),(491,8,'Youstice configuré','',''),(491,9,'Youstice configuré','',''),(492,1,'Youstice actif','',''),(492,2,'Youstice actif','Le module Youstice est actif','Partenaires'),(492,3,'Youstice actif','',''),(492,4,'Youstice actif','',''),(492,5,'Youstice actif','',''),(492,6,'Youstice actif','',''),(492,7,'Youstice actif','',''),(492,8,'Youstice actif','',''),(492,9,'Youstice actif','',''),(493,1,'Youstice très actif','',''),(493,2,'Youstice très actif','Le module Youstice est très actif','Partenaires'),(493,3,'Youstice très actif','',''),(493,4,'Youstice très actif','',''),(493,5,'Youstice très actif','',''),(493,6,'Youstice très actif','',''),(493,7,'Youstice très actif','',''),(493,8,'Youstice très actif','',''),(493,9,'Youstice très actif','',''),(494,1,'Loyalty Lion installé','',''),(494,2,'Loyalty Lion installé','Vous avez installé le module Loyalty Lion','Partenaires'),(494,3,'Loyalty Lion installé','',''),(494,4,'Loyalty Lion installé','',''),(494,5,'Loyalty Lion installé','',''),(494,6,'Loyalty Lion installé','',''),(494,7,'Loyalty Lion installé','',''),(494,8,'Loyalty Lion installé','',''),(494,9,'Loyalty Lion installé','',''),(495,1,'Loyalty Lion configuré','',''),(495,2,'Loyalty Lion configuré','Vous avez configuré le module Loyalty Lion','Partenaires'),(495,3,'Loyalty Lion configuré','',''),(495,4,'Loyalty Lion configuré','',''),(495,5,'Loyalty Lion configuré','',''),(495,6,'Loyalty Lion configuré','',''),(495,7,'Loyalty Lion configuré','',''),(495,8,'Loyalty Lion configuré','',''),(495,9,'Loyalty Lion configuré','',''),(496,1,'Loyalty Lion actif','',''),(496,2,'Loyalty Lion actif','Le module Loyalty Lion est actif','Partenaires'),(496,3,'Loyalty Lion actif','',''),(496,4,'Loyalty Lion actif','',''),(496,5,'Loyalty Lion actif','',''),(496,6,'Loyalty Lion actif','',''),(496,7,'Loyalty Lion actif','',''),(496,8,'Loyalty Lion actif','',''),(496,9,'Loyalty Lion actif','',''),(497,1,'Loyalty Lion très actif','',''),(497,2,'Loyalty Lion très actif','Le module Loyalty Lion est très actif','Partenaires'),(497,3,'Loyalty Lion très actif','',''),(497,4,'Loyalty Lion très actif','',''),(497,5,'Loyalty Lion très actif','',''),(497,6,'Loyalty Lion très actif','',''),(497,7,'Loyalty Lion très actif','',''),(497,8,'Loyalty Lion très actif','',''),(497,9,'Loyalty Lion très actif','',''),(498,1,'Europe de l\'Ouest','',''),(498,2,'Europe de l\'Ouest','Vous avez réalisé votre première vente en Europe de l\'Ouest !','Europe de l\'Ouest'),(498,3,'Europe de l\'Ouest','',''),(498,4,'Europe de l\'Ouest','',''),(498,5,'Europe de l\'Ouest','',''),(498,6,'Europe de l\'Ouest','',''),(498,7,'Europe de l\'Ouest','',''),(498,8,'Europe de l\'Ouest','',''),(498,9,'Europe de l\'Ouest','',''),(499,1,'Europe du Sud','',''),(499,2,'Europe du Sud','Vous avez réalisé votre première vente en Europe du Sud !','Europe du Sud'),(499,3,'Europe du Sud','',''),(499,4,'Europe du Sud','',''),(499,5,'Europe du Sud','',''),(499,6,'Europe du Sud','',''),(499,7,'Europe du Sud','',''),(499,8,'Europe du Sud','',''),(499,9,'Europe du Sud','',''),(500,1,'Europe de l\'Est','',''),(500,2,'Europe de l\'Est','Vous avez réalisé votre première vente en Europe de l\'Est !','Europe de l\'Est'),(500,3,'Europe de l\'Est','',''),(500,4,'Europe de l\'Est','',''),(500,5,'Europe de l\'Est','',''),(500,6,'Europe de l\'Est','',''),(500,7,'Europe de l\'Est','',''),(500,8,'Europe de l\'Est','',''),(500,9,'Europe de l\'Est','',''),(501,1,'Europe Centrale','',''),(501,2,'Europe Centrale','Vous avez réalisé votre première vente en Europe Centrale !','Europe Centrale'),(501,3,'Europe Centrale','',''),(501,4,'Europe Centrale','',''),(501,5,'Europe Centrale','',''),(501,6,'Europe Centrale','',''),(501,7,'Europe Centrale','',''),(501,8,'Europe Centrale','',''),(501,9,'Europe Centrale','',''),(502,1,'Europe du Nord','',''),(502,2,'Europe du Nord','Vous avez réalisé votre première vente en Europe du Nord !','Europe du Nord'),(502,3,'Europe du Nord','',''),(502,4,'Europe du Nord','',''),(502,5,'Europe du Nord','',''),(502,6,'Europe du Nord','',''),(502,7,'Europe du Nord','',''),(502,8,'Europe du Nord','',''),(502,9,'Europe du Nord','','');

--
