-- Table structure for table `ps_product_sale`
--

CREATE TABLE `ps_product_sale` (
  `id_product` int(10) unsigned NOT NULL,
  `quantity` int(10) unsigned NOT NULL DEFAULT '0',
  `sale_nbr` int(10) unsigned NOT NULL DEFAULT '0',
  `date_upd` date NOT NULL,
  PRIMARY KEY (`id_product`),
  KEY `quantity` (`quantity`)
) ENGINE=InnoDB DEFAULT CHARSET=utf8;

--
-- Dumping data for table `ps_product_sale`
--

INSERT INTO `ps_product_sale` VALUES (11,2,2,'2016-04-25'),(12,1,1,'2016-04-25'),(24,1,1,'2016-05-02');

--
-- Table structure for table `ps_product_shop`
--

CREATE TABLE `ps_product_shop` (
  `id_product` int(10) unsigned NOT NULL,
  `id_shop` int(10) unsigned NOT NULL,
  `id_category_default` int(10) unsigned DEFAULT NULL,
  `id_tax_rules_group` int(11) unsigned NOT NULL,
  `on_sale` tinyint(1) unsigned NOT NULL DEFAULT '0',
  `online_only` tinyint(1) unsigned NOT NULL DEFAULT '0',
  `ecotax` decimal(17,6) NOT NULL DEFAULT '0.000000',
  `minimal_quantity` int(10) unsigned NOT NULL DEFAULT '1',
  `price` decimal(20,6) NOT NULL DEFAULT '0.000000',
  `wholesale_price` decimal(20,6) NOT NULL DEFAULT '0.000000',
  `unity` varchar(255) DEFAULT NULL,
  `unit_price_ratio` decimal(20,6) NOT NULL DEFAULT '0.000000',
  `additional_shipping_cost` decimal(20,2) NOT NULL DEFAULT '0.00',
  `customizable` tinyint(2) NOT NULL DEFAULT '0',
  `uploadable_files` tinyint(4) NOT NULL DEFAULT '0',
  `text_fields` tinyint(4) NOT NULL DEFAULT '0',
  `active` tinyint(1) unsigned NOT NULL DEFAULT '0',
  `redirect_type` enum('','404','301','302') NOT NULL DEFAULT '',
  `id_product_redirected` int(10) unsigned NOT NULL DEFAULT '0',
  `available_for_order` tinyint(1) NOT NULL DEFAULT '1',
  `available_date` date NOT NULL DEFAULT '0000-00-00',
  `condition` enum('new','used','refurbished') NOT NULL DEFAULT 'new',
  `show_price` tinyint(1) NOT NULL DEFAULT '1',
  `indexed` tinyint(1) NOT NULL DEFAULT '0',
  `visibility` enum('both','catalog','search','none') NOT NULL DEFAULT 'both',
  `cache_default_attribute` int(10) unsigned DEFAULT NULL,
  `advanced_stock_management` tinyint(1) NOT NULL DEFAULT '0',
  `date_add` datetime NOT NULL,
  `date_upd` datetime NOT NULL,
  `pack_stock_type` int(11) unsigned DEFAULT '3',
  PRIMARY KEY (`id_product`,`id_shop`),
  KEY `id_category_default` (`id_category_default`),
  KEY `date_add` (`date_add`,`active`,`visibility`),
  KEY `indexed` (`indexed`,`active`,`id_product`)
) ENGINE=InnoDB DEFAULT CHARSET=utf8;

--
-- Dumping data for table `ps_product_shop`
--

INSERT INTO `ps_product_shop` VALUES (9,1,2,1,0,0,0.000000,1,18.333333,8.000000,'',0.000000,0.00,0,0,0,1,'404',0,1,'0000-00-00','new',1,1,'both',52,0,'2016-04-12 01:39:30','2016-05-07 22:48:56',3),(10,1,2,1,0,0,0.000000,1,18.333333,8.000000,'',0.000000,0.00,0,0,0,1,'404',0,1,'0000-00-00','new',1,1,'both',54,0,'2016-04-12 01:48:16','2016-05-07 22:51:37',3),(11,1,2,1,0,0,0.000000,1,18.333333,8.000000,'',0.000000,0.00,0,0,0,1,'404',0,1,'0000-00-00','new',1,1,'both',55,0,'2016-04-12 01:48:27','2016-05-07 22:52:09',3),(12,1,2,1,0,0,0.000000,1,18.333333,8.000000,'',0.000000,0.00,0,0,0,1,'404',0,1,'0000-00-00','new',1,1,'both',56,0,'2016-04-12 02:01:19','2016-05-07 22:52:54',3),(13,1,2,1,0,0,0.000000,1,18.333333,4.950000,'',0.000000,0.00,0,0,0,1,'404',0,0,'0000-00-00','new',1,1,'both',0,0,'2016-04-18 00:29:17','2016-04-23 02:52:04',3),(14,1,2,1,0,0,0.000000,1,18.333333,4.950000,'',0.000000,0.00,0,0,0,1,'404',0,0,'0000-00-00','new',1,1,'both',0,0,'2016-04-22 17:21:21','2016-04-22 17:29:18',3),(15,1,2,1,0,0,0.000000,1,18.333333,4.950000,'',0.000000,0.00,0,0,0,1,'404',0,0,'0000-00-00','new',1,1,'both',0,0,'2016-04-22 17:41:11','2016-04-22 17:57:41',3),(16,1,2,1,0,0,0.000000,1,18.333333,4.950000,'',0.000000,0.00,0,0,0,1,'404',0,0,'0000-00-00','new',1,1,'both',0,0,'2016-04-22 17:48:07','2016-04-22 17:57:11',3),(17,1,2,1,0,0,0.000000,1,18.333333,4.950000,'',0.000000,0.00,0,0,0,1,'404',0,0,'0000-00-00','new',1,1,'both',0,0,'2016-04-22 17:51:55','2016-04-22 18:01:59',3),(18,1,2,1,0,0,0.000000,1,18.333333,4.950000,'',0.000000,0.00,0,0,0,1,'404',0,0,'0000-00-00','new',1,1,'both',0,0,'2016-04-22 18:31:28','2016-04-22 18:36:52',3),(19,1,2,1,0,0,0.000000,1,18.333333,4.950000,'',0.000000,0.00,0,0,0,1,'404',0,0,'0000-00-00','new',1,1,'both',0,0,'2016-04-22 18:37:20','2016-04-22 18:38:20',3),(20,1,2,1,0,0,0.000000,1,18.333333,4.950000,'',0.000000,0.00,0,0,0,0,'404',0,0,'0000-00-00','new',1,0,'both',0,0,'2016-04-22 18:38:43','2016-05-23 22:37:27',3),(21,1,2,1,0,0,0.000000,1,18.333333,4.950000,'',0.000000,0.00,0,0,0,0,'404',0,0,'0000-00-00','new',1,1,'both',0,0,'2016-04-22 18:40:29','2016-05-23 22:37:39',3),(22,1,2,1,0,0,0.000000,1,18.333333,4.950000,'',0.000000,0.00,0,0,0,1,'404',0,0,'0000-00-00','new',1,1,'both',0,0,'2016-04-22 18:43:05','2016-04-22 18:45:05',3),(23,1,2,1,0,0,0.000000,1,18.333333,4.950000,'',0.000000,0.00,0,0,0,0,'404',0,1,'0000-00-00','new',1,0,'both',53,0,'2016-04-24 00:02:32','2016-04-24 00:02:32',3),(24,1,2,1,0,0,0.000000,1,18.333333,8.000000,'',0.000000,0.00,0,0,0,1,'404',0,1,'0000-00-00','new',1,1,'both',57,0,'2016-04-27 02:05:57','2016-05-07 22:53:27',3),(25,1,2,1,0,0,0.000000,1,18.333333,4.950000,'',0.000000,0.00,0,0,0,1,'404',0,1,'0000-00-00','new',1,1,'both',58,0,'2016-04-29 18:04:14','2016-04-29 18:06:10',3),(26,1,2,1,0,0,0.000000,1,18.333333,4.950000,'',0.000000,0.00,0,0,0,1,'404',0,1,'0000-00-00','new',1,1,'both',0,0,'2016-04-29 18:06:33','2016-05-02 15:55:19',3),(27,1,2,1,0,0,0.000000,1,18.333333,4.950000,'',0.000000,0.00,0,0,0,1,'404',0,1,'0000-00-00','new',1,1,'both',60,0,'2016-04-29 18:08:47','2016-04-29 18:10:50',3),(28,1,2,1,0,0,0.000000,1,18.333333,4.950000,'',0.000000,0.00,0,0,0,1,'404',0,1,'0000-00-00','new',1,1,'both',61,0,'2016-04-29 18:11:51','2016-05-02 15:28:58',3),(29,1,2,1,0,0,0.000000,1,18.333333,4.950000,'',0.000000,0.00,0,0,0,1,'404',0,1,'0000-00-00','new',1,1,'both',62,0,'2016-04-30 02:05:27','2016-05-02 15:29:00',3),(30,1,2,1,0,0,0.000000,1,18.333333,4.950000,'',0.000000,0.00,0,0,0,1,'404',0,1,'0000-00-00','new',1,1,'both',0,0,'2016-05-03 02:06:54','2016-05-03 02:59:50',3),(31,1,2,1,0,0,0.000000,1,18.333333,8.000000,'',0.000000,0.00,0,0,0,1,'404',0,1,'0000-00-00','new',1,1,'both',63,0,'2016-05-23 22:37:54','2016-05-23 22:50:12',3),(32,1,2,1,0,0,0.000000,1,18.333333,8.000000,'',0.000000,0.00,0,0,0,1,'404',0,1,'0000-00-00','new',1,1,'both',64,0,'2016-05-23 22:51:21','2016-05-23 22:54:18',3),(33,1,2,1,0,0,0.000000,1,18.333333,8.000000,'',0.000000,0.00,0,0,0,1,'404',0,1,'0000-00-00','new',1,1,'both',65,0,'2016-05-23 22:54:57','2016-05-23 22:57:03',3),(34,1,2,1,0,0,0.000000,1,18.333333,8.000000,'',0.000000,0.00,0,0,0,1,'404',0,1,'0000-00-00','new',1,1,'both',66,0,'2016-05-23 22:57:29','2016-05-23 22:59:06',3),(35,1,2,1,0,0,0.000000,1,18.333333,8.000000,'',0.000000,0.00,0,0,0,1,'404',0,1,'0000-00-00','new',1,1,'both',67,0,'2016-05-23 22:59:54','2016-05-23 23:01:40',3),(36,1,2,1,0,0,0.000000,1,18.333333,8.000000,'',0.000000,0.00,0,0,0,1,'404',0,1,'0000-00-00','new',1,1,'both',68,0,'2016-05-23 23:01:56','2016-05-23 23:05:32',3),(37,1,2,1,0,0,0.000000,1,18.333333,8.000000,'',0.000000,0.00,0,0,0,1,'404',0,1,'0000-00-00','new',1,1,'both',69,0,'2016-05-23 23:05:44','2016-05-23 23:08:58',3),(38,1,2,1,0,0,0.000000,1,18.333333,8.000000,'',0.000000,0.00,0,0,0,1,'404',0,1,'0000-00-00','new',1,1,'both',70,0,'2016-05-23 23:09:38','2016-05-23 23:12:05',3),(39,1,2,1,0,0,0.000000,1,18.333333,8.000000,'',0.000000,0.00,0,0,0,1,'404',0,1,'0000-00-00','new',1,1,'both',71,0,'2016-05-23 23:12:21','2016-05-23 23:15:37',3),(40,1,2,1,0,0,0.000000,1,18.333333,4.950000,'',0.000000,0.00,0,0,0,1,'404',0,1,'0000-00-00','new',1,1,'both',72,0,'2016-06-06 02:00:46','2016-06-06 02:03:42',3),(41,1,2,1,0,0,0.000000,1,18.333333,4.950000,'',0.000000,0.00,0,0,0,1,'404',0,1,'0000-00-00','new',1,1,'both',73,0,'2016-06-06 02:04:35','2016-06-06 02:06:13',3);

--
-- Table structure for table `ps_product_supplier`
--

CREATE TABLE `ps_product_supplier` (
  `id_product_supplier` int(11) unsigned NOT NULL AUTO_INCREMENT,
  `id_product` int(11) unsigned NOT NULL,
  `id_product_attribute` int(11) unsigned NOT NULL DEFAULT '0',
  `id_supplier` int(11) unsigned NOT NULL,
  `product_supplier_reference` varchar(32) DEFAULT NULL,
  `product_supplier_price_te` decimal(20,6) NOT NULL DEFAULT '0.000000',
  `id_currency` int(11) unsigned NOT NULL,
  PRIMARY KEY (`id_product_supplier`),
  UNIQUE KEY `id_product` (`id_product`,`id_product_attribute`,`id_supplier`),
  KEY `id_supplier` (`id_supplier`,`id_product`)
) ENGINE=InnoDB AUTO_INCREMENT=26 DEFAULT CHARSET=utf8;

--
-- Dumping data for table `ps_product_supplier`
--


--
-- Table structure for table `ps_product_tag`
--

CREATE TABLE `ps_product_tag` (
  `id_product` int(10) unsigned NOT NULL,
  `id_tag` int(10) unsigned NOT NULL,
  `id_lang` int(10) unsigned NOT NULL,
  PRIMARY KEY (`id_product`,`id_tag`),
  KEY `id_tag` (`id_tag`),
  KEY `id_lang` (`id_lang`,`id_tag`)
) ENGINE=InnoDB DEFAULT CHARSET=utf8;

--
-- Dumping data for table `ps_product_tag`
--


--
-- Table structure for table `ps_profile`
--

CREATE TABLE `ps_profile` (
  `id_profile` int(10) unsigned NOT NULL AUTO_INCREMENT,
  PRIMARY KEY (`id_profile`)
) ENGINE=InnoDB AUTO_INCREMENT=5 DEFAULT CHARSET=utf8;

--
-- Dumping data for table `ps_profile`
--

INSERT INTO `ps_profile` VALUES (1),(2),(3),(4);

--
-- Table structure for table `ps_profile_lang`
--

CREATE TABLE `ps_profile_lang` (
  `id_lang` int(10) unsigned NOT NULL,
  `id_profile` int(10) unsigned NOT NULL,
  `name` varchar(128) NOT NULL,
  PRIMARY KEY (`id_profile`,`id_lang`)
) ENGINE=InnoDB DEFAULT CHARSET=utf8;

--
-- Dumping data for table `ps_profile_lang`
--

INSERT INTO `ps_profile_lang` VALUES (1,1,'SuperAdmin'),(2,1,'SuperAdmin'),(3,1,'SuperAdmin'),(4,1,'SuperAdmin'),(5,1,'SuperAdmin'),(6,1,'SuperAdmin'),(7,1,'SuperAdmin'),(8,1,'SuperAdmin'),(9,1,'SuperAdmin'),(1,2,'Logistician'),(2,2,'Logistician'),(3,2,'Logistician'),(4,2,'Logistician'),(5,2,'Logistician'),(6,2,'Logistician'),(7,2,'Logistician'),(8,2,'Logistician'),(9,2,'Logistician'),(1,3,'Translator'),(2,3,'support'),(3,3,'Translator'),(4,3,'Translator'),(5,3,'Translator'),(6,3,'Translator'),(7,3,'Translator'),(8,3,'Translator'),(9,3,'Translator'),(1,4,'Salesman'),(2,4,'Salesman'),(3,4,'Salesman'),(4,4,'Salesman'),(5,4,'Salesman'),(6,4,'Salesman'),(7,4,'Salesman'),(8,4,'Salesman'),(9,4,'Salesman');

--
-- Table structure for table `ps_quick_access`
--

CREATE TABLE `ps_quick_access` (
  `id_quick_access` int(10) unsigned NOT NULL AUTO_INCREMENT,
  `new_window` tinyint(1) NOT NULL DEFAULT '0',
  `link` varchar(255) NOT NULL,
  PRIMARY KEY (`id_quick_access`)
) ENGINE=InnoDB AUTO_INCREMENT=6 DEFAULT CHARSET=utf8;

--
-- Dumping data for table `ps_quick_access`
--

INSERT INTO `ps_quick_access` VALUES (1,0,'index.php?controller=AdminCategories&addcategory'),(2,0,'index.php?controller=AdminProducts&addproduct'),(3,0,'index.php?controller=AdminCartRules&addcart_rule'),(4,0,'index.php?controller=AdminModules&configure=blocknewsletter&tab_module=front_office_features&module_name=blocknewsletter'),(5,0,'index.php?controller=AdminLeotempcpWidgets');

--
-- Table structure for table `ps_quick_access_lang`
--

CREATE TABLE `ps_quick_access_lang` (
  `id_quick_access` int(10) unsigned NOT NULL,
  `id_lang` int(10) unsigned NOT NULL,
  `name` varchar(32) NOT NULL,
  PRIMARY KEY (`id_quick_access`,`id_lang`)
) ENGINE=InnoDB DEFAULT CHARSET=utf8;

--
-- Dumping data for table `ps_quick_access_lang`
--

INSERT INTO `ps_quick_access_lang` VALUES (1,1,'New category'),(1,2,'New category'),(1,3,'New category'),(1,4,'New category'),(1,5,'New category'),(1,6,'New category'),(1,7,'New category'),(1,8,'New category'),(1,9,'New category'),(2,1,'New product'),(2,2,'New product'),(2,3,'New product'),(2,4,'New product'),(2,5,'New product'),(2,6,'New product'),(2,7,'New product'),(2,8,'New product'),(2,9,'New product'),(3,1,'New voucher'),(3,2,'New voucher'),(3,3,'New voucher'),(3,4,'New voucher'),(3,5,'New voucher'),(3,6,'New voucher'),(3,7,'New voucher'),(3,8,'New voucher'),(3,9,'New voucher'),(4,1,'Subscribe'),(4,2,'Subscribe'),(4,3,'Subscribe'),(4,4,'Subscribe'),(4,5,'Subscribe'),(4,6,'Subscribe'),(4,7,'Subscribe'),(4,8,'Subscribe'),(4,9,'Subscribe'),(5,1,'Leo Manage widgets'),(5,2,'Leo Manage widgets'),(5,3,'Leo Manage widgets'),(5,4,'Leo Manage widgets'),(5,5,'Leo Manage widgets'),(5,6,'Leo Manage widgets'),(5,7,'Leo Manage widgets'),(5,8,'Leo Manage widgets'),(5,9,'Leo Manage widgets');

--
-- Table structure for table `ps_range_price`
--

CREATE TABLE `ps_range_price` (
  `id_range_price` int(10) unsigned NOT NULL AUTO_INCREMENT,
  `id_carrier` int(10) unsigned NOT NULL,
  `delimiter1` decimal(20,6) NOT NULL,
  `delimiter2` decimal(20,6) NOT NULL,
  PRIMARY KEY (`id_range_price`),
  UNIQUE KEY `id_carrier` (`id_carrier`,`delimiter1`,`delimiter2`)
) ENGINE=InnoDB AUTO_INCREMENT=2 DEFAULT CHARSET=utf8;

--
-- Dumping data for table `ps_range_price`
--

INSERT INTO `ps_range_price` VALUES (1,2,0.000000,10000.000000);

--
-- Table structure for table `ps_range_weight`
--

CREATE TABLE `ps_range_weight` (
  `id_range_weight` int(10) unsigned NOT NULL AUTO_INCREMENT,
  `id_carrier` int(10) unsigned NOT NULL,
  `delimiter1` decimal(20,6) NOT NULL,
  `delimiter2` decimal(20,6) NOT NULL,
  PRIMARY KEY (`id_range_weight`),
  UNIQUE KEY `id_carrier` (`id_carrier`,`delimiter1`,`delimiter2`)
) ENGINE=InnoDB AUTO_INCREMENT=27 DEFAULT CHARSET=utf8;

--
-- Dumping data for table `ps_range_weight`
--

INSERT INTO `ps_range_weight` VALUES (1,2,0.000000,10000.000000),(2,4,0.000000,0.250000),(3,4,0.250000,0.500000),(4,4,0.500000,0.750000),(5,4,0.750000,1.000000),(6,4,1.000000,2.000000),(7,4,2.000000,5.000000),(8,4,5.000000,10.000000),(9,4,10.000000,30.000000),(10,5,0.000000,0.250000),(11,5,0.250000,0.500000),(12,5,0.500000,0.750000),(13,5,0.750000,1.000000),(14,5,1.000000,2.000000),(15,5,2.000000,5.000000),(16,5,5.000000,10.000000),(17,5,10.000000,30.000000),(18,6,0.000000,0.250000),(19,7,0.000000,0.250000),(20,7,0.250000,0.500000),(21,7,0.500000,0.750000),(22,7,0.750000,1.000000),(23,7,1.000000,2.000000),(24,7,2.000000,5.000000),(25,7,5.000000,10.000000),(26,7,10.000000,30.000000);

--
-- Table structure for table `ps_referrer`
--

CREATE TABLE `ps_referrer` (
  `id_referrer` int(10) unsigned NOT NULL AUTO_INCREMENT,
  `name` varchar(64) NOT NULL,
  `passwd` varchar(32) DEFAULT NULL,
  `http_referer_regexp` varchar(64) DEFAULT NULL,
  `http_referer_like` varchar(64) DEFAULT NULL,
  `request_uri_regexp` varchar(64) DEFAULT NULL,
  `request_uri_like` varchar(64) DEFAULT NULL,
  `http_referer_regexp_not` varchar(64) DEFAULT NULL,
  `http_referer_like_not` varchar(64) DEFAULT NULL,
  `request_uri_regexp_not` varchar(64) DEFAULT NULL,
  `request_uri_like_not` varchar(64) DEFAULT NULL,
  `base_fee` decimal(5,2) NOT NULL DEFAULT '0.00',
  `percent_fee` decimal(5,2) NOT NULL DEFAULT '0.00',
  `click_fee` decimal(5,2) NOT NULL DEFAULT '0.00',
  `date_add` datetime NOT NULL,
  PRIMARY KEY (`id_referrer`)
) ENGINE=InnoDB DEFAULT CHARSET=utf8;

--
-- Dumping data for table `ps_referrer`
--


--
-- Table structure for table `ps_referrer_cache`
--

CREATE TABLE `ps_referrer_cache` (
  `id_connections_source` int(11) unsigned NOT NULL,
  `id_referrer` int(11) unsigned NOT NULL,
  PRIMARY KEY (`id_connections_source`,`id_referrer`)
) ENGINE=InnoDB DEFAULT CHARSET=utf8;

--
-- Dumping data for table `ps_referrer_cache`
--


--
-- Table structure for table `ps_referrer_shop`
--

CREATE TABLE `ps_referrer_shop` (
  `id_referrer` int(10) unsigned NOT NULL AUTO_INCREMENT,
  `id_shop` int(10) unsigned NOT NULL DEFAULT '1',
  `cache_visitors` int(11) DEFAULT NULL,
  `cache_visits` int(11) DEFAULT NULL,
  `cache_pages` int(11) DEFAULT NULL,
  `cache_registrations` int(11) DEFAULT NULL,
  `cache_orders` int(11) DEFAULT NULL,
  `cache_sales` decimal(17,2) DEFAULT NULL,
  `cache_reg_rate` decimal(5,4) DEFAULT NULL,
  `cache_order_rate` decimal(5,4) DEFAULT NULL,
  PRIMARY KEY (`id_referrer`,`id_shop`)
) ENGINE=InnoDB DEFAULT CHARSET=utf8;

--
-- Dumping data for table `ps_referrer_shop`
--


--
-- Table structure for table `ps_request_sql`
--

CREATE TABLE `ps_request_sql` (
  `id_request_sql` int(11) NOT NULL AUTO_INCREMENT,
  `name` varchar(200) NOT NULL,
  `sql` text NOT NULL,
  PRIMARY KEY (`id_request_sql`)
) ENGINE=InnoDB DEFAULT CHARSET=utf8;

--
-- Dumping data for table `ps_request_sql`
--


--
-- Table structure for table `ps_required_field`
--

CREATE TABLE `ps_required_field` (
  `id_required_field` int(11) NOT NULL AUTO_INCREMENT,
  `object_name` varchar(32) NOT NULL,
  `field_name` varchar(32) NOT NULL,
  PRIMARY KEY (`id_required_field`),
  KEY `object_name` (`object_name`)
) ENGINE=InnoDB DEFAULT CHARSET=utf8;

--
-- Dumping data for table `ps_required_field`
--


--
-- Table structure for table `ps_risk`
--

CREATE TABLE `ps_risk` (
  `id_risk` int(11) unsigned NOT NULL AUTO_INCREMENT,
  `percent` tinyint(3) NOT NULL,
  `color` varchar(32) DEFAULT NULL,
  PRIMARY KEY (`id_risk`)
) ENGINE=InnoDB AUTO_INCREMENT=5 DEFAULT CHARSET=utf8;

--
-- Dumping data for table `ps_risk`
--

INSERT INTO `ps_risk` VALUES (1,0,'LimeGreen'),(2,35,'DarkOrange'),(3,75,'Crimson'),(4,100,'#ec2e15');

--
-- Table structure for table `ps_risk_lang`
--

CREATE TABLE `ps_risk_lang` (
  `id_risk` int(10) unsigned NOT NULL,
  `id_lang` int(10) unsigned NOT NULL,
  `name` varchar(20) NOT NULL,
  PRIMARY KEY (`id_risk`,`id_lang`),
  KEY `id_risk` (`id_risk`)
) ENGINE=InnoDB DEFAULT CHARSET=utf8;

--
-- Dumping data for table `ps_risk_lang`
--

INSERT INTO `ps_risk_lang` VALUES (1,1,'None'),(1,2,'None'),(1,3,'None'),(1,4,'None'),(1,5,'None'),(1,6,'None'),(1,7,'None'),(1,8,'None'),(1,9,'None'),(2,1,'Low'),(2,2,'Low'),(2,3,'Low'),(2,4,'Low'),(2,5,'Low'),(2,6,'Low'),(2,7,'Low'),(2,8,'Low'),(2,9,'Low'),(3,1,'Medium'),(3,2,'Medium'),(3,3,'Medium'),(3,4,'Medium'),(3,5,'Medium'),(3,6,'Medium'),(3,7,'Medium'),(3,8,'Medium'),(3,9,'Medium'),(4,1,'High'),(4,2,'High'),(4,3,'High'),(4,4,'High'),(4,5,'High'),(4,6,'High'),(4,7,'High'),(4,8,'High'),(4,9,'High');

--
-- Table structure for table `ps_scene`
--

CREATE TABLE `ps_scene` (
  `id_scene` int(10) unsigned NOT NULL AUTO_INCREMENT,
  `active` tinyint(1) NOT NULL DEFAULT '1',
  PRIMARY KEY (`id_scene`)
) ENGINE=InnoDB DEFAULT CHARSET=utf8;

--
-- Dumping data for table `ps_scene`
--


--
-- Table structure for table `ps_scene_category`
--

CREATE TABLE `ps_scene_category` (
  `id_scene` int(10) unsigned NOT NULL,
  `id_category` int(10) unsigned NOT NULL,
  PRIMARY KEY (`id_scene`,`id_category`)
) ENGINE=InnoDB DEFAULT CHARSET=utf8;

--
-- Dumping data for table `ps_scene_category`
--


--
-- Table structure for table `ps_scene_lang`
--

CREATE TABLE `ps_scene_lang` (
  `id_scene` int(10) unsigned NOT NULL,
  `id_lang` int(10) unsigned NOT NULL,
  `name` varchar(100) NOT NULL,
  PRIMARY KEY (`id_scene`,`id_lang`)
) ENGINE=InnoDB DEFAULT CHARSET=utf8;

--
-- Dumping data for table `ps_scene_lang`
--


--
-- Table structure for table `ps_scene_products`
--

CREATE TABLE `ps_scene_products` (
  `id_scene` int(10) unsigned NOT NULL,
  `id_product` int(10) unsigned NOT NULL,
  `x_axis` int(4) NOT NULL,
  `y_axis` int(4) NOT NULL,
  `zone_width` int(3) NOT NULL,
  `zone_height` int(3) NOT NULL,
  PRIMARY KEY (`id_scene`,`id_product`,`x_axis`,`y_axis`)
) ENGINE=InnoDB DEFAULT CHARSET=utf8;

--
-- Dumping data for table `ps_scene_products`
--


--
-- Table structure for table `ps_scene_shop`
--

CREATE TABLE `ps_scene_shop` (
  `id_scene` int(11) unsigned NOT NULL,
  `id_shop` int(11) unsigned NOT NULL,
  PRIMARY KEY (`id_scene`,`id_shop`),
  KEY `id_shop` (`id_shop`)
) ENGINE=InnoDB DEFAULT CHARSET=utf8;

--
-- Dumping data for table `ps_scene_shop`
--


--
-- Table structure for table `ps_search_engine`
--

CREATE TABLE `ps_search_engine` (
  `id_search_engine` int(10) unsigned NOT NULL AUTO_INCREMENT,
  `server` varchar(64) NOT NULL,
  `getvar` varchar(16) NOT NULL,
  PRIMARY KEY (`id_search_engine`)
) ENGINE=InnoDB AUTO_INCREMENT=39 DEFAULT CHARSET=utf8;

--
-- Dumping data for table `ps_search_engine`
--

INSERT INTO `ps_search_engine` VALUES (1,'google','q'),(2,'aol','q'),(3,'yandex','text'),(4,'ask.com','q'),(5,'nhl.com','q'),(6,'yahoo','p'),(7,'baidu','wd'),(8,'lycos','query'),(9,'exalead','q'),(10,'search.live','q'),(11,'voila','rdata'),(12,'altavista','q'),(13,'bing','q'),(14,'daum','q'),(15,'eniro','search_word'),(16,'naver','query'),(17,'msn','q'),(18,'netscape','query'),(19,'cnn','query'),(20,'about','terms'),(21,'mamma','query'),(22,'alltheweb','q'),(23,'virgilio','qs'),(24,'alice','qs'),(25,'najdi','q'),(26,'mama','query'),(27,'seznam','q'),(28,'onet','qt'),(29,'szukacz','q'),(30,'yam','k'),(31,'pchome','q'),(32,'kvasir','q'),(33,'sesam','q'),(34,'ozu','q'),(35,'terra','query'),(36,'mynet','q'),(37,'ekolay','q'),(38,'rambler','words');

--
-- Table structure for table `ps_search_index`
--

CREATE TABLE `ps_search_index` (
  `id_product` int(11) unsigned NOT NULL,
  `id_word` int(11) unsigned NOT NULL,
  `weight` smallint(4) unsigned NOT NULL DEFAULT '1',
  PRIMARY KEY (`id_word`,`id_product`),
  KEY `id_product` (`id_product`)
) ENGINE=InnoDB DEFAULT CHARSET=utf8;

--
-- Dumping data for table `ps_search_index`
--

INSERT INTO `ps_search_index` VALUES (9,1,7),(10,1,7),(11,1,7),(12,1,7),(13,1,7),(14,1,7),(15,1,7),(16,1,7),(17,1,7),(18,1,7),(19,1,7),(20,1,7),(21,1,7),(22,1,7),(24,1,7),(25,1,7),(26,1,7),(27,1,7),(28,1,7),(29,1,7),(30,1,7),(31,1,7),(32,1,7),(33,1,7),(34,1,7),(35,1,7),(36,1,7),(37,1,7),(38,1,7),(39,1,7),(40,1,7),(41,1,7),(9,2,7),(10,2,7),(11,2,7),(12,2,7),(13,2,9),(14,2,9),(15,2,9),(16,2,9),(17,2,9),(18,2,9),(19,2,9),(20,2,9),(21,2,9),(22,2,9),(24,2,7),(25,2,7),(26,2,7),(27,2,7),(28,2,7),(29,2,7),(30,2,7),(31,2,7),(32,2,7),(33,2,7),(34,2,7),(35,2,7),(36,2,7),(37,2,7),(38,2,7),(39,2,7),(40,2,7),(41,2,7),(9,3,7),(10,3,7),(11,3,7),(12,3,7),(13,3,9),(14,3,9),(15,3,9),(16,3,9),(17,3,9),(18,3,9),(19,3,9),(20,3,9),(21,3,9),(22,3,9),(24,3,7),(25,3,7),(26,3,7),(27,3,7),(28,3,7),(29,3,7),(30,3,7),(31,3,7),(32,3,7),(33,3,7),(34,3,7),(35,3,7),(36,3,7),(37,3,7),(38,3,7),(39,3,7),(40,3,7),(41,3,7),(9,4,6),(10,4,6),(11,4,6),(12,4,6),(13,4,6),(14,4,6),(15,4,6),(16,4,6),(17,4,6),(18,4,6),(19,4,6),(20,4,6),(21,4,6),(22,4,6),(24,4,6),(25,4,6),(26,4,6),(27,4,6),(28,4,6),(29,4,6),(30,4,6),(31,4,6),(32,4,6),(33,4,6),(34,4,6),(35,4,6),(36,4,6),(37,4,6),(38,4,6),(39,4,6),(40,4,6),(41,4,6),(9,5,10),(11,5,10),(9,6,1),(10,6,1),(11,6,1),(12,6,1),(13,6,1),(14,6,1),(15,6,1),(16,6,1),(17,6,1),(18,6,1),(19,6,1),(20,6,1),(21,6,1),(22,6,1),(24,6,1),(25,6,1),(26,6,1),(27,6,1),(28,6,1),(29,6,1),(30,6,1),(31,6,1),(32,6,1),(33,6,1),(34,6,1),(35,6,1),(36,6,1),(37,6,1),(38,6,1),(39,6,1),(40,6,1),(41,6,1),(9,7,4),(10,7,4),(11,7,4),(12,7,4),(13,7,4),(14,7,4),(15,7,4),(16,7,4),(17,7,4),(18,7,4),(19,7,4),(20,7,4),(21,7,4),(22,7,4),(24,7,4),(25,7,4),(26,7,4),(27,7,4),(28,7,4),(29,7,4),(30,7,4),(31,7,4),(32,7,4),(33,7,4),(34,7,4),(35,7,4),(36,7,4),(37,7,4),(38,7,4),(39,7,4),(40,7,4),(41,7,4),(9,8,1),(10,8,1),(11,8,1),(12,8,1),(13,8,1),(14,8,1),(15,8,1),(16,8,1),(17,8,1),(18,8,1),(19,8,1),(20,8,1),(21,8,1),(22,8,1),(24,8,1),(25,8,1),(26,8,1),(27,8,1),(28,8,1),(29,8,1),(30,8,1),(31,8,1),(32,8,1),(33,8,1),(34,8,1),(35,8,1),(36,8,1),(37,8,1),(38,8,1),(39,8,1),(40,8,1),(41,8,1),(9,9,1),(10,9,1),(11,9,1),(12,9,1),(13,9,1),(14,9,1),(15,9,1),(16,9,1),(17,9,1),(18,9,1),(19,9,1),(20,9,1),(21,9,1),(22,9,1),(24,9,1),(25,9,1),(26,9,1),(27,9,1),(28,9,1),(29,9,1),(30,9,1),(31,9,1),(32,9,1),(33,9,1),(34,9,1),(35,9,1),(36,9,1),(37,9,1),(38,9,1),(39,9,1),(40,9,1),(41,9,1),(9,10,1),(10,10,1),(11,10,1),(12,10,1),(13,10,1),(14,10,1),(15,10,1),(16,10,1),(17,10,1),(18,10,1),(19,10,1),(20,10,1),(21,10,1),(22,10,1),(24,10,1),(25,10,1),(26,10,1),(27,10,1),(28,10,1),(29,10,1),(30,10,1),(31,10,1),(32,10,1),(33,10,1),(34,10,1),(35,10,1),(36,10,1),(37,10,1),(38,10,1),(39,10,1),(40,10,1),(41,10,1),(9,11,1),(10,11,1),(11,11,1),(12,11,1),(13,11,1),(14,11,1),(15,11,1),(16,11,1),(17,11,1),(18,11,1),(19,11,1),(20,11,1),(21,11,1),(22,11,1),(24,11,1),(25,11,1),(26,11,1),(27,11,1),(28,11,1),(29,11,1),(30,11,1),(31,11,1),(32,11,1),(33,11,1),(34,11,1),(35,11,1),(36,11,1),(37,11,1),(38,11,1),(39,11,1),(40,11,1),(41,11,1),(9,12,1),(10,12,1),(11,12,1),(12,12,1),(13,12,1),(14,12,1),(15,12,1),(16,12,1),(17,12,1),(18,12,1),(19,12,1),(20,12,1),(21,12,1),(22,12,1),(24,12,1),(25,12,1),(26,12,1),(27,12,1),(28,12,1),(29,12,1),(30,12,1),(31,12,1),(32,12,1),(33,12,1),(34,12,1),(35,12,1),(36,12,1),(37,12,1),(38,12,1),(39,12,1),(40,12,1),(41,12,1),(9,13,2),(10,13,2),(11,13,2),(12,13,2),(13,13,2),(14,13,2),(15,13,2),(16,13,2),(17,13,2),(18,13,2),(19,13,2),(20,13,2),(21,13,2),(22,13,2),(24,13,2),(25,13,2),(26,13,2),(27,13,2),(28,13,2),(29,13,2),(30,13,2),(31,13,2),(32,13,2),(33,13,2),(34,13,2),(35,13,2),(36,13,2),(37,13,2),(38,13,2),(39,13,2),(40,13,2),(41,13,2),(9,14,1),(10,14,1),(11,14,1),(12,14,1),(13,14,1),(14,14,1),(15,14,1),(16,14,1),(17,14,1),(18,14,1),(19,14,1),(20,14,1),(21,14,1),(22,14,1),(24,14,1),(25,14,1),(26,14,1),(27,14,1),(28,14,1),(29,14,1),(30,14,1),(31,14,1),(32,14,1),(33,14,1),(34,14,1),(35,14,1),(36,14,1),(37,14,1),(38,14,1),(39,14,1),(40,14,1),(41,14,1),(9,15,1),(10,15,1),(11,15,1),(12,15,1),(13,15,1),(14,15,1),(15,15,1),(16,15,1),(17,15,1),(18,15,1),(19,15,1),(20,15,1),(21,15,1),(22,15,1),(24,15,1),(25,15,1),(26,15,1),(27,15,1),(28,15,1),(29,15,1),(30,15,1),(31,15,1),(32,15,1),(33,15,1),(34,15,1),(35,15,1),(36,15,1),(37,15,1),(38,15,1),(39,15,1),(40,15,1),(41,15,1),(9,16,1),(10,16,1),(11,16,1),(12,16,1),(13,16,1),(14,16,1),(15,16,1),(16,16,1),(17,16,1),(18,16,1),(19,16,1),(20,16,1),(21,16,1),(22,16,1),(24,16,1),(25,16,1),(26,16,1),(27,16,1),(28,16,1),(29,16,1),(30,16,1),(31,16,1),(32,16,1),(33,16,1),(34,16,1),(35,16,1),(36,16,1),(37,16,1),(38,16,1),(39,16,1),(40,16,1),(41,16,1),(9,17,1),(10,17,1),(11,17,1),(12,17,1),(13,17,1),(14,17,1),(15,17,1),(16,17,1),(17,17,1),(18,17,1),(19,17,1),(20,17,1),(21,17,1),(22,17,1),(24,17,1),(25,17,1),(26,17,1),(27,17,1),(28,17,1),(29,17,1),(30,17,1),(31,17,1),(32,17,1),(33,17,1),(34,17,1),(35,17,1),(36,17,1),(37,17,1),(38,17,1),(39,17,1),(40,17,1),(41,17,1),(9,18,1),(10,18,1),(11,18,1),(12,18,1),(13,18,1),(14,18,1),(15,18,1),(16,18,1),(17,18,1),(18,18,1),(19,18,1),(20,18,1),(21,18,1),(22,18,1),(24,18,1),(25,18,1),(26,18,1),(27,18,1),(28,18,1),(29,18,1),(30,18,1),(31,18,1),(32,18,1),(33,18,1),(34,18,1),(35,18,1),(36,18,1),(37,18,1),(38,18,1),(39,18,1),(40,18,1),(41,18,1),(9,19,1),(10,19,1),(11,19,1),(12,19,1),(13,19,1),(14,19,1),(15,19,1),(16,19,1),(17,19,1),(18,19,1),(19,19,1),(20,19,1),(21,19,1),(22,19,1),(24,19,1),(25,19,1),(26,19,1),(27,19,1),(28,19,1),(29,19,1),(30,19,1),(31,19,1),(32,19,1),(33,19,1),(34,19,1),(35,19,1),(36,19,1),(37,19,1),(38,19,1),(39,19,1),(40,19,1),(41,19,1),(9,20,2),(10,20,2),(11,20,2),(12,20,2),(13,20,2),(14,20,2),(15,20,2),(16,20,2),(17,20,2),(18,20,2),(19,20,2),(20,20,2),(21,20,2),(22,20,2),(24,20,2),(25,20,2),(26,20,2),(27,20,2),(28,20,2),(29,20,2),(30,20,2),(31,20,2),(32,20,2),(33,20,2),(34,20,2),(35,20,2),(36,20,2),(37,20,2),(38,20,2),(39,20,2),(40,20,2),(41,20,2),(9,21,1),(10,21,1),(11,21,1),(12,21,1),(13,21,1),(14,21,1),(15,21,1),(16,21,1),(17,21,1),(18,21,1),(19,21,1),(20,21,1),(21,21,1),(22,21,1),(24,21,1),(25,21,1),(26,21,1),(27,21,1),(28,21,1),(29,21,1),(30,21,1),(31,21,1),(32,21,1),(33,21,1),(34,21,1),(35,21,1),(36,21,1),(37,21,1),(38,21,1),(39,21,1),(40,21,1),(41,21,1),(9,22,5),(10,22,5),(11,22,5),(12,22,5),(13,22,5),(14,22,5),(15,22,5),(16,22,5),(17,22,5),(18,22,5),(19,22,5),(20,22,5),(21,22,5),(22,22,5),(24,22,5),(25,22,5),(26,22,5),(27,22,5),(28,22,5),(29,22,5),(30,22,5),(31,22,5),(32,22,5),(33,22,5),(34,22,5),(35,22,5),(36,22,5),(37,22,5),(38,22,5),(39,22,5),(40,22,5),(41,22,5),(9,23,2),(10,23,2),(11,23,2),(12,23,2),(13,23,2),(14,23,2),(15,23,2),(16,23,2),(17,23,2),(18,23,2),(19,23,2),(20,23,2),(21,23,2),(22,23,2),(24,23,2),(25,23,2),(26,23,2),(27,23,2),(28,23,2),(29,23,2),(30,23,2),(31,23,2),(32,23,2),(33,23,2),(34,23,2),(35,23,2),(36,23,2),(37,23,2),(38,23,2),(39,23,2),(40,23,2),(41,23,2),(9,24,1),(10,24,1),(11,24,1),(12,24,1),(13,24,1),(14,24,1),(15,24,1),(16,24,1),(17,24,1),(18,24,1),(19,24,1),(20,24,1),(21,24,1),(22,24,1),(24,24,1),(25,24,1),(26,24,1),(27,24,1),(28,24,1),(29,24,1),(30,24,1),(31,24,1),(32,24,1),(33,24,1),(34,24,1),(35,24,1),(36,24,1),(37,24,1),(38,24,1),(39,24,1),(40,24,1),(41,24,1),(9,25,1),(10,25,1),(11,25,1),(12,25,1),(13,25,1),(14,25,1),(15,25,1),(16,25,1),(17,25,1),(18,25,1),(19,25,1),(20,25,1),(21,25,1),(22,25,1),(24,25,1),(25,25,1),(26,25,1),(27,25,1),(28,25,1),(29,25,1),(30,25,1),(31,25,1),(32,25,1),(33,25,1),(34,25,1),(35,25,1),(36,25,1),(37,25,1),(38,25,1),(39,25,1),(40,25,1),(41,25,1),(9,26,1),(10,26,1),(11,26,1),(12,26,1),(13,26,1),(14,26,1),(15,26,1),(16,26,1),(17,26,1),(18,26,1),(19,26,1),(20,26,1),(21,26,1),(22,26,1),(24,26,1),(25,26,1),(26,26,1),(27,26,1),(28,26,1),(29,26,1),(30,26,1),(31,26,1),(32,26,1),(33,26,1),(34,26,1),(35,26,1),(36,26,1),(37,26,1),(38,26,1),(39,26,1),(40,26,1),(41,26,1),(9,27,1),(10,27,1),(11,27,1),(12,27,1),(13,27,1),(14,27,1),(15,27,1),(16,27,1),(17,27,1),(18,27,1),(19,27,1),(20,27,1),(21,27,1),(22,27,1),(24,27,1),(25,27,1),(26,27,1),(27,27,1),(28,27,1),(29,27,1),(30,27,1),(31,27,1),(32,27,1),(33,27,1),(34,27,1),(35,27,1),(36,27,1),(37,27,1),(38,27,1),(39,27,1),(40,27,1),(41,27,1),(9,28,1),(10,28,1),(11,28,1),(12,28,1),(13,28,1),(14,28,1),(15,28,1),(16,28,1),(17,28,1),(18,28,1),(19,28,1),(20,28,1),(21,28,1),(22,28,1),(24,28,1),(25,28,1),(26,28,1),(27,28,1),(28,28,1),(29,28,1),(30,28,1),(31,28,1),(32,28,1),(33,28,1),(34,28,1),(35,28,1),(36,28,1),(37,28,1),(38,28,1),(39,28,1),(40,28,1),(41,28,1),(9,29,2),(10,29,2),(11,29,2),(12,29,2),(13,29,2),(14,29,2),(15,29,2),(16,29,2),(17,29,2),(18,29,2),(19,29,2),(20,29,2),(21,29,2),(22,29,2),(24,29,2),(25,29,2),(26,29,2),(27,29,2),(28,29,2),(29,29,2),(30,29,2),(31,29,2),(32,29,2),(33,29,2),(34,29,2),(35,29,2),(36,29,2),(37,29,2),(38,29,2),(39,29,2),(40,29,2),(41,29,2),(9,30,1),(10,30,1),(11,30,1),(12,30,1),(13,30,1),(14,30,1),(15,30,1),(16,30,1),(17,30,1),(18,30,1),(19,30,1),(20,30,1),(21,30,1),(22,30,1),(24,30,1),(25,30,1),(26,30,1),(27,30,1),(28,30,1),(29,30,1),(30,30,1),(31,30,1),(32,30,1),(33,30,1),(34,30,1),(35,30,1),(36,30,1),(37,30,1),(38,30,1),(39,30,1),(40,30,1),(41,30,1),(9,31,1),(10,31,1),(11,31,1),(12,31,1),(13,31,1),(14,31,1),(15,31,1),(16,31,1),(17,31,1),(18,31,1),(19,31,1),(20,31,1),(21,31,1),(22,31,1),(24,31,1),(25,31,1),(26,31,1),(27,31,1),(28,31,1),(29,31,1),(30,31,1),(31,31,1),(32,31,1),(33,31,1),(34,31,1),(35,31,1),(36,31,1),(37,31,1),(38,31,1),(39,31,1),(40,31,1),(41,31,1),(9,32,1),(10,32,1),(11,32,1),(12,32,1),(13,32,1),(14,32,1),(15,32,1),(16,32,1),(17,32,1),(18,32,1),(19,32,1),(20,32,1),(21,32,1),(22,32,1),(24,32,1),(25,32,1),(26,32,1),(27,32,1),(28,32,1),(29,32,1),(30,32,1),(31,32,1),(32,32,1),(33,32,1),(34,32,1),(35,32,1),(36,32,1),(37,32,1),(38,32,1),(39,32,1),(40,32,1),(41,32,1),(9,33,1),(10,33,1),(11,33,1),(12,33,1),(13,33,1),(14,33,1),(15,33,1),(16,33,1),(17,33,1),(18,33,1),(19,33,1),(20,33,1),(21,33,1),(22,33,1),(24,33,1),(25,33,1),(26,33,1),(27,33,1),(28,33,1),(29,33,1),(30,33,1),(31,33,1),(32,33,1),(33,33,1),(34,33,1),(35,33,1),(36,33,1),(37,33,1),(38,33,1),(39,33,1),(40,33,1),(41,33,1),(9,34,1),(10,34,1),(11,34,1),(12,34,1),(13,34,1),(14,34,1),(15,34,1),(16,34,1),(17,34,1),(18,34,1),(19,34,1),(20,34,1),(21,34,1),(22,34,1),(24,34,1),(25,34,1),(26,34,1),(27,34,1),(28,34,1),(29,34,1),(30,34,1),(31,34,1),(32,34,1),(33,34,1),(34,34,1),(35,34,1),(36,34,1),(37,34,1),(38,34,1),(39,34,1),(40,34,1),(41,34,1),(9,35,1),(10,35,1),(11,35,1),(12,35,1),(13,35,1),(14,35,1),(15,35,1),(16,35,1),(17,35,1),(18,35,1),(19,35,1),(20,35,1),(21,35,1),(22,35,1),(24,35,1),(25,35,1),(26,35,1),(27,35,1),(28,35,1),(29,35,1),(30,35,1),(31,35,1),(32,35,1),(33,35,1),(34,35,1),(35,35,1),(36,35,1),(37,35,1),(38,35,1),(39,35,1),(40,35,1),(41,35,1),(9,36,1),(10,36,1),(11,36,1),(12,36,1),(13,36,1),(14,36,1),(15,36,1),(16,36,1),(17,36,1),(18,36,1),(19,36,1),(20,36,1),(21,36,1),(22,36,1),(24,36,1),(25,36,1),(26,36,1),(27,36,1),(28,36,1),(29,36,1),(30,36,1),(31,36,1),(32,36,1),(33,36,1),(34,36,1),(35,36,1),(36,36,1),(37,36,1),(38,36,1),(39,36,1),(40,36,1),(41,36,1),(9,37,1),(10,37,1),(11,37,1),(12,37,1),(13,37,1),(14,37,1),(15,37,1),(16,37,1),(17,37,1),(18,37,1),(19,37,1),(20,37,1),(21,37,1),(22,37,1),(24,37,1),(25,37,1),(26,37,1),(27,37,1),(28,37,1),(29,37,1),(30,37,1),(31,37,1),(32,37,1),(33,37,1),(34,37,1),(35,37,1),(36,37,1),(37,37,1),(38,37,1),(39,37,1),(40,37,1),(41,37,1),(9,38,1),(10,38,1),(11,38,1),(12,38,1),(13,38,1),(14,38,1),(15,38,1),(16,38,1),(17,38,1),(18,38,1),(19,38,1),(20,38,1),(21,38,1),(22,38,1),(24,38,1),(25,38,1),(26,38,1),(27,38,1),(28,38,1),(29,38,1),(30,38,1),(31,38,1),(32,38,1),(33,38,1),(34,38,1),(35,38,1),(36,38,1),(37,38,1),(38,38,1),(39,38,1),(40,38,1),(41,38,1),(9,39,1),(10,39,1),(11,39,1),(12,39,1),(13,39,1),(14,39,1),(15,39,1),(16,39,1),(17,39,1),(18,39,1),(19,39,1),(20,39,1),(21,39,1),(22,39,1),(24,39,1),(25,39,1),(26,39,1),(27,39,1),(28,39,1),(29,39,1),(30,39,1),(31,39,1),(32,39,1),(33,39,1),(34,39,1),(35,39,1),(36,39,1),(37,39,1),(38,39,1),(39,39,1),(40,39,1),(41,39,1),(9,40,2),(10,40,2),(11,40,2),(12,40,2),(13,40,2),(14,40,2),(15,40,2),(16,40,2),(17,40,2),(18,40,2),(19,40,2),(20,40,2),(21,40,2),(22,40,2),(24,40,2),(25,40,2),(26,40,2),(27,40,2),(28,40,2),(29,40,2),(30,40,2),(31,40,2),(32,40,2),(33,40,2),(34,40,2),(35,40,2),(36,40,2),(37,40,2),(38,40,2),(39,40,2),(40,40,2),(41,40,2),(9,41,1),(10,41,1),(11,41,1),(12,41,1),(13,41,1),(14,41,1),(15,41,1),(16,41,1),(17,41,1),(18,41,1),(19,41,1),(20,41,1),(21,41,1),(22,41,1),(24,41,1),(25,41,1),(26,41,1),(27,41,1),(28,41,1),(29,41,1),(30,41,1),(31,41,1),(32,41,1),(33,41,1),(34,41,1),(35,41,1),(36,41,1),(37,41,1),(38,41,1),(39,41,1),(40,41,1),(41,41,1),(9,42,1),(10,42,1),(11,42,1),(12,42,1),(13,42,1),(14,42,1),(15,42,1),(16,42,1),(17,42,1),(18,42,1),(19,42,1),(20,42,1),(21,42,1),(22,42,1),(24,42,1),(25,42,1),(26,42,1),(27,42,1),(28,42,1),(29,42,1),(30,42,1),(31,42,1),(32,42,1),(33,42,1),(34,42,1),(35,42,1),(36,42,1),(37,42,1),(38,42,1),(39,42,1),(40,42,1),(41,42,1),(9,43,1),(10,43,1),(11,43,1),(12,43,1),(13,43,1),(14,43,1),(15,43,1),(16,43,1),(17,43,1),(18,43,1),(19,43,1),(20,43,1),(21,43,1),(22,43,1),(24,43,1),(25,43,1),(26,43,1),(27,43,1),(28,43,1),(29,43,1),(30,43,1),(31,43,1),(32,43,1),(33,43,1),(34,43,1),(35,43,1),(36,43,1),(37,43,1),(38,43,1),(39,43,1),(40,43,1),(41,43,1),(9,44,1),(10,44,1),(11,44,1),(12,44,1),(13,44,1),(14,44,1),(15,44,1),(16,44,1),(17,44,1),(18,44,1),(19,44,1),(20,44,1),(21,44,1),(22,44,1),(24,44,1),(25,44,1),(26,44,1),(27,44,1),(28,44,1),(29,44,1),(30,44,1),(31,44,1),(32,44,1),(33,44,1),(34,44,1),(35,44,1),(36,44,1),(37,44,1),(38,44,1),(39,44,1),(40,44,1),(41,44,1),(9,45,1),(10,45,1),(11,45,1),(12,45,1),(13,45,1),(14,45,1),(15,45,1),(16,45,1),(17,45,1),(18,45,1),(19,45,1),(20,45,1),(21,45,1),(22,45,1),(24,45,1),(25,45,1),(26,45,1),(27,45,1),(28,45,1),(29,45,1),(30,45,1),(31,45,1),(32,45,1),(33,45,1),(34,45,1),(35,45,1),(36,45,1),(37,45,1),(38,45,1),(39,45,1),(40,45,1),(41,45,1),(9,46,1),(10,46,1),(11,46,1),(12,46,1),(13,46,1),(14,46,1),(15,46,1),(16,46,1),(17,46,1),(18,46,1),(19,46,1),(20,46,1),(21,46,1),(22,46,1),(24,46,1),(25,46,1),(26,46,1),(27,46,1),(28,46,1),(29,46,1),(30,46,1),(31,46,1),(32,46,1),(33,46,1),(34,46,1),(35,46,1),(36,46,1),(37,46,1),(38,46,1),(39,46,1),(40,46,1),(41,46,1),(9,47,1),(10,47,1),(11,47,1),(12,47,1),(13,47,1),(14,47,1),(15,47,1),(16,47,1),(17,47,1),(18,47,1),(19,47,1),(20,47,1),(21,47,1),(22,47,1),(24,47,1),(25,47,1),(26,47,1),(27,47,1),(28,47,1),(29,47,1),(30,47,1),(31,47,1),(32,47,1),(33,47,1),(34,47,1),(35,47,1),(36,47,1),(37,47,1),(38,47,1),(39,47,1),(40,47,1),(41,47,1),(9,48,1),(10,48,1),(11,48,1),(12,48,1),(13,48,1),(14,48,1),(15,48,1),(16,48,1),(17,48,1),(18,48,1),(19,48,1),(20,48,1),(21,48,1),(22,48,1),(24,48,1),(25,48,1),(26,48,1),(27,48,1),(28,48,1),(29,48,1),(30,48,1),(31,48,1),(32,48,1),(33,48,1),(34,48,1),(35,48,1),(36,48,1),(37,48,1),(38,48,1),(39,48,1),(40,48,1),(41,48,1),(9,49,1),(10,49,1),(11,49,1),(12,49,1),(13,49,1),(14,49,1),(15,49,1),(16,49,1),(17,49,1),(18,49,1),(19,49,1),(20,49,1),(21,49,1),(22,49,1),(24,49,1),(25,49,1),(26,49,1),(27,49,1),(28,49,1),(29,49,1),(30,49,1),(31,49,1),(32,49,1),(33,49,1),(34,49,1),(35,49,1),(36,49,1),(37,49,1),(38,49,1),(39,49,1),(40,49,1),(41,49,1),(9,50,1),(10,50,1),(11,50,1),(12,50,1),(13,50,1),(14,50,1),(15,50,1),(16,50,1),(17,50,1),(18,50,1),(19,50,1),(20,50,1),(21,50,1),(22,50,1),(24,50,1),(25,50,1),(26,50,1),(27,50,1),(28,50,1),(29,50,1),(30,50,1),(31,50,1),(32,50,1),(33,50,1),(34,50,1),(35,50,1),(36,50,1),(37,50,1),(38,50,1),(39,50,1),(40,50,1),(41,50,1),(9,51,1),(10,51,1),(11,51,1),(12,51,1),(13,51,1),(14,51,1),(15,51,1),(16,51,1),(17,51,1),(18,51,1),(19,51,1),(20,51,1),(21,51,1),(22,51,1),(24,51,1),(25,51,1),(26,51,1),(27,51,1),(28,51,1),(29,51,1),(30,51,1),(31,51,1),(32,51,1),(33,51,1),(34,51,1),(35,51,1),(36,51,1),(37,51,1),(38,51,1),(39,51,1),(40,51,1),(41,51,1),(9,52,1),(10,52,1),(11,52,1),(12,52,1),(13,52,1),(14,52,1),(15,52,1),(16,52,1),(17,52,1),(18,52,1),(19,52,1),(20,52,1),(21,52,1),(22,52,1),(24,52,1),(25,52,1),(26,52,1),(27,52,1),(28,52,1),(29,52,1),(30,52,1),(31,52,1),(32,52,1),(33,52,1),(34,52,1),(35,52,1),(36,52,1),(37,52,1),(38,52,1),(39,52,1),(40,52,1),(41,52,1),(9,53,1),(10,53,1),(11,53,1),(12,53,1),(13,53,1),(14,53,1),(15,53,1),(16,53,1),(17,53,1),(18,53,1),(19,53,1),(20,53,1),(21,53,1),(22,53,1),(24,53,1),(25,53,1),(26,53,1),(27,53,1),(28,53,1),(29,53,1),(30,53,1),(31,53,1),(32,53,1),(33,53,1),(34,53,1),(35,53,1),(36,53,1),(37,53,1),(38,53,1),(39,53,1),(40,53,1),(41,53,1),(9,54,1),(10,54,1),(11,54,1),(12,54,1),(13,54,1),(14,54,1),(15,54,1),(16,54,1),(17,54,1),(18,54,1),(19,54,1),(20,54,1),(21,54,1),(22,54,1),(24,54,1),(25,54,1),(26,54,1),(27,54,1),(28,54,1),(29,54,1),(30,54,1),(31,54,1),(32,54,1),(33,54,1),(34,54,1),(35,54,1),(36,54,1),(37,54,1),(38,54,1),(39,54,1),(40,54,1),(41,54,1),(9,55,1),(10,55,1),(11,55,1),(12,55,1),(13,55,1),(14,55,1),(15,55,1),(16,55,1),(17,55,1),(18,55,1),(19,55,1),(20,55,1),(21,55,1),(22,55,1),(24,55,1),(25,55,1),(26,55,1),(27,55,1),(28,55,1),(29,55,1),(30,55,1),(31,55,1),(32,55,1),(33,55,1),(34,55,1),(35,55,1),(36,55,1),(37,55,1),(38,55,1),(39,55,1),(40,55,1),(41,55,1),(9,56,1),(10,56,1),(11,56,1),(12,56,1),(13,56,1),(14,56,1),(15,56,1),(16,56,1),(17,56,1),(18,56,1),(19,56,1),(20,56,1),(21,56,1),(22,56,1),(24,56,1),(25,56,1),(26,56,1),(27,56,1),(28,56,1),(29,56,1),(30,56,1),(31,56,1),(32,56,1),(33,56,1),(34,56,1),(35,56,1),(36,56,1),(37,56,1),(38,56,1),(39,56,1),(40,56,1),(41,56,1),(9,57,1),(10,57,1),(11,57,1),(12,57,1),(13,57,1),(14,57,1),(15,57,1),(16,57,1),(17,57,1),(18,57,1),(19,57,1),(20,57,1),(21,57,1),(22,57,1),(24,57,1),(25,57,1),(26,57,1),(27,57,1),(28,57,1),(29,57,1),(30,57,1),(31,57,1),(32,57,1),(33,57,1),(34,57,1),(35,57,1),(36,57,1),(37,57,1),(38,57,1),(39,57,1),(40,57,1),(41,57,1),(9,58,1),(10,58,1),(11,58,1),(12,58,1),(13,58,1),(14,58,1),(15,58,1),(16,58,1),(17,58,1),(18,58,1),(19,58,1),(20,58,1),(21,58,1),(22,58,1),(24,58,1),(25,58,1),(26,58,1),(27,58,1),(28,58,1),(29,58,1),(30,58,1),(31,58,1),(32,58,1),(33,58,1),(34,58,1),(35,58,1),(36,58,1),(37,58,1),(38,58,1),(39,58,1),(40,58,1),(41,58,1),(9,59,1),(10,59,1),(11,59,1),(12,59,1),(13,59,1),(14,59,1),(15,59,1),(16,59,1),(17,59,1),(18,59,1),(19,59,1),(20,59,1),(21,59,1),(22,59,1),(24,59,1),(25,59,1),(26,59,1),(27,59,1),(28,59,1),(29,59,1),(30,59,1),(31,59,1),(32,59,1),(33,59,1),(34,59,1),(35,59,1),(36,59,1),(37,59,1),(38,59,1),(39,59,1),(40,59,1),(41,59,1),(9,60,1),(10,60,1),(11,60,1),(12,60,1),(13,60,1),(14,60,1),(15,60,1),(16,60,1),(17,60,1),(18,60,1),(19,60,1),(20,60,1),(21,60,1),(22,60,1),(24,60,1),(25,60,1),(26,60,1),(27,60,1),(28,60,1),(29,60,1),(30,60,1),(31,60,1),(32,60,1),(33,60,1),(34,60,1),(35,60,1),(36,60,1),(37,60,1),(38,60,1),(39,60,1),(40,60,1),(41,60,1),(9,61,1),(10,61,1),(11,61,1),(12,61,1),(13,61,1),(14,61,1),(15,61,1),(16,61,1),(17,61,1),(18,61,1),(19,61,1),(20,61,1),(21,61,1),(22,61,1),(24,61,1),(25,61,1),(26,61,1),(27,61,1),(28,61,1),(29,61,1),(30,61,1),(31,61,1),(32,61,1),(33,61,1),(34,61,1),(35,61,1),(36,61,1),(37,61,1),(38,61,1),(39,61,1),(40,61,1),(41,61,1),(9,62,1),(10,62,1),(11,62,1),(12,62,1),(13,62,1),(14,62,1),(15,62,1),(16,62,1),(17,62,1),(18,62,1),(19,62,1),(20,62,1),(21,62,1),(22,62,1),(24,62,1),(25,62,1),(26,62,1),(27,62,1),(28,62,1),(29,62,1),(30,62,1),(31,62,1),(32,62,1),(33,62,1),(34,62,1),(35,62,1),(36,62,1),(37,62,1),(38,62,1),(39,62,1),(40,62,1),(41,62,1),(9,63,1),(10,63,1),(11,63,1),(12,63,1),(13,63,1),(14,63,1),(15,63,1),(16,63,1),(17,63,1),(18,63,1),(19,63,1),(20,63,1),(21,63,1),(22,63,1),(24,63,1),(25,63,1),(26,63,1),(27,63,1),(28,63,1),(29,63,1),(30,63,1),(31,63,1),(32,63,1),(33,63,1),(34,63,1),(35,63,1),(36,63,1),(37,63,1),(38,63,1),(39,63,1),(40,63,1),(41,63,1),(9,64,1),(10,64,1),(11,64,1),(12,64,1),(13,64,1),(14,64,1),(15,64,1),(16,64,1),(17,64,1),(18,64,1),(19,64,1),(20,64,1),(21,64,1),(22,64,1),(24,64,1),(25,64,1),(26,64,1),(27,64,1),(28,64,1),(29,64,1),(30,64,1),(31,64,1),(32,64,1),(33,64,1),(34,64,1),(35,64,1),(36,64,1),(37,64,1),(38,64,1),(39,64,1),(40,64,1),(41,64,1),(9,65,1),(10,65,1),(11,65,1),(12,65,1),(13,65,1),(14,65,1),(15,65,1),(16,65,1),(17,65,1),(18,65,1),(19,65,1),(20,65,1),(21,65,1),(22,65,1),(24,65,1),(25,65,1),(26,65,1),(27,65,1),(28,65,1),(29,65,1),(30,65,1),(31,65,1),(32,65,1),(33,65,1),(34,65,1),(35,65,1),(36,65,1),(37,65,1),(38,65,1),(39,65,1),(40,65,1),(41,65,1),(9,66,1),(10,66,1),(11,66,1),(12,66,1),(13,66,1),(14,66,1),(15,66,1),(16,66,1),(17,66,1),(18,66,1),(19,66,1),(20,66,1),(21,66,1),(22,66,1),(24,66,1),(25,66,1),(26,66,1),(27,66,1),(28,66,1),(29,66,1),(30,66,1),(31,66,1),(32,66,1),(33,66,1),(34,66,1),(35,66,1),(36,66,1),(37,66,1),(38,66,1),(39,66,1),(40,66,1),(41,66,1),(9,67,1),(10,67,1),(11,67,1),(12,67,1),(13,67,1),(14,67,1),(15,67,1),(16,67,1),(17,67,1),(18,67,1),(19,67,1),(20,67,1),(21,67,1),(22,67,1),(24,67,1),(25,67,1),(26,67,1),(27,67,1),(28,67,1),(29,67,1),(30,67,1),(31,67,1),(32,67,1),(33,67,1),(34,67,1),(35,67,1),(36,67,1),(37,67,1),(38,67,1),(39,67,1),(40,67,1),(41,67,1),(9,68,1),(10,68,1),(11,68,1),(12,68,1),(13,68,1),(14,68,1),(15,68,1),(16,68,1),(17,68,1),(18,68,1),(19,68,1),(20,68,1),(21,68,1),(22,68,1),(24,68,1),(25,68,1),(26,68,1),(27,68,1),(28,68,1),(29,68,1),(30,68,1),(31,68,1),(32,68,1),(33,68,1),(34,68,1),(35,68,1),(36,68,1),(37,68,1),(38,68,1),(39,68,1),(40,68,1),(41,68,1),(9,69,1),(10,69,1),(11,69,1),(12,69,1),(13,69,1),(14,69,1),(15,69,1),(16,69,1),(17,69,1),(18,69,1),(19,69,1),(20,69,1),(21,69,1),(22,69,1),(24,69,1),(25,69,1),(26,69,1),(27,69,1),(28,69,1),(29,69,1),(30,69,1),(31,69,1),(32,69,1),(33,69,1),(34,69,1),(35,69,1),(36,69,1),(37,69,1),(38,69,1),(39,69,1),(40,69,1),(41,69,1),(9,70,1),(10,70,1),(11,70,1),(12,70,1),(13,70,1),(14,70,1),(15,70,1),(16,70,1),(17,70,1),(18,70,1),(19,70,1),(20,70,1),(21,70,1),(22,70,1),(24,70,1),(25,70,1),(26,70,1),(27,70,1),(28,70,1),(29,70,1),(30,70,1),(31,70,1),(32,70,1),(33,70,1),(34,70,1),(35,70,1),(36,70,1),(37,70,1),(38,70,1),(39,70,1),(40,70,1),(41,70,1),(9,71,1),(10,71,1),(11,71,1),(12,71,1),(13,71,1),(14,71,1),(15,71,1),(16,71,1),(17,71,1),(18,71,1),(19,71,1),(20,71,1),(21,71,1),(22,71,1),(24,71,1),(25,71,1),(26,71,1),(27,71,1),(28,71,1),(29,71,1),(30,71,1),(31,71,1),(32,71,1),(33,71,1),(34,71,1),(35,71,1),(36,71,1),(37,71,1),(38,71,1),(39,71,1),(40,71,1),(41,71,1),(9,72,1),(10,72,1),(11,72,1),(12,72,1),(13,72,1),(14,72,1),(15,72,1),(16,72,1),(17,72,1),(18,72,1),(19,72,1),(20,72,1),(21,72,1),(22,72,1),(24,72,1),(25,72,1),(26,72,1),(27,72,1),(28,72,1),(29,72,1),(30,72,1),(31,72,1),(32,72,1),(33,72,1),(34,72,1),(35,72,1),(36,72,1),(37,72,1),(38,72,1),(39,72,1),(40,72,1),(41,72,1),(9,73,1),(10,73,1),(11,73,1),(12,73,1),(13,73,1),(14,73,1),(15,73,1),(16,73,1),(17,73,1),(18,73,1),(19,73,1),(20,73,1),(21,73,1),(22,73,1),(24,73,1),(25,73,1),(26,73,1),(27,73,1),(28,73,1),(29,73,1),(30,73,1),(31,73,1),(32,73,1),(33,73,1),(34,73,1),(35,73,1),(36,73,1),(37,73,1),(38,73,1),(39,73,1),(40,73,1),(41,73,1),(9,74,1),(10,74,1),(11,74,1),(12,74,1),(13,74,1),(14,74,1),(15,74,1),(16,74,1),(17,74,1),(18,74,1),(19,74,1),(20,74,1),(21,74,1),(22,74,1),(24,74,1),(25,74,1),(26,74,1),(27,74,1),(28,74,1),(29,74,1),(30,74,1),(31,74,1),(32,74,1),(33,74,1),(34,74,1),(35,74,1),(36,74,1),(37,74,1),(38,74,1),(39,74,1),(40,74,1),(41,74,1),(9,75,1),(10,75,1),(11,75,1),(12,75,1),(13,75,1),(14,75,1),(15,75,1),(16,75,1),(17,75,1),(18,75,1),(19,75,1),(20,75,1),(21,75,1),(22,75,1),(24,75,1),(25,75,1),(26,75,1),(27,75,1),(28,75,1),(29,75,1),(30,75,1),(31,75,1),(32,75,1),(33,75,1),(34,75,1),(35,75,1),(36,75,1),(37,75,1),(38,75,1),(39,75,1),(40,75,1),(41,75,1),(9,76,1),(10,76,1),(11,76,1),(12,76,1),(13,76,1),(14,76,1),(15,76,1),(16,76,1),(17,76,1),(18,76,1),(19,76,1),(20,76,1),(21,76,1),(22,76,1),(24,76,1),(25,76,1),(26,76,1),(27,76,1),(28,76,1),(29,76,1),(30,76,1),(31,76,1),(32,76,1),(33,76,1),(34,76,1),(35,76,1),(36,76,1),(37,76,1),(38,76,1),(39,76,1),(40,76,1),(41,76,1),(9,77,1),(10,77,1),(11,77,1),(12,77,1),(13,77,1),(14,77,1),(15,77,1),(16,77,1),(17,77,1),(18,77,1),(19,77,1),(20,77,1),(21,77,1),(22,77,1),(24,77,1),(25,77,1),(26,77,1),(27,77,1),(28,77,1),(29,77,1),(30,77,1),(31,77,1),(32,77,1),(33,77,1),(34,77,1),(35,77,1),(36,77,1),(37,77,1),(38,77,1),(39,77,1),(40,77,1),(41,77,1),(9,78,1),(10,78,1),(11,78,1),(12,78,1),(13,78,1),(14,78,1),(15,78,1),(16,78,1),(17,78,1),(18,78,1),(19,78,1),(20,78,1),(21,78,1),(22,78,1),(24,78,1),(25,78,1),(26,78,1),(27,78,1),(28,78,1),(29,78,1),(30,78,1),(31,78,1),(32,78,1),(33,78,1),(34,78,1),(35,78,1),(36,78,1),(37,78,1),(38,78,1),(39,78,1),(40,78,1),(41,78,1),(9,79,1),(10,79,1),(11,79,1),(12,79,1),(13,79,1),(14,79,1),(15,79,1),(16,79,1),(17,79,1),(18,79,1),(19,79,1),(20,79,1),(21,79,1),(22,79,1),(24,79,1),(25,79,1),(26,79,1),(27,79,1),(28,79,1),(29,79,1),(30,79,1),(31,79,1),(32,79,1),(33,79,1),(34,79,1),(35,79,1),(36,79,1),(37,79,1),(38,79,1),(39,79,1),(40,79,1),(41,79,1),(9,80,3),(10,80,3),(11,80,3),(12,80,3),(13,80,3),(14,80,3),(15,80,3),(16,80,3),(17,80,3),(18,80,3),(19,80,3),(20,80,3),(21,80,3),(22,80,3),(24,80,3),(25,80,3),(26,80,3),(27,80,3),(28,80,3),(29,80,3),(30,80,3),(31,80,3),(32,80,3),(33,80,3),(34,80,3),(35,80,3),(36,80,3),(37,80,3),(38,80,3),(39,80,3),(40,80,3),(41,80,3),(9,81,3),(10,81,3),(11,81,3),(12,81,3),(13,81,3),(14,81,3),(15,81,3),(16,81,3),(17,81,3),(18,81,3),(19,81,3),(20,81,3),(21,81,3),(22,81,3),(24,81,3),(25,81,3),(26,81,3),(27,81,3),(28,81,3),(29,81,3),(30,81,3),(31,81,3),(32,81,3),(33,81,3),(34,81,3),(35,81,3),(36,81,3),(37,81,3),(38,81,3),(39,81,3),(40,81,3),(41,81,3),(13,82,2),(14,82,2),(15,82,2),(16,82,2),(17,82,2),(18,82,2),(19,82,2),(20,82,2),(21,82,2),(22,82,2),(13,83,2),(14,83,2),(15,83,2),(16,83,2),(17,83,2),(18,83,2),(19,83,2),(20,83,2),(21,83,2),(22,83,2),(9,84,10),(11,84,10),(9,85,3),(10,85,3),(11,85,3),(12,85,3),(13,85,3),(14,85,3),(15,85,3),(16,85,3),(17,85,3),(18,85,3),(19,85,3),(20,85,3),(21,85,3),(22,85,3),(24,85,3),(25,85,3),(26,85,3),(27,85,3),(28,85,3),(29,85,3),(30,85,3),(31,85,3),(32,85,3),(33,85,3),(34,85,3),(35,85,3),(36,85,3),(37,85,3),(38,85,3),(39,85,3),(40,85,3),(41,85,3),(9,86,3),(10,86,3),(11,86,3),(12,86,3),(13,86,3),(14,86,3),(15,86,3),(16,86,3),(17,86,3),(18,86,3),(19,86,3),(20,86,3),(21,86,3),(22,86,3),(24,86,3),(25,86,3),(26,86,3),(27,86,3),(28,86,3),(29,86,3),(30,86,3),(31,86,3),(32,86,3),(33,86,3),(34,86,3),(35,86,3),(36,86,3),(37,86,3),(38,86,3),(39,86,3),(40,86,3),(41,86,3),(9,87,3),(10,87,3),(11,87,3),(12,87,3),(13,87,3),(14,87,3),(15,87,3),(16,87,3),(17,87,3),(18,87,3),(19,87,3),(20,87,3),(21,87,3),(22,87,3),(24,87,3),(25,87,3),(26,87,3),(27,87,3),(28,87,3),(29,87,3),(30,87,3),(31,87,3),(32,87,3),(33,87,3),(34,87,3),(35,87,3),(36,87,3),(37,87,3),(38,87,3),(39,87,3),(40,87,3),(41,87,3),(13,88,2),(14,88,2),(15,88,2),(16,88,2),(17,88,2),(18,88,2),(19,88,2),(20,88,2),(21,88,2),(22,88,2),(13,89,2),(14,89,2),(15,89,2),(16,89,2),(17,89,2),(18,89,2),(19,89,2),(20,89,2),(21,89,2),(22,89,2),(13,90,2),(14,90,2),(15,90,2),(16,90,2),(17,90,2),(18,90,2),(19,90,2),(20,90,2),(21,90,2),(22,90,2),(13,91,2),(14,91,2),(15,91,2),(16,91,2),(17,91,2),(18,91,2),(19,91,2),(20,91,2),(21,91,2),(22,91,2),(9,92,7),(10,92,7),(11,92,7),(12,92,7),(13,92,7),(14,92,7),(15,92,7),(16,92,7),(17,92,7),(18,92,7),(19,92,7),(20,92,7),(21,92,7),(22,92,7),(24,92,7),(25,92,7),(26,92,7),(27,92,7),(28,92,7),(29,92,7),(30,92,7),(31,92,7),(32,92,7),(33,92,7),(34,92,7),(35,92,7),(36,92,7),(37,92,7),(38,92,7),(39,92,7),(40,92,7),(41,92,7),(9,93,7),(10,93,7),(11,93,7),(12,93,7),(13,93,9),(14,93,9),(15,93,9),(16,93,9),(17,93,9),(18,93,9),(19,93,9),(20,93,9),(21,93,9),(22,93,9),(24,93,7),(25,93,7),(26,93,7),(27,93,7),(28,93,7),(29,93,7),(30,93,7),(31,93,7),(32,93,7),(33,93,7),(34,93,7),(35,93,7),(36,93,7),(37,93,7),(38,93,7),(39,93,7),(40,93,7),(41,93,7),(9,94,7),(10,94,7),(11,94,7),(12,94,7),(13,94,9),(14,94,9),(15,94,9),(16,94,9),(17,94,9),(18,94,9),(19,94,9),(20,94,9),(21,94,9),(22,94,9),(24,94,7),(25,94,7),(26,94,7),(27,94,7),(28,94,7),(29,94,7),(30,94,7),(31,94,7),(32,94,7),(33,94,7),(34,94,7),(35,94,7),(36,94,7),(37,94,7),(38,94,7),(39,94,7),(40,94,7),(41,94,7),(9,95,6),(10,95,6),(11,95,6),(12,95,6),(13,95,6),(14,95,6),(15,95,6),(16,95,6),(17,95,6),(18,95,6),(19,95,6),(20,95,6),(21,95,6),(22,95,6),(24,95,6),(25,95,6),(26,95,6),(27,95,6),(28,95,6),(29,95,6),(30,95,6),(31,95,6),(32,95,6),(33,95,6),(34,95,6),(35,95,6),(36,95,6),(37,95,6),(38,95,6),(39,95,6),(40,95,6),(41,95,6),(9,96,10),(11,96,10),(9,97,1),(10,97,1),(11,97,1),(12,97,1),(13,97,1),(14,97,1),(15,97,1),(16,97,1),(17,97,1),(18,97,1),(19,97,1),(20,97,1),(21,97,1),(22,97,1),(24,97,1),(25,97,1),(26,97,1),(27,97,1),(28,97,1),(29,97,1),(30,97,1),(31,97,1),(32,97,1),(33,97,1),(34,97,1),(35,97,1),(36,97,1),(37,97,1),(38,97,1),(39,97,1),(40,97,1),(41,97,1),(9,98,4),(10,98,4),(11,98,4),(12,98,4),(13,98,4),(14,98,4),(15,98,4),(16,98,4),(17,98,4),(18,98,4),(19,98,4),(20,98,4),(21,98,4),(22,98,4),(24,98,4),(25,98,4),(26,98,4),(27,98,4),(28,98,4),(29,98,4),(30,98,4),(31,98,4),(32,98,4),(33,98,4),(34,98,4),(35,98,4),(36,98,4),(37,98,4),(38,98,4),(39,98,4),(40,98,4),(41,98,4),(9,99,1),(10,99,1),(11,99,1),(12,99,1),(13,99,1),(14,99,1),(15,99,1),(16,99,1),(17,99,1),(18,99,1),(19,99,1),(20,99,1),(21,99,1),(22,99,1),(24,99,1),(25,99,1),(26,99,1),(27,99,1),(28,99,1),(29,99,1),(30,99,1),(31,99,1),(32,99,1),(33,99,1),(34,99,1),(35,99,1),(36,99,1),(37,99,1),(38,99,1),(39,99,1),(40,99,1),(41,99,1),(9,100,1),(10,100,1),(11,100,1),(12,100,1),(13,100,1),(14,100,1),(15,100,1),(16,100,1),(17,100,1),(18,100,1),(19,100,1),(20,100,1),(21,100,1),(22,100,1),(24,100,1),(25,100,1),(26,100,1),(27,100,1),(28,100,1),(29,100,1),(30,100,1),(31,100,1),(32,100,1),(33,100,1),(34,100,1),(35,100,1),(36,100,1),(37,100,1),(38,100,1),(39,100,1),(40,100,1),(41,100,1),(9,101,1),(10,101,1),(11,101,1),(12,101,1),(13,101,1),(14,101,1),(15,101,1),(16,101,1),(17,101,1),(18,101,1),(19,101,1),(20,101,1),(21,101,1),(22,101,1),(24,101,1),(25,101,1),(26,101,1),(27,101,1),(28,101,1),(29,101,1),(30,101,1),(31,101,1),(32,101,1),(33,101,1),(34,101,1),(35,101,1),(36,101,1),(37,101,1),(38,101,1),(39,101,1),(40,101,1),(41,101,1),(9,102,6),(10,102,6),(11,102,6),(12,102,6),(13,102,6),(14,102,6),(15,102,6),(16,102,6),(17,102,6),(18,102,6),(19,102,6),(20,102,6),(21,102,6),(22,102,6),(24,102,6),(25,102,6),(26,102,6),(27,102,6),(28,102,6),(29,102,6),(30,102,6),(31,102,6),(32,102,6),(33,102,6),(34,102,6),(35,102,6),(36,102,6),(37,102,6),(38,102,6),(39,102,6),(40,102,6),(41,102,6),(9,103,1),(10,103,1),(11,103,1),(12,103,1),(13,103,1),(14,103,1),(15,103,1),(16,103,1),(17,103,1),(18,103,1),(19,103,1),(20,103,1),(21,103,1),(22,103,1),(24,103,1),(25,103,1),(26,103,1),(27,103,1),(28,103,1),(29,103,1),(30,103,1),(31,103,1),(32,103,1),(33,103,1),(34,103,1),(35,103,1),(36,103,1),(37,103,1),(38,103,1),(39,103,1),(40,103,1),(41,103,1),(9,104,1),(10,104,1),(11,104,1),(12,104,1),(13,104,1),(14,104,1),(15,104,1),(16,104,1),(17,104,1),(18,104,1),(19,104,1),(20,104,1),(21,104,1),(22,104,1),(24,104,1),(25,104,1),(26,104,1),(27,104,1),(28,104,1),(29,104,1),(30,104,1),(31,104,1),(32,104,1),(33,104,1),(34,104,1),(35,104,1),(36,104,1),(37,104,1),(38,104,1),(39,104,1),(40,104,1),(41,104,1),(9,105,2),(10,105,2),(11,105,2),(12,105,2),(13,105,2),(14,105,2),(15,105,2),(16,105,2),(17,105,2),(18,105,2),(19,105,2),(20,105,2),(21,105,2),(22,105,2),(24,105,2),(25,105,2),(26,105,2),(27,105,2),(28,105,2),(29,105,2),(30,105,2),(31,105,2),(32,105,2),(33,105,2),(34,105,2),(35,105,2),(36,105,2),(37,105,2),(38,105,2),(39,105,2),(40,105,2),(41,105,2),(9,106,1),(10,106,1),(11,106,1),(12,106,1),(13,106,1),(14,106,1),(15,106,1),(16,106,1),(17,106,1),(18,106,1),(19,106,1),(20,106,1),(21,106,1),(22,106,1),(24,106,1),(25,106,1),(26,106,1),(27,106,1),(28,106,1),(29,106,1),(30,106,1),(31,106,1),(32,106,1),(33,106,1),(34,106,1),(35,106,1),(36,106,1),(37,106,1),(38,106,1),(39,106,1),(40,106,1),(41,106,1),(9,107,1),(10,107,1),(11,107,1),(12,107,1),(13,107,1),(14,107,1),(15,107,1),(16,107,1),(17,107,1),(18,107,1),(19,107,1),(20,107,1),(21,107,1),(22,107,1),(24,107,1),(25,107,1),(26,107,1),(27,107,1),(28,107,1),(29,107,1),(30,107,1),(31,107,1),(32,107,1),(33,107,1),(34,107,1),(35,107,1),(36,107,1),(37,107,1),(38,107,1),(39,107,1),(40,107,1),(41,107,1),(9,108,1),(10,108,1),(11,108,1),(12,108,1),(13,108,1),(14,108,1),(15,108,1),(16,108,1),(17,108,1),(18,108,1),(19,108,1),(20,108,1),(21,108,1),(22,108,1),(24,108,1),(25,108,1),(26,108,1),(27,108,1),(28,108,1),(29,108,1),(30,108,1),(31,108,1),(32,108,1),(33,108,1),(34,108,1),(35,108,1),(36,108,1),(37,108,1),(38,108,1),(39,108,1),(40,108,1),(41,108,1),(9,109,1),(10,109,1),(11,109,1),(12,109,1),(13,109,1),(14,109,1),(15,109,1),(16,109,1),(17,109,1),(18,109,1),(19,109,1),(20,109,1),(21,109,1),(22,109,1),(24,109,1),(25,109,1),(26,109,1),(27,109,1),(28,109,1),(29,109,1),(30,109,1),(31,109,1),(32,109,1),(33,109,1),(34,109,1),(35,109,1),(36,109,1),(37,109,1),(38,109,1),(39,109,1),(40,109,1),(41,109,1),(9,110,1),(10,110,1),(11,110,1),(12,110,1),(13,110,1),(14,110,1),(15,110,1),(16,110,1),(17,110,1),(18,110,1),(19,110,1),(20,110,1),(21,110,1),(22,110,1),(24,110,1),(25,110,1),(26,110,1),(27,110,1),(28,110,1),(29,110,1),(30,110,1),(31,110,1),(32,110,1),(33,110,1),(34,110,1),(35,110,1),(36,110,1),(37,110,1),(38,110,1),(39,110,1),(40,110,1),(41,110,1),(9,111,1),(10,111,1),(11,111,1),(12,111,1),(13,111,1),(14,111,1),(15,111,1),(16,111,1),(17,111,1),(18,111,1),(19,111,1),(20,111,1),(21,111,1),(22,111,1),(24,111,1),(25,111,1),(26,111,1),(27,111,1),(28,111,1),(29,111,1),(30,111,1),(31,111,1),(32,111,1),(33,111,1),(34,111,1),(35,111,1),(36,111,1),(37,111,1),(38,111,1),(39,111,1),(40,111,1),(41,111,1),(9,112,2),(10,112,2),(11,112,2),(12,112,2),(13,112,2),(14,112,2),(15,112,2),(16,112,2),(17,112,2),(18,112,2),(19,112,2),(20,112,2),(21,112,2),(22,112,2),(24,112,2),(25,112,2),(26,112,2),(27,112,2),(28,112,2),(29,112,2),(30,112,2),(31,112,2),(32,112,2),(33,112,2),(34,112,2),(35,112,2),(36,112,2),(37,112,2),(38,112,2),(39,112,2),(40,112,2),(41,112,2),(9,113,1),(10,113,1),(11,113,1),(12,113,1),(13,113,1),(14,113,1),(15,113,1),(16,113,1),(17,113,1),(18,113,1),(19,113,1),(20,113,1),(21,113,1),(22,113,1),(24,113,1),(25,113,1),(26,113,1),(27,113,1),(28,113,1),(29,113,1),(30,113,1),(31,113,1),(32,113,1),(33,113,1),(34,113,1),(35,113,1),(36,113,1),(37,113,1),(38,113,1),(39,113,1),(40,113,1),(41,113,1),(9,114,5),(10,114,5),(11,114,5),(12,114,5),(13,114,5),(14,114,5),(15,114,5),(16,114,5),(17,114,5),(18,114,5),(19,114,5),(20,114,5),(21,114,5),(22,114,5),(24,114,5),(25,114,5),(26,114,5),(27,114,5),(28,114,5),(29,114,5),(30,114,5),(31,114,5),(32,114,5),(33,114,5),(34,114,5),(35,114,5),(36,114,5),(37,114,5),(38,114,5),(39,114,5),(40,114,5),(41,114,5),(9,115,2),(10,115,2),(11,115,2),(12,115,2),(13,115,2),(14,115,2),(15,115,2),(16,115,2),(17,115,2),(18,115,2),(19,115,2),(20,115,2),(21,115,2),(22,115,2),(24,115,2),(25,115,2),(26,115,2),(27,115,2),(28,115,2),(29,115,2),(30,115,2),(31,115,2),(32,115,2),(33,115,2),(34,115,2),(35,115,2),(36,115,2),(37,115,2),(38,115,2),(39,115,2),(40,115,2),(41,115,2),(9,116,1),(10,116,1),(11,116,1),(12,116,1),(13,116,1),(14,116,1),(15,116,1),(16,116,1),(17,116,1),(18,116,1),(19,116,1),(20,116,1),(21,116,1),(22,116,1),(24,116,1),(25,116,1),(26,116,1),(27,116,1),(28,116,1),(29,116,1),(30,116,1),(31,116,1),(32,116,1),(33,116,1),(34,116,1),(35,116,1),(36,116,1),(37,116,1),(38,116,1),(39,116,1),(40,116,1),(41,116,1),(9,117,1),(10,117,1),(11,117,1),(12,117,1),(13,117,1),(14,117,1),(15,117,1),(16,117,1),(17,117,1),(18,117,1),(19,117,1),(20,117,1),(21,117,1),(22,117,1),(24,117,1),(25,117,1),(26,117,1),(27,117,1),(28,117,1),(29,117,1),(30,117,1),(31,117,1),(32,117,1),(33,117,1),(34,117,1),(35,117,1),(36,117,1),(37,117,1),(38,117,1),(39,117,1),(40,117,1),(41,117,1),(9,118,1),(10,118,1),(11,118,1),(12,118,1),(13,118,1),(14,118,1),(15,118,1),(16,118,1),(17,118,1),(18,118,1),(19,118,1),(20,118,1),(21,118,1),(22,118,1),(24,118,1),(25,118,1),(26,118,1),(27,118,1),(28,118,1),(29,118,1),(30,118,1),(31,118,1),(32,118,1),(33,118,1),(34,118,1),(35,118,1),(36,118,1),(37,118,1),(38,118,1),(39,118,1),(40,118,1),(41,118,1),(9,119,1),(10,119,1),(11,119,1),(12,119,1),(13,119,1),(14,119,1),(15,119,1),(16,119,1),(17,119,1),(18,119,1),(19,119,1),(20,119,1),(21,119,1),(22,119,1),(24,119,1),(25,119,1),(26,119,1),(27,119,1),(28,119,1),(29,119,1),(30,119,1),(31,119,1),(32,119,1),(33,119,1),(34,119,1),(35,119,1),(36,119,1),(37,119,1),(38,119,1),(39,119,1),(40,119,1),(41,119,1),(9,120,1),(10,120,1),(11,120,1),(12,120,1),(13,120,1),(14,120,1),(15,120,1),(16,120,1),(17,120,1),(18,120,1),(19,120,1),(20,120,1),(21,120,1),(22,120,1),(24,120,1),(25,120,1),(26,120,1),(27,120,1),(28,120,1),(29,120,1),(30,120,1),(31,120,1),(32,120,1),(33,120,1),(34,120,1),(35,120,1),(36,120,1),(37,120,1),(38,120,1),(39,120,1),(40,120,1),(41,120,1),(9,121,2),(10,121,2),(11,121,2),(12,121,2),(13,121,2),(14,121,2),(15,121,2),(16,121,2),(17,121,2),(18,121,2),(19,121,2),(20,121,2),(21,121,2),(22,121,2),(24,121,2),(25,121,2),(26,121,2),(27,121,2),(28,121,2),(29,121,2),(30,121,2),(31,121,2),(32,121,2),(33,121,2),(34,121,2),(35,121,2),(36,121,2),(37,121,2),(38,121,2),(39,121,2),(40,121,2),(41,121,2),(9,122,1),(10,122,1),(11,122,1),(12,122,1),(13,122,1),(14,122,1),(15,122,1),(16,122,1),(17,122,1),(18,122,1),(19,122,1),(20,122,1),(21,122,1),(22,122,1),(24,122,1),(25,122,1),(26,122,1),(27,122,1),(28,122,1),(29,122,1),(30,122,1),(31,122,1),(32,122,1),(33,122,1),(34,122,1),(35,122,1),(36,122,1),(37,122,1),(38,122,1),(39,122,1),(40,122,1),(41,122,1),(9,123,4),(10,123,4),(11,123,4),(12,123,4),(13,123,4),(14,123,4),(15,123,4),(16,123,4),(17,123,4),(18,123,4),(19,123,4),(20,123,4),(21,123,4),(22,123,4),(24,123,4),(25,123,4),(26,123,4),(27,123,4),(28,123,4),(29,123,4),(30,123,4),(31,123,4),(32,123,4),(33,123,4),(34,123,4),(35,123,4),(36,123,4),(37,123,4),(38,123,4),(39,123,4),(40,123,4),(41,123,4),(9,124,1),(10,124,1),(11,124,1),(12,124,1),(13,124,1),(14,124,1),(15,124,1),(16,124,1),(17,124,1),(18,124,1),(19,124,1),(20,124,1),(21,124,1),(22,124,1),(24,124,1),(25,124,1),(26,124,1),(27,124,1),(28,124,1),(29,124,1),(30,124,1),(31,124,1),(32,124,1),(33,124,1),(34,124,1),(35,124,1),(36,124,1),(37,124,1),(38,124,1),(39,124,1),(40,124,1),(41,124,1),(9,125,1),(10,125,1),(11,125,1),(12,125,1),(13,125,1),(14,125,1),(15,125,1),(16,125,1),(17,125,1),(18,125,1),(19,125,1),(20,125,1),(21,125,1),(22,125,1),(24,125,1),(25,125,1),(26,125,1),(27,125,1),(28,125,1),(29,125,1),(30,125,1),(31,125,1),(32,125,1),(33,125,1),(34,125,1),(35,125,1),(36,125,1),(37,125,1),(38,125,1),(39,125,1),(40,125,1),(41,125,1),(9,126,1),(10,126,1),(11,126,1),(12,126,1),(13,126,1),(14,126,1),(15,126,1),(16,126,1),(17,126,1),(18,126,1),(19,126,1),(20,126,1),(21,126,1),(22,126,1),(24,126,1),(25,126,1),(26,126,1),(27,126,1),(28,126,1),(29,126,1),(30,126,1),(31,126,1),(32,126,1),(33,126,1),(34,126,1),(35,126,1),(36,126,1),(37,126,1),(38,126,1),(39,126,1),(40,126,1),(41,126,1),(9,127,1),(10,127,1),(11,127,1),(12,127,1),(13,127,1),(14,127,1),(15,127,1),(16,127,1),(17,127,1),(18,127,1),(19,127,1),(20,127,1),(21,127,1),(22,127,1),(24,127,1),(25,127,1),(26,127,1),(27,127,1),(28,127,1),(29,127,1),(30,127,1),(31,127,1),(32,127,1),(33,127,1),(34,127,1),(35,127,1),(36,127,1),(37,127,1),(38,127,1),(39,127,1),(40,127,1),(41,127,1),(9,128,1),(10,128,1),(11,128,1),(12,128,1),(13,128,1),(14,128,1),(15,128,1),(16,128,1),(17,128,1),(18,128,1),(19,128,1),(20,128,1),(21,128,1),(22,128,1),(24,128,1),(25,128,1),(26,128,1),(27,128,1),(28,128,1),(29,128,1),(30,128,1),(31,128,1),(32,128,1),(33,128,1),(34,128,1),(35,128,1),(36,128,1),(37,128,1),(38,128,1),(39,128,1),(40,128,1),(41,128,1),(9,129,1),(10,129,1),(11,129,1),(12,129,1),(13,129,1),(14,129,1),(15,129,1),(16,129,1),(17,129,1),(18,129,1),(19,129,1),(20,129,1),(21,129,1),(22,129,1),(24,129,1),(25,129,1),(26,129,1),(27,129,1),(28,129,1),(29,129,1),(30,129,1),(31,129,1),(32,129,1),(33,129,1),(34,129,1),(35,129,1),(36,129,1),(37,129,1),(38,129,1),(39,129,1),(40,129,1),(41,129,1),(9,130,1),(10,130,1),(11,130,1),(12,130,1),(13,130,1),(14,130,1),(15,130,1),(16,130,1),(17,130,1),(18,130,1),(19,130,1),(20,130,1),(21,130,1),(22,130,1),(24,130,1),(25,130,1),(26,130,1),(27,130,1),(28,130,1),(29,130,1),(30,130,1),(31,130,1),(32,130,1),(33,130,1),(34,130,1),(35,130,1),(36,130,1),(37,130,1),(38,130,1),(39,130,1),(40,130,1),(41,130,1),(9,131,1),(10,131,1),(11,131,1),(12,131,1),(13,131,1),(14,131,1),(15,131,1),(16,131,1),(17,131,1),(18,131,1),(19,131,1),(20,131,1),(21,131,1),(22,131,1),(24,131,1),(25,131,1),(26,131,1),(27,131,1),(28,131,1),(29,131,1),(30,131,1),(31,131,1),(32,131,1),(33,131,1),(34,131,1),(35,131,1),(36,131,1),(37,131,1),(38,131,1),(39,131,1),(40,131,1),(41,131,1),(9,132,1),(10,132,1),(11,132,1),(12,132,1),(13,132,1),(14,132,1),(15,132,1),(16,132,1),(17,132,1),(18,132,1),(19,132,1),(20,132,1),(21,132,1),(22,132,1),(24,132,1),(25,132,1),(26,132,1),(27,132,1),(28,132,1),(29,132,1),(30,132,1),(31,132,1),(32,132,1),(33,132,1),(34,132,1),(35,132,1),(36,132,1),(37,132,1),(38,132,1),(39,132,1),(40,132,1),(41,132,1),(9,133,2),(10,133,2),(11,133,2),(12,133,2),(13,133,2),(14,133,2),(15,133,2),(16,133,2),(17,133,2),(18,133,2),(19,133,2),(20,133,2),(21,133,2),(22,133,2),(24,133,2),(25,133,2),(26,133,2),(27,133,2),(28,133,2),(29,133,2),(30,133,2),(31,133,2),(32,133,2),(33,133,2),(34,133,2),(35,133,2),(36,133,2),(37,133,2),(38,133,2),(39,133,2),(40,133,2),(41,133,2),(9,134,1),(10,134,1),(11,134,1),(12,134,1),(13,134,1),(14,134,1),(15,134,1),(16,134,1),(17,134,1),(18,134,1),(19,134,1),(20,134,1),(21,134,1),(22,134,1),(24,134,1),(25,134,1),(26,134,1),(27,134,1),(28,134,1),(29,134,1),(30,134,1),(31,134,1),(32,134,1),(33,134,1),(34,134,1),(35,134,1),(36,134,1),(37,134,1),(38,134,1),(39,134,1),(40,134,1),(41,134,1),(9,135,1),(10,135,1),(11,135,1),(12,135,1),(13,135,1),(14,135,1),(15,135,1),(16,135,1),(17,135,1),(18,135,1),(19,135,1),(20,135,1),(21,135,1),(22,135,1),(24,135,1),(25,135,1),(26,135,1),(27,135,1),(28,135,1),(29,135,1),(30,135,1),(31,135,1),(32,135,1),(33,135,1),(34,135,1),(35,135,1),(36,135,1),(37,135,1),(38,135,1),(39,135,1),(40,135,1),(41,135,1),(9,136,1),(10,136,1),(11,136,1),(12,136,1),(13,136,1),(14,136,1),(15,136,1),(16,136,1),(17,136,1),(18,136,1),(19,136,1),(20,136,1),(21,136,1),(22,136,1),(24,136,1),(25,136,1),(26,136,1),(27,136,1),(28,136,1),(29,136,1),(30,136,1),(31,136,1),(32,136,1),(33,136,1),(34,136,1),(35,136,1),(36,136,1),(37,136,1),(38,136,1),(39,136,1),(40,136,1),(41,136,1),(9,137,1),(10,137,1),(11,137,1),(12,137,1),(13,137,1),(14,137,1),(15,137,1),(16,137,1),(17,137,1),(18,137,1),(19,137,1),(20,137,1),(21,137,1),(22,137,1),(24,137,1),(25,137,1),(26,137,1),(27,137,1),(28,137,1),(29,137,1),(30,137,1),(31,137,1),(32,137,1),(33,137,1),(34,137,1),(35,137,1),(36,137,1),(37,137,1),(38,137,1),(39,137,1),(40,137,1),(41,137,1),(9,138,1),(10,138,1),(11,138,1),(12,138,1),(13,138,1),(14,138,1),(15,138,1),(16,138,1),(17,138,1),(18,138,1),(19,138,1),(20,138,1),(21,138,1),(22,138,1),(24,138,1),(25,138,1),(26,138,1),(27,138,1),(28,138,1),(29,138,1),(30,138,1),(31,138,1),(32,138,1),(33,138,1),(34,138,1),(35,138,1),(36,138,1),(37,138,1),(38,138,1),(39,138,1),(40,138,1),(41,138,1),(9,139,1),(10,139,1),(11,139,1),(12,139,1),(13,139,1),(14,139,1),(15,139,1),(16,139,1),(17,139,1),(18,139,1),(19,139,1),(20,139,1),(21,139,1),(22,139,1),(24,139,1),(25,139,1),(26,139,1),(27,139,1),(28,139,1),(29,139,1),(30,139,1),(31,139,1),(32,139,1),(33,139,1),(34,139,1),(35,139,1),(36,139,1),(37,139,1),(38,139,1),(39,139,1),(40,139,1),(41,139,1),(9,140,1),(10,140,1),(11,140,1),(12,140,1),(13,140,1),(14,140,1),(15,140,1),(16,140,1),(17,140,1),(18,140,1),(19,140,1),(20,140,1),(21,140,1),(22,140,1),(24,140,1),(25,140,1),(26,140,1),(27,140,1),(28,140,1),(29,140,1),(30,140,1),(31,140,1),(32,140,1),(33,140,1),(34,140,1),(35,140,1),(36,140,1),(37,140,1),(38,140,1),(39,140,1),(40,140,1),(41,140,1),(9,141,1),(10,141,1),(11,141,1),(12,141,1),(13,141,1),(14,141,1),(15,141,1),(16,141,1),(17,141,1),(18,141,1),(19,141,1),(20,141,1),(21,141,1),(22,141,1),(24,141,1),(25,141,1),(26,141,1),(27,141,1),(28,141,1),(29,141,1),(30,141,1),(31,141,1),(32,141,1),(33,141,1),(34,141,1),(35,141,1),(36,141,1),(37,141,1),(38,141,1),(39,141,1),(40,141,1),(41,141,1),(9,142,1),(10,142,1),(11,142,1),(12,142,1),(13,142,1),(14,142,1),(15,142,1),(16,142,1),(17,142,1),(18,142,1),(19,142,1),(20,142,1),(21,142,1),(22,142,1),(24,142,1),(25,142,1),(26,142,1),(27,142,1),(28,142,1),(29,142,1),(30,142,1),(31,142,1),(32,142,1),(33,142,1),(34,142,1),(35,142,1),(36,142,1),(37,142,1),(38,142,1),(39,142,1),(40,142,1),(41,142,1),(9,143,1),(10,143,1),(11,143,1),(12,143,1),(13,143,1),(14,143,1),(15,143,1),(16,143,1),(17,143,1),(18,143,1),(19,143,1),(20,143,1),(21,143,1),(22,143,1),(24,143,1),(25,143,1),(26,143,1),(27,143,1),(28,143,1),(29,143,1),(30,143,1),(31,143,1),(32,143,1),(33,143,1),(34,143,1),(35,143,1),(36,143,1),(37,143,1),(38,143,1),(39,143,1),(40,143,1),(41,143,1),(9,144,1),(10,144,1),(11,144,1),(12,144,1),(13,144,1),(14,144,1),(15,144,1),(16,144,1),(17,144,1),(18,144,1),(19,144,1),(20,144,1),(21,144,1),(22,144,1),(24,144,1),(25,144,1),(26,144,1),(27,144,1),(28,144,1),(29,144,1),(30,144,1),(31,144,1),(32,144,1),(33,144,1),(34,144,1),(35,144,1),(36,144,1),(37,144,1),(38,144,1),(39,144,1),(40,144,1),(41,144,1),(9,145,1),(10,145,1),(11,145,1),(12,145,1),(13,145,1),(14,145,1),(15,145,1),(16,145,1),(17,145,1),(18,145,1),(19,145,1),(20,145,1),(21,145,1),(22,145,1),(24,145,1),(25,145,1),(26,145,1),(27,145,1),(28,145,1),(29,145,1),(30,145,1),(31,145,1),(32,145,1),(33,145,1),(34,145,1),(35,145,1),(36,145,1),(37,145,1),(38,145,1),(39,145,1),(40,145,1),(41,145,1),(9,146,1),(10,146,1),(11,146,1),(12,146,1),(13,146,1),(14,146,1),(15,146,1),(16,146,1),(17,146,1),(18,146,1),(19,146,1),(20,146,1),(21,146,1),(22,146,1),(24,146,1),(25,146,1),(26,146,1),(27,146,1),(28,146,1),(29,146,1),(30,146,1),(31,146,1),(32,146,1),(33,146,1),(34,146,1),(35,146,1),(36,146,1),(37,146,1),(38,146,1),(39,146,1),(40,146,1),(41,146,1),(9,147,1),(10,147,1),(11,147,1),(12,147,1),(13,147,1),(14,147,1),(15,147,1),(16,147,1),(17,147,1),(18,147,1),(19,147,1),(20,147,1),(21,147,1),(22,147,1),(24,147,1),(25,147,1),(26,147,1),(27,147,1),(28,147,1),(29,147,1),(30,147,1),(31,147,1),(32,147,1),(33,147,1),(34,147,1),(35,147,1),(36,147,1),(37,147,1),(38,147,1),(39,147,1),(40,147,1),(41,147,1),(9,148,1),(10,148,1),(11,148,1),(12,148,1),(13,148,1),(14,148,1),(15,148,1),(16,148,1),(17,148,1),(18,148,1),(19,148,1),(20,148,1),(21,148,1),(22,148,1),(24,148,1),(25,148,1),(26,148,1),(27,148,1),(28,148,1),(29,148,1),(30,148,1),(31,148,1),(32,148,1),(33,148,1),(34,148,1),(35,148,1),(36,148,1),(37,148,1),(38,148,1),(39,148,1),(40,148,1),(41,148,1),(9,149,1),(10,149,1),(11,149,1),(12,149,1),(13,149,1),(14,149,1),(15,149,1),(16,149,1),(17,149,1),(18,149,1),(19,149,1),(20,149,1),(21,149,1),(22,149,1),(24,149,1),(25,149,1),(26,149,1),(27,149,1),(28,149,1),(29,149,1),(30,149,1),(31,149,1),(32,149,1),(33,149,1),(34,149,1),(35,149,1),(36,149,1),(37,149,1),(38,149,1),(39,149,1),(40,149,1),(41,149,1),(9,150,1),(10,150,1),(11,150,1),(12,150,1),(13,150,1),(14,150,1),(15,150,1),(16,150,1),(17,150,1),(18,150,1),(19,150,1),(20,150,1),(21,150,1),(22,150,1),(24,150,1),(25,150,1),(26,150,1),(27,150,1),(28,150,1),(29,150,1),(30,150,1),(31,150,1),(32,150,1),(33,150,1),(34,150,1),(35,150,1),(36,150,1),(37,150,1),(38,150,1),(39,150,1),(40,150,1),(41,150,1),(9,151,1),(10,151,1),(11,151,1),(12,151,1),(13,151,1),(14,151,1),(15,151,1),(16,151,1),(17,151,1),(18,151,1),(19,151,1),(20,151,1),(21,151,1),(22,151,1),(24,151,1),(25,151,1),(26,151,1),(27,151,1),(28,151,1),(29,151,1),(30,151,1),(31,151,1),(32,151,1),(33,151,1),(34,151,1),(35,151,1),(36,151,1),(37,151,1),(38,151,1),(39,151,1),(40,151,1),(41,151,1),(9,152,1),(10,152,1),(11,152,1),(12,152,1),(13,152,1),(14,152,1),(15,152,1),(16,152,1),(17,152,1),(18,152,1),(19,152,1),(20,152,1),(21,152,1),(22,152,1),(24,152,1),(25,152,1),(26,152,1),(27,152,1),(28,152,1),(29,152,1),(30,152,1),(31,152,1),(32,152,1),(33,152,1),(34,152,1),(35,152,1),(36,152,1),(37,152,1),(38,152,1),(39,152,1),(40,152,1),(41,152,1),(9,153,1),(10,153,1),(11,153,1),(12,153,1),(13,153,1),(14,153,1),(15,153,1),(16,153,1),(17,153,1),(18,153,1),(19,153,1),(20,153,1),(21,153,1),(22,153,1),(24,153,1),(25,153,1),(26,153,1),(27,153,1),(28,153,1),(29,153,1),(30,153,1),(31,153,1),(32,153,1),(33,153,1),(34,153,1),(35,153,1),(36,153,1),(37,153,1),(38,153,1),(39,153,1),(40,153,1),(41,153,1),(9,154,1),(10,154,1),(11,154,1),(12,154,1),(13,154,1),(14,154,1),(15,154,1),(16,154,1),(17,154,1),(18,154,1),(19,154,1),(20,154,1),(21,154,1),(22,154,1),(24,154,1),(25,154,1),(26,154,1),(27,154,1),(28,154,1),(29,154,1),(30,154,1),(31,154,1),(32,154,1),(33,154,1),(34,154,1),(35,154,1),(36,154,1),(37,154,1),(38,154,1),(39,154,1),(40,154,1),(41,154,1),(9,155,1),(10,155,1),(11,155,1),(12,155,1),(13,155,1),(14,155,1),(15,155,1),(16,155,1),(17,155,1),(18,155,1),(19,155,1),(20,155,1),(21,155,1),(22,155,1),(24,155,1),(25,155,1),(26,155,1),(27,155,1),(28,155,1),(29,155,1),(30,155,1),(31,155,1),(32,155,1),(33,155,1),(34,155,1),(35,155,1),(36,155,1),(37,155,1),(38,155,1),(39,155,1),(40,155,1),(41,155,1),(9,156,1),(10,156,1),(11,156,1),(12,156,1),(13,156,1),(14,156,1),(15,156,1),(16,156,1),(17,156,1),(18,156,1),(19,156,1),(20,156,1),(21,156,1),(22,156,1),(24,156,1),(25,156,1),(26,156,1),(27,156,1),(28,156,1),(29,156,1),(30,156,1),(31,156,1),(32,156,1),(33,156,1),(34,156,1),(35,156,1),(36,156,1),(37,156,1),(38,156,1),(39,156,1),(40,156,1),(41,156,1),(9,157,1),(10,157,1),(11,157,1),(12,157,1),(13,157,1),(14,157,1),(15,157,1),(16,157,1),(17,157,1),(18,157,1),(19,157,1),(20,157,1),(21,157,1),(22,157,1),(24,157,1),(25,157,1),(26,157,1),(27,157,1),(28,157,1),(29,157,1),(30,157,1),(31,157,1),(32,157,1),(33,157,1),(34,157,1),(35,157,1),(36,157,1),(37,157,1),(38,157,1),(39,157,1),(40,157,1),(41,157,1),(9,158,1),(10,158,1),(11,158,1),(12,158,1),(13,158,1),(14,158,1),(15,158,1),(16,158,1),(17,158,1),(18,158,1),(19,158,1),(20,158,1),(21,158,1),(22,158,1),(24,158,1),(25,158,1),(26,158,1),(27,158,1),(28,158,1),(29,158,1),(30,158,1),(31,158,1),(32,158,1),(33,158,1),(34,158,1),(35,158,1),(36,158,1),(37,158,1),(38,158,1),(39,158,1),(40,158,1),(41,158,1),(9,159,1),(10,159,1),(11,159,1),(12,159,1),(13,159,1),(14,159,1),(15,159,1),(16,159,1),(17,159,1),(18,159,1),(19,159,1),(20,159,1),(21,159,1),(22,159,1),(24,159,1),(25,159,1),(26,159,1),(27,159,1),(28,159,1),(29,159,1),(30,159,1),(31,159,1),(32,159,1),(33,159,1),(34,159,1),(35,159,1),(36,159,1),(37,159,1),(38,159,1),(39,159,1),(40,159,1),(41,159,1),(9,160,1),(10,160,1),(11,160,1),(12,160,1),(13,160,1),(14,160,1),(15,160,1),(16,160,1),(17,160,1),(18,160,1),(19,160,1),(20,160,1),(21,160,1),(22,160,1),(24,160,1),(25,160,1),(26,160,1),(27,160,1),(28,160,1),(29,160,1),(30,160,1),(31,160,1),(32,160,1),(33,160,1),(34,160,1),(35,160,1),(36,160,1),(37,160,1),(38,160,1),(39,160,1),(40,160,1),(41,160,1),(9,161,1),(10,161,1),(11,161,1),(12,161,1),(13,161,1),(14,161,1),(15,161,1),(16,161,1),(17,161,1),(18,161,1),(19,161,1),(20,161,1),(21,161,1),(22,161,1),(24,161,1),(25,161,1),(26,161,1),(27,161,1),(28,161,1),(29,161,1),(30,161,1),(31,161,1),(32,161,1),(33,161,1),(34,161,1),(35,161,1),(36,161,1),(37,161,1),(38,161,1),(39,161,1),(40,161,1),(41,161,1),(9,162,1),(10,162,1),(11,162,1),(12,162,1),(13,162,1),(14,162,1),(15,162,1),(16,162,1),(17,162,1),(18,162,1),(19,162,1),(20,162,1),(21,162,1),(22,162,1),(24,162,1),(25,162,1),(26,162,1),(27,162,1),(28,162,1),(29,162,1),(30,162,1),(31,162,1),(32,162,1),(33,162,1),(34,162,1),(35,162,1),(36,162,1),(37,162,1),(38,162,1),(39,162,1),(40,162,1),(41,162,1),(9,163,1),(10,163,1),(11,163,1),(12,163,1),(13,163,1),(14,163,1),(15,163,1),(16,163,1),(17,163,1),(18,163,1),(19,163,1),(20,163,1),(21,163,1),(22,163,1),(24,163,1),(25,163,1),(26,163,1),(27,163,1),(28,163,1),(29,163,1),(30,163,1),(31,163,1),(32,163,1),(33,163,1),(34,163,1),(35,163,1),(36,163,1),(37,163,1),(38,163,1),(39,163,1),(40,163,1),(41,163,1),(9,164,1),(10,164,1),(11,164,1),(12,164,1),(13,164,1),(14,164,1),(15,164,1),(16,164,1),(17,164,1),(18,164,1),(19,164,1),(20,164,1),(21,164,1),(22,164,1),(24,164,1),(25,164,1),(26,164,1),(27,164,1),(28,164,1),(29,164,1),(30,164,1),(31,164,1),(32,164,1),(33,164,1),(34,164,1),(35,164,1),(36,164,1),(37,164,1),(38,164,1),(39,164,1),(40,164,1),(41,164,1),(9,165,1),(10,165,1),(11,165,1),(12,165,1),(13,165,1),(14,165,1),(15,165,1),(16,165,1),(17,165,1),(18,165,1),(19,165,1),(20,165,1),(21,165,1),(22,165,1),(24,165,1),(25,165,1),(26,165,1),(27,165,1),(28,165,1),(29,165,1),(30,165,1),(31,165,1),(32,165,1),(33,165,1),(34,165,1),(35,165,1),(36,165,1),(37,165,1),(38,165,1),(39,165,1),(40,165,1),(41,165,1),(9,166,1),(10,166,1),(11,166,1),(12,166,1),(13,166,1),(14,166,1),(15,166,1),(16,166,1),(17,166,1),(18,166,1),(19,166,1),(20,166,1),(21,166,1),(22,166,1),(24,166,1),(25,166,1),(26,166,1),(27,166,1),(28,166,1),(29,166,1),(30,166,1),(31,166,1),(32,166,1),(33,166,1),(34,166,1),(35,166,1),(36,166,1),(37,166,1),(38,166,1),(39,166,1),(40,166,1),(41,166,1),(9,167,1),(10,167,1),(11,167,1),(12,167,1),(13,167,1),(14,167,1),(15,167,1),(16,167,1),(17,167,1),(18,167,1),(19,167,1),(20,167,1),(21,167,1),(22,167,1),(24,167,1),(25,167,1),(26,167,1),(27,167,1),(28,167,1),(29,167,1),(30,167,1),(31,167,1),(32,167,1),(33,167,1),(34,167,1),(35,167,1),(36,167,1),(37,167,1),(38,167,1),(39,167,1),(40,167,1),(41,167,1),(9,168,1),(10,168,1),(11,168,1),(12,168,1),(13,168,1),(14,168,1),(15,168,1),(16,168,1),(17,168,1),(18,168,1),(19,168,1),(20,168,1),(21,168,1),(22,168,1),(24,168,1),(25,168,1),(26,168,1),(27,168,1),(28,168,1),(29,168,1),(30,168,1),(31,168,1),(32,168,1),(33,168,1),(34,168,1),(35,168,1),(36,168,1),(37,168,1),(38,168,1),(39,168,1),(40,168,1),(41,168,1),(9,169,1),(10,169,1),(11,169,1),(12,169,1),(13,169,1),(14,169,1),(15,169,1),(16,169,1),(17,169,1),(18,169,1),(19,169,1),(20,169,1),(21,169,1),(22,169,1),(24,169,1),(25,169,1),(26,169,1),(27,169,1),(28,169,1),(29,169,1),(30,169,1),(31,169,1),(32,169,1),(33,169,1),(34,169,1),(35,169,1),(36,169,1),(37,169,1),(38,169,1),(39,169,1),(40,169,1),(41,169,1),(9,170,1),(10,170,1),(11,170,1),(12,170,1),(13,170,1),(14,170,1),(15,170,1),(16,170,1),(17,170,1),(18,170,1),(19,170,1),(20,170,1),(21,170,1),(22,170,1),(24,170,1),(25,170,1),(26,170,1),(27,170,1),(28,170,1),(29,170,1),(30,170,1),(31,170,1),(32,170,1),(33,170,1),(34,170,1),(35,170,1),(36,170,1),(37,170,1),(38,170,1),(39,170,1),(40,170,1),(41,170,1),(9,171,1),(10,171,1),(11,171,1),(12,171,1),(13,171,1),(14,171,1),(15,171,1),(16,171,1),(17,171,1),(18,171,1),(19,171,1),(20,171,1),(21,171,1),(22,171,1),(24,171,1),(25,171,1),(26,171,1),(27,171,1),(28,171,1),(29,171,1),(30,171,1),(31,171,1),(32,171,1),(33,171,1),(34,171,1),(35,171,1),(36,171,1),(37,171,1),(38,171,1),(39,171,1),(40,171,1),(41,171,1),(9,172,1),(10,172,1),(11,172,1),(12,172,1),(13,172,1),(14,172,1),(15,172,1),(16,172,1),(17,172,1),(18,172,1),(19,172,1),(20,172,1),(21,172,1),(22,172,1),(24,172,1),(25,172,1),(26,172,1),(27,172,1),(28,172,1),(29,172,1),(30,172,1),(31,172,1),(32,172,1),(33,172,1),(34,172,1),(35,172,1),(36,172,1),(37,172,1),(38,172,1),(39,172,1),(40,172,1),(41,172,1),(9,173,3),(10,173,3),(11,173,3),(12,173,3),(13,173,3),(14,173,3),(15,173,3),(16,173,3),(17,173,3),(18,173,3),(19,173,3),(20,173,3),(21,173,3),(22,173,3),(24,173,3),(25,173,3),(26,173,3),(27,173,3),(28,173,3),(29,173,3),(30,173,3),(31,173,3),(32,173,3),(33,173,3),(34,173,3),(35,173,3),(36,173,3),(37,173,3),(38,173,3),(39,173,3),(40,173,3),(41,173,3),(9,174,3),(10,174,3),(11,174,3),(12,174,3),(13,174,3),(14,174,3),(15,174,3),(16,174,3),(17,174,3),(18,174,3),(19,174,3),(20,174,3),(21,174,3),(22,174,3),(24,174,3),(25,174,3),(26,174,3),(27,174,3),(28,174,3),(29,174,3),(30,174,3),(31,174,3),(32,174,3),(33,174,3),(34,174,3),(35,174,3),(36,174,3),(37,174,3),(38,174,3),(39,174,3),(40,174,3),(41,174,3),(13,175,2),(14,175,2),(15,175,2),(16,175,2),(17,175,2),(18,175,2),(19,175,2),(20,175,2),(21,175,2),(22,175,2),(13,176,2),(14,176,2),(15,176,2),(16,176,2),(17,176,2),(18,176,2),(19,176,2),(20,176,2),(21,176,2),(22,176,2),(9,177,7),(10,177,7),(11,177,7),(12,177,7),(13,177,7),(14,177,7),(15,177,7),(16,177,7),(17,177,7),(18,177,7),(19,177,7),(20,177,7),(21,177,7),(22,177,7),(24,177,7),(25,177,7),(26,177,7),(27,177,7),(28,177,7),(29,177,7),(30,177,7),(31,177,7),(32,177,7),(33,177,7),(34,177,7),(35,177,7),(36,177,7),(37,177,7),(38,177,7),(39,177,7),(40,177,7),(41,177,7),(9,178,7),(10,178,7),(11,178,7),(12,178,7),(13,178,9),(14,178,9),(15,178,9),(16,178,9),(17,178,9),(18,178,9),(19,178,9),(20,178,9),(21,178,9),(22,178,9),(24,178,7),(25,178,7),(26,178,7),(27,178,7),(28,178,7),(29,178,7),(30,178,7),(31,178,7),(32,178,7),(33,178,7),(34,178,7),(35,178,7),(36,178,7),(37,178,7),(38,178,7),(39,178,7),(40,178,7),(41,178,7),(9,179,7),(10,179,7),(11,179,7),(12,179,7),(13,179,9),(14,179,9),(15,179,9),(16,179,9),(17,179,9),(18,179,9),(19,179,9),(20,179,9),(21,179,9),(22,179,9),(24,179,7),(25,179,7),(26,179,7),(27,179,7),(28,179,7),(29,179,7),(30,179,7),(31,179,7),(32,179,7),(33,179,7),(34,179,7),(35,179,7),(36,179,7),(37,179,7),(38,179,7),(39,179,7),(40,179,7),(41,179,7),(9,180,6),(10,180,6),(11,180,6),(12,180,6),(13,180,6),(14,180,6),(15,180,6),(16,180,6),(17,180,6),(18,180,6),(19,180,6),(20,180,6),(21,180,6),(22,180,6),(24,180,6),(25,180,6),(26,180,6),(27,180,6),(28,180,6),(29,180,6),(30,180,6),(31,180,6),(32,180,6),(33,180,6),(34,180,6),(35,180,6),(36,180,6),(37,180,6),(38,180,6),(39,180,6),(40,180,6),(41,180,6),(9,181,10),(11,181,10),(9,182,1),(10,182,1),(11,182,1),(12,182,1),(13,182,1),(14,182,1),(15,182,1),(16,182,1),(17,182,1),(18,182,1),(19,182,1),(20,182,1),(21,182,1),(22,182,1),(24,182,1),(25,182,1),(26,182,1),(27,182,1),(28,182,1),(29,182,1),(30,182,1),(31,182,1),(32,182,1),(33,182,1),(34,182,1),(35,182,1),(36,182,1),(37,182,1),(38,182,1),(39,182,1),(40,182,1),(41,182,1),(9,183,4),(10,183,4),(11,183,4),(12,183,4),(13,183,4),(14,183,4),(15,183,4),(16,183,4),(17,183,4),(18,183,4),(19,183,4),(20,183,4),(21,183,4),(22,183,4),(24,183,4),(25,183,4),(26,183,4),(27,183,4),(28,183,4),(29,183,4),(30,183,4),(31,183,4),(32,183,4),(33,183,4),(34,183,4),(35,183,4),(36,183,4),(37,183,4),(38,183,4),(39,183,4),(40,183,4),(41,183,4),(9,184,1),(10,184,1),(11,184,1),(12,184,1),(13,184,1),(14,184,1),(15,184,1),(16,184,1),(17,184,1),(18,184,1),(19,184,1),(20,184,1),(21,184,1),(22,184,1),(24,184,1),(25,184,1),(26,184,1),(27,184,1),(28,184,1),(29,184,1),(30,184,1),(31,184,1),(32,184,1),(33,184,1),(34,184,1),(35,184,1),(36,184,1),(37,184,1),(38,184,1),(39,184,1),(40,184,1),(41,184,1),(9,185,1),(10,185,1),(11,185,1),(12,185,1),(13,185,1),(14,185,1),(15,185,1),(16,185,1),(17,185,1),(18,185,1),(19,185,1),(20,185,1),(21,185,1),(22,185,1),(24,185,1),(25,185,1),(26,185,1),(27,185,1),(28,185,1),(29,185,1),(30,185,1),(31,185,1),(32,185,1),(33,185,1),(34,185,1),(35,185,1),(36,185,1),(37,185,1),(38,185,1),(39,185,1),(40,185,1),(41,185,1),(9,186,1),(10,186,1),(11,186,1),(12,186,1),(13,186,1),(14,186,1),(15,186,1),(16,186,1),(17,186,1),(18,186,1),(19,186,1),(20,186,1),(21,186,1),(22,186,1),(24,186,1),(25,186,1),(26,186,1),(27,186,1),(28,186,1),(29,186,1),(30,186,1),(31,186,1),(32,186,1),(33,186,1),(34,186,1),(35,186,1),(36,186,1),(37,186,1),(38,186,1),(39,186,1),(40,186,1),(41,186,1),(9,187,6),(10,187,6),(11,187,6),(12,187,6),(13,187,6),(14,187,6),(15,187,6),(16,187,6),(17,187,6),(18,187,6),(19,187,6),(20,187,6),(21,187,6),(22,187,6),(24,187,6),(25,187,6),(26,187,6),(27,187,6),(28,187,6),(29,187,6),(30,187,6),(31,187,6),(32,187,6),(33,187,6),(34,187,6),(35,187,6),(36,187,6),(37,187,6),(38,187,6),(39,187,6),(40,187,6),(41,187,6),(9,188,1),(10,188,1),(11,188,1),(12,188,1),(13,188,1),(14,188,1),(15,188,1),(16,188,1),(17,188,1),(18,188,1),(19,188,1),(20,188,1),(21,188,1),(22,188,1),(24,188,1),(25,188,1),(26,188,1),(27,188,1),(28,188,1),(29,188,1),(30,188,1),(31,188,1),(32,188,1),(33,188,1),(34,188,1),(35,188,1),(36,188,1),(37,188,1),(38,188,1),(39,188,1),(40,188,1),(41,188,1),(9,189,1),(10,189,1),(11,189,1),(12,189,1),(13,189,1),(14,189,1),(15,189,1),(16,189,1),(17,189,1),(18,189,1),(19,189,1),(20,189,1),(21,189,1),(22,189,1),(24,189,1),(25,189,1),(26,189,1),(27,189,1),(28,189,1),(29,189,1),(30,189,1),(31,189,1),(32,189,1),(33,189,1),(34,189,1),(35,189,1),(36,189,1),(37,189,1),(38,189,1),(39,189,1),(40,189,1),(41,189,1),(9,190,2),(10,190,2),(11,190,2),(12,190,2),(13,190,2),(14,190,2),(15,190,2),(16,190,2),(17,190,2),(18,190,2),(19,190,2),(20,190,2),(21,190,2),(22,190,2),(24,190,2),(25,190,2),(26,190,2),(27,190,2),(28,190,2),(29,190,2),(30,190,2),(31,190,2),(32,190,2),(33,190,2),(34,190,2),(35,190,2),(36,190,2),(37,190,2),(38,190,2),(39,190,2),(40,190,2),(41,190,2),(9,191,1),(10,191,1),(11,191,1),(12,191,1),(13,191,1),(14,191,1),(15,191,1),(16,191,1),(17,191,1),(18,191,1),(19,191,1),(20,191,1),(21,191,1),(22,191,1),(24,191,1),(25,191,1),(26,191,1),(27,191,1),(28,191,1),(29,191,1),(30,191,1),(31,191,1),(32,191,1),(33,191,1),(34,191,1),(35,191,1),(36,191,1),(37,191,1),(38,191,1),(39,191,1),(40,191,1),(41,191,1),(9,192,1),(10,192,1),(11,192,1),(12,192,1),(13,192,1),(14,192,1),(15,192,1),(16,192,1),(17,192,1),(18,192,1),(19,192,1),(20,192,1),(21,192,1),(22,192,1),(24,192,1),(25,192,1),(26,192,1),(27,192,1),(28,192,1),(29,192,1),(30,192,1),(31,192,1),(32,192,1),(33,192,1),(34,192,1),(35,192,1),(36,192,1),(37,192,1),(38,192,1),(39,192,1),(40,192,1),(41,192,1),(9,193,1),(10,193,1),(11,193,1),(12,193,1),(13,193,1),(14,193,1),(15,193,1),(16,193,1),(17,193,1),(18,193,1),(19,193,1),(20,193,1),(21,193,1),(22,193,1),(24,193,1),(25,193,1),(26,193,1),(27,193,1),(28,193,1),(29,193,1),(30,193,1),(31,193,1),(32,193,1),(33,193,1),(34,193,1),(35,193,1),(36,193,1),(37,193,1),(38,193,1),(39,193,1),(40,193,1),(41,193,1),(9,194,1),(10,194,1),(11,194,1),(12,194,1),(13,194,1),(14,194,1),(15,194,1),(16,194,1),(17,194,1),(18,194,1),(19,194,1),(20,194,1),(21,194,1),(22,194,1),(24,194,1),(25,194,1),(26,194,1),(27,194,1),(28,194,1),(29,194,1),(30,194,1),(31,194,1),(32,194,1),(33,194,1),(34,194,1),(35,194,1),(36,194,1),(37,194,1),(38,194,1),(39,194,1),(40,194,1),(41,194,1),(9,195,1),(10,195,1),(11,195,1),(12,195,1),(13,195,1),(14,195,1),(15,195,1),(16,195,1),(17,195,1),(18,195,1),(19,195,1),(20,195,1),(21,195,1),(22,195,1),(24,195,1),(25,195,1),(26,195,1),(27,195,1),(28,195,1),(29,195,1),(30,195,1),(31,195,1),(32,195,1),(33,195,1),(34,195,1),(35,195,1),(36,195,1),(37,195,1),(38,195,1),(39,195,1),(40,195,1),(41,195,1),(9,196,1),(10,196,1),(11,196,1),(12,196,1),(13,196,1),(14,196,1),(15,196,1),(16,196,1),(17,196,1),(18,196,1),(19,196,1),(20,196,1),(21,196,1),(22,196,1),(24,196,1),(25,196,1),(26,196,1),(27,196,1),(28,196,1),(29,196,1),(30,196,1),(31,196,1),(32,196,1),(33,196,1),(34,196,1),(35,196,1),(36,196,1),(37,196,1),(38,196,1),(39,196,1),(40,196,1),(41,196,1),(9,197,2),(10,197,2),(11,197,2),(12,197,2),(13,197,2),(14,197,2),(15,197,2),(16,197,2),(17,197,2),(18,197,2),(19,197,2),(20,197,2),(21,197,2),(22,197,2),(24,197,2),(25,197,2),(26,197,2),(27,197,2),(28,197,2),(29,197,2),(30,197,2),(31,197,2),(32,197,2),(33,197,2),(34,197,2),(35,197,2),(36,197,2),(37,197,2),(38,197,2),(39,197,2),(40,197,2),(41,197,2),(9,198,1),(10,198,1),(11,198,1),(12,198,1),(13,198,1),(14,198,1),(15,198,1),(16,198,1),(17,198,1),(18,198,1),(19,198,1),(20,198,1),(21,198,1),(22,198,1),(24,198,1),(25,198,1),(26,198,1),(27,198,1),(28,198,1),(29,198,1),(30,198,1),(31,198,1),(32,198,1),(33,198,1),(34,198,1),(35,198,1),(36,198,1),(37,198,1),(38,198,1),(39,198,1),(40,198,1),(41,198,1),(9,199,5),(10,199,5),(11,199,5),(12,199,5),(13,199,5),(14,199,5),(15,199,5),(16,199,5),(17,199,5),(18,199,5),(19,199,5),(20,199,5),(21,199,5),(22,199,5),(24,199,5),(25,199,5),(26,199,5),(27,199,5),(28,199,5),(29,199,5),(30,199,5),(31,199,5),(32,199,5),(33,199,5),(34,199,5),(35,199,5),(36,199,5),(37,199,5),(38,199,5),(39,199,5),(40,199,5),(41,199,5),(9,200,2),(10,200,2),(11,200,2),(12,200,2),(13,200,2),(14,200,2),(15,200,2),(16,200,2),(17,200,2),(18,200,2),(19,200,2),(20,200,2),(21,200,2),(22,200,2),(24,200,2),(25,200,2),(26,200,2),(27,200,2),(28,200,2),(29,200,2),(30,200,2),(31,200,2),(32,200,2),(33,200,2),(34,200,2),(35,200,2),(36,200,2),(37,200,2),(38,200,2),(39,200,2),(40,200,2),(41,200,2),(9,201,1),(10,201,1),(11,201,1),(12,201,1),(13,201,1),(14,201,1),(15,201,1),(16,201,1),(17,201,1),(18,201,1),(19,201,1),(20,201,1),(21,201,1),(22,201,1),(24,201,1),(25,201,1),(26,201,1),(27,201,1),(28,201,1),(29,201,1),(30,201,1),(31,201,1),(32,201,1),(33,201,1),(34,201,1),(35,201,1),(36,201,1),(37,201,1),(38,201,1),(39,201,1),(40,201,1),(41,201,1),(9,202,1),(10,202,1),(11,202,1),(12,202,1),(13,202,1),(14,202,1),(15,202,1),(16,202,1),(17,202,1),(18,202,1),(19,202,1),(20,202,1),(21,202,1),(22,202,1),(24,202,1),(25,202,1),(26,202,1),(27,202,1),(28,202,1),(29,202,1),(30,202,1),(31,202,1),(32,202,1),(33,202,1),(34,202,1),(35,202,1),(36,202,1),(37,202,1),(38,202,1),(39,202,1),(40,202,1),(41,202,1),(9,203,1),(10,203,1),(11,203,1),(12,203,1),(13,203,1),(14,203,1),(15,203,1),(16,203,1),(17,203,1),(18,203,1),(19,203,1),(20,203,1),(21,203,1),(22,203,1),(24,203,1),(25,203,1),(26,203,1),(27,203,1),(28,203,1),(29,203,1),(30,203,1),(31,203,1),(32,203,1),(33,203,1),(34,203,1),(35,203,1),(36,203,1),(37,203,1),(38,203,1),(39,203,1),(40,203,1),(41,203,1),(9,204,1),(10,204,1),(11,204,1),(12,204,1),(13,204,1),(14,204,1),(15,204,1),(16,204,1),(17,204,1),(18,204,1),(19,204,1),(20,204,1),(21,204,1),(22,204,1),(24,204,1),(25,204,1),(26,204,1),(27,204,1),(28,204,1),(29,204,1),(30,204,1),(31,204,1),(32,204,1),(33,204,1),(34,204,1),(35,204,1),(36,204,1),(37,204,1),(38,204,1),(39,204,1),(40,204,1),(41,204,1),(9,205,1),(10,205,1),(11,205,1),(12,205,1),(13,205,1),(14,205,1),(15,205,1),(16,205,1),(17,205,1),(18,205,1),(19,205,1),(20,205,1),(21,205,1),(22,205,1),(24,205,1),(25,205,1),(26,205,1),(27,205,1),(28,205,1),(29,205,1),(30,205,1),(31,205,1),(32,205,1),(33,205,1),(34,205,1),(35,205,1),(36,205,1),(37,205,1),(38,205,1),(39,205,1),(40,205,1),(41,205,1),(9,206,2),(10,206,2),(11,206,2),(12,206,2),(13,206,2),(14,206,2),(15,206,2),(16,206,2),(17,206,2),(18,206,2),(19,206,2),(20,206,2),(21,206,2),(22,206,2),(24,206,2),(25,206,2),(26,206,2),(27,206,2),(28,206,2),(29,206,2),(30,206,2),(31,206,2),(32,206,2),(33,206,2),(34,206,2),(35,206,2),(36,206,2),(37,206,2),(38,206,2),(39,206,2),(40,206,2),(41,206,2),(9,207,1),(10,207,1),(11,207,1),(12,207,1),(13,207,1),(14,207,1),(15,207,1),(16,207,1),(17,207,1),(18,207,1),(19,207,1),(20,207,1),(21,207,1),(22,207,1),(24,207,1),(25,207,1),(26,207,1),(27,207,1),(28,207,1),(29,207,1),(30,207,1),(31,207,1),(32,207,1),(33,207,1),(34,207,1),(35,207,1),(36,207,1),(37,207,1),(38,207,1),(39,207,1),(40,207,1),(41,207,1),(9,208,4),(10,208,4),(11,208,4),(12,208,4),(13,208,4),(14,208,4),(15,208,4),(16,208,4),(17,208,4),(18,208,4),(19,208,4),(20,208,4),(21,208,4),(22,208,4),(24,208,4),(25,208,4),(26,208,4),(27,208,4),(28,208,4),(29,208,4),(30,208,4),(31,208,4),(32,208,4),(33,208,4),(34,208,4),(35,208,4),(36,208,4),(37,208,4),(38,208,4),(39,208,4),(40,208,4),(41,208,4),(9,209,1),(10,209,1),(11,209,1),(12,209,1),(13,209,1),(14,209,1),(15,209,1),(16,209,1),(17,209,1),(18,209,1),(19,209,1),(20,209,1),(21,209,1),(22,209,1),(24,209,1),(25,209,1),(26,209,1),(27,209,1),(28,209,1),(29,209,1),(30,209,1),(31,209,1),(32,209,1),(33,209,1),(34,209,1),(35,209,1),(36,209,1),(37,209,1),(38,209,1),(39,209,1),(40,209,1),(41,209,1),(9,210,1),(10,210,1),(11,210,1),(12,210,1),(13,210,1),(14,210,1),(15,210,1),(16,210,1),(17,210,1),(18,210,1),(19,210,1),(20,210,1),(21,210,1),(22,210,1),(24,210,1),(25,210,1),(26,210,1),(27,210,1),(28,210,1),(29,210,1),(30,210,1),(31,210,1),(32,210,1),(33,210,1),(34,210,1),(35,210,1),(36,210,1),(37,210,1),(38,210,1),(39,210,1),(40,210,1),(41,210,1),(9,211,1),(10,211,1),(11,211,1),(12,211,1),(13,211,1),(14,211,1),(15,211,1),(16,211,1),(17,211,1),(18,211,1),(19,211,1),(20,211,1),(21,211,1),(22,211,1),(24,211,1),(25,211,1),(26,211,1),(27,211,1),(28,211,1),(29,211,1),(30,211,1),(31,211,1),(32,211,1),(33,211,1),(34,211,1),(35,211,1),(36,211,1),(37,211,1),(38,211,1),(39,211,1),(40,211,1),(41,211,1),(9,212,1),(10,212,1),(11,212,1),(12,212,1),(13,212,1),(14,212,1),(15,212,1),(16,212,1),(17,212,1),(18,212,1),(19,212,1),(20,212,1),(21,212,1),(22,212,1),(24,212,1),(25,212,1),(26,212,1),(27,212,1),(28,212,1),(29,212,1),(30,212,1),(31,212,1),(32,212,1),(33,212,1),(34,212,1),(35,212,1),(36,212,1),(37,212,1),(38,212,1),(39,212,1),(40,212,1),(41,212,1),(9,213,1),(10,213,1),(11,213,1),(12,213,1),(13,213,1),(14,213,1),(15,213,1),(16,213,1),(17,213,1),(18,213,1),(19,213,1),(20,213,1),(21,213,1),(22,213,1),(24,213,1),(25,213,1),(26,213,1),(27,213,1),(28,213,1),(29,213,1),(30,213,1),(31,213,1),(32,213,1),(33,213,1),(34,213,1),(35,213,1),(36,213,1),(37,213,1),(38,213,1),(39,213,1),(40,213,1),(41,213,1),(9,214,1),(10,214,1),(11,214,1),(12,214,1),(13,214,1),(14,214,1),(15,214,1),(16,214,1),(17,214,1),(18,214,1),(19,214,1),(20,214,1),(21,214,1),(22,214,1),(24,214,1),(25,214,1),(26,214,1),(27,214,1),(28,214,1),(29,214,1),(30,214,1),(31,214,1),(32,214,1),(33,214,1),(34,214,1),(35,214,1),(36,214,1),(37,214,1),(38,214,1),(39,214,1),(40,214,1),(41,214,1),(9,215,1),(10,215,1),(11,215,1),(12,215,1),(13,215,1),(14,215,1),(15,215,1),(16,215,1),(17,215,1),(18,215,1),(19,215,1),(20,215,1),(21,215,1),(22,215,1),(24,215,1),(25,215,1),(26,215,1),(27,215,1),(28,215,1),(29,215,1),(30,215,1),(31,215,1),(32,215,1),(33,215,1),(34,215,1),(35,215,1),(36,215,1),(37,215,1),(38,215,1),(39,215,1),(40,215,1),(41,215,1),(9,216,1),(10,216,1),(11,216,1),(12,216,1),(13,216,1),(14,216,1),(15,216,1),(16,216,1),(17,216,1),(18,216,1),(19,216,1),(20,216,1),(21,216,1),(22,216,1),(24,216,1),(25,216,1),(26,216,1),(27,216,1),(28,216,1),(29,216,1),(30,216,1),(31,216,1),(32,216,1),(33,216,1),(34,216,1),(35,216,1),(36,216,1),(37,216,1),(38,216,1),(39,216,1),(40,216,1),(41,216,1),(9,217,1),(10,217,1),(11,217,1),(12,217,1),(13,217,1),(14,217,1),(15,217,1),(16,217,1),(17,217,1),(18,217,1),(19,217,1),(20,217,1),(21,217,1),(22,217,1),(24,217,1),(25,217,1),(26,217,1),(27,217,1),(28,217,1),(29,217,1),(30,217,1),(31,217,1),(32,217,1),(33,217,1),(34,217,1),(35,217,1),(36,217,1),(37,217,1),(38,217,1),(39,217,1),(40,217,1),(41,217,1),(9,218,2),(10,218,2),(11,218,2),(12,218,2),(13,218,2),(14,218,2),(15,218,2),(16,218,2),(17,218,2),(18,218,2),(19,218,2),(20,218,2),(21,218,2),(22,218,2),(24,218,2),(25,218,2),(26,218,2),(27,218,2),(28,218,2),(29,218,2),(30,218,2),(31,218,2),(32,218,2),(33,218,2),(34,218,2),(35,218,2),(36,218,2),(37,218,2),(38,218,2),(39,218,2),(40,218,2),(41,218,2),(9,219,1),(10,219,1),(11,219,1),(12,219,1),(13,219,1),(14,219,1),(15,219,1),(16,219,1),(17,219,1),(18,219,1),(19,219,1),(20,219,1),(21,219,1),(22,219,1),(24,219,1),(25,219,1),(26,219,1),(27,219,1),(28,219,1),(29,219,1),(30,219,1),(31,219,1),(32,219,1),(33,219,1),(34,219,1),(35,219,1),(36,219,1),(37,219,1),(38,219,1),(39,219,1),(40,219,1),(41,219,1),(9,220,1),(10,220,1),(11,220,1),(12,220,1),(13,220,1),(14,220,1),(15,220,1),(16,220,1),(17,220,1),(18,220,1),(19,220,1),(20,220,1),(21,220,1),(22,220,1),(24,220,1),(25,220,1),(26,220,1),(27,220,1),(28,220,1),(29,220,1),(30,220,1),(31,220,1),(32,220,1),(33,220,1),(34,220,1),(35,220,1),(36,220,1),(37,220,1),(38,220,1),(39,220,1),(40,220,1),(41,220,1),(9,221,1),(10,221,1),(11,221,1),(12,221,1),(13,221,1),(14,221,1),(15,221,1),(16,221,1),(17,221,1),(18,221,1),(19,221,1),(20,221,1),(21,221,1),(22,221,1),(24,221,1),(25,221,1),(26,221,1),(27,221,1),(28,221,1),(29,221,1),(30,221,1),(31,221,1),(32,221,1),(33,221,1),(34,221,1),(35,221,1),(36,221,1),(37,221,1),(38,221,1),(39,221,1),(40,221,1),(41,221,1),(9,222,1),(10,222,1),(11,222,1),(12,222,1),(13,222,1),(14,222,1),(15,222,1),(16,222,1),(17,222,1),(18,222,1),(19,222,1),(20,222,1),(21,222,1),(22,222,1),(24,222,1),(25,222,1),(26,222,1),(27,222,1),(28,222,1),(29,222,1),(30,222,1),(31,222,1),(32,222,1),(33,222,1),(34,222,1),(35,222,1),(36,222,1),(37,222,1),(38,222,1),(39,222,1),(40,222,1),(41,222,1),(9,223,1),(10,223,1),(11,223,1),(12,223,1),(13,223,1),(14,223,1),(15,223,1),(16,223,1),(17,223,1),(18,223,1),(19,223,1),(20,223,1),(21,223,1),(22,223,1),(24,223,1),(25,223,1),(26,223,1),(27,223,1),(28,223,1),(29,223,1),(30,223,1),(31,223,1),(32,223,1),(33,223,1),(34,223,1),(35,223,1),(36,223,1),(37,223,1),(38,223,1),(39,223,1),(40,223,1),(41,223,1),(9,224,1),(10,224,1),(11,224,1),(12,224,1),(13,224,1),(14,224,1),(15,224,1),(16,224,1),(17,224,1),(18,224,1),(19,224,1),(20,224,1),(21,224,1),(22,224,1),(24,224,1),(25,224,1),(26,224,1),(27,224,1),(28,224,1),(29,224,1),(30,224,1),(31,224,1),(32,224,1),(33,224,1),(34,224,1),(35,224,1),(36,224,1),(37,224,1),(38,224,1),(39,224,1),(40,224,1),(41,224,1),(9,225,1),(10,225,1),(11,225,1),(12,225,1),(13,225,1),(14,225,1),(15,225,1),(16,225,1),(17,225,1),(18,225,1),(19,225,1),(20,225,1),(21,225,1),(22,225,1),(24,225,1),(25,225,1),(26,225,1),(27,225,1),(28,225,1),(29,225,1),(30,225,1),(31,225,1),(32,225,1),(33,225,1),(34,225,1),(35,225,1),(36,225,1),(37,225,1),(38,225,1),(39,225,1),(40,225,1),(41,225,1),(9,226,1),(10,226,1),(11,226,1),(12,226,1),(13,226,1),(14,226,1),(15,226,1),(16,226,1),(17,226,1),(18,226,1),(19,226,1),(20,226,1),(21,226,1),(22,226,1),(24,226,1),(25,226,1),(26,226,1),(27,226,1),(28,226,1),(29,226,1),(30,226,1),(31,226,1),(32,226,1),(33,226,1),(34,226,1),(35,226,1),(36,226,1),(37,226,1),(38,226,1),(39,226,1),(40,226,1),(41,226,1),(9,227,1),(10,227,1),(11,227,1),(12,227,1),(13,227,1),(14,227,1),(15,227,1),(16,227,1),(17,227,1),(18,227,1),(19,227,1),(20,227,1),(21,227,1),(22,227,1),(24,227,1),(25,227,1),(26,227,1),(27,227,1),(28,227,1),(29,227,1),(30,227,1),(31,227,1),(32,227,1),(33,227,1),(34,227,1),(35,227,1),(36,227,1),(37,227,1),(38,227,1),(39,227,1),(40,227,1),(41,227,1),(9,228,1),(10,228,1),(11,228,1),(12,228,1),(13,228,1),(14,228,1),(15,228,1),(16,228,1),(17,228,1),(18,228,1),(19,228,1),(20,228,1),(21,228,1),(22,228,1),(24,228,1),(25,228,1),(26,228,1),(27,228,1),(28,228,1),(29,228,1),(30,228,1),(31,228,1),(32,228,1),(33,228,1),(34,228,1),(35,228,1),(36,228,1),(37,228,1),(38,228,1),(39,228,1),(40,228,1),(41,228,1),(9,229,1),(10,229,1),(11,229,1),(12,229,1),(13,229,1),(14,229,1),(15,229,1),(16,229,1),(17,229,1),(18,229,1),(19,229,1),(20,229,1),(21,229,1),(22,229,1),(24,229,1),(25,229,1),(26,229,1),(27,229,1),(28,229,1),(29,229,1),(30,229,1),(31,229,1),(32,229,1),(33,229,1),(34,229,1),(35,229,1),(36,229,1),(37,229,1),(38,229,1),(39,229,1),(40,229,1),(41,229,1),(9,230,1),(10,230,1),(11,230,1),(12,230,1),(13,230,1),(14,230,1),(15,230,1),(16,230,1),(17,230,1),(18,230,1),(19,230,1),(20,230,1),(21,230,1),(22,230,1),(24,230,1),(25,230,1),(26,230,1),(27,230,1),(28,230,1),(29,230,1),(30,230,1),(31,230,1),(32,230,1),(33,230,1),(34,230,1),(35,230,1),(36,230,1),(37,230,1),(38,230,1),(39,230,1),(40,230,1),(41,230,1),(9,231,1),(10,231,1),(11,231,1),(12,231,1),(13,231,1),(14,231,1),(15,231,1),(16,231,1),(17,231,1),(18,231,1),(19,231,1),(20,231,1),(21,231,1),(22,231,1),(24,231,1),(25,231,1),(26,231,1),(27,231,1),(28,231,1),(29,231,1),(30,231,1),(31,231,1),(32,231,1),(33,231,1),(34,231,1),(35,231,1),(36,231,1),(37,231,1),(38,231,1),(39,231,1),(40,231,1),(41,231,1),(9,232,1),(10,232,1),(11,232,1),(12,232,1),(13,232,1),(14,232,1),(15,232,1),(16,232,1),(17,232,1),(18,232,1),(19,232,1),(20,232,1),(21,232,1),(22,232,1),(24,232,1),(25,232,1),(26,232,1),(27,232,1),(28,232,1),(29,232,1),(30,232,1),(31,232,1),(32,232,1),(33,232,1),(34,232,1),(35,232,1),(36,232,1),(37,232,1),(38,232,1),(39,232,1),(40,232,1),(41,232,1),(9,233,1),(10,233,1),(11,233,1),(12,233,1),(13,233,1),(14,233,1),(15,233,1),(16,233,1),(17,233,1),(18,233,1),(19,233,1),(20,233,1),(21,233,1),(22,233,1),(24,233,1),(25,233,1),(26,233,1),(27,233,1),(28,233,1),(29,233,1),(30,233,1),(31,233,1),(32,233,1),(33,233,1),(34,233,1),(35,233,1),(36,233,1),(37,233,1),(38,233,1),(39,233,1),(40,233,1),(41,233,1),(9,234,1),(10,234,1),(11,234,1),(12,234,1),(13,234,1),(14,234,1),(15,234,1),(16,234,1),(17,234,1),(18,234,1),(19,234,1),(20,234,1),(21,234,1),(22,234,1),(24,234,1),(25,234,1),(26,234,1),(27,234,1),(28,234,1),(29,234,1),(30,234,1),(31,234,1),(32,234,1),(33,234,1),(34,234,1),(35,234,1),(36,234,1),(37,234,1),(38,234,1),(39,234,1),(40,234,1),(41,234,1),(9,235,1),(10,235,1),(11,235,1),(12,235,1),(13,235,1),(14,235,1),(15,235,1),(16,235,1),(17,235,1),(18,235,1),(19,235,1),(20,235,1),(21,235,1),(22,235,1),(24,235,1),(25,235,1),(26,235,1),(27,235,1),(28,235,1),(29,235,1),(30,235,1),(31,235,1),(32,235,1),(33,235,1),(34,235,1),(35,235,1),(36,235,1),(37,235,1),(38,235,1),(39,235,1),(40,235,1),(41,235,1),(9,236,1),(10,236,1),(11,236,1),(12,236,1),(13,236,1),(14,236,1),(15,236,1),(16,236,1),(17,236,1),(18,236,1),(19,236,1),(20,236,1),(21,236,1),(22,236,1),(24,236,1),(25,236,1),(26,236,1),(27,236,1),(28,236,1),(29,236,1),(30,236,1),(31,236,1),(32,236,1),(33,236,1),(34,236,1),(35,236,1),(36,236,1),(37,236,1),(38,236,1),(39,236,1),(40,236,1),(41,236,1),(9,237,1),(10,237,1),(11,237,1),(12,237,1),(13,237,1),(14,237,1),(15,237,1),(16,237,1),(17,237,1),(18,237,1),(19,237,1),(20,237,1),(21,237,1),(22,237,1),(24,237,1),(25,237,1),(26,237,1),(27,237,1),(28,237,1),(29,237,1),(30,237,1),(31,237,1),(32,237,1),(33,237,1),(34,237,1),(35,237,1),(36,237,1),(37,237,1),(38,237,1),(39,237,1),(40,237,1),(41,237,1),(9,238,1),(10,238,1),(11,238,1),(12,238,1),(13,238,1),(14,238,1),(15,238,1),(16,238,1),(17,238,1),(18,238,1),(19,238,1),(20,238,1),(21,238,1),(22,238,1),(24,238,1),(25,238,1),(26,238,1),(27,238,1),(28,238,1),(29,238,1),(30,238,1),(31,238,1),(32,238,1),(33,238,1),(34,238,1),(35,238,1),(36,238,1),(37,238,1),(38,238,1),(39,238,1),(40,238,1),(41,238,1),(9,239,1),(10,239,1),(11,239,1),(12,239,1),(13,239,1),(14,239,1),(15,239,1),(16,239,1),(17,239,1),(18,239,1),(19,239,1),(20,239,1),(21,239,1),(22,239,1),(24,239,1),(25,239,1),(26,239,1),(27,239,1),(28,239,1),(29,239,1),(30,239,1),(31,239,1),(32,239,1),(33,239,1),(34,239,1),(35,239,1),(36,239,1),(37,239,1),(38,239,1),(39,239,1),(40,239,1),(41,239,1),(9,240,1),(10,240,1),(11,240,1),(12,240,1),(13,240,1),(14,240,1),(15,240,1),(16,240,1),(17,240,1),(18,240,1),(19,240,1),(20,240,1),(21,240,1),(22,240,1),(24,240,1),(25,240,1),(26,240,1),(27,240,1),(28,240,1),(29,240,1),(30,240,1),(31,240,1),(32,240,1),(33,240,1),(34,240,1),(35,240,1),(36,240,1),(37,240,1),(38,240,1),(39,240,1),(40,240,1),(41,240,1),(9,241,1),(10,241,1),(11,241,1),(12,241,1),(13,241,1),(14,241,1),(15,241,1),(16,241,1),(17,241,1),(18,241,1),(19,241,1),(20,241,1),(21,241,1),(22,241,1),(24,241,1),(25,241,1),(26,241,1),(27,241,1),(28,241,1),(29,241,1),(30,241,1),(31,241,1),(32,241,1),(33,241,1),(34,241,1),(35,241,1),(36,241,1),(37,241,1),(38,241,1),(39,241,1),(40,241,1),(41,241,1),(9,242,1),(10,242,1),(11,242,1),(12,242,1),(13,242,1),(14,242,1),(15,242,1),(16,242,1),(17,242,1),(18,242,1),(19,242,1),(20,242,1),(21,242,1),(22,242,1),(24,242,1),(25,242,1),(26,242,1),(27,242,1),(28,242,1),(29,242,1),(30,242,1),(31,242,1),(32,242,1),(33,242,1),(34,242,1),(35,242,1),(36,242,1),(37,242,1),(38,242,1),(39,242,1),(40,242,1),(41,242,1),(9,243,1),(10,243,1),(11,243,1),(12,243,1),(13,243,1),(14,243,1),(15,243,1),(16,243,1),(17,243,1),(18,243,1),(19,243,1),(20,243,1),(21,243,1),(22,243,1),(24,243,1),(25,243,1),(26,243,1),(27,243,1),(28,243,1),(29,243,1),(30,243,1),(31,243,1),(32,243,1),(33,243,1),(34,243,1),(35,243,1),(36,243,1),(37,243,1),(38,243,1),(39,243,1),(40,243,1),(41,243,1),(9,244,1),(10,244,1),(11,244,1),(12,244,1),(13,244,1),(14,244,1),(15,244,1),(16,244,1),(17,244,1),(18,244,1),(19,244,1),(20,244,1),(21,244,1),(22,244,1),(24,244,1),(25,244,1),(26,244,1),(27,244,1),(28,244,1),(29,244,1),(30,244,1),(31,244,1),(32,244,1),(33,244,1),(34,244,1),(35,244,1),(36,244,1),(37,244,1),(38,244,1),(39,244,1),(40,244,1),(41,244,1),(9,245,1),(10,245,1),(11,245,1),(12,245,1),(13,245,1),(14,245,1),(15,245,1),(16,245,1),(17,245,1),(18,245,1),(19,245,1),(20,245,1),(21,245,1),(22,245,1),(24,245,1),(25,245,1),(26,245,1),(27,245,1),(28,245,1),(29,245,1),(30,245,1),(31,245,1),(32,245,1),(33,245,1),(34,245,1),(35,245,1),(36,245,1),(37,245,1),(38,245,1),(39,245,1),(40,245,1),(41,245,1),(9,246,1),(10,246,1),(11,246,1),(12,246,1),(13,246,1),(14,246,1),(15,246,1),(16,246,1),(17,246,1),(18,246,1),(19,246,1),(20,246,1),(21,246,1),(22,246,1),(24,246,1),(25,246,1),(26,246,1),(27,246,1),(28,246,1),(29,246,1),(30,246,1),(31,246,1),(32,246,1),(33,246,1),(34,246,1),(35,246,1),(36,246,1),(37,246,1),(38,246,1),(39,246,1),(40,246,1),(41,246,1),(9,247,1),(10,247,1),(11,247,1),(12,247,1),(13,247,1),(14,247,1),(15,247,1),(16,247,1),(17,247,1),(18,247,1),(19,247,1),(20,247,1),(21,247,1),(22,247,1),(24,247,1),(25,247,1),(26,247,1),(27,247,1),(28,247,1),(29,247,1),(30,247,1),(31,247,1),(32,247,1),(33,247,1),(34,247,1),(35,247,1),(36,247,1),(37,247,1),(38,247,1),(39,247,1),(40,247,1),(41,247,1),(9,248,1),(10,248,1),(11,248,1),(12,248,1),(13,248,1),(14,248,1),(15,248,1),(16,248,1),(17,248,1),(18,248,1),(19,248,1),(20,248,1),(21,248,1),(22,248,1),(24,248,1),(25,248,1),(26,248,1),(27,248,1),(28,248,1),(29,248,1),(30,248,1),(31,248,1),(32,248,1),(33,248,1),(34,248,1),(35,248,1),(36,248,1),(37,248,1),(38,248,1),(39,248,1),(40,248,1),(41,248,1),(9,249,1),(10,249,1),(11,249,1),(12,249,1),(13,249,1),(14,249,1),(15,249,1),(16,249,1),(17,249,1),(18,249,1),(19,249,1),(20,249,1),(21,249,1),(22,249,1),(24,249,1),(25,249,1),(26,249,1),(27,249,1),(28,249,1),(29,249,1),(30,249,1),(31,249,1),(32,249,1),(33,249,1),(34,249,1),(35,249,1),(36,249,1),(37,249,1),(38,249,1),(39,249,1),(40,249,1),(41,249,1),(9,250,1),(10,250,1),(11,250,1),(12,250,1),(13,250,1),(14,250,1),(15,250,1),(16,250,1),(17,250,1),(18,250,1),(19,250,1),(20,250,1),(21,250,1),(22,250,1),(24,250,1),(25,250,1),(26,250,1),(27,250,1),(28,250,1),(29,250,1),(30,250,1),(31,250,1),(32,250,1),(33,250,1),(34,250,1),(35,250,1),(36,250,1),(37,250,1),(38,250,1),(39,250,1),(40,250,1),(41,250,1),(9,251,1),(10,251,1),(11,251,1),(12,251,1),(13,251,1),(14,251,1),(15,251,1),(16,251,1),(17,251,1),(18,251,1),(19,251,1),(20,251,1),(21,251,1),(22,251,1),(24,251,1),(25,251,1),(26,251,1),(27,251,1),(28,251,1),(29,251,1),(30,251,1),(31,251,1),(32,251,1),(33,251,1),(34,251,1),(35,251,1),(36,251,1),(37,251,1),(38,251,1),(39,251,1),(40,251,1),(41,251,1),(9,252,1),(10,252,1),(11,252,1),(12,252,1),(13,252,1),(14,252,1),(15,252,1),(16,252,1),(17,252,1),(18,252,1),(19,252,1),(20,252,1),(21,252,1),(22,252,1),(24,252,1),(25,252,1),(26,252,1),(27,252,1),(28,252,1),(29,252,1),(30,252,1),(31,252,1),(32,252,1),(33,252,1),(34,252,1),(35,252,1),(36,252,1),(37,252,1),(38,252,1),(39,252,1),(40,252,1),(41,252,1),(9,253,1),(10,253,1),(11,253,1),(12,253,1),(13,253,1),(14,253,1),(15,253,1),(16,253,1),(17,253,1),(18,253,1),(19,253,1),(20,253,1),(21,253,1),(22,253,1),(24,253,1),(25,253,1),(26,253,1),(27,253,1),(28,253,1),(29,253,1),(30,253,1),(31,253,1),(32,253,1),(33,253,1),(34,253,1),(35,253,1),(36,253,1),(37,253,1),(38,253,1),(39,253,1),(40,253,1),(41,253,1),(9,254,1),(10,254,1),(11,254,1),(12,254,1),(13,254,1),(14,254,1),(15,254,1),(16,254,1),(17,254,1),(18,254,1),(19,254,1),(20,254,1),(21,254,1),(22,254,1),(24,254,1),(25,254,1),(26,254,1),(27,254,1),(28,254,1),(29,254,1),(30,254,1),(31,254,1),(32,254,1),(33,254,1),(34,254,1),(35,254,1),(36,254,1),(37,254,1),(38,254,1),(39,254,1),(40,254,1),(41,254,1),(9,255,1),(10,255,1),(11,255,1),(12,255,1),(13,255,1),(14,255,1),(15,255,1),(16,255,1),(17,255,1),(18,255,1),(19,255,1),(20,255,1),(21,255,1),(22,255,1),(24,255,1),(25,255,1),(26,255,1),(27,255,1),(28,255,1),(29,255,1),(30,255,1),(31,255,1),(32,255,1),(33,255,1),(34,255,1),(35,255,1),(36,255,1),(37,255,1),(38,255,1),(39,255,1),(40,255,1),(41,255,1),(9,256,1),(10,256,1),(11,256,1),(12,256,1),(13,256,1),(14,256,1),(15,256,1),(16,256,1),(17,256,1),(18,256,1),(19,256,1),(20,256,1),(21,256,1),(22,256,1),(24,256,1),(25,256,1),(26,256,1),(27,256,1),(28,256,1),(29,256,1),(30,256,1),(31,256,1),(32,256,1),(33,256,1),(34,256,1),(35,256,1),(36,256,1),(37,256,1),(38,256,1),(39,256,1),(40,256,1),(41,256,1),(9,257,1),(10,257,1),(11,257,1),(12,257,1),(13,257,1),(14,257,1),(15,257,1),(16,257,1),(17,257,1),(18,257,1),(19,257,1),(20,257,1),(21,257,1),(22,257,1),(24,257,1),(25,257,1),(26,257,1),(27,257,1),(28,257,1),(29,257,1),(30,257,1),(31,257,1),(32,257,1),(33,257,1),(34,257,1),(35,257,1),(36,257,1),(37,257,1),(38,257,1),(39,257,1),(40,257,1),(41,257,1),(9,258,3),(10,258,3),(11,258,3),(12,258,3),(13,258,3),(14,258,3),(15,258,3),(16,258,3),(17,258,3),(18,258,3),(19,258,3),(20,258,3),(21,258,3),(22,258,3),(24,258,3),(25,258,3),(26,258,3),(27,258,3),(28,258,3),(29,258,3),(30,258,3),(31,258,3),(32,258,3),(33,258,3),(34,258,3),(35,258,3),(36,258,3),(37,258,3),(38,258,3),(39,258,3),(40,258,3),(41,258,3),(9,259,3),(10,259,3),(11,259,3),(12,259,3),(13,259,3),(14,259,3),(15,259,3),(16,259,3),(17,259,3),(18,259,3),(19,259,3),(20,259,3),(21,259,3),(22,259,3),(24,259,3),(25,259,3),(26,259,3),(27,259,3),(28,259,3),(29,259,3),(30,259,3),(31,259,3),(32,259,3),(33,259,3),(34,259,3),(35,259,3),(36,259,3),(37,259,3),(38,259,3),(39,259,3),(40,259,3),(41,259,3),(13,260,2),(14,260,2),(15,260,2),(16,260,2),(17,260,2),(18,260,2),(19,260,2),(20,260,2),(21,260,2),(22,260,2),(13,261,2),(14,261,2),(15,261,2),(16,261,2),(17,261,2),(18,261,2),(19,261,2),(20,261,2),(21,261,2),(22,261,2),(9,262,7),(10,262,7),(11,262,7),(12,262,7),(13,262,7),(14,262,7),(15,262,7),(16,262,7),(17,262,7),(18,262,7),(19,262,7),(20,262,7),(21,262,7),(22,262,7),(24,262,7),(25,262,7),(26,262,7),(27,262,7),(28,262,7),(29,262,7),(30,262,7),(31,262,7),(32,262,7),(33,262,7),(34,262,7),(35,262,7),(36,262,7),(37,262,7),(38,262,7),(39,262,7),(40,262,7),(41,262,7),(9,263,7),(10,263,7),(11,263,7),(12,263,7),(13,263,9),(14,263,9),(15,263,9),(16,263,9),(17,263,9),(18,263,9),(19,263,9),(20,263,9),(21,263,9),(22,263,9),(24,263,7),(25,263,7),(26,263,7),(27,263,7),(28,263,7),(29,263,7),(30,263,7),(31,263,7),(32,263,7),(33,263,7),(34,263,7),(35,263,7),(36,263,7),(37,263,7),(38,263,7),(39,263,7),(40,263,7),(41,263,7),(9,264,7),(10,264,7),(11,264,7),(12,264,7),(13,264,9),(14,264,9),(15,264,9),(16,264,9),(17,264,9),(18,264,9),(19,264,9),(20,264,9),(21,264,9),(22,264,9),(24,264,7),(25,264,7),(26,264,7),(27,264,7),(28,264,7),(29,264,7),(30,264,7),(31,264,7),(32,264,7),(33,264,7),(34,264,7),(35,264,7),(36,264,7),(37,264,7),(38,264,7),(39,264,7),(40,264,7),(41,264,7),(9,265,6),(10,265,6),(11,265,6),(12,265,6),(13,265,6),(14,265,6),(15,265,6),(16,265,6),(17,265,6),(18,265,6),(19,265,6),(20,265,6),(21,265,6),(22,265,6),(24,265,6),(25,265,6),(26,265,6),(27,265,6),(28,265,6),(29,265,6),(30,265,6),(31,265,6),(32,265,6),(33,265,6),(34,265,6),(35,265,6),(36,265,6),(37,265,6),(38,265,6),(39,265,6),(40,265,6),(41,265,6),(9,266,10),(11,266,10),(9,267,1),(10,267,1),(11,267,1),(12,267,1),(13,267,1),(14,267,1),(15,267,1),(16,267,1),(17,267,1),(18,267,1),(19,267,1),(20,267,1),(21,267,1),(22,267,1),(24,267,1),(25,267,1),(26,267,1),(27,267,1),(28,267,1),(29,267,1),(30,267,1),(31,267,1),(32,267,1),(33,267,1),(34,267,1),(35,267,1),(36,267,1),(37,267,1),(38,267,1),(39,267,1),(40,267,1),(41,267,1),(9,268,4),(10,268,4),(11,268,4),(12,268,4),(13,268,4),(14,268,4),(15,268,4),(16,268,4),(17,268,4),(18,268,4),(19,268,4),(20,268,4),(21,268,4),(22,268,4),(24,268,4),(25,268,4),(26,268,4),(27,268,4),(28,268,4),(29,268,4),(30,268,4),(31,268,4),(32,268,4),(33,268,4),(34,268,4),(35,268,4),(36,268,4),(37,268,4),(38,268,4),(39,268,4),(40,268,4),(41,268,4),(9,269,1),(10,269,1),(11,269,1),(12,269,1),(13,269,1),(14,269,1),(15,269,1),(16,269,1),(17,269,1),(18,269,1),(19,269,1),(20,269,1),(21,269,1),(22,269,1),(24,269,1),(25,269,1),(26,269,1),(27,269,1),(28,269,1),(29,269,1),(30,269,1),(31,269,1),(32,269,1),(33,269,1),(34,269,1),(35,269,1),(36,269,1),(37,269,1),(38,269,1),(39,269,1),(40,269,1),(41,269,1),(9,270,1),(10,270,1),(11,270,1),(12,270,1),(13,270,1),(14,270,1),(15,270,1),(16,270,1),(17,270,1),(18,270,1),(19,270,1),(20,270,1),(21,270,1),(22,270,1),(24,270,1),(25,270,1),(26,270,1),(27,270,1),(28,270,1),(29,270,1),(30,270,1),(31,270,1),(32,270,1),(33,270,1),(34,270,1),(35,270,1),(36,270,1),(37,270,1),(38,270,1),(39,270,1),(40,270,1),(41,270,1),(9,271,1),(10,271,1),(11,271,1),(12,271,1),(13,271,1),(14,271,1),(15,271,1),(16,271,1),(17,271,1),(18,271,1),(19,271,1),(20,271,1),(21,271,1),(22,271,1),(24,271,1),(25,271,1),(26,271,1),(27,271,1),(28,271,1),(29,271,1),(30,271,1),(31,271,1),(32,271,1),(33,271,1),(34,271,1),(35,271,1),(36,271,1),(37,271,1),(38,271,1),(39,271,1),(40,271,1),(41,271,1),(9,272,6),(10,272,6),(11,272,6),(12,272,6),(13,272,6),(14,272,6),(15,272,6),(16,272,6),(17,272,6),(18,272,6),(19,272,6),(20,272,6),(21,272,6),(22,272,6),(24,272,6),(25,272,6),(26,272,6),(27,272,6),(28,272,6),(29,272,6),(30,272,6),(31,272,6),(32,272,6),(33,272,6),(34,272,6),(35,272,6),(36,272,6),(37,272,6),(38,272,6),(39,272,6),(40,272,6),(41,272,6),(9,273,1),(10,273,1),(11,273,1),(12,273,1),(13,273,1),(14,273,1),(15,273,1),(16,273,1),(17,273,1),(18,273,1),(19,273,1),(20,273,1),(21,273,1),(22,273,1),(24,273,1),(25,273,1),(26,273,1),(27,273,1),(28,273,1),(29,273,1),(30,273,1),(31,273,1),(32,273,1),(33,273,1),(34,273,1),(35,273,1),(36,273,1),(37,273,1),(38,273,1),(39,273,1),(40,273,1),(41,273,1),(9,274,1),(10,274,1),(11,274,1),(12,274,1),(13,274,1),(14,274,1),(15,274,1),(16,274,1),(17,274,1),(18,274,1),(19,274,1),(20,274,1),(21,274,1),(22,274,1),(24,274,1),(25,274,1),(26,274,1),(27,274,1),(28,274,1),(29,274,1),(30,274,1),(31,274,1),(32,274,1),(33,274,1),(34,274,1),(35,274,1),(36,274,1),(37,274,1),(38,274,1),(39,274,1),(40,274,1),(41,274,1),(9,275,2),(10,275,2),(11,275,2),(12,275,2),(13,275,2),(14,275,2),(15,275,2),(16,275,2),(17,275,2),(18,275,2),(19,275,2),(20,275,2),(21,275,2),(22,275,2),(24,275,2),(25,275,2),(26,275,2),(27,275,2),(28,275,2),(29,275,2),(30,275,2),(31,275,2),(32,275,2),(33,275,2),(34,275,2),(35,275,2),(36,275,2),(37,275,2),(38,275,2),(39,275,2),(40,275,2),(41,275,2),(9,276,1),(10,276,1),(11,276,1),(12,276,1),(13,276,1),(14,276,1),(15,276,1),(16,276,1),(17,276,1),(18,276,1),(19,276,1),(20,276,1),(21,276,1),(22,276,1),(24,276,1),(25,276,1),(26,276,1),(27,276,1),(28,276,1),(29,276,1),(30,276,1),(31,276,1),(32,276,1),(33,276,1),(34,276,1),(35,276,1),(36,276,1),(37,276,1),(38,276,1),(39,276,1),(40,276,1),(41,276,1),(9,277,1),(10,277,1),(11,277,1),(12,277,1),(13,277,1),(14,277,1),(15,277,1),(16,277,1),(17,277,1),(18,277,1),(19,277,1),(20,277,1),(21,277,1),(22,277,1),(24,277,1),(25,277,1),(26,277,1),(27,277,1),(28,277,1),(29,277,1),(30,277,1),(31,277,1),(32,277,1),(33,277,1),(34,277,1),(35,277,1),(36,277,1),(37,277,1),(38,277,1),(39,277,1),(40,277,1),(41,277,1),(9,278,1),(10,278,1),(11,278,1),(12,278,1),(13,278,1),(14,278,1),(15,278,1),(16,278,1),(17,278,1),(18,278,1),(19,278,1),(20,278,1),(21,278,1),(22,278,1),(24,278,1),(25,278,1),(26,278,1),(27,278,1),(28,278,1),(29,278,1),(30,278,1),(31,278,1),(32,278,1),(33,278,1),(34,278,1),(35,278,1),(36,278,1),(37,278,1),(38,278,1),(39,278,1),(40,278,1),(41,278,1),(9,279,1),(10,279,1),(11,279,1),(12,279,1),(13,279,1),(14,279,1),(15,279,1),(16,279,1),(17,279,1),(18,279,1),(19,279,1),(20,279,1),(21,279,1),(22,279,1),(24,279,1),(25,279,1),(26,279,1),(27,279,1),(28,279,1),(29,279,1),(30,279,1),(31,279,1),(32,279,1),(33,279,1),(34,279,1),(35,279,1),(36,279,1),(37,279,1),(38,279,1),(39,279,1),(40,279,1),(41,279,1),(9,280,1),(10,280,1),(11,280,1),(12,280,1),(13,280,1),(14,280,1),(15,280,1),(16,280,1),(17,280,1),(18,280,1),(19,280,1),(20,280,1),(21,280,1),(22,280,1),(24,280,1),(25,280,1),(26,280,1),(27,280,1),(28,280,1),(29,280,1),(30,280,1),(31,280,1),(32,280,1),(33,280,1),(34,280,1),(35,280,1),(36,280,1),(37,280,1),(38,280,1),(39,280,1),(40,280,1),(41,280,1),(9,281,1),(10,281,1),(11,281,1),(12,281,1),(13,281,1),(14,281,1),(15,281,1),(16,281,1),(17,281,1),(18,281,1),(19,281,1),(20,281,1),(21,281,1),(22,281,1),(24,281,1),(25,281,1),(26,281,1),(27,281,1),(28,281,1),(29,281,1),(30,281,1),(31,281,1),(32,281,1),(33,281,1),(34,281,1),(35,281,1),(36,281,1),(37,281,1),(38,281,1),(39,281,1),(40,281,1),(41,281,1),(9,282,2),(10,282,2),(11,282,2),(12,282,2),(13,282,2),(14,282,2),(15,282,2),(16,282,2),(17,282,2),(18,282,2),(19,282,2),(20,282,2),(21,282,2),(22,282,2),(24,282,2),(25,282,2),(26,282,2),(27,282,2),(28,282,2),(29,282,2),(30,282,2),(31,282,2),(32,282,2),(33,282,2),(34,282,2),(35,282,2),(36,282,2),(37,282,2),(38,282,2),(39,282,2),(40,282,2),(41,282,2),(9,283,1),(10,283,1),(11,283,1),(12,283,1),(13,283,1),(14,283,1),(15,283,1),(16,283,1),(17,283,1),(18,283,1),(19,283,1),(20,283,1),(21,283,1),(22,283,1),(24,283,1),(25,283,1),(26,283,1),(27,283,1),(28,283,1),(29,283,1),(30,283,1),(31,283,1),(32,283,1),(33,283,1),(34,283,1),(35,283,1),(36,283,1),(37,283,1),(38,283,1),(39,283,1),(40,283,1),(41,283,1),(9,284,5),(10,284,5),(11,284,5),(12,284,5),(13,284,5),(14,284,5),(15,284,5),(16,284,5),(17,284,5),(18,284,5),(19,284,5),(20,284,5),(21,284,5),(22,284,5),(24,284,5),(25,284,5),(26,284,5),(27,284,5),(28,284,5),(29,284,5),(30,284,5),(31,284,5),(32,284,5),(33,284,5),(34,284,5),(35,284,5),(36,284,5),(37,284,5),(38,284,5),(39,284,5),(40,284,5),(41,284,5),(9,285,2),(10,285,2),(11,285,2),(12,285,2),(13,285,2),(14,285,2),(15,285,2),(16,285,2),(17,285,2),(18,285,2),(19,285,2),(20,285,2),(21,285,2),(22,285,2),(24,285,2),(25,285,2),(26,285,2),(27,285,2),(28,285,2),(29,285,2),(30,285,2),(31,285,2),(32,285,2),(33,285,2),(34,285,2),(35,285,2),(36,285,2),(37,285,2),(38,285,2),(39,285,2),(40,285,2),(41,285,2),(9,286,1),(10,286,1),(11,286,1),(12,286,1),(13,286,1),(14,286,1),(15,286,1),(16,286,1),(17,286,1),(18,286,1),(19,286,1),(20,286,1),(21,286,1),(22,286,1),(24,286,1),(25,286,1),(26,286,1),(27,286,1),(28,286,1),(29,286,1),(30,286,1),(31,286,1),(32,286,1),(33,286,1),(34,286,1),(35,286,1),(36,286,1),(37,286,1),(38,286,1),(39,286,1),(40,286,1),(41,286,1),(9,287,1),(10,287,1),(11,287,1),(12,287,1),(13,287,1),(14,287,1),(15,287,1),(16,287,1),(17,287,1),(18,287,1),(19,287,1),(20,287,1),(21,287,1),(22,287,1),(24,287,1),(25,287,1),(26,287,1),(27,287,1),(28,287,1),(29,287,1),(30,287,1),(31,287,1),(32,287,1),(33,287,1),(34,287,1),(35,287,1),(36,287,1),(37,287,1),(38,287,1),(39,287,1),(40,287,1),(41,287,1),(9,288,1),(10,288,1),(11,288,1),(12,288,1),(13,288,1),(14,288,1),(15,288,1),(16,288,1),(17,288,1),(18,288,1),(19,288,1),(20,288,1),(21,288,1),(22,288,1),(24,288,1),(25,288,1),(26,288,1),(27,288,1),(28,288,1),(29,288,1),(30,288,1),(31,288,1),(32,288,1),(33,288,1),(34,288,1),(35,288,1),(36,288,1),(37,288,1),(38,288,1),(39,288,1),(40,288,1),(41,288,1),(9,289,1),(10,289,1),(11,289,1),(12,289,1),(13,289,1),(14,289,1),(15,289,1),(16,289,1),(17,289,1),(18,289,1),(19,289,1),(20,289,1),(21,289,1),(22,289,1),(24,289,1),(25,289,1),(26,289,1),(27,289,1),(28,289,1),(29,289,1),(30,289,1),(31,289,1),(32,289,1),(33,289,1),(34,289,1),(35,289,1),(36,289,1),(37,289,1),(38,289,1),(39,289,1),(40,289,1),(41,289,1),(9,290,1),(10,290,1),(11,290,1),(12,290,1),(13,290,1),(14,290,1),(15,290,1),(16,290,1),(17,290,1),(18,290,1),(19,290,1),(20,290,1),(21,290,1),(22,290,1),(24,290,1),(25,290,1),(26,290,1),(27,290,1),(28,290,1),(29,290,1),(30,290,1),(31,290,1),(32,290,1),(33,290,1),(34,290,1),(35,290,1),(36,290,1),(37,290,1),(38,290,1),(39,290,1),(40,290,1),(41,290,1),(9,291,2),(10,291,2),(11,291,2),(12,291,2),(13,291,2),(14,291,2),(15,291,2),(16,291,2),(17,291,2),(18,291,2),(19,291,2),(20,291,2),(21,291,2),(22,291,2),(24,291,2),(25,291,2),(26,291,2),(27,291,2),(28,291,2),(29,291,2),(30,291,2),(31,291,2),(32,291,2),(33,291,2),(34,291,2),(35,291,2),(36,291,2),(37,291,2),(38,291,2),(39,291,2),(40,291,2),(41,291,2),(9,292,1),(10,292,1),(11,292,1),(12,292,1),(13,292,1),(14,292,1),(15,292,1),(16,292,1),(17,292,1),(18,292,1),(19,292,1),(20,292,1),(21,292,1),(22,292,1),(24,292,1),(25,292,1),(26,292,1),(27,292,1),(28,292,1),(29,292,1),(30,292,1),(31,292,1),(32,292,1),(33,292,1),(34,292,1),(35,292,1),(36,292,1),(37,292,1),(38,292,1),(39,292,1),(40,292,1),(41,292,1),(9,293,4),(10,293,4),(11,293,4),(12,293,4),(13,293,4),(14,293,4),(15,293,4),(16,293,4),(17,293,4),(18,293,4),(19,293,4),(20,293,4),(21,293,4),(22,293,4),(24,293,4),(25,293,4),(26,293,4),(27,293,4),(28,293,4),(29,293,4),(30,293,4),(31,293,4),(32,293,4),(33,293,4),(34,293,4),(35,293,4),(36,293,4),(37,293,4),(38,293,4),(39,293,4),(40,293,4),(41,293,4),(9,294,1),(10,294,1),(11,294,1),(12,294,1),(13,294,1),(14,294,1),(15,294,1),(16,294,1),(17,294,1),(18,294,1),(19,294,1),(20,294,1),(21,294,1),(22,294,1),(24,294,1),(25,294,1),(26,294,1),(27,294,1),(28,294,1),(29,294,1),(30,294,1),(31,294,1),(32,294,1),(33,294,1),(34,294,1),(35,294,1),(36,294,1),(37,294,1),(38,294,1),(39,294,1),(40,294,1),(41,294,1),(9,295,1),(10,295,1),(11,295,1),(12,295,1),(13,295,1),(14,295,1),(15,295,1),(16,295,1),(17,295,1),(18,295,1),(19,295,1),(20,295,1),(21,295,1),(22,295,1),(24,295,1),(25,295,1),(26,295,1),(27,295,1),(28,295,1),(29,295,1),(30,295,1),(31,295,1),(32,295,1),(33,295,1),(34,295,1),(35,295,1),(36,295,1),(37,295,1),(38,295,1),(39,295,1),(40,295,1),(41,295,1),(9,296,1),(10,296,1),(11,296,1),(12,296,1),(13,296,1),(14,296,1),(15,296,1),(16,296,1),(17,296,1),(18,296,1),(19,296,1),(20,296,1),(21,296,1),(22,296,1),(24,296,1),(25,296,1),(26,296,1),(27,296,1),(28,296,1),(29,296,1),(30,296,1),(31,296,1),(32,296,1),(33,296,1),(34,296,1),(35,296,1),(36,296,1),(37,296,1),(38,296,1),(39,296,1),(40,296,1),(41,296,1),(9,297,1),(10,297,1),(11,297,1),(12,297,1),(13,297,1),(14,297,1),(15,297,1),(16,297,1),(17,297,1),(18,297,1),(19,297,1),(20,297,1),(21,297,1),(22,297,1),(24,297,1),(25,297,1),(26,297,1),(27,297,1),(28,297,1),(29,297,1),(30,297,1),(31,297,1),(32,297,1),(33,297,1),(34,297,1),(35,297,1),(36,297,1),(37,297,1),(38,297,1),(39,297,1),(40,297,1),(41,297,1),(9,298,1),(10,298,1),(11,298,1),(12,298,1),(13,298,1),(14,298,1),(15,298,1),(16,298,1),(17,298,1),(18,298,1),(19,298,1),(20,298,1),(21,298,1),(22,298,1),(24,298,1),(25,298,1),(26,298,1),(27,298,1),(28,298,1),(29,298,1),(30,298,1),(31,298,1),(32,298,1),(33,298,1),(34,298,1),(35,298,1),(36,298,1),(37,298,1),(38,298,1),(39,298,1),(40,298,1),(41,298,1),(9,299,1),(10,299,1),(11,299,1),(12,299,1),(13,299,1),(14,299,1),(15,299,1),(16,299,1),(17,299,1),(18,299,1),(19,299,1),(20,299,1),(21,299,1),(22,299,1),(24,299,1),(25,299,1),(26,299,1),(27,299,1),(28,299,1),(29,299,1),(30,299,1),(31,299,1),(32,299,1),(33,299,1),(34,299,1),(35,299,1),(36,299,1),(37,299,1),(38,299,1),(39,299,1),(40,299,1),(41,299,1),(9,300,1),(10,300,1),(11,300,1),(12,300,1),(13,300,1),(14,300,1),(15,300,1),(16,300,1),(17,300,1),(18,300,1),(19,300,1),(20,300,1),(21,300,1),(22,300,1),(24,300,1),(25,300,1),(26,300,1),(27,300,1),(28,300,1),(29,300,1),(30,300,1),(31,300,1),(32,300,1),(33,300,1),(34,300,1),(35,300,1),(36,300,1),(37,300,1),(38,300,1),(39,300,1),(40,300,1),(41,300,1),(9,301,1),(10,301,1),(11,301,1),(12,301,1),(13,301,1),(14,301,1),(15,301,1),(16,301,1),(17,301,1),(18,301,1),(19,301,1),(20,301,1),(21,301,1),(22,301,1),(24,301,1),(25,301,1),(26,301,1),(27,301,1),(28,301,1),(29,301,1),(30,301,1),(31,301,1),(32,301,1),(33,301,1),(34,301,1),(35,301,1),(36,301,1),(37,301,1),(38,301,1),(39,301,1),(40,301,1),(41,301,1),(9,302,1),(10,302,1),(11,302,1),(12,302,1),(13,302,1),(14,302,1),(15,302,1),(16,302,1),(17,302,1),(18,302,1),(19,302,1),(20,302,1),(21,302,1),(22,302,1),(24,302,1),(25,302,1),(26,302,1),(27,302,1),(28,302,1),(29,302,1),(30,302,1),(31,302,1),(32,302,1),(33,302,1),(34,302,1),(35,302,1),(36,302,1),(37,302,1),(38,302,1),(39,302,1),(40,302,1),(41,302,1),(9,303,2),(10,303,2),(11,303,2),(12,303,2),(13,303,2),(14,303,2),(15,303,2),(16,303,2),(17,303,2),(18,303,2),(19,303,2),(20,303,2),(21,303,2),(22,303,2),(24,303,2),(25,303,2),(26,303,2),(27,303,2),(28,303,2),(29,303,2),(30,303,2),(31,303,2),(32,303,2),(33,303,2),(34,303,2),(35,303,2),(36,303,2),(37,303,2),(38,303,2),(39,303,2),(40,303,2),(41,303,2),(9,304,1),(10,304,1),(11,304,1),(12,304,1),(13,304,1),(14,304,1),(15,304,1),(16,304,1),(17,304,1),(18,304,1),(19,304,1),(20,304,1),(21,304,1),(22,304,1),(24,304,1),(25,304,1),(26,304,1),(27,304,1),(28,304,1),(29,304,1),(30,304,1),(31,304,1),(32,304,1),(33,304,1),(34,304,1),(35,304,1),(36,304,1),(37,304,1),(38,304,1),(39,304,1),(40,304,1),(41,304,1),(9,305,1),(10,305,1),(11,305,1),(12,305,1),(13,305,1),(14,305,1),(15,305,1),(16,305,1),(17,305,1),(18,305,1),(19,305,1),(20,305,1),(21,305,1),(22,305,1),(24,305,1),(25,305,1),(26,305,1),(27,305,1),(28,305,1),(29,305,1),(30,305,1),(31,305,1),(32,305,1),(33,305,1),(34,305,1),(35,305,1),(36,305,1),(37,305,1),(38,305,1),(39,305,1),(40,305,1),(41,305,1),(9,306,1),(10,306,1),(11,306,1),(12,306,1),(13,306,1),(14,306,1),(15,306,1),(16,306,1),(17,306,1),(18,306,1),(19,306,1),(20,306,1),(21,306,1),(22,306,1),(24,306,1),(25,306,1),(26,306,1),(27,306,1),(28,306,1),(29,306,1),(30,306,1),(31,306,1),(32,306,1),(33,306,1),(34,306,1),(35,306,1),(36,306,1),(37,306,1),(38,306,1),(39,306,1),(40,306,1),(41,306,1),(9,307,1),(10,307,1),(11,307,1),(12,307,1),(13,307,1),(14,307,1),(15,307,1),(16,307,1),(17,307,1),(18,307,1),(19,307,1),(20,307,1),(21,307,1),(22,307,1),(24,307,1),(25,307,1),(26,307,1),(27,307,1),(28,307,1),(29,307,1),(30,307,1),(31,307,1),(32,307,1),(33,307,1),(34,307,1),(35,307,1),(36,307,1),(37,307,1),(38,307,1),(39,307,1),(40,307,1),(41,307,1),(9,308,1),(10,308,1),(11,308,1),(12,308,1),(13,308,1),(14,308,1),(15,308,1),(16,308,1),(17,308,1),(18,308,1),(19,308,1),(20,308,1),(21,308,1),(22,308,1),(24,308,1),(25,308,1),(26,308,1),(27,308,1),(28,308,1),(29,308,1),(30,308,1),(31,308,1),(32,308,1),(33,308,1),(34,308,1),(35,308,1),(36,308,1),(37,308,1),(38,308,1),(39,308,1),(40,308,1),(41,308,1),(9,309,1),(10,309,1),(11,309,1),(12,309,1),(13,309,1),(14,309,1),(15,309,1),(16,309,1),(17,309,1),(18,309,1),(19,309,1),(20,309,1),(21,309,1),(22,309,1),(24,309,1),(25,309,1),(26,309,1),(27,309,1),(28,309,1),(29,309,1),(30,309,1),(31,309,1),(32,309,1),(33,309,1),(34,309,1),(35,309,1),(36,309,1),(37,309,1),(38,309,1),(39,309,1),(40,309,1),(41,309,1),(9,310,1),(10,310,1),(11,310,1),(12,310,1),(13,310,1),(14,310,1),(15,310,1),(16,310,1),(17,310,1),(18,310,1),(19,310,1),(20,310,1),(21,310,1),(22,310,1),(24,310,1),(25,310,1),(26,310,1),(27,310,1),(28,310,1),(29,310,1),(30,310,1),(31,310,1),(32,310,1),(33,310,1),(34,310,1),(35,310,1),(36,310,1),(37,310,1),(38,310,1),(39,310,1),(40,310,1),(41,310,1),(9,311,1),(10,311,1),(11,311,1),(12,311,1),(13,311,1),(14,311,1),(15,311,1),(16,311,1),(17,311,1),(18,311,1),(19,311,1),(20,311,1),(21,311,1),(22,311,1),(24,311,1),(25,311,1),(26,311,1),(27,311,1),(28,311,1),(29,311,1),(30,311,1),(31,311,1),(32,311,1),(33,311,1),(34,311,1),(35,311,1),(36,311,1),(37,311,1),(38,311,1),(39,311,1),(40,311,1),(41,311,1),(9,312,1),(10,312,1),(11,312,1),(12,312,1),(13,312,1),(14,312,1),(15,312,1),(16,312,1),(17,312,1),(18,312,1),(19,312,1),(20,312,1),(21,312,1),(22,312,1),(24,312,1),(25,312,1),(26,312,1),(27,312,1),(28,312,1),(29,312,1),(30,312,1),(31,312,1),(32,312,1),(33,312,1),(34,312,1),(35,312,1),(36,312,1),(37,312,1),(38,312,1),(39,312,1),(40,312,1),(41,312,1),(9,313,1),(10,313,1),(11,313,1),(12,313,1),(13,313,1),(14,313,1),(15,313,1),(16,313,1),(17,313,1),(18,313,1),(19,313,1),(20,313,1),(21,313,1),(22,313,1),(24,313,1),(25,313,1),(26,313,1),(27,313,1),(28,313,1),(29,313,1),(30,313,1),(31,313,1),(32,313,1),(33,313,1),(34,313,1),(35,313,1),(36,313,1),(37,313,1),(38,313,1),(39,313,1),(40,313,1),(41,313,1),(9,314,1),(10,314,1),(11,314,1),(12,314,1),(13,314,1),(14,314,1),(15,314,1),(16,314,1),(17,314,1),(18,314,1),(19,314,1),(20,314,1),(21,314,1),(22,314,1),(24,314,1),(25,314,1),(26,314,1),(27,314,1),(28,314,1),(29,314,1),(30,314,1),(31,314,1),(32,314,1),(33,314,1),(34,314,1),(35,314,1),(36,314,1),(37,314,1),(38,314,1),(39,314,1),(40,314,1),(41,314,1),(9,315,1),(10,315,1),(11,315,1),(12,315,1),(13,315,1),(14,315,1),(15,315,1),(16,315,1),(17,315,1),(18,315,1),(19,315,1),(20,315,1),(21,315,1),(22,315,1),(24,315,1),(25,315,1),(26,315,1),(27,315,1),(28,315,1),(29,315,1),(30,315,1),(31,315,1),(32,315,1),(33,315,1),(34,315,1),(35,315,1),(36,315,1),(37,315,1),(38,315,1),(39,315,1),(40,315,1),(41,315,1),(9,316,1),(10,316,1),(11,316,1),(12,316,1),(13,316,1),(14,316,1),(15,316,1),(16,316,1),(17,316,1),(18,316,1),(19,316,1),(20,316,1),(21,316,1),(22,316,1),(24,316,1),(25,316,1),(26,316,1),(27,316,1),(28,316,1),(29,316,1),(30,316,1),(31,316,1),(32,316,1),(33,316,1),(34,316,1),(35,316,1),(36,316,1),(37,316,1),(38,316,1),(39,316,1),(40,316,1),(41,316,1),(9,317,1),(10,317,1),(11,317,1),(12,317,1),(13,317,1),(14,317,1),(15,317,1),(16,317,1),(17,317,1),(18,317,1),(19,317,1),(20,317,1),(21,317,1),(22,317,1),(24,317,1),(25,317,1),(26,317,1),(27,317,1),(28,317,1),(29,317,1),(30,317,1),(31,317,1),(32,317,1),(33,317,1),(34,317,1),(35,317,1),(36,317,1),(37,317,1),(38,317,1),(39,317,1),(40,317,1),(41,317,1),(9,318,1),(10,318,1),(11,318,1),(12,318,1),(13,318,1),(14,318,1),(15,318,1),(16,318,1),(17,318,1),(18,318,1),(19,318,1),(20,318,1),(21,318,1),(22,318,1),(24,318,1),(25,318,1),(26,318,1),(27,318,1),(28,318,1),(29,318,1),(30,318,1),(31,318,1),(32,318,1),(33,318,1),(34,318,1),(35,318,1),(36,318,1),(37,318,1),(38,318,1),(39,318,1),(40,318,1),(41,318,1),(9,319,1),(10,319,1),(11,319,1),(12,319,1),(13,319,1),(14,319,1),(15,319,1),(16,319,1),(17,319,1),(18,319,1),(19,319,1),(20,319,1),(21,319,1),(22,319,1),(24,319,1),(25,319,1),(26,319,1),(27,319,1),(28,319,1),(29,319,1),(30,319,1),(31,319,1),(32,319,1),(33,319,1),(34,319,1),(35,319,1),(36,319,1),(37,319,1),(38,319,1),(39,319,1),(40,319,1),(41,319,1),(9,320,1),(10,320,1),(11,320,1),(12,320,1),(13,320,1),(14,320,1),(15,320,1),(16,320,1),(17,320,1),(18,320,1),(19,320,1),(20,320,1),(21,320,1),(22,320,1),(24,320,1),(25,320,1),(26,320,1),(27,320,1),(28,320,1),(29,320,1),(30,320,1),(31,320,1),(32,320,1),(33,320,1),(34,320,1),(35,320,1),(36,320,1),(37,320,1),(38,320,1),(39,320,1),(40,320,1),(41,320,1),(9,321,1),(10,321,1),(11,321,1),(12,321,1),(13,321,1),(14,321,1),(15,321,1),(16,321,1),(17,321,1),(18,321,1),(19,321,1),(20,321,1),(21,321,1),(22,321,1),(24,321,1),(25,321,1),(26,321,1),(27,321,1),(28,321,1),(29,321,1),(30,321,1),(31,321,1),(32,321,1),(33,321,1),(34,321,1),(35,321,1),(36,321,1),(37,321,1),(38,321,1),(39,321,1),(40,321,1),(41,321,1),(9,322,1),(10,322,1),(11,322,1),(12,322,1),(13,322,1),(14,322,1),(15,322,1),(16,322,1),(17,322,1),(18,322,1),(19,322,1),(20,322,1),(21,322,1),(22,322,1),(24,322,1),(25,322,1),(26,322,1),(27,322,1),(28,322,1),(29,322,1),(30,322,1),(31,322,1),(32,322,1),(33,322,1),(34,322,1),(35,322,1),(36,322,1),(37,322,1),(38,322,1),(39,322,1),(40,322,1),(41,322,1),(9,323,1),(10,323,1),(11,323,1),(12,323,1),(13,323,1),(14,323,1),(15,323,1),(16,323,1),(17,323,1),(18,323,1),(19,323,1),(20,323,1),(21,323,1),(22,323,1),(24,323,1),(25,323,1),(26,323,1),(27,323,1),(28,323,1),(29,323,1),(30,323,1),(31,323,1),(32,323,1),(33,323,1),(34,323,1),(35,323,1),(36,323,1),(37,323,1),(38,323,1),(39,323,1),(40,323,1),(41,323,1),(9,324,1),(10,324,1),(11,324,1),(12,324,1),(13,324,1),(14,324,1),(15,324,1),(16,324,1),(17,324,1),(18,324,1),(19,324,1),(20,324,1),(21,324,1),(22,324,1),(24,324,1),(25,324,1),(26,324,1),(27,324,1),(28,324,1),(29,324,1),(30,324,1),(31,324,1),(32,324,1),(33,324,1),(34,324,1),(35,324,1),(36,324,1),(37,324,1),(38,324,1),(39,324,1),(40,324,1),(41,324,1),(9,325,1),(10,325,1),(11,325,1),(12,325,1),(13,325,1),(14,325,1),(15,325,1),(16,325,1),(17,325,1),(18,325,1),(19,325,1),(20,325,1),(21,325,1),(22,325,1),(24,325,1),(25,325,1),(26,325,1),(27,325,1),(28,325,1),(29,325,1),(30,325,1),(31,325,1),(32,325,1),(33,325,1),(34,325,1),(35,325,1),(36,325,1),(37,325,1),(38,325,1),(39,325,1),(40,325,1),(41,325,1),(9,326,1),(10,326,1),(11,326,1),(12,326,1),(13,326,1),(14,326,1),(15,326,1),(16,326,1),(17,326,1),(18,326,1),(19,326,1),(20,326,1),(21,326,1),(22,326,1),(24,326,1),(25,326,1),(26,326,1),(27,326,1),(28,326,1),(29,326,1),(30,326,1),(31,326,1),(32,326,1),(33,326,1),(34,326,1),(35,326,1),(36,326,1),(37,326,1),(38,326,1),(39,326,1),(40,326,1),(41,326,1),(9,327,1),(10,327,1),(11,327,1),(12,327,1),(13,327,1),(14,327,1),(15,327,1),(16,327,1),(17,327,1),(18,327,1),(19,327,1),(20,327,1),(21,327,1),(22,327,1),(24,327,1),(25,327,1),(26,327,1),(27,327,1),(28,327,1),(29,327,1),(30,327,1),(31,327,1),(32,327,1),(33,327,1),(34,327,1),(35,327,1),(36,327,1),(37,327,1),(38,327,1),(39,327,1),(40,327,1),(41,327,1),(9,328,1),(10,328,1),(11,328,1),(12,328,1),(13,328,1),(14,328,1),(15,328,1),(16,328,1),(17,328,1),(18,328,1),(19,328,1),(20,328,1),(21,328,1),(22,328,1),(24,328,1),(25,328,1),(26,328,1),(27,328,1),(28,328,1),(29,328,1),(30,328,1),(31,328,1),(32,328,1),(33,328,1),(34,328,1),(35,328,1),(36,328,1),(37,328,1),(38,328,1),(39,328,1),(40,328,1),(41,328,1),(9,329,1),(10,329,1),(11,329,1),(12,329,1),(13,329,1),(14,329,1),(15,329,1),(16,329,1),(17,329,1),(18,329,1),(19,329,1),(20,329,1),(21,329,1),(22,329,1),(24,329,1),(25,329,1),(26,329,1),(27,329,1),(28,329,1),(29,329,1),(30,329,1),(31,329,1),(32,329,1),(33,329,1),(34,329,1),(35,329,1),(36,329,1),(37,329,1),(38,329,1),(39,329,1),(40,329,1),(41,329,1),(9,330,1),(10,330,1),(11,330,1),(12,330,1),(13,330,1),(14,330,1),(15,330,1),(16,330,1),(17,330,1),(18,330,1),(19,330,1),(20,330,1),(21,330,1),(22,330,1),(24,330,1),(25,330,1),(26,330,1),(27,330,1),(28,330,1),(29,330,1),(30,330,1),(31,330,1),(32,330,1),(33,330,1),(34,330,1),(35,330,1),(36,330,1),(37,330,1),(38,330,1),(39,330,1),(40,330,1),(41,330,1),(9,331,1),(10,331,1),(11,331,1),(12,331,1),(13,331,1),(14,331,1),(15,331,1),(16,331,1),(17,331,1),(18,331,1),(19,331,1),(20,331,1),(21,331,1),(22,331,1),(24,331,1),(25,331,1),(26,331,1),(27,331,1),(28,331,1),(29,331,1),(30,331,1),(31,331,1),(32,331,1),(33,331,1),(34,331,1),(35,331,1),(36,331,1),(37,331,1),(38,331,1),(39,331,1),(40,331,1),(41,331,1),(9,332,1),(10,332,1),(11,332,1),(12,332,1),(13,332,1),(14,332,1),(15,332,1),(16,332,1),(17,332,1),(18,332,1),(19,332,1),(20,332,1),(21,332,1),(22,332,1),(24,332,1),(25,332,1),(26,332,1),(27,332,1),(28,332,1),(29,332,1),(30,332,1),(31,332,1),(32,332,1),(33,332,1),(34,332,1),(35,332,1),(36,332,1),(37,332,1),(38,332,1),(39,332,1),(40,332,1),(41,332,1),(9,333,1),(10,333,1),(11,333,1),(12,333,1),(13,333,1),(14,333,1),(15,333,1),(16,333,1),(17,333,1),(18,333,1),(19,333,1),(20,333,1),(21,333,1),(22,333,1),(24,333,1),(25,333,1),(26,333,1),(27,333,1),(28,333,1),(29,333,1),(30,333,1),(31,333,1),(32,333,1),(33,333,1),(34,333,1),(35,333,1),(36,333,1),(37,333,1),(38,333,1),(39,333,1),(40,333,1),(41,333,1),(9,334,1),(10,334,1),(11,334,1),(12,334,1),(13,334,1),(14,334,1),(15,334,1),(16,334,1),(17,334,1),(18,334,1),(19,334,1),(20,334,1),(21,334,1),(22,334,1),(24,334,1),(25,334,1),(26,334,1),(27,334,1),(28,334,1),(29,334,1),(30,334,1),(31,334,1),(32,334,1),(33,334,1),(34,334,1),(35,334,1),(36,334,1),(37,334,1),(38,334,1),(39,334,1),(40,334,1),(41,334,1),(9,335,1),(10,335,1),(11,335,1),(12,335,1),(13,335,1),(14,335,1),(15,335,1),(16,335,1),(17,335,1),(18,335,1),(19,335,1),(20,335,1),(21,335,1),(22,335,1),(24,335,1),(25,335,1),(26,335,1),(27,335,1),(28,335,1),(29,335,1),(30,335,1),(31,335,1),(32,335,1),(33,335,1),(34,335,1),(35,335,1),(36,335,1),(37,335,1),(38,335,1),(39,335,1),(40,335,1),(41,335,1),(9,336,1),(10,336,1),(11,336,1),(12,336,1),(13,336,1),(14,336,1),(15,336,1),(16,336,1),(17,336,1),(18,336,1),(19,336,1),(20,336,1),(21,336,1),(22,336,1),(24,336,1),(25,336,1),(26,336,1),(27,336,1),(28,336,1),(29,336,1),(30,336,1),(31,336,1),(32,336,1),(33,336,1),(34,336,1),(35,336,1),(36,336,1),(37,336,1),(38,336,1),(39,336,1),(40,336,1),(41,336,1),(9,337,1),(10,337,1),(11,337,1),(12,337,1),(13,337,1),(14,337,1),(15,337,1),(16,337,1),(17,337,1),(18,337,1),(19,337,1),(20,337,1),(21,337,1),(22,337,1),(24,337,1),(25,337,1),(26,337,1),(27,337,1),(28,337,1),(29,337,1),(30,337,1),(31,337,1),(32,337,1),(33,337,1),(34,337,1),(35,337,1),(36,337,1),(37,337,1),(38,337,1),(39,337,1),(40,337,1),(41,337,1),(9,338,1),(10,338,1),(11,338,1),(12,338,1),(13,338,1),(14,338,1),(15,338,1),(16,338,1),(17,338,1),(18,338,1),(19,338,1),(20,338,1),(21,338,1),(22,338,1),(24,338,1),(25,338,1),(26,338,1),(27,338,1),(28,338,1),(29,338,1),(30,338,1),(31,338,1),(32,338,1),(33,338,1),(34,338,1),(35,338,1),(36,338,1),(37,338,1),(38,338,1),(39,338,1),(40,338,1),(41,338,1),(9,339,1),(10,339,1),(11,339,1),(12,339,1),(13,339,1),(14,339,1),(15,339,1),(16,339,1),(17,339,1),(18,339,1),(19,339,1),(20,339,1),(21,339,1),(22,339,1),(24,339,1),(25,339,1),(26,339,1),(27,339,1),(28,339,1),(29,339,1),(30,339,1),(31,339,1),(32,339,1),(33,339,1),(34,339,1),(35,339,1),(36,339,1),(37,339,1),(38,339,1),(39,339,1),(40,339,1),(41,339,1),(9,340,1),(10,340,1),(11,340,1),(12,340,1),(13,340,1),(14,340,1),(15,340,1),(16,340,1),(17,340,1),(18,340,1),(19,340,1),(20,340,1),(21,340,1),(22,340,1),(24,340,1),(25,340,1),(26,340,1),(27,340,1),(28,340,1),(29,340,1),(30,340,1),(31,340,1),(32,340,1),(33,340,1),(34,340,1),(35,340,1),(36,340,1),(37,340,1),(38,340,1),(39,340,1),(40,340,1),(41,340,1),(9,341,1),(10,341,1),(11,341,1),(12,341,1),(13,341,1),(14,341,1),(15,341,1),(16,341,1),(17,341,1),(18,341,1),(19,341,1),(20,341,1),(21,341,1),(22,341,1),(24,341,1),(25,341,1),(26,341,1),(27,341,1),(28,341,1),(29,341,1),(30,341,1),(31,341,1),(32,341,1),(33,341,1),(34,341,1),(35,341,1),(36,341,1),(37,341,1),(38,341,1),(39,341,1),(40,341,1),(41,341,1),(9,342,1),(10,342,1),(11,342,1),(12,342,1),(13,342,1),(14,342,1),(15,342,1),(16,342,1),(17,342,1),(18,342,1),(19,342,1),(20,342,1),(21,342,1),(22,342,1),(24,342,1),(25,342,1),(26,342,1),(27,342,1),(28,342,1),(29,342,1),(30,342,1),(31,342,1),(32,342,1),(33,342,1),(34,342,1),(35,342,1),(36,342,1),(37,342,1),(38,342,1),(39,342,1),(40,342,1),(41,342,1),(9,343,3),(10,343,3),(11,343,3),(12,343,3),(13,343,3),(14,343,3),(15,343,3),(16,343,3),(17,343,3),(18,343,3),(19,343,3),(20,343,3),(21,343,3),(22,343,3),(24,343,3),(25,343,3),(26,343,3),(27,343,3),(28,343,3),(29,343,3),(30,343,3),(31,343,3),(32,343,3),(33,343,3),(34,343,3),(35,343,3),(36,343,3),(37,343,3),(38,343,3),(39,343,3),(40,343,3),(41,343,3),(9,344,3),(10,344,3),(11,344,3),(12,344,3),(13,344,3),(14,344,3),(15,344,3),(16,344,3),(17,344,3),(18,344,3),(19,344,3),(20,344,3),(21,344,3),(22,344,3),(24,344,3),(25,344,3),(26,344,3),(27,344,3),(28,344,3),(29,344,3),(30,344,3),(31,344,3),(32,344,3),(33,344,3),(34,344,3),(35,344,3),(36,344,3),(37,344,3),(38,344,3),(39,344,3),(40,344,3),(41,344,3),(13,345,2),(14,345,2),(15,345,2),(16,345,2),(17,345,2),(18,345,2),(19,345,2),(20,345,2),(21,345,2),(22,345,2),(13,346,2),(14,346,2),(15,346,2),(16,346,2),(17,346,2),(18,346,2),(19,346,2),(20,346,2),(21,346,2),(22,346,2),(9,347,7),(10,347,7),(11,347,7),(12,347,7),(13,347,7),(14,347,7),(15,347,7),(16,347,7),(17,347,7),(18,347,7),(19,347,7),(20,347,7),(21,347,7),(22,347,7),(24,347,7),(25,347,7),(26,347,7),(27,347,7),(28,347,7),(29,347,7),(30,347,7),(31,347,7),(32,347,7),(33,347,7),(34,347,7),(35,347,7),(36,347,7),(37,347,7),(38,347,7),(39,347,7),(40,347,7),(41,347,7),(9,348,7),(10,348,7),(11,348,7),(12,348,7),(13,348,9),(14,348,9),(15,348,9),(16,348,9),(17,348,9),(18,348,9),(19,348,9),(20,348,9),(21,348,9),(22,348,9),(24,348,7),(25,348,7),(26,348,7),(27,348,7),(28,348,7),(29,348,7),(30,348,7),(31,348,7),(32,348,7),(33,348,7),(34,348,7),(35,348,7),(36,348,7),(37,348,7),(38,348,7),(39,348,7),(40,348,7),(41,348,7),(9,349,7),(10,349,7),(11,349,7),(12,349,7),(13,349,9),(14,349,9),(15,349,9),(16,349,9),(17,349,9),(18,349,9),(19,349,9),(20,349,9),(21,349,9),(22,349,9),(24,349,7),(25,349,7),(26,349,7),(27,349,7),(28,349,7),(29,349,7),(30,349,7),(31,349,7),(32,349,7),(33,349,7),(34,349,7),(35,349,7),(36,349,7),(37,349,7),(38,349,7),(39,349,7),(40,349,7),(41,349,7),(9,350,6),(10,350,6),(11,350,6),(12,350,6),(13,350,6),(14,350,6),(15,350,6),(16,350,6),(17,350,6),(18,350,6),(19,350,6),(20,350,6),(21,350,6),(22,350,6),(24,350,6),(25,350,6),(26,350,6),(27,350,6),(28,350,6),(29,350,6),(30,350,6),(31,350,6),(32,350,6),(33,350,6),(34,350,6),(35,350,6),(36,350,6),(37,350,6),(38,350,6),(39,350,6),(40,350,6),(41,350,6),(9,351,10),(11,351,10),(9,352,1),(10,352,1),(11,352,1),(12,352,1),(13,352,1),(14,352,1),(15,352,1),(16,352,1),(17,352,1),(18,352,1),(19,352,1),(20,352,1),(21,352,1),(22,352,1),(24,352,1),(25,352,1),(26,352,1),(27,352,1),(28,352,1),(29,352,1),(30,352,1),(31,352,1),(32,352,1),(33,352,1),(34,352,1),(35,352,1),(36,352,1),(37,352,1),(38,352,1),(39,352,1),(40,352,1),(41,352,1),(9,353,4),(10,353,4),(11,353,4),(12,353,4),(13,353,4),(14,353,4),(15,353,4),(16,353,4),(17,353,4),(18,353,4),(19,353,4),(20,353,4),(21,353,4),(22,353,4),(24,353,4),(25,353,4),(26,353,4),(27,353,4),(28,353,4),(29,353,4),(30,353,4),(31,353,4),(32,353,4),(33,353,4),(34,353,4),(35,353,4),(36,353,4),(37,353,4),(38,353,4),(39,353,4),(40,353,4),(41,353,4),(9,354,1),(10,354,1),(11,354,1),(12,354,1),(13,354,1),(14,354,1),(15,354,1),(16,354,1),(17,354,1),(18,354,1),(19,354,1),(20,354,1),(21,354,1),(22,354,1),(24,354,1),(25,354,1),(26,354,1),(27,354,1),(28,354,1),(29,354,1),(30,354,1),(31,354,1),(32,354,1),(33,354,1),(34,354,1),(35,354,1),(36,354,1),(37,354,1),(38,354,1),(39,354,1),(40,354,1),(41,354,1),(9,355,1),(10,355,1),(11,355,1),(12,355,1),(13,355,1),(14,355,1),(15,355,1),(16,355,1),(17,355,1),(18,355,1),(19,355,1),(20,355,1),(21,355,1),(22,355,1),(24,355,1),(25,355,1),(26,355,1),(27,355,1),(28,355,1),(29,355,1),(30,355,1),(31,355,1),(32,355,1),(33,355,1),(34,355,1),(35,355,1),(36,355,1),(37,355,1),(38,355,1),(39,355,1),(40,355,1),(41,355,1),(9,356,1),(10,356,1),(11,356,1),(12,356,1),(13,356,1),(14,356,1),(15,356,1),(16,356,1),(17,356,1),(18,356,1),(19,356,1),(20,356,1),(21,356,1),(22,356,1),(24,356,1),(25,356,1),(26,356,1),(27,356,1),(28,356,1),(29,356,1),(30,356,1),(31,356,1),(32,356,1),(33,356,1),(34,356,1),(35,356,1),(36,356,1),(37,356,1),(38,356,1),(39,356,1),(40,356,1),(41,356,1),(9,357,6),(10,357,6),(11,357,6),(12,357,6),(13,357,6),(14,357,6),(15,357,6),(16,357,6),(17,357,6),(18,357,6),(19,357,6),(20,357,6),(21,357,6),(22,357,6),(24,357,6),(25,357,6),(26,357,6),(27,357,6),(28,357,6),(29,357,6),(30,357,6),(31,357,6),(32,357,6),(33,357,6),(34,357,6),(35,357,6),(36,357,6),(37,357,6),(38,357,6),(39,357,6),(40,357,6),(41,357,6),(9,358,1),(10,358,1),(11,358,1),(12,358,1),(13,358,1),(14,358,1),(15,358,1),(16,358,1),(17,358,1),(18,358,1),(19,358,1),(20,358,1),(21,358,1),(22,358,1),(24,358,1),(25,358,1),(26,358,1),(27,358,1),(28,358,1),(29,358,1),(30,358,1),(31,358,1),(32,358,1),(33,358,1),(34,358,1),(35,358,1),(36,358,1),(37,358,1),(38,358,1),(39,358,1),(40,358,1),(41,358,1),(9,359,1),(10,359,1),(11,359,1),(12,359,1),(13,359,1),(14,359,1),(15,359,1),(16,359,1),(17,359,1),(18,359,1),(19,359,1),(20,359,1),(21,359,1),(22,359,1),(24,359,1),(25,359,1),(26,359,1),(27,359,1),(28,359,1),(29,359,1),(30,359,1),(31,359,1),(32,359,1),(33,359,1),(34,359,1),(35,359,1),(36,359,1),(37,359,1),(38,359,1),(39,359,1),(40,359,1),(41,359,1),(9,360,2),(10,360,2),(11,360,2),(12,360,2),(13,360,2),(14,360,2),(15,360,2),(16,360,2),(17,360,2),(18,360,2),(19,360,2),(20,360,2),(21,360,2),(22,360,2),(24,360,2),(25,360,2),(26,360,2),(27,360,2),(28,360,2),(29,360,2),(30,360,2),(31,360,2),(32,360,2),(33,360,2),(34,360,2),(35,360,2),(36,360,2),(37,360,2),(38,360,2),(39,360,2),(40,360,2),(41,360,2),(9,361,1),(10,361,1),(11,361,1),(12,361,1),(13,361,1),(14,361,1),(15,361,1),(16,361,1),(17,361,1),(18,361,1),(19,361,1),(20,361,1),(21,361,1),(22,361,1),(24,361,1),(25,361,1),(26,361,1),(27,361,1),(28,361,1),(29,361,1),(30,361,1),(31,361,1),(32,361,1),(33,361,1),(34,361,1),(35,361,1),(36,361,1),(37,361,1),(38,361,1),(39,361,1),(40,361,1),(41,361,1),(9,362,1),(10,362,1),(11,362,1),(12,362,1),(13,362,1),(14,362,1),(15,362,1),(16,362,1),(17,362,1),(18,362,1),(19,362,1),(20,362,1),(21,362,1),(22,362,1),(24,362,1),(25,362,1),(26,362,1),(27,362,1),(28,362,1),(29,362,1),(30,362,1),(31,362,1),(32,362,1),(33,362,1),(34,362,1),(35,362,1),(36,362,1),(37,362,1),(38,362,1),(39,362,1),(40,362,1),(41,362,1),(9,363,1),(10,363,1),(11,363,1),(12,363,1),(13,363,1),(14,363,1),(15,363,1),(16,363,1),(17,363,1),(18,363,1),(19,363,1),(20,363,1),(21,363,1),(22,363,1),(24,363,1),(25,363,1),(26,363,1),(27,363,1),(28,363,1),(29,363,1),(30,363,1),(31,363,1),(32,363,1),(33,363,1),(34,363,1),(35,363,1),(36,363,1),(37,363,1),(38,363,1),(39,363,1),(40,363,1),(41,363,1),(9,364,1),(10,364,1),(11,364,1),(12,364,1),(13,364,1),(14,364,1),(15,364,1),(16,364,1),(17,364,1),(18,364,1),(19,364,1),(20,364,1),(21,364,1),(22,364,1),(24,364,1),(25,364,1),(26,364,1),(27,364,1),(28,364,1),(29,364,1),(30,364,1),(31,364,1),(32,364,1),(33,364,1),(34,364,1),(35,364,1),(36,364,1),(37,364,1),(38,364,1),(39,364,1),(40,364,1),(41,364,1),(9,365,1),(10,365,1),(11,365,1),(12,365,1),(13,365,1),(14,365,1),(15,365,1),(16,365,1),(17,365,1),(18,365,1),(19,365,1),(20,365,1),(21,365,1),(22,365,1),(24,365,1),(25,365,1),(26,365,1),(27,365,1),(28,365,1),(29,365,1),(30,365,1),(31,365,1),(32,365,1),(33,365,1),(34,365,1),(35,365,1),(36,365,1),(37,365,1),(38,365,1),(39,365,1),(40,365,1),(41,365,1),(9,366,1),(10,366,1),(11,366,1),(12,366,1),(13,366,1),(14,366,1),(15,366,1),(16,366,1),(17,366,1),(18,366,1),(19,366,1),(20,366,1),(21,366,1),(22,366,1),(24,366,1),(25,366,1),(26,366,1),(27,366,1),(28,366,1),(29,366,1),(30,366,1),(31,366,1),(32,366,1),(33,366,1),(34,366,1),(35,366,1),(36,366,1),(37,366,1),(38,366,1),(39,366,1),(40,366,1),(41,366,1),(9,367,2),(10,367,2),(11,367,2),(12,367,2),(13,367,2),(14,367,2),(15,367,2),(16,367,2),(17,367,2),(18,367,2),(19,367,2),(20,367,2),(21,367,2),(22,367,2),(24,367,2),(25,367,2),(26,367,2),(27,367,2),(28,367,2),(29,367,2),(30,367,2),(31,367,2),(32,367,2),(33,367,2),(34,367,2),(35,367,2),(36,367,2),(37,367,2),(38,367,2),(39,367,2),(40,367,2),(41,367,2),(9,368,1),(10,368,1),(11,368,1),(12,368,1),(13,368,1),(14,368,1),(15,368,1),(16,368,1),(17,368,1),(18,368,1),(19,368,1),(20,368,1),(21,368,1),(22,368,1),(24,368,1),(25,368,1),(26,368,1),(27,368,1),(28,368,1),(29,368,1),(30,368,1),(31,368,1),(32,368,1),(33,368,1),(34,368,1),(35,368,1),(36,368,1),(37,368,1),(38,368,1),(39,368,1),(40,368,1),(41,368,1),(9,369,5),(10,369,5),(11,369,5),(12,369,5),(13,369,5),(14,369,5),(15,369,5),(16,369,5),(17,369,5),(18,369,5),(19,369,5),(20,369,5),(21,369,5),(22,369,5),(24,369,5),(25,369,5),(26,369,5),(27,369,5),(28,369,5),(29,369,5),(30,369,5),(31,369,5),(32,369,5),(33,369,5),(34,369,5),(35,369,5),(36,369,5),(37,369,5),(38,369,5),(39,369,5),(40,369,5),(41,369,5),(9,370,2),(10,370,2),(11,370,2),(12,370,2),(13,370,2),(14,370,2),(15,370,2),(16,370,2),(17,370,2),(18,370,2),(19,370,2),(20,370,2),(21,370,2),(22,370,2),(24,370,2),(25,370,2),(26,370,2),(27,370,2),(28,370,2),(29,370,2),(30,370,2),(31,370,2),(32,370,2),(33,370,2),(34,370,2),(35,370,2),(36,370,2),(37,370,2),(38,370,2),(39,370,2),(40,370,2),(41,370,2),(9,371,1),(10,371,1),(11,371,1),(12,371,1),(13,371,1),(14,371,1),(15,371,1),(16,371,1),(17,371,1),(18,371,1),(19,371,1),(20,371,1),(21,371,1),(22,371,1),(24,371,1),(25,371,1),(26,371,1),(27,371,1),(28,371,1),(29,371,1),(30,371,1),(31,371,1),(32,371,1),(33,371,1),(34,371,1),(35,371,1),(36,371,1),(37,371,1),(38,371,1),(39,371,1),(40,371,1),(41,371,1),(9,372,1),(10,372,1),(11,372,1),(12,372,1),(13,372,1),(14,372,1),(15,372,1),(16,372,1),(17,372,1),(18,372,1),(19,372,1),(20,372,1),(21,372,1),(22,372,1),(24,372,1),(25,372,1),(26,372,1),(27,372,1),(28,372,1),(29,372,1),(30,372,1),(31,372,1),(32,372,1),(33,372,1),(34,372,1),(35,372,1),(36,372,1),(37,372,1),(38,372,1),(39,372,1),(40,372,1),(41,372,1),(9,373,1),(10,373,1),(11,373,1),(12,373,1),(13,373,1),(14,373,1),(15,373,1),(16,373,1),(17,373,1),(18,373,1),(19,373,1),(20,373,1),(21,373,1),(22,373,1),(24,373,1),(25,373,1),(26,373,1),(27,373,1),(28,373,1),(29,373,1),(30,373,1),(31,373,1),(32,373,1),(33,373,1),(34,373,1),(35,373,1),(36,373,1),(37,373,1),(38,373,1),(39,373,1),(40,373,1),(41,373,1),(9,374,1),(10,374,1),(11,374,1),(12,374,1),(13,374,1),(14,374,1),(15,374,1),(16,374,1),(17,374,1),(18,374,1),(19,374,1),(20,374,1),(21,374,1),(22,374,1),(24,374,1),(25,374,1),(26,374,1),(27,374,1),(28,374,1),(29,374,1),(30,374,1),(31,374,1),(32,374,1),(33,374,1),(34,374,1),(35,374,1),(36,374,1),(37,374,1),(38,374,1),(39,374,1),(40,374,1),(41,374,1),(9,375,1),(10,375,1),(11,375,1),(12,375,1),(13,375,1),(14,375,1),(15,375,1),(16,375,1),(17,375,1),(18,375,1),(19,375,1),(20,375,1),(21,375,1),(22,375,1),(24,375,1),(25,375,1),(26,375,1),(27,375,1),(28,375,1),(29,375,1),(30,375,1),(31,375,1),(32,375,1),(33,375,1),(34,375,1),(35,375,1),(36,375,1),(37,375,1),(38,375,1),(39,375,1),(40,375,1),(41,375,1),(9,376,2),(10,376,2),(11,376,2),(12,376,2),(13,376,2),(14,376,2),(15,376,2),(16,376,2),(17,376,2),(18,376,2),(19,376,2),(20,376,2),(21,376,2),(22,376,2),(24,376,2),(25,376,2),(26,376,2),(27,376,2),(28,376,2),(29,376,2),(30,376,2),(31,376,2),(32,376,2),(33,376,2),(34,376,2),(35,376,2),(36,376,2),(37,376,2),(38,376,2),(39,376,2),(40,376,2),(41,376,2),(9,377,1),(10,377,1),(11,377,1),(12,377,1),(13,377,1),(14,377,1),(15,377,1),(16,377,1),(17,377,1),(18,377,1),(19,377,1),(20,377,1),(21,377,1),(22,377,1),(24,377,1),(25,377,1),(26,377,1),(27,377,1),(28,377,1),(29,377,1),(30,377,1),(31,377,1),(32,377,1),(33,377,1),(34,377,1),(35,377,1),(36,377,1),(37,377,1),(38,377,1),(39,377,1),(40,377,1),(41,377,1),(9,378,4),(10,378,4),(11,378,4),(12,378,4),(13,378,4),(14,378,4),(15,378,4),(16,378,4),(17,378,4),(18,378,4),(19,378,4),(20,378,4),(21,378,4),(22,378,4),(24,378,4),(25,378,4),(26,378,4),(27,378,4),(28,378,4),(29,378,4),(30,378,4),(31,378,4),(32,378,4),(33,378,4),(34,378,4),(35,378,4),(36,378,4),(37,378,4),(38,378,4),(39,378,4),(40,378,4),(41,378,4),(9,379,1),(10,379,1),(11,379,1),(12,379,1),(13,379,1),(14,379,1),(15,379,1),(16,379,1),(17,379,1),(18,379,1),(19,379,1),(20,379,1),(21,379,1),(22,379,1),(24,379,1),(25,379,1),(26,379,1),(27,379,1),(28,379,1),(29,379,1),(30,379,1),(31,379,1),(32,379,1),(33,379,1),(34,379,1),(35,379,1),(36,379,1),(37,379,1),(38,379,1),(39,379,1),(40,379,1),(41,379,1),(9,380,1),(10,380,1),(11,380,1),(12,380,1),(13,380,1),(14,380,1),(15,380,1),(16,380,1),(17,380,1),(18,380,1),(19,380,1),(20,380,1),(21,380,1),(22,380,1),(24,380,1),(25,380,1),(26,380,1),(27,380,1),(28,380,1),(29,380,1),(30,380,1),(31,380,1),(32,380,1),(33,380,1),(34,380,1),(35,380,1),(36,380,1),(37,380,1),(38,380,1),(39,380,1),(40,380,1),(41,380,1),(9,381,1),(10,381,1),(11,381,1),(12,381,1),(13,381,1),(14,381,1),(15,381,1),(16,381,1),(17,381,1),(18,381,1),(19,381,1),(20,381,1),(21,381,1),(22,381,1),(24,381,1),(25,381,1),(26,381,1),(27,381,1),(28,381,1),(29,381,1),(30,381,1),(31,381,1),(32,381,1),(33,381,1),(34,381,1),(35,381,1),(36,381,1),(37,381,1),(38,381,1),(39,381,1),(40,381,1),(41,381,1),(9,382,1),(10,382,1),(11,382,1),(12,382,1),(13,382,1),(14,382,1),(15,382,1),(16,382,1),(17,382,1),(18,382,1),(19,382,1),(20,382,1),(21,382,1),(22,382,1),(24,382,1),(25,382,1),(26,382,1),(27,382,1),(28,382,1),(29,382,1),(30,382,1),(31,382,1),(32,382,1),(33,382,1),(34,382,1),(35,382,1),(36,382,1),(37,382,1),(38,382,1),(39,382,1),(40,382,1),(41,382,1),(9,383,1),(10,383,1),(11,383,1),(12,383,1),(13,383,1),(14,383,1),(15,383,1),(16,383,1),(17,383,1),(18,383,1),(19,383,1),(20,383,1),(21,383,1),(22,383,1),(24,383,1),(25,383,1),(26,383,1),(27,383,1),(28,383,1),(29,383,1),(30,383,1),(31,383,1),(32,383,1),(33,383,1),(34,383,1),(35,383,1),(36,383,1),(37,383,1),(38,383,1),(39,383,1),(40,383,1),(41,383,1),(9,384,1),(10,384,1),(11,384,1),(12,384,1),(13,384,1),(14,384,1),(15,384,1),(16,384,1),(17,384,1),(18,384,1),(19,384,1),(20,384,1),(21,384,1),(22,384,1),(24,384,1),(25,384,1),(26,384,1),(27,384,1),(28,384,1),(29,384,1),(30,384,1),(31,384,1),(32,384,1),(33,384,1),(34,384,1),(35,384,1),(36,384,1),(37,384,1),(38,384,1),(39,384,1),(40,384,1),(41,384,1),(9,385,1),(10,385,1),(11,385,1),(12,385,1),(13,385,1),(14,385,1),(15,385,1),(16,385,1),(17,385,1),(18,385,1),(19,385,1),(20,385,1),(21,385,1),(22,385,1),(24,385,1),(25,385,1),(26,385,1),(27,385,1),(28,385,1),(29,385,1),(30,385,1),(31,385,1),(32,385,1),(33,385,1),(34,385,1),(35,385,1),(36,385,1),(37,385,1),(38,385,1),(39,385,1),(40,385,1),(41,385,1),(9,386,1),(10,386,1),(11,386,1),(12,386,1),(13,386,1),(14,386,1),(15,386,1),(16,386,1),(17,386,1),(18,386,1),(19,386,1),(20,386,1),(21,386,1),(22,386,1),(24,386,1),(25,386,1),(26,386,1),(27,386,1),(28,386,1),(29,386,1),(30,386,1),(31,386,1),(32,386,1),(33,386,1),(34,386,1),(35,386,1),(36,386,1),(37,386,1),(38,386,1),(39,386,1),(40,386,1),(41,386,1),(9,387,1),(10,387,1),(11,387,1),(12,387,1),(13,387,1),(14,387,1),(15,387,1),(16,387,1),(17,387,1),(18,387,1),(19,387,1),(20,387,1),(21,387,1),(22,387,1),(24,387,1),(25,387,1),(26,387,1),(27,387,1),(28,387,1),(29,387,1),(30,387,1),(31,387,1),(32,387,1),(33,387,1),(34,387,1),(35,387,1),(36,387,1),(37,387,1),(38,387,1),(39,387,1),(40,387,1),(41,387,1),(9,388,2),(10,388,2),(11,388,2),(12,388,2),(13,388,2),(14,388,2),(15,388,2),(16,388,2),(17,388,2),(18,388,2),(19,388,2),(20,388,2),(21,388,2),(22,388,2),(24,388,2),(25,388,2),(26,388,2),(27,388,2),(28,388,2),(29,388,2),(30,388,2),(31,388,2),(32,388,2),(33,388,2),(34,388,2),(35,388,2),(36,388,2),(37,388,2),(38,388,2),(39,388,2),(40,388,2),(41,388,2),(9,389,1),(10,389,1),(11,389,1),(12,389,1),(13,389,1),(14,389,1),(15,389,1),(16,389,1),(17,389,1),(18,389,1),(19,389,1),(20,389,1),(21,389,1),(22,389,1),(24,389,1),(25,389,1),(26,389,1),(27,389,1),(28,389,1),(29,389,1),(30,389,1),(31,389,1),(32,389,1),(33,389,1),(34,389,1),(35,389,1),(36,389,1),(37,389,1),(38,389,1),(39,389,1),(40,389,1),(41,389,1),(9,390,1),(10,390,1),(11,390,1),(12,390,1),(13,390,1),(14,390,1),(15,390,1),(16,390,1),(17,390,1),(18,390,1),(19,390,1),(20,390,1),(21,390,1),(22,390,1),(24,390,1),(25,390,1),(26,390,1),(27,390,1),(28,390,1),(29,390,1),(30,390,1),(31,390,1),(32,390,1),(33,390,1),(34,390,1),(35,390,1),(36,390,1),(37,390,1),(38,390,1),(39,390,1),(40,390,1),(41,390,1),(9,391,1),(10,391,1),(11,391,1),(12,391,1),(13,391,1),(14,391,1),(15,391,1),(16,391,1),(17,391,1),(18,391,1),(19,391,1),(20,391,1),(21,391,1),(22,391,1),(24,391,1),(25,391,1),(26,391,1),(27,391,1),(28,391,1),(29,391,1),(30,391,1),(31,391,1),(32,391,1),(33,391,1),(34,391,1),(35,391,1),(36,391,1),(37,391,1),(38,391,1),(39,391,1),(40,391,1),(41,391,1),(9,392,1),(10,392,1),(11,392,1),(12,392,1),(13,392,1),(14,392,1),(15,392,1),(16,392,1),(17,392,1),(18,392,1),(19,392,1),(20,392,1),(21,392,1),(22,392,1),(24,392,1),(25,392,1),(26,392,1),(27,392,1),(28,392,1),(29,392,1),(30,392,1),(31,392,1),(32,392,1),(33,392,1),(34,392,1),(35,392,1),(36,392,1),(37,392,1),(38,392,1),(39,392,1),(40,392,1),(41,392,1),(9,393,1),(10,393,1),(11,393,1),(12,393,1),(13,393,1),(14,393,1),(15,393,1),(16,393,1),(17,393,1),(18,393,1),(19,393,1),(20,393,1),(21,393,1),(22,393,1),(24,393,1),(25,393,1),(26,393,1),(27,393,1),(28,393,1),(29,393,1),(30,393,1),(31,393,1),(32,393,1),(33,393,1),(34,393,1),(35,393,1),(36,393,1),(37,393,1),(38,393,1),(39,393,1),(40,393,1),(41,393,1),(9,394,1),(10,394,1),(11,394,1),(12,394,1),(13,394,1),(14,394,1),(15,394,1),(16,394,1),(17,394,1),(18,394,1),(19,394,1),(20,394,1),(21,394,1),(22,394,1),(24,394,1),(25,394,1),(26,394,1),(27,394,1),(28,394,1),(29,394,1),(30,394,1),(31,394,1),(32,394,1),(33,394,1),(34,394,1),(35,394,1),(36,394,1),(37,394,1),(38,394,1),(39,394,1),(40,394,1),(41,394,1),(9,395,1),(10,395,1),(11,395,1),(12,395,1),(13,395,1),(14,395,1),(15,395,1),(16,395,1),(17,395,1),(18,395,1),(19,395,1),(20,395,1),(21,395,1),(22,395,1),(24,395,1),(25,395,1),(26,395,1),(27,395,1),(28,395,1),(29,395,1),(30,395,1),(31,395,1),(32,395,1),(33,395,1),(34,395,1),(35,395,1),(36,395,1),(37,395,1),(38,395,1),(39,395,1),(40,395,1),(41,395,1),(9,396,1),(10,396,1),(11,396,1),(12,396,1),(13,396,1),(14,396,1),(15,396,1),(16,396,1),(17,396,1),(18,396,1),(19,396,1),(20,396,1),(21,396,1),(22,396,1),(24,396,1),(25,396,1),(26,396,1),(27,396,1),(28,396,1),(29,396,1),(30,396,1),(31,396,1),(32,396,1),(33,396,1),(34,396,1),(35,396,1),(36,396,1),(37,396,1),(38,396,1),(39,396,1),(40,396,1),(41,396,1),(9,397,1),(10,397,1),(11,397,1),(12,397,1),(13,397,1),(14,397,1),(15,397,1),(16,397,1),(17,397,1),(18,397,1),(19,397,1),(20,397,1),(21,397,1),(22,397,1),(24,397,1),(25,397,1),(26,397,1),(27,397,1),(28,397,1),(29,397,1),(30,397,1),(31,397,1),(32,397,1),(33,397,1),(34,397,1),(35,397,1),(36,397,1),(37,397,1),(38,397,1),(39,397,1),(40,397,1),(41,397,1),(9,398,1),(10,398,1),(11,398,1),(12,398,1),(13,398,1),(14,398,1),(15,398,1),(16,398,1),(17,398,1),(18,398,1),(19,398,1),(20,398,1),(21,398,1),(22,398,1),(24,398,1),(25,398,1),(26,398,1),(27,398,1),(28,398,1),(29,398,1),(30,398,1),(31,398,1),(32,398,1),(33,398,1),(34,398,1),(35,398,1),(36,398,1),(37,398,1),(38,398,1),(39,398,1),(40,398,1),(41,398,1),(9,399,1),(10,399,1),(11,399,1),(12,399,1),(13,399,1),(14,399,1),(15,399,1),(16,399,1),(17,399,1),(18,399,1),(19,399,1),(20,399,1),(21,399,1),(22,399,1),(24,399,1),(25,399,1),(26,399,1),(27,399,1),(28,399,1),(29,399,1),(30,399,1),(31,399,1),(32,399,1),(33,399,1),(34,399,1),(35,399,1),(36,399,1),(37,399,1),(38,399,1),(39,399,1),(40,399,1),(41,399,1),(9,400,1),(10,400,1),(11,400,1),(12,400,1),(13,400,1),(14,400,1),(15,400,1),(16,400,1),(17,400,1),(18,400,1),(19,400,1),(20,400,1),(21,400,1),(22,400,1),(24,400,1),(25,400,1),(26,400,1),(27,400,1),(28,400,1),(29,400,1),(30,400,1),(31,400,1),(32,400,1),(33,400,1),(34,400,1),(35,400,1),(36,400,1),(37,400,1),(38,400,1),(39,400,1),(40,400,1),(41,400,1),(9,401,1),(10,401,1),(11,401,1),(12,401,1),(13,401,1),(14,401,1),(15,401,1),(16,401,1),(17,401,1),(18,401,1),(19,401,1),(20,401,1),(21,401,1),(22,401,1),(24,401,1),(25,401,1),(26,401,1),(27,401,1),(28,401,1),(29,401,1),(30,401,1),(31,401,1),(32,401,1),(33,401,1),(34,401,1),(35,401,1),(36,401,1),(37,401,1),(38,401,1),(39,401,1),(40,401,1),(41,401,1),(9,402,1),(10,402,1),(11,402,1),(12,402,1),(13,402,1),(14,402,1),(15,402,1),(16,402,1),(17,402,1),(18,402,1),(19,402,1),(20,402,1),(21,402,1),(22,402,1),(24,402,1),(25,402,1),(26,402,1),(27,402,1),(28,402,1),(29,402,1),(30,402,1),(31,402,1),(32,402,1),(33,402,1),(34,402,1),(35,402,1),(36,402,1),(37,402,1),(38,402,1),(39,402,1),(40,402,1),(41,402,1),(9,403,1),(10,403,1),(11,403,1),(12,403,1),(13,403,1),(14,403,1),(15,403,1),(16,403,1),(17,403,1),(18,403,1),(19,403,1),(20,403,1),(21,403,1),(22,403,1),(24,403,1),(25,403,1),(26,403,1),(27,403,1),(28,403,1),(29,403,1),(30,403,1),(31,403,1),(32,403,1),(33,403,1),(34,403,1),(35,403,1),(36,403,1),(37,403,1),(38,403,1),(39,403,1),(40,403,1),(41,403,1),(9,404,1),(10,404,1),(11,404,1),(12,404,1),(13,404,1),(14,404,1),(15,404,1),(16,404,1),(17,404,1),(18,404,1),(19,404,1),(20,404,1),(21,404,1),(22,404,1),(24,404,1),(25,404,1),(26,404,1),(27,404,1),(28,404,1),(29,404,1),(30,404,1),(31,404,1),(32,404,1),(33,404,1),(34,404,1),(35,404,1),(36,404,1),(37,404,1),(38,404,1),(39,404,1),(40,404,1),(41,404,1),(9,405,1),(10,405,1),(11,405,1),(12,405,1),(13,405,1),(14,405,1),(15,405,1),(16,405,1),(17,405,1),(18,405,1),(19,405,1),(20,405,1),(21,405,1),(22,405,1),(24,405,1),(25,405,1),(26,405,1),(27,405,1),(28,405,1),(29,405,1),(30,405,1),(31,405,1),(32,405,1),(33,405,1),(34,405,1),(35,405,1),(36,405,1),(37,405,1),(38,405,1),(39,405,1),(40,405,1),(41,405,1),(9,406,1),(10,406,1),(11,406,1),(12,406,1),(13,406,1),(14,406,1),(15,406,1),(16,406,1),(17,406,1),(18,406,1),(19,406,1),(20,406,1),(21,406,1),(22,406,1),(24,406,1),(25,406,1),(26,406,1),(27,406,1),(28,406,1),(29,406,1),(30,406,1),(31,406,1),(32,406,1),(33,406,1),(34,406,1),(35,406,1),(36,406,1),(37,406,1),(38,406,1),(39,406,1),(40,406,1),(41,406,1),(9,407,1),(10,407,1),(11,407,1),(12,407,1),(13,407,1),(14,407,1),(15,407,1),(16,407,1),(17,407,1),(18,407,1),(19,407,1),(20,407,1),(21,407,1),(22,407,1),(24,407,1),(25,407,1),(26,407,1),(27,407,1),(28,407,1),(29,407,1),(30,407,1),(31,407,1),(32,407,1),(33,407,1),(34,407,1),(35,407,1),(36,407,1),(37,407,1),(38,407,1),(39,407,1),(40,407,1),(41,407,1),(9,408,1),(10,408,1),(11,408,1),(12,408,1),(13,408,1),(14,408,1),(15,408,1),(16,408,1),(17,408,1),(18,408,1),(19,408,1),(20,408,1),(21,408,1),(22,408,1),(24,408,1),(25,408,1),(26,408,1),(27,408,1),(28,408,1),(29,408,1),(30,408,1),(31,408,1),(32,408,1),(33,408,1),(34,408,1),(35,408,1),(36,408,1),(37,408,1),(38,408,1),(39,408,1),(40,408,1),(41,408,1),(9,409,1),(10,409,1),(11,409,1),(12,409,1),(13,409,1),(14,409,1),(15,409,1),(16,409,1),(17,409,1),(18,409,1),(19,409,1),(20,409,1),(21,409,1),(22,409,1),(24,409,1),(25,409,1),(26,409,1),(27,409,1),(28,409,1),(29,409,1),(30,409,1),(31,409,1),(32,409,1),(33,409,1),(34,409,1),(35,409,1),(36,409,1),(37,409,1),(38,409,1),(39,409,1),(40,409,1),(41,409,1),(9,410,1),(10,410,1),(11,410,1),(12,410,1),(13,410,1),(14,410,1),(15,410,1),(16,410,1),(17,410,1),(18,410,1),(19,410,1),(20,410,1),(21,410,1),(22,410,1),(24,410,1),(25,410,1),(26,410,1),(27,410,1),(28,410,1),(29,410,1),(30,410,1),(31,410,1),(32,410,1),(33,410,1),(34,410,1),(35,410,1),(36,410,1),(37,410,1),(38,410,1),(39,410,1),(40,410,1),(41,410,1),(9,411,1),(10,411,1),(11,411,1),(12,411,1),(13,411,1),(14,411,1),(15,411,1),(16,411,1),(17,411,1),(18,411,1),(19,411,1),(20,411,1),(21,411,1),(22,411,1),(24,411,1),(25,411,1),(26,411,1),(27,411,1),(28,411,1),(29,411,1),(30,411,1),(31,411,1),(32,411,1),(33,411,1),(34,411,1),(35,411,1),(36,411,1),(37,411,1),(38,411,1),(39,411,1),(40,411,1),(41,411,1),(9,412,1),(10,412,1),(11,412,1),(12,412,1),(13,412,1),(14,412,1),(15,412,1),(16,412,1),(17,412,1),(18,412,1),(19,412,1),(20,412,1),(21,412,1),(22,412,1),(24,412,1),(25,412,1),(26,412,1),(27,412,1),(28,412,1),(29,412,1),(30,412,1),(31,412,1),(32,412,1),(33,412,1),(34,412,1),(35,412,1),(36,412,1),(37,412,1),(38,412,1),(39,412,1),(40,412,1),(41,412,1),(9,413,1),(10,413,1),(11,413,1),(12,413,1),(13,413,1),(14,413,1),(15,413,1),(16,413,1),(17,413,1),(18,413,1),(19,413,1),(20,413,1),(21,413,1),(22,413,1),(24,413,1),(25,413,1),(26,413,1),(27,413,1),(28,413,1),(29,413,1),(30,413,1),(31,413,1),(32,413,1),(33,413,1),(34,413,1),(35,413,1),(36,413,1),(37,413,1),(38,413,1),(39,413,1),(40,413,1),(41,413,1),(9,414,1),(10,414,1),(11,414,1),(12,414,1),(13,414,1),(14,414,1),(15,414,1),(16,414,1),(17,414,1),(18,414,1),(19,414,1),(20,414,1),(21,414,1),(22,414,1),(24,414,1),(25,414,1),(26,414,1),(27,414,1),(28,414,1),(29,414,1),(30,414,1),(31,414,1),(32,414,1),(33,414,1),(34,414,1),(35,414,1),(36,414,1),(37,414,1),(38,414,1),(39,414,1),(40,414,1),(41,414,1),(9,415,1),(10,415,1),(11,415,1),(12,415,1),(13,415,1),(14,415,1),(15,415,1),(16,415,1),(17,415,1),(18,415,1),(19,415,1),(20,415,1),(21,415,1),(22,415,1),(24,415,1),(25,415,1),(26,415,1),(27,415,1),(28,415,1),(29,415,1),(30,415,1),(31,415,1),(32,415,1),(33,415,1),(34,415,1),(35,415,1),(36,415,1),(37,415,1),(38,415,1),(39,415,1),(40,415,1),(41,415,1),(9,416,1),(10,416,1),(11,416,1),(12,416,1),(13,416,1),(14,416,1),(15,416,1),(16,416,1),(17,416,1),(18,416,1),(19,416,1),(20,416,1),(21,416,1),(22,416,1),(24,416,1),(25,416,1),(26,416,1),(27,416,1),(28,416,1),(29,416,1),(30,416,1),(31,416,1),(32,416,1),(33,416,1),(34,416,1),(35,416,1),(36,416,1),(37,416,1),(38,416,1),(39,416,1),(40,416,1),(41,416,1),(9,417,1),(10,417,1),(11,417,1),(12,417,1),(13,417,1),(14,417,1),(15,417,1),(16,417,1),(17,417,1),(18,417,1),(19,417,1),(20,417,1),(21,417,1),(22,417,1),(24,417,1),(25,417,1),(26,417,1),(27,417,1),(28,417,1),(29,417,1),(30,417,1),(31,417,1),(32,417,1),(33,417,1),(34,417,1),(35,417,1),(36,417,1),(37,417,1),(38,417,1),(39,417,1),(40,417,1),(41,417,1),(9,418,1),(10,418,1),(11,418,1),(12,418,1),(13,418,1),(14,418,1),(15,418,1),(16,418,1),(17,418,1),(18,418,1),(19,418,1),(20,418,1),(21,418,1),(22,418,1),(24,418,1),(25,418,1),(26,418,1),(27,418,1),(28,418,1),(29,418,1),(30,418,1),(31,418,1),(32,418,1),(33,418,1),(34,418,1),(35,418,1),(36,418,1),(37,418,1),(38,418,1),(39,418,1),(40,418,1),(41,418,1),(9,419,1),(10,419,1),(11,419,1),(12,419,1),(13,419,1),(14,419,1),(15,419,1),(16,419,1),(17,419,1),(18,419,1),(19,419,1),(20,419,1),(21,419,1),(22,419,1),(24,419,1),(25,419,1),(26,419,1),(27,419,1),(28,419,1),(29,419,1),(30,419,1),(31,419,1),(32,419,1),(33,419,1),(34,419,1),(35,419,1),(36,419,1),(37,419,1),(38,419,1),(39,419,1),(40,419,1),(41,419,1),(9,420,1),(10,420,1),(11,420,1),(12,420,1),(13,420,1),(14,420,1),(15,420,1),(16,420,1),(17,420,1),(18,420,1),(19,420,1),(20,420,1),(21,420,1),(22,420,1),(24,420,1),(25,420,1),(26,420,1),(27,420,1),(28,420,1),(29,420,1),(30,420,1),(31,420,1),(32,420,1),(33,420,1),(34,420,1),(35,420,1),(36,420,1),(37,420,1),(38,420,1),(39,420,1),(40,420,1),(41,420,1),(9,421,1),(10,421,1),(11,421,1),(12,421,1),(13,421,1),(14,421,1),(15,421,1),(16,421,1),(17,421,1),(18,421,1),(19,421,1),(20,421,1),(21,421,1),(22,421,1),(24,421,1),(25,421,1),(26,421,1),(27,421,1),(28,421,1),(29,421,1),(30,421,1),(31,421,1),(32,421,1),(33,421,1),(34,421,1),(35,421,1),(36,421,1),(37,421,1),(38,421,1),(39,421,1),(40,421,1),(41,421,1),(9,422,1),(10,422,1),(11,422,1),(12,422,1),(13,422,1),(14,422,1),(15,422,1),(16,422,1),(17,422,1),(18,422,1),(19,422,1),(20,422,1),(21,422,1),(22,422,1),(24,422,1),(25,422,1),(26,422,1),(27,422,1),(28,422,1),(29,422,1),(30,422,1),(31,422,1),(32,422,1),(33,422,1),(34,422,1),(35,422,1),(36,422,1),(37,422,1),(38,422,1),(39,422,1),(40,422,1),(41,422,1),(9,423,1),(10,423,1),(11,423,1),(12,423,1),(13,423,1),(14,423,1),(15,423,1),(16,423,1),(17,423,1),(18,423,1),(19,423,1),(20,423,1),(21,423,1),(22,423,1),(24,423,1),(25,423,1),(26,423,1),(27,423,1),(28,423,1),(29,423,1),(30,423,1),(31,423,1),(32,423,1),(33,423,1),(34,423,1),(35,423,1),(36,423,1),(37,423,1),(38,423,1),(39,423,1),(40,423,1),(41,423,1),(9,424,1),(10,424,1),(11,424,1),(12,424,1),(13,424,1),(14,424,1),(15,424,1),(16,424,1),(17,424,1),(18,424,1),(19,424,1),(20,424,1),(21,424,1),(22,424,1),(24,424,1),(25,424,1),(26,424,1),(27,424,1),(28,424,1),(29,424,1),(30,424,1),(31,424,1),(32,424,1),(33,424,1),(34,424,1),(35,424,1),(36,424,1),(37,424,1),(38,424,1),(39,424,1),(40,424,1),(41,424,1),(9,425,1),(10,425,1),(11,425,1),(12,425,1),(13,425,1),(14,425,1),(15,425,1),(16,425,1),(17,425,1),(18,425,1),(19,425,1),(20,425,1),(21,425,1),(22,425,1),(24,425,1),(25,425,1),(26,425,1),(27,425,1),(28,425,1),(29,425,1),(30,425,1),(31,425,1),(32,425,1),(33,425,1),(34,425,1),(35,425,1),(36,425,1),(37,425,1),(38,425,1),(39,425,1),(40,425,1),(41,425,1),(9,426,1),(10,426,1),(11,426,1),(12,426,1),(13,426,1),(14,426,1),(15,426,1),(16,426,1),(17,426,1),(18,426,1),(19,426,1),(20,426,1),(21,426,1),(22,426,1),(24,426,1),(25,426,1),(26,426,1),(27,426,1),(28,426,1),(29,426,1),(30,426,1),(31,426,1),(32,426,1),(33,426,1),(34,426,1),(35,426,1),(36,426,1),(37,426,1),(38,426,1),(39,426,1),(40,426,1),(41,426,1),(9,427,1),(10,427,1),(11,427,1),(12,427,1),(13,427,1),(14,427,1),(15,427,1),(16,427,1),(17,427,1),(18,427,1),(19,427,1),(20,427,1),(21,427,1),(22,427,1),(24,427,1),(25,427,1),(26,427,1),(27,427,1),(28,427,1),(29,427,1),(30,427,1),(31,427,1),(32,427,1),(33,427,1),(34,427,1),(35,427,1),(36,427,1),(37,427,1),(38,427,1),(39,427,1),(40,427,1),(41,427,1),(9,428,3),(10,428,3),(11,428,3),(12,428,3),(13,428,3),(14,428,3),(15,428,3),(16,428,3),(17,428,3),(18,428,3),(19,428,3),(20,428,3),(21,428,3),(22,428,3),(24,428,3),(25,428,3),(26,428,3),(27,428,3),(28,428,3),(29,428,3),(30,428,3),(31,428,3),(32,428,3),(33,428,3),(34,428,3),(35,428,3),(36,428,3),(37,428,3),(38,428,3),(39,428,3),(40,428,3),(41,428,3),(9,429,3),(10,429,3),(11,429,3),(12,429,3),(13,429,3),(14,429,3),(15,429,3),(16,429,3),(17,429,3),(18,429,3),(19,429,3),(20,429,3),(21,429,3),(22,429,3),(24,429,3),(25,429,3),(26,429,3),(27,429,3),(28,429,3),(29,429,3),(30,429,3),(31,429,3),(32,429,3),(33,429,3),(34,429,3),(35,429,3),(36,429,3),(37,429,3),(38,429,3),(39,429,3),(40,429,3),(41,429,3),(13,430,2),(14,430,2),(15,430,2),(16,430,2),(17,430,2),(18,430,2),(19,430,2),(20,430,2),(21,430,2),(22,430,2),(13,431,2),(14,431,2),(15,431,2),(16,431,2),(17,431,2),(18,431,2),(19,431,2),(20,431,2),(21,431,2),(22,431,2),(9,432,7),(10,432,7),(11,432,7),(12,432,7),(13,432,7),(14,432,7),(15,432,7),(16,432,7),(17,432,7),(18,432,7),(19,432,7),(20,432,7),(21,432,7),(22,432,7),(24,432,7),(25,432,7),(26,432,7),(27,432,7),(28,432,7),(29,432,7),(30,432,7),(31,432,7),(32,432,7),(33,432,7),(34,432,7),(35,432,7),(36,432,7),(37,432,7),(38,432,7),(39,432,7),(40,432,7),(41,432,7),(9,433,7),(10,433,7),(11,433,7),(12,433,7),(13,433,9),(14,433,9),(15,433,9),(16,433,9),(17,433,9),(18,433,9),(19,433,9),(20,433,9),(21,433,9),(22,433,9),(24,433,7),(25,433,7),(26,433,7),(27,433,7),(28,433,7),(29,433,7),(30,433,7),(31,433,7),(32,433,7),(33,433,7),(34,433,7),(35,433,7),(36,433,7),(37,433,7),(38,433,7),(39,433,7),(40,433,7),(41,433,7),(9,434,7),(10,434,7),(11,434,7),(12,434,7),(13,434,9),(14,434,9),(15,434,9),(16,434,9),(17,434,9),(18,434,9),(19,434,9),(20,434,9),(21,434,9),(22,434,9),(24,434,7),(25,434,7),(26,434,7),(27,434,7),(28,434,7),(29,434,7),(30,434,7),(31,434,7),(32,434,7),(33,434,7),(34,434,7),(35,434,7),(36,434,7),(37,434,7),(38,434,7),(39,434,7),(40,434,7),(41,434,7),(9,435,6),(10,435,6),(11,435,6),(12,435,6),(13,435,6),(14,435,6),(15,435,6),(16,435,6),(17,435,6),(18,435,6),(19,435,6),(20,435,6),(21,435,6),(22,435,6),(24,435,6),(25,435,6),(26,435,6),(27,435,6),(28,435,6),(29,435,6),(30,435,6),(31,435,6),(32,435,6),(33,435,6),(34,435,6),(35,435,6),(36,435,6),(37,435,6),(38,435,6),(39,435,6),(40,435,6),(41,435,6),(9,436,10),(11,436,10),(9,437,1),(10,437,1),(11,437,1),(12,437,1),(13,437,1),(14,437,1),(15,437,1),(16,437,1),(17,437,1),(18,437,1),(19,437,1),(20,437,1),(21,437,1),(22,437,1),(24,437,1),(25,437,1),(26,437,1),(27,437,1),(28,437,1),(29,437,1),(30,437,1),(31,437,1),(32,437,1),(33,437,1),(34,437,1),(35,437,1),(36,437,1),(37,437,1),(38,437,1),(39,437,1),(40,437,1),(41,437,1),(9,438,4),(10,438,4),(11,438,4),(12,438,4),(13,438,4),(14,438,4),(15,438,4),(16,438,4),(17,438,4),(18,438,4),(19,438,4),(20,438,4),(21,438,4),(22,438,4),(24,438,4),(25,438,4),(26,438,4),(27,438,4),(28,438,4),(29,438,4),(30,438,4),(31,438,4),(32,438,4),(33,438,4),(34,438,4),(35,438,4),(36,438,4),(37,438,4),(38,438,4),(39,438,4),(40,438,4),(41,438,4),(9,439,1),(10,439,1),(11,439,1),(12,439,1),(13,439,1),(14,439,1),(15,439,1),(16,439,1),(17,439,1),(18,439,1),(19,439,1),(20,439,1),(21,439,1),(22,439,1),(24,439,1),(25,439,1),(26,439,1),(27,439,1),(28,439,1),(29,439,1),(30,439,1),(31,439,1),(32,439,1),(33,439,1),(34,439,1),(35,439,1),(36,439,1),(37,439,1),(38,439,1),(39,439,1),(40,439,1),(41,439,1),(9,440,1),(10,440,1),(11,440,1),(12,440,1),(13,440,1),(14,440,1),(15,440,1),(16,440,1),(17,440,1),(18,440,1),(19,440,1),(20,440,1),(21,440,1),(22,440,1),(24,440,1),(25,440,1),(26,440,1),(27,440,1),(28,440,1),(29,440,1),(30,440,1),(31,440,1),(32,440,1),(33,440,1),(34,440,1),(35,440,1),(36,440,1),(37,440,1),(38,440,1),(39,440,1),(40,440,1),(41,440,1),(9,441,1),(10,441,1),(11,441,1),(12,441,1),(13,441,1),(14,441,1),(15,441,1),(16,441,1),(17,441,1),(18,441,1),(19,441,1),(20,441,1),(21,441,1),(22,441,1),(24,441,1),(25,441,1),(26,441,1),(27,441,1),(28,441,1),(29,441,1),(30,441,1),(31,441,1),(32,441,1),(33,441,1),(34,441,1),(35,441,1),(36,441,1),(37,441,1),(38,441,1),(39,441,1),(40,441,1),(41,441,1),(9,442,6),(10,442,6),(11,442,6),(12,442,6),(13,442,6),(14,442,6),(15,442,6),(16,442,6),(17,442,6),(18,442,6),(19,442,6),(20,442,6),(21,442,6),(22,442,6),(24,442,6),(25,442,6),(26,442,6),(27,442,6),(28,442,6),(29,442,6),(30,442,6),(31,442,6),(32,442,6),(33,442,6),(34,442,6),(35,442,6),(36,442,6),(37,442,6),(38,442,6),(39,442,6),(40,442,6),(41,442,6),(9,443,1),(10,443,1),(11,443,1),(12,443,1),(13,443,1),(14,443,1),(15,443,1),(16,443,1),(17,443,1),(18,443,1),(19,443,1),(20,443,1),(21,443,1),(22,443,1),(24,443,1),(25,443,1),(26,443,1),(27,443,1),(28,443,1),(29,443,1),(30,443,1),(31,443,1),(32,443,1),(33,443,1),(34,443,1),(35,443,1),(36,443,1),(37,443,1),(38,443,1),(39,443,1),(40,443,1),(41,443,1),(9,444,1),(10,444,1),(11,444,1),(12,444,1),(13,444,1),(14,444,1),(15,444,1),(16,444,1),(17,444,1),(18,444,1),(19,444,1),(20,444,1),(21,444,1),(22,444,1),(24,444,1),(25,444,1),(26,444,1),(27,444,1),(28,444,1),(29,444,1),(30,444,1),(31,444,1),(32,444,1),(33,444,1),(34,444,1),(35,444,1),(36,444,1),(37,444,1),(38,444,1),(39,444,1),(40,444,1),(41,444,1),(9,445,2),(10,445,2),(11,445,2),(12,445,2),(13,445,2),(14,445,2),(15,445,2),(16,445,2),(17,445,2),(18,445,2),(19,445,2),(20,445,2),(21,445,2),(22,445,2),(24,445,2),(25,445,2),(26,445,2),(27,445,2),(28,445,2),(29,445,2),(30,445,2),(31,445,2),(32,445,2),(33,445,2),(34,445,2),(35,445,2),(36,445,2),(37,445,2),(38,445,2),(39,445,2),(40,445,2),(41,445,2),(9,446,1),(10,446,1),(11,446,1),(12,446,1),(13,446,1),(14,446,1),(15,446,1),(16,446,1),(17,446,1),(18,446,1),(19,446,1),(20,446,1),(21,446,1),(22,446,1),(24,446,1),(25,446,1),(26,446,1),(27,446,1),(28,446,1),(29,446,1),(30,446,1),(31,446,1),(32,446,1),(33,446,1),(34,446,1),(35,446,1),(36,446,1),(37,446,1),(38,446,1),(39,446,1),(40,446,1),(41,446,1),(9,447,1),(10,447,1),(11,447,1),(12,447,1),(13,447,1),(14,447,1),(15,447,1),(16,447,1),(17,447,1),(18,447,1),(19,447,1),(20,447,1),(21,447,1),(22,447,1),(24,447,1),(25,447,1),(26,447,1),(27,447,1),(28,447,1),(29,447,1),(30,447,1),(31,447,1),(32,447,1),(33,447,1),(34,447,1),(35,447,1),(36,447,1),(37,447,1),(38,447,1),(39,447,1),(40,447,1),(41,447,1),(9,448,1),(10,448,1),(11,448,1),(12,448,1),(13,448,1),(14,448,1),(15,448,1),(16,448,1),(17,448,1),(18,448,1),(19,448,1),(20,448,1),(21,448,1),(22,448,1),(24,448,1),(25,448,1),(26,448,1),(27,448,1),(28,448,1),(29,448,1),(30,448,1),(31,448,1),(32,448,1),(33,448,1),(34,448,1),(35,448,1),(36,448,1),(37,448,1),(38,448,1),(39,448,1),(40,448,1),(41,448,1),(9,449,1),(10,449,1),(11,449,1),(12,449,1),(13,449,1),(14,449,1),(15,449,1),(16,449,1),(17,449,1),(18,449,1),(19,449,1),(20,449,1),(21,449,1),(22,449,1),(24,449,1),(25,449,1),(26,449,1),(27,449,1),(28,449,1),(29,449,1),(30,449,1),(31,449,1),(32,449,1),(33,449,1),(34,449,1),(35,449,1),(36,449,1),(37,449,1),(38,449,1),(39,449,1),(40,449,1),(41,449,1),(9,450,1),(10,450,1),(11,450,1),(12,450,1),(13,450,1),(14,450,1),(15,450,1),(16,450,1),(17,450,1),(18,450,1),(19,450,1),(20,450,1),(21,450,1),(22,450,1),(24,450,1),(25,450,1),(26,450,1),(27,450,1),(28,450,1),(29,450,1),(30,450,1),(31,450,1),(32,450,1),(33,450,1),(34,450,1),(35,450,1),(36,450,1),(37,450,1),(38,450,1),(39,450,1),(40,450,1),(41,450,1),(9,451,1),(10,451,1),(11,451,1),(12,451,1),(13,451,1),(14,451,1),(15,451,1),(16,451,1),(17,451,1),(18,451,1),(19,451,1),(20,451,1),(21,451,1),(22,451,1),(24,451,1),(25,451,1),(26,451,1),(27,451,1),(28,451,1),(29,451,1),(30,451,1),(31,451,1),(32,451,1),(33,451,1),(34,451,1),(35,451,1),(36,451,1),(37,451,1),(38,451,1),(39,451,1),(40,451,1),(41,451,1),(9,452,2),(10,452,2),(11,452,2),(12,452,2),(13,452,2),(14,452,2),(15,452,2),(16,452,2),(17,452,2),(18,452,2),(19,452,2),(20,452,2),(21,452,2),(22,452,2),(24,452,2),(25,452,2),(26,452,2),(27,452,2),(28,452,2),(29,452,2),(30,452,2),(31,452,2),(32,452,2),(33,452,2),(34,452,2),(35,452,2),(36,452,2),(37,452,2),(38,452,2),(39,452,2),(40,452,2),(41,452,2),(9,453,1),(10,453,1),(11,453,1),(12,453,1),(13,453,1),(14,453,1),(15,453,1),(16,453,1),(17,453,1),(18,453,1),(19,453,1),(20,453,1),(21,453,1),(22,453,1),(24,453,1),(25,453,1),(26,453,1),(27,453,1),(28,453,1),(29,453,1),(30,453,1),(31,453,1),(32,453,1),(33,453,1),(34,453,1),(35,453,1),(36,453,1),(37,453,1),(38,453,1),(39,453,1),(40,453,1),(41,453,1),(9,454,5),(10,454,5),(11,454,5),(12,454,5),(13,454,5),(14,454,5),(15,454,5),(16,454,5),(17,454,5),(18,454,5),(19,454,5),(20,454,5),(21,454,5),(22,454,5),(24,454,5),(25,454,5),(26,454,5),(27,454,5),(28,454,5),(29,454,5),(30,454,5),(31,454,5),(32,454,5),(33,454,5),(34,454,5),(35,454,5),(36,454,5),(37,454,5),(38,454,5),(39,454,5),(40,454,5),(41,454,5),(9,455,2),(10,455,2),(11,455,2),(12,455,2),(13,455,2),(14,455,2),(15,455,2),(16,455,2),(17,455,2),(18,455,2),(19,455,2),(20,455,2),(21,455,2),(22,455,2),(24,455,2),(25,455,2),(26,455,2),(27,455,2),(28,455,2),(29,455,2),(30,455,2),(31,455,2),(32,455,2),(33,455,2),(34,455,2),(35,455,2),(36,455,2),(37,455,2),(38,455,2),(39,455,2),(40,455,2),(41,455,2),(9,456,1),(10,456,1),(11,456,1),(12,456,1),(13,456,1),(14,456,1),(15,456,1),(16,456,1),(17,456,1),(18,456,1),(19,456,1),(20,456,1),(21,456,1),(22,456,1),(24,456,1),(25,456,1),(26,456,1),(27,456,1),(28,456,1),(29,456,1),(30,456,1),(31,456,1),(32,456,1),(33,456,1),(34,456,1),(35,456,1),(36,456,1),(37,456,1),(38,456,1),(39,456,1),(40,456,1),(41,456,1),(9,457,1),(10,457,1),(11,457,1),(12,457,1),(13,457,1),(14,457,1),(15,457,1),(16,457,1),(17,457,1),(18,457,1),(19,457,1),(20,457,1),(21,457,1),(22,457,1),(24,457,1),(25,457,1),(26,457,1),(27,457,1),(28,457,1),(29,457,1),(30,457,1),(31,457,1),(32,457,1),(33,457,1),(34,457,1),(35,457,1),(36,457,1),(37,457,1),(38,457,1),(39,457,1),(40,457,1),(41,457,1),(9,458,1),(10,458,1),(11,458,1),(12,458,1),(13,458,1),(14,458,1),(15,458,1),(16,458,1),(17,458,1),(18,458,1),(19,458,1),(20,458,1),(21,458,1),(22,458,1),(24,458,1),(25,458,1),(26,458,1),(27,458,1),(28,458,1),(29,458,1),(30,458,1),(31,458,1),(32,458,1),(33,458,1),(34,458,1),(35,458,1),(36,458,1),(37,458,1),(38,458,1),(39,458,1),(40,458,1),(41,458,1),(9,459,1),(10,459,1),(11,459,1),(12,459,1),(13,459,1),(14,459,1),(15,459,1),(16,459,1),(17,459,1),(18,459,1),(19,459,1),(20,459,1),(21,459,1),(22,459,1),(24,459,1),(25,459,1),(26,459,1),(27,459,1),(28,459,1),(29,459,1),(30,459,1),(31,459,1),(32,459,1),(33,459,1),(34,459,1),(35,459,1),(36,459,1),(37,459,1),(38,459,1),(39,459,1),(40,459,1),(41,459,1),(9,460,1),(10,460,1),(11,460,1),(12,460,1),(13,460,1),(14,460,1),(15,460,1),(16,460,1),(17,460,1),(18,460,1),(19,460,1),(20,460,1),(21,460,1),(22,460,1),(24,460,1),(25,460,1),(26,460,1),(27,460,1),(28,460,1),(29,460,1),(30,460,1),(31,460,1),(32,460,1),(33,460,1),(34,460,1),(35,460,1),(36,460,1),(37,460,1),(38,460,1),(39,460,1),(40,460,1),(41,460,1),(9,461,2),(10,461,2),(11,461,2),(12,461,2),(13,461,2),(14,461,2),(15,461,2),(16,461,2),(17,461,2),(18,461,2),(19,461,2),(20,461,2),(21,461,2),(22,461,2),(24,461,2),(25,461,2),(26,461,2),(27,461,2),(28,461,2),(29,461,2),(30,461,2),(31,461,2),(32,461,2),(33,461,2),(34,461,2),(35,461,2),(36,461,2),(37,461,2),(38,461,2),(39,461,2),(40,461,2),(41,461,2),(9,462,1),(10,462,1),(11,462,1),(12,462,1),(13,462,1),(14,462,1),(15,462,1),(16,462,1),(17,462,1),(18,462,1),(19,462,1),(20,462,1),(21,462,1),(22,462,1),(24,462,1),(25,462,1),(26,462,1),(27,462,1),(28,462,1),(29,462,1),(30,462,1),(31,462,1),(32,462,1),(33,462,1),(34,462,1),(35,462,1),(36,462,1),(37,462,1),(38,462,1),(39,462,1),(40,462,1),(41,462,1),(9,463,4),(10,463,4),(11,463,4),(12,463,4),(13,463,4),(14,463,4),(15,463,4),(16,463,4),(17,463,4),(18,463,4),(19,463,4),(20,463,4),(21,463,4),(22,463,4),(24,463,4),(25,463,4),(26,463,4),(27,463,4),(28,463,4),(29,463,4),(30,463,4),(31,463,4),(32,463,4),(33,463,4),(34,463,4),(35,463,4),(36,463,4),(37,463,4),(38,463,4),(39,463,4),(40,463,4),(41,463,4),(9,464,1),(10,464,1),(11,464,1),(12,464,1),(13,464,1),(14,464,1),(15,464,1),(16,464,1),(17,464,1),(18,464,1),(19,464,1),(20,464,1),(21,464,1),(22,464,1),(24,464,1),(25,464,1),(26,464,1),(27,464,1),(28,464,1),(29,464,1),(30,464,1),(31,464,1),(32,464,1),(33,464,1),(34,464,1),(35,464,1),(36,464,1),(37,464,1),(38,464,1),(39,464,1),(40,464,1),(41,464,1),(9,465,1),(10,465,1),(11,465,1),(12,465,1),(13,465,1),(14,465,1),(15,465,1),(16,465,1),(17,465,1),(18,465,1),(19,465,1),(20,465,1),(21,465,1),(22,465,1),(24,465,1),(25,465,1),(26,465,1),(27,465,1),(28,465,1),(29,465,1),(30,465,1),(31,465,1),(32,465,1),(33,465,1),(34,465,1),(35,465,1),(36,465,1),(37,465,1),(38,465,1),(39,465,1),(40,465,1),(41,465,1),(9,466,1),(10,466,1),(11,466,1),(12,466,1),(13,466,1),(14,466,1),(15,466,1),(16,466,1),(17,466,1),(18,466,1),(19,466,1),(20,466,1),(21,466,1),(22,466,1),(24,466,1),(25,466,1),(26,466,1),(27,466,1),(28,466,1),(29,466,1),(30,466,1),(31,466,1),(32,466,1),(33,466,1),(34,466,1),(35,466,1),(36,466,1),(37,466,1),(38,466,1),(39,466,1),(40,466,1),(41,466,1),(9,467,1),(10,467,1),(11,467,1),(12,467,1),(13,467,1),(14,467,1),(15,467,1),(16,467,1),(17,467,1),(18,467,1),(19,467,1),(20,467,1),(21,467,1),(22,467,1),(24,467,1),(25,467,1),(26,467,1),(27,467,1),(28,467,1),(29,467,1),(30,467,1),(31,467,1),(32,467,1),(33,467,1),(34,467,1),(35,467,1),(36,467,1),(37,467,1),(38,467,1),(39,467,1),(40,467,1),(41,467,1),(9,468,1),(10,468,1),(11,468,1),(12,468,1),(13,468,1),(14,468,1),(15,468,1),(16,468,1),(17,468,1),(18,468,1),(19,468,1),(20,468,1),(21,468,1),(22,468,1),(24,468,1),(25,468,1),(26,468,1),(27,468,1),(28,468,1),(29,468,1),(30,468,1),(31,468,1),(32,468,1),(33,468,1),(34,468,1),(35,468,1),(36,468,1),(37,468,1),(38,468,1),(39,468,1),(40,468,1),(41,468,1),(9,469,1),(10,469,1),(11,469,1),(12,469,1),(13,469,1),(14,469,1),(15,469,1),(16,469,1),(17,469,1),(18,469,1),(19,469,1),(20,469,1),(21,469,1),(22,469,1),(24,469,1),(25,469,1),(26,469,1),(27,469,1),(28,469,1),(29,469,1),(30,469,1),(31,469,1),(32,469,1),(33,469,1),(34,469,1),(35,469,1),(36,469,1),(37,469,1),(38,469,1),(39,469,1),(40,469,1),(41,469,1),(9,470,1),(10,470,1),(11,470,1),(12,470,1),(13,470,1),(14,470,1),(15,470,1),(16,470,1),(17,470,1),(18,470,1),(19,470,1),(20,470,1),(21,470,1),(22,470,1),(24,470,1),(25,470,1),(26,470,1),(27,470,1),(28,470,1),(29,470,1),(30,470,1),(31,470,1),(32,470,1),(33,470,1),(34,470,1),(35,470,1),(36,470,1),(37,470,1),(38,470,1),(39,470,1),(40,470,1),(41,470,1),(9,471,1),(10,471,1),(11,471,1),(12,471,1),(13,471,1),(14,471,1),(15,471,1),(16,471,1),(17,471,1),(18,471,1),(19,471,1),(20,471,1),(21,471,1),(22,471,1),(24,471,1),(25,471,1),(26,471,1),(27,471,1),(28,471,1),(29,471,1),(30,471,1),(31,471,1),(32,471,1),(33,471,1),(34,471,1),(35,471,1),(36,471,1),(37,471,1),(38,471,1),(39,471,1),(40,471,1),(41,471,1),(9,472,1),(10,472,1),(11,472,1),(12,472,1),(13,472,1),(14,472,1),(15,472,1),(16,472,1),(17,472,1),(18,472,1),(19,472,1),(20,472,1),(21,472,1),(22,472,1),(24,472,1),(25,472,1),(26,472,1),(27,472,1),(28,472,1),(29,472,1),(30,472,1),(31,472,1),(32,472,1),(33,472,1),(34,472,1),(35,472,1),(36,472,1),(37,472,1),(38,472,1),(39,472,1),(40,472,1),(41,472,1),(9,473,2),(10,473,2),(11,473,2),(12,473,2),(13,473,2),(14,473,2),(15,473,2),(16,473,2),(17,473,2),(18,473,2),(19,473,2),(20,473,2),(21,473,2),(22,473,2),(24,473,2),(25,473,2),(26,473,2),(27,473,2),(28,473,2),(29,473,2),(30,473,2),(31,473,2),(32,473,2),(33,473,2),(34,473,2),(35,473,2),(36,473,2),(37,473,2),(38,473,2),(39,473,2),(40,473,2),(41,473,2),(9,474,1),(10,474,1),(11,474,1),(12,474,1),(13,474,1),(14,474,1),(15,474,1),(16,474,1),(17,474,1),(18,474,1),(19,474,1),(20,474,1),(21,474,1),(22,474,1),(24,474,1),(25,474,1),(26,474,1),(27,474,1),(28,474,1),(29,474,1),(30,474,1),(31,474,1),(32,474,1),(33,474,1),(34,474,1),(35,474,1),(36,474,1),(37,474,1),(38,474,1),(39,474,1),(40,474,1),(41,474,1),(9,475,1),(10,475,1),(11,475,1),(12,475,1),(13,475,1),(14,475,1),(15,475,1),(16,475,1),(17,475,1),(18,475,1),(19,475,1),(20,475,1),(21,475,1),(22,475,1),(24,475,1),(25,475,1),(26,475,1),(27,475,1),(28,475,1),(29,475,1),(30,475,1),(31,475,1),(32,475,1),(33,475,1),(34,475,1),(35,475,1),(36,475,1),(37,475,1),(38,475,1),(39,475,1),(40,475,1),(41,475,1),(9,476,1),(10,476,1),(11,476,1),(12,476,1),(13,476,1),(14,476,1),(15,476,1),(16,476,1),(17,476,1),(18,476,1),(19,476,1),(20,476,1),(21,476,1),(22,476,1),(24,476,1),(25,476,1),(26,476,1),(27,476,1),(28,476,1),(29,476,1),(30,476,1),(31,476,1),(32,476,1),(33,476,1),(34,476,1),(35,476,1),(36,476,1),(37,476,1),(38,476,1),(39,476,1),(40,476,1),(41,476,1),(9,477,1),(10,477,1),(11,477,1),(12,477,1),(13,477,1),(14,477,1),(15,477,1),(16,477,1),(17,477,1),(18,477,1),(19,477,1),(20,477,1),(21,477,1),(22,477,1),(24,477,1),(25,477,1),(26,477,1),(27,477,1),(28,477,1),(29,477,1),(30,477,1),(31,477,1),(32,477,1),(33,477,1),(34,477,1),(35,477,1),(36,477,1),(37,477,1),(38,477,1),(39,477,1),(40,477,1),(41,477,1),(9,478,1),(10,478,1),(11,478,1),(12,478,1),(13,478,1),(14,478,1),(15,478,1),(16,478,1),(17,478,1),(18,478,1),(19,478,1),(20,478,1),(21,478,1),(22,478,1),(24,478,1),(25,478,1),(26,478,1),(27,478,1),(28,478,1),(29,478,1),(30,478,1),(31,478,1),(32,478,1),(33,478,1),(34,478,1),(35,478,1),(36,478,1),(37,478,1),(38,478,1),(39,478,1),(40,478,1),(41,478,1),(9,479,1),(10,479,1),(11,479,1),(12,479,1),(13,479,1),(14,479,1),(15,479,1),(16,479,1),(17,479,1),(18,479,1),(19,479,1),(20,479,1),(21,479,1),(22,479,1),(24,479,1),(25,479,1),(26,479,1),(27,479,1),(28,479,1),(29,479,1),(30,479,1),(31,479,1),(32,479,1),(33,479,1),(34,479,1),(35,479,1),(36,479,1),(37,479,1),(38,479,1),(39,479,1),(40,479,1),(41,479,1),(9,480,1),(10,480,1),(11,480,1),(12,480,1),(13,480,1),(14,480,1),(15,480,1),(16,480,1),(17,480,1),(18,480,1),(19,480,1),(20,480,1),(21,480,1),(22,480,1),(24,480,1),(25,480,1),(26,480,1),(27,480,1),(28,480,1),(29,480,1),(30,480,1),(31,480,1),(32,480,1),(33,480,1),(34,480,1),(35,480,1),(36,480,1),(37,480,1),(38,480,1),(39,480,1),(40,480,1),(41,480,1),(9,481,1),(10,481,1),(11,481,1),(12,481,1),(13,481,1),(14,481,1),(15,481,1),(16,481,1),(17,481,1),(18,481,1),(19,481,1),(20,481,1),(21,481,1),(22,481,1),(24,481,1),(25,481,1),(26,481,1),(27,481,1),(28,481,1),(29,481,1),(30,481,1),(31,481,1),(32,481,1),(33,481,1),(34,481,1),(35,481,1),(36,481,1),(37,481,1),(38,481,1),(39,481,1),(40,481,1),(41,481,1),(9,482,1),(10,482,1),(11,482,1),(12,482,1),(13,482,1),(14,482,1),(15,482,1),(16,482,1),(17,482,1),(18,482,1),(19,482,1),(20,482,1),(21,482,1),(22,482,1),(24,482,1),(25,482,1),(26,482,1),(27,482,1),(28,482,1),(29,482,1),(30,482,1),(31,482,1),(32,482,1),(33,482,1),(34,482,1),(35,482,1),(36,482,1),(37,482,1),(38,482,1),(39,482,1),(40,482,1),(41,482,1),(9,483,1),(10,483,1),(11,483,1),(12,483,1),(13,483,1),(14,483,1),(15,483,1),(16,483,1),(17,483,1),(18,483,1),(19,483,1),(20,483,1),(21,483,1),(22,483,1),(24,483,1),(25,483,1),(26,483,1),(27,483,1),(28,483,1),(29,483,1),(30,483,1),(31,483,1),(32,483,1),(33,483,1),(34,483,1),(35,483,1),(36,483,1),(37,483,1),(38,483,1),(39,483,1),(40,483,1),(41,483,1),(9,484,1),(10,484,1),(11,484,1),(12,484,1),(13,484,1),(14,484,1),(15,484,1),(16,484,1),(17,484,1),(18,484,1),(19,484,1),(20,484,1),(21,484,1),(22,484,1),(24,484,1),(25,484,1),(26,484,1),(27,484,1),(28,484,1),(29,484,1),(30,484,1),(31,484,1),(32,484,1),(33,484,1),(34,484,1),(35,484,1),(36,484,1),(37,484,1),(38,484,1),(39,484,1),(40,484,1),(41,484,1),(9,485,1),(10,485,1),(11,485,1),(12,485,1),(13,485,1),(14,485,1),(15,485,1),(16,485,1),(17,485,1),(18,485,1),(19,485,1),(20,485,1),(21,485,1),(22,485,1),(24,485,1),(25,485,1),(26,485,1),(27,485,1),(28,485,1),(29,485,1),(30,485,1),(31,485,1),(32,485,1),(33,485,1),(34,485,1),(35,485,1),(36,485,1),(37,485,1),(38,485,1),(39,485,1),(40,485,1),(41,485,1),(9,486,1),(10,486,1),(11,486,1),(12,486,1),(13,486,1),(14,486,1),(15,486,1),(16,486,1),(17,486,1),(18,486,1),(19,486,1),(20,486,1),(21,486,1),(22,486,1),(24,486,1),(25,486,1),(26,486,1),(27,486,1),(28,486,1),(29,486,1),(30,486,1),(31,486,1),(32,486,1),(33,486,1),(34,486,1),(35,486,1),(36,486,1),(37,486,1),(38,486,1),(39,486,1),(40,486,1),(41,486,1),(9,487,1),(10,487,1),(11,487,1),(12,487,1),(13,487,1),(14,487,1),(15,487,1),(16,487,1),(17,487,1),(18,487,1),(19,487,1),(20,487,1),(21,487,1),(22,487,1),(24,487,1),(25,487,1),(26,487,1),(27,487,1),(28,487,1),(29,487,1),(30,487,1),(31,487,1),(32,487,1),(33,487,1),(34,487,1),(35,487,1),(36,487,1),(37,487,1),(38,487,1),(39,487,1),(40,487,1),(41,487,1),(9,488,1),(10,488,1),(11,488,1),(12,488,1),(13,488,1),(14,488,1),(15,488,1),(16,488,1),(17,488,1),(18,488,1),(19,488,1),(20,488,1),(21,488,1),(22,488,1),(24,488,1),(25,488,1),(26,488,1),(27,488,1),(28,488,1),(29,488,1),(30,488,1),(31,488,1),(32,488,1),(33,488,1),(34,488,1),(35,488,1),(36,488,1),(37,488,1),(38,488,1),(39,488,1),(40,488,1),(41,488,1),(9,489,1),(10,489,1),(11,489,1),(12,489,1),(13,489,1),(14,489,1),(15,489,1),(16,489,1),(17,489,1),(18,489,1),(19,489,1),(20,489,1),(21,489,1),(22,489,1),(24,489,1),(25,489,1),(26,489,1),(27,489,1),(28,489,1),(29,489,1),(30,489,1),(31,489,1),(32,489,1),(33,489,1),(34,489,1),(35,489,1),(36,489,1),(37,489,1),(38,489,1),(39,489,1),(40,489,1),(41,489,1),(9,490,1),(10,490,1),(11,490,1),(12,490,1),(13,490,1),(14,490,1),(15,490,1),(16,490,1),(17,490,1),(18,490,1),(19,490,1),(20,490,1),(21,490,1),(22,490,1),(24,490,1),(25,490,1),(26,490,1),(27,490,1),(28,490,1),(29,490,1),(30,490,1),(31,490,1),(32,490,1),(33,490,1),(34,490,1),(35,490,1),(36,490,1),(37,490,1),(38,490,1),(39,490,1),(40,490,1),(41,490,1),(9,491,1),(10,491,1),(11,491,1),(12,491,1),(13,491,1),(14,491,1),(15,491,1),(16,491,1),(17,491,1),(18,491,1),(19,491,1),(20,491,1),(21,491,1),(22,491,1),(24,491,1),(25,491,1),(26,491,1),(27,491,1),(28,491,1),(29,491,1),(30,491,1),(31,491,1),(32,491,1),(33,491,1),(34,491,1),(35,491,1),(36,491,1),(37,491,1),(38,491,1),(39,491,1),(40,491,1),(41,491,1),(9,492,1),(10,492,1),(11,492,1),(12,492,1),(13,492,1),(14,492,1),(15,492,1),(16,492,1),(17,492,1),(18,492,1),(19,492,1),(20,492,1),(21,492,1),(22,492,1),(24,492,1),(25,492,1),(26,492,1),(27,492,1),(28,492,1),(29,492,1),(30,492,1),(31,492,1),(32,492,1),(33,492,1),(34,492,1),(35,492,1),(36,492,1),(37,492,1),(38,492,1),(39,492,1),(40,492,1),(41,492,1),(9,493,1),(10,493,1),(11,493,1),(12,493,1),(13,493,1),(14,493,1),(15,493,1),(16,493,1),(17,493,1),(18,493,1),(19,493,1),(20,493,1),(21,493,1),(22,493,1),(24,493,1),(25,493,1),(26,493,1),(27,493,1),(28,493,1),(29,493,1),(30,493,1),(31,493,1),(32,493,1),(33,493,1),(34,493,1),(35,493,1),(36,493,1),(37,493,1),(38,493,1),(39,493,1),(40,493,1),(41,493,1),(9,494,1),(10,494,1),(11,494,1),(12,494,1),(13,494,1),(14,494,1),(15,494,1),(16,494,1),(17,494,1),(18,494,1),(19,494,1),(20,494,1),(21,494,1),(22,494,1),(24,494,1),(25,494,1),(26,494,1),(27,494,1),(28,494,1),(29,494,1),(30,494,1),(31,494,1),(32,494,1),(33,494,1),(34,494,1),(35,494,1),(36,494,1),(37,494,1),(38,494,1),(39,494,1),(40,494,1),(41,494,1),(9,495,1),(10,495,1),(11,495,1),(12,495,1),(13,495,1),(14,495,1),(15,495,1),(16,495,1),(17,495,1),(18,495,1),(19,495,1),(20,495,1),(21,495,1),(22,495,1),(24,495,1),(25,495,1),(26,495,1),(27,495,1),(28,495,1),(29,495,1),(30,495,1),(31,495,1),(32,495,1),(33,495,1),(34,495,1),(35,495,1),(36,495,1),(37,495,1),(38,495,1),(39,495,1),(40,495,1),(41,495,1),(9,496,1),(10,496,1),(11,496,1),(12,496,1),(13,496,1),(14,496,1),(15,496,1),(16,496,1),(17,496,1),(18,496,1),(19,496,1),(20,496,1),(21,496,1),(22,496,1),(24,496,1),(25,496,1),(26,496,1),(27,496,1),(28,496,1),(29,496,1),(30,496,1),(31,496,1),(32,496,1),(33,496,1),(34,496,1),(35,496,1),(36,496,1),(37,496,1),(38,496,1),(39,496,1),(40,496,1),(41,496,1),(9,497,1),(10,497,1),(11,497,1),(12,497,1),(13,497,1),(14,497,1),(15,497,1),(16,497,1),(17,497,1),(18,497,1),(19,497,1),(20,497,1),(21,497,1),(22,497,1),(24,497,1),(25,497,1),(26,497,1),(27,497,1),(28,497,1),(29,497,1),(30,497,1),(31,497,1),(32,497,1),(33,497,1),(34,497,1),(35,497,1),(36,497,1),(37,497,1),(38,497,1),(39,497,1),(40,497,1),(41,497,1),(9,498,1),(10,498,1),(11,498,1),(12,498,1),(13,498,1),(14,498,1),(15,498,1),(16,498,1),(17,498,1),(18,498,1),(19,498,1),(20,498,1),(21,498,1),(22,498,1),(24,498,1),(25,498,1),(26,498,1),(27,498,1),(28,498,1),(29,498,1),(30,498,1),(31,498,1),(32,498,1),(33,498,1),(34,498,1),(35,498,1),(36,498,1),(37,498,1),(38,498,1),(39,498,1),(40,498,1),(41,498,1),(9,499,1),(10,499,1),(11,499,1),(12,499,1),(13,499,1),(14,499,1),(15,499,1),(16,499,1),(17,499,1),(18,499,1),(19,499,1),(20,499,1),(21,499,1),(22,499,1),(24,499,1),(25,499,1),(26,499,1),(27,499,1),(28,499,1),(29,499,1),(30,499,1),(31,499,1),(32,499,1),(33,499,1),(34,499,1),(35,499,1),(36,499,1),(37,499,1),(38,499,1),(39,499,1),(40,499,1),(41,499,1),(9,500,1),(10,500,1),(11,500,1),(12,500,1),(13,500,1),(14,500,1),(15,500,1),(16,500,1),(17,500,1),(18,500,1),(19,500,1),(20,500,1),(21,500,1),(22,500,1),(24,500,1),(25,500,1),(26,500,1),(27,500,1),(28,500,1),(29,500,1),(30,500,1),(31,500,1),(32,500,1),(33,500,1),(34,500,1),(35,500,1),(36,500,1),(37,500,1),(38,500,1),(39,500,1),(40,500,1),(41,500,1),(9,501,1),(10,501,1),(11,501,1),(12,501,1),(13,501,1),(14,501,1),(15,501,1),(16,501,1),(17,501,1),(18,501,1),(19,501,1),(20,501,1),(21,501,1),(22,501,1),(24,501,1),(25,501,1),(26,501,1),(27,501,1),(28,501,1),(29,501,1),(30,501,1),(31,501,1),(32,501,1),(33,501,1),(34,501,1),(35,501,1),(36,501,1),(37,501,1),(38,501,1),(39,501,1),(40,501,1),(41,501,1),(9,502,1),(10,502,1),(11,502,1),(12,502,1),(13,502,1),(14,502,1),(15,502,1),(16,502,1),(17,502,1),(18,502,1),(19,502,1),(20,502,1),(21,502,1),(22,502,1),(24,502,1),(25,502,1),(26,502,1),(27,502,1),(28,502,1),(29,502,1),(30,502,1),(31,502,1),(32,502,1),(33,502,1),(34,502,1),(35,502,1),(36,502,1),(37,502,1),(38,502,1),(39,502,1),(40,502,1),(41,502,1),(9,503,1),(10,503,1),(11,503,1),(12,503,1),(13,503,1),(14,503,1),(15,503,1),(16,503,1),(17,503,1),(18,503,1),(19,503,1),(20,503,1),(21,503,1),(22,503,1),(24,503,1),(25,503,1),(26,503,1),(27,503,1),(28,503,1),(29,503,1),(30,503,1),(31,503,1),(32,503,1),(33,503,1),(34,503,1),(35,503,1),(36,503,1),(37,503,1),(38,503,1),(39,503,1),(40,503,1),(41,503,1),(9,504,1),(10,504,1),(11,504,1),(12,504,1),(13,504,1),(14,504,1),(15,504,1),(16,504,1),(17,504,1),(18,504,1),(19,504,1),(20,504,1),(21,504,1),(22,504,1),(24,504,1),(25,504,1),(26,504,1),(27,504,1),(28,504,1),(29,504,1),(30,504,1),(31,504,1),(32,504,1),(33,504,1),(34,504,1),(35,504,1),(36,504,1),(37,504,1),(38,504,1),(39,504,1),(40,504,1),(41,504,1),(9,505,1),(10,505,1),(11,505,1),(12,505,1),(13,505,1),(14,505,1),(15,505,1),(16,505,1),(17,505,1),(18,505,1),(19,505,1),(20,505,1),(21,505,1),(22,505,1),(24,505,1),(25,505,1),(26,505,1),(27,505,1),(28,505,1),(29,505,1),(30,505,1),(31,505,1),(32,505,1),(33,505,1),(34,505,1),(35,505,1),(36,505,1),(37,505,1),(38,505,1),(39,505,1),(40,505,1),(41,505,1),(9,506,1),(10,506,1),(11,506,1),(12,506,1),(13,506,1),(14,506,1),(15,506,1),(16,506,1),(17,506,1),(18,506,1),(19,506,1),(20,506,1),(21,506,1),(22,506,1),(24,506,1),(25,506,1),(26,506,1),(27,506,1),(28,506,1),(29,506,1),(30,506,1),(31,506,1),(32,506,1),(33,506,1),(34,506,1),(35,506,1),(36,506,1),(37,506,1),(38,506,1),(39,506,1),(40,506,1),(41,506,1),(9,507,1),(10,507,1),(11,507,1),(12,507,1),(13,507,1),(14,507,1),(15,507,1),(16,507,1),(17,507,1),(18,507,1),(19,507,1),(20,507,1),(21,507,1),(22,507,1),(24,507,1),(25,507,1),(26,507,1),(27,507,1),(28,507,1),(29,507,1),(30,507,1),(31,507,1),(32,507,1),(33,507,1),(34,507,1),(35,507,1),(36,507,1),(37,507,1),(38,507,1),(39,507,1),(40,507,1),(41,507,1),(9,508,1),(10,508,1),(11,508,1),(12,508,1),(13,508,1),(14,508,1),(15,508,1),(16,508,1),(17,508,1),(18,508,1),(19,508,1),(20,508,1),(21,508,1),(22,508,1),(24,508,1),(25,508,1),(26,508,1),(27,508,1),(28,508,1),(29,508,1),(30,508,1),(31,508,1),(32,508,1),(33,508,1),(34,508,1),(35,508,1),(36,508,1),(37,508,1),(38,508,1),(39,508,1),(40,508,1),(41,508,1),(9,509,1),(10,509,1),(11,509,1),(12,509,1),(13,509,1),(14,509,1),(15,509,1),(16,509,1),(17,509,1),(18,509,1),(19,509,1),(20,509,1),(21,509,1),(22,509,1),(24,509,1),(25,509,1),(26,509,1),(27,509,1),(28,509,1),(29,509,1),(30,509,1),(31,509,1),(32,509,1),(33,509,1),(34,509,1),(35,509,1),(36,509,1),(37,509,1),(38,509,1),(39,509,1),(40,509,1),(41,509,1),(9,510,1),(10,510,1),(11,510,1),(12,510,1),(13,510,1),(14,510,1),(15,510,1),(16,510,1),(17,510,1),(18,510,1),(19,510,1),(20,510,1),(21,510,1),(22,510,1),(24,510,1),(25,510,1),(26,510,1),(27,510,1),(28,510,1),(29,510,1),(30,510,1),(31,510,1),(32,510,1),(33,510,1),(34,510,1),(35,510,1),(36,510,1),(37,510,1),(38,510,1),(39,510,1),(40,510,1),(41,510,1),(9,511,1),(10,511,1),(11,511,1),(12,511,1),(13,511,1),(14,511,1),(15,511,1),(16,511,1),(17,511,1),(18,511,1),(19,511,1),(20,511,1),(21,511,1),(22,511,1),(24,511,1),(25,511,1),(26,511,1),(27,511,1),(28,511,1),(29,511,1),(30,511,1),(31,511,1),(32,511,1),(33,511,1),(34,511,1),(35,511,1),(36,511,1),(37,511,1),(38,511,1),(39,511,1),(40,511,1),(41,511,1),(9,512,1),(10,512,1),(11,512,1),(12,512,1),(13,512,1),(14,512,1),(15,512,1),(16,512,1),(17,512,1),(18,512,1),(19,512,1),(20,512,1),(21,512,1),(22,512,1),(24,512,1),(25,512,1),(26,512,1),(27,512,1),(28,512,1),(29,512,1),(30,512,1),(31,512,1),(32,512,1),(33,512,1),(34,512,1),(35,512,1),(36,512,1),(37,512,1),(38,512,1),(39,512,1),(40,512,1),(41,512,1),(9,513,3),(10,513,3),(11,513,3),(12,513,3),(13,513,3),(14,513,3),(15,513,3),(16,513,3),(17,513,3),(18,513,3),(19,513,3),(20,513,3),(21,513,3),(22,513,3),(24,513,3),(25,513,3),(26,513,3),(27,513,3),(28,513,3),(29,513,3),(30,513,3),(31,513,3),(32,513,3),(33,513,3),(34,513,3),(35,513,3),(36,513,3),(37,513,3),(38,513,3),(39,513,3),(40,513,3),(41,513,3),(9,514,3),(10,514,3),(11,514,3),(12,514,3),(13,514,3),(14,514,3),(15,514,3),(16,514,3),(17,514,3),(18,514,3),(19,514,3),(20,514,3),(21,514,3),(22,514,3),(24,514,3),(25,514,3),(26,514,3),(27,514,3),(28,514,3),(29,514,3),(30,514,3),(31,514,3),(32,514,3),(33,514,3),(34,514,3),(35,514,3),(36,514,3),(37,514,3),(38,514,3),(39,514,3),(40,514,3),(41,514,3),(13,515,2),(14,515,2),(15,515,2),(16,515,2),(17,515,2),(18,515,2),(19,515,2),(20,515,2),(21,515,2),(22,515,2),(13,516,2),(14,516,2),(15,516,2),(16,516,2),(17,516,2),(18,516,2),(19,516,2),(20,516,2),(21,516,2),(22,516,2),(9,517,7),(10,517,7),(11,517,7),(12,517,7),(13,517,7),(14,517,7),(15,517,7),(16,517,7),(17,517,7),(18,517,7),(19,517,7),(20,517,7),(21,517,7),(22,517,7),(24,517,7),(25,517,7),(26,517,7),(27,517,7),(28,517,7),(29,517,7),(30,517,7),(31,517,7),(32,517,7),(33,517,7),(34,517,7),(35,517,7),(36,517,7),(37,517,7),(38,517,7),(39,517,7),(40,517,7),(41,517,7),(9,518,7),(10,518,7),(11,518,7),(12,518,7),(13,518,9),(14,518,9),(15,518,9),(16,518,9),(17,518,9),(18,518,9),(19,518,9),(20,518,9),(21,518,9),(22,518,9),(24,518,7),(25,518,7),(26,518,7),(27,518,7),(28,518,7),(29,518,7),(30,518,7),(31,518,7),(32,518,7),(33,518,7),(34,518,7),(35,518,7),(36,518,7),(37,518,7),(38,518,7),(39,518,7),(40,518,7),(41,518,7),(9,519,7),(10,519,7),(11,519,7),(12,519,7),(13,519,9),(14,519,9),(15,519,9),(16,519,9),(17,519,9),(18,519,9),(19,519,9),(20,519,9),(21,519,9),(22,519,9),(24,519,7),(25,519,7),(26,519,7),(27,519,7),(28,519,7),(29,519,7),(30,519,7),(31,519,7),(32,519,7),(33,519,7),(34,519,7),(35,519,7),(36,519,7),(37,519,7),(38,519,7),(39,519,7),(40,519,7),(41,519,7),(9,520,6),(10,520,6),(11,520,6),(12,520,6),(13,520,6),(14,520,6),(15,520,6),(16,520,6),(17,520,6),(18,520,6),(19,520,6),(20,520,6),(21,520,6),(22,520,6),(24,520,6),(25,520,6),(26,520,6),(27,520,6),(28,520,6),(29,520,6),(30,520,6),(31,520,6),(32,520,6),(33,520,6),(34,520,6),(35,520,6),(36,520,6),(37,520,6),(38,520,6),(39,520,6),(40,520,6),(41,520,6),(9,521,10),(11,521,10),(9,522,1),(10,522,1),(11,522,1),(12,522,1),(13,522,1),(14,522,1),(15,522,1),(16,522,1),(17,522,1),(18,522,1),(19,522,1),(20,522,1),(21,522,1),(22,522,1),(24,522,1),(25,522,1),(26,522,1),(27,522,1),(28,522,1),(29,522,1),(30,522,1),(31,522,1),(32,522,1),(33,522,1),(34,522,1),(35,522,1),(36,522,1),(37,522,1),(38,522,1),(39,522,1),(40,522,1),(41,522,1),(9,523,4),(10,523,4),(11,523,4),(12,523,4),(13,523,4),(14,523,4),(15,523,4),(16,523,4),(17,523,4),(18,523,4),(19,523,4),(20,523,4),(21,523,4),(22,523,4),(24,523,4),(25,523,4),(26,523,4),(27,523,4),(28,523,4),(29,523,4),(30,523,4),(31,523,4),(32,523,4),(33,523,4),(34,523,4),(35,523,4),(36,523,4),(37,523,4),(38,523,4),(39,523,4),(40,523,4),(41,523,4),(9,524,1),(10,524,1),(11,524,1),(12,524,1),(13,524,1),(14,524,1),(15,524,1),(16,524,1),(17,524,1),(18,524,1),(19,524,1),(20,524,1),(21,524,1),(22,524,1),(24,524,1),(25,524,1),(26,524,1),(27,524,1),(28,524,1),(29,524,1),(30,524,1),(31,524,1),(32,524,1),(33,524,1),(34,524,1),(35,524,1),(36,524,1),(37,524,1),(38,524,1),(39,524,1),(40,524,1),(41,524,1),(9,525,1),(10,525,1),(11,525,1),(12,525,1),(13,525,1),(14,525,1),(15,525,1),(16,525,1),(17,525,1),(18,525,1),(19,525,1),(20,525,1),(21,525,1),(22,525,1),(24,525,1),(25,525,1),(26,525,1),(27,525,1),(28,525,1),(29,525,1),(30,525,1),(31,525,1),(32,525,1),(33,525,1),(34,525,1),(35,525,1),(36,525,1),(37,525,1),(38,525,1),(39,525,1),(40,525,1),(41,525,1),(9,526,1),(10,526,1),(11,526,1),(12,526,1),(13,526,1),(14,526,1),(15,526,1),(16,526,1),(17,526,1),(18,526,1),(19,526,1),(20,526,1),(21,526,1),(22,526,1),(24,526,1),(25,526,1),(26,526,1),(27,526,1),(28,526,1),(29,526,1),(30,526,1),(31,526,1),(32,526,1),(33,526,1),(34,526,1),(35,526,1),(36,526,1),(37,526,1),(38,526,1),(39,526,1),(40,526,1),(41,526,1),(9,527,6),(10,527,6),(11,527,6),(12,527,6),(13,527,6),(14,527,6),(15,527,6),(16,527,6),(17,527,6),(18,527,6),(19,527,6),(20,527,6),(21,527,6),(22,527,6),(24,527,6),(25,527,6),(26,527,6),(27,527,6),(28,527,6),(29,527,6),(30,527,6),(31,527,6),(32,527,6),(33,527,6),(34,527,6),(35,527,6),(36,527,6),(37,527,6),(38,527,6),(39,527,6),(40,527,6),(41,527,6),(9,528,1),(10,528,1),(11,528,1),(12,528,1),(13,528,1),(14,528,1),(15,528,1),(16,528,1),(17,528,1),(18,528,1),(19,528,1),(20,528,1),(21,528,1),(22,528,1),(24,528,1),(25,528,1),(26,528,1),(27,528,1),(28,528,1),(29,528,1),(30,528,1),(31,528,1),(32,528,1),(33,528,1),(34,528,1),(35,528,1),(36,528,1),(37,528,1),(38,528,1),(39,528,1),(40,528,1),(41,528,1),(9,529,1),(10,529,1),(11,529,1),(12,529,1),(13,529,1),(14,529,1),(15,529,1),(16,529,1),(17,529,1),(18,529,1),(19,529,1),(20,529,1),(21,529,1),(22,529,1),(24,529,1),(25,529,1),(26,529,1),(27,529,1),(28,529,1),(29,529,1),(30,529,1),(31,529,1),(32,529,1),(33,529,1),(34,529,1),(35,529,1),(36,529,1),(37,529,1),(38,529,1),(39,529,1),(40,529,1),(41,529,1),(9,530,2),(10,530,2),(11,530,2),(12,530,2),(13,530,2),(14,530,2),(15,530,2),(16,530,2),(17,530,2),(18,530,2),(19,530,2),(20,530,2),(21,530,2),(22,530,2),(24,530,2),(25,530,2),(26,530,2),(27,530,2),(28,530,2),(29,530,2),(30,530,2),(31,530,2),(32,530,2),(33,530,2),(34,530,2),(35,530,2),(36,530,2),(37,530,2),(38,530,2),(39,530,2),(40,530,2),(41,530,2),(9,531,1),(10,531,1),(11,531,1),(12,531,1),(13,531,1),(14,531,1),(15,531,1),(16,531,1),(17,531,1),(18,531,1),(19,531,1),(20,531,1),(21,531,1),(22,531,1),(24,531,1),(25,531,1),(26,531,1),(27,531,1),(28,531,1),(29,531,1),(30,531,1),(31,531,1),(32,531,1),(33,531,1),(34,531,1),(35,531,1),(36,531,1),(37,531,1),(38,531,1),(39,531,1),(40,531,1),(41,531,1),(9,532,1),(10,532,1),(11,532,1),(12,532,1),(13,532,1),(14,532,1),(15,532,1),(16,532,1),(17,532,1),(18,532,1),(19,532,1),(20,532,1),(21,532,1),(22,532,1),(24,532,1),(25,532,1),(26,532,1),(27,532,1),(28,532,1),(29,532,1),(30,532,1),(31,532,1),(32,532,1),(33,532,1),(34,532,1),(35,532,1),(36,532,1),(37,532,1),(38,532,1),(39,532,1),(40,532,1),(41,532,1),(9,533,1),(10,533,1),(11,533,1),(12,533,1),(13,533,1),(14,533,1),(15,533,1),(16,533,1),(17,533,1),(18,533,1),(19,533,1),(20,533,1),(21,533,1),(22,533,1),(24,533,1),(25,533,1),(26,533,1),(27,533,1),(28,533,1),(29,533,1),(30,533,1),(31,533,1),(32,533,1),(33,533,1),(34,533,1),(35,533,1),(36,533,1),(37,533,1),(38,533,1),(39,533,1),(40,533,1),(41,533,1),(9,534,1),(10,534,1),(11,534,1),(12,534,1),(13,534,1),(14,534,1),(15,534,1),(16,534,1),(17,534,1),(18,534,1),(19,534,1),(20,534,1),(21,534,1),(22,534,1),(24,534,1),(25,534,1),(26,534,1),(27,534,1),(28,534,1),(29,534,1),(30,534,1),(31,534,1),(32,534,1),(33,534,1),(34,534,1),(35,534,1),(36,534,1),(37,534,1),(38,534,1),(39,534,1),(40,534,1),(41,534,1),(9,535,1),(10,535,1),(11,535,1),(12,535,1),(13,535,1),(14,535,1),(15,535,1),(16,535,1),(17,535,1),(18,535,1),(19,535,1),(20,535,1),(21,535,1),(22,535,1),(24,535,1),(25,535,1),(26,535,1),(27,535,1),(28,535,1),(29,535,1),(30,535,1),(31,535,1),(32,535,1),(33,535,1),(34,535,1),(35,535,1),(36,535,1),(37,535,1),(38,535,1),(39,535,1),(40,535,1),(41,535,1),(9,536,1),(10,536,1),(11,536,1),(12,536,1),(13,536,1),(14,536,1),(15,536,1),(16,536,1),(17,536,1),(18,536,1),(19,536,1),(20,536,1),(21,536,1),(22,536,1),(24,536,1),(25,536,1),(26,536,1),(27,536,1),(28,536,1),(29,536,1),(30,536,1),(31,536,1),(32,536,1),(33,536,1),(34,536,1),(35,536,1),(36,536,1),(37,536,1),(38,536,1),(39,536,1),(40,536,1),(41,536,1),(9,537,2),(10,537,2),(11,537,2),(12,537,2),(13,537,2),(14,537,2),(15,537,2),(16,537,2),(17,537,2),(18,537,2),(19,537,2),(20,537,2),(21,537,2),(22,537,2),(24,537,2),(25,537,2),(26,537,2),(27,537,2),(28,537,2),(29,537,2),(30,537,2),(31,537,2),(32,537,2),(33,537,2),(34,537,2),(35,537,2),(36,537,2),(37,537,2),(38,537,2),(39,537,2),(40,537,2),(41,537,2),(9,538,1),(10,538,1),(11,538,1),(12,538,1),(13,538,1),(14,538,1),(15,538,1),(16,538,1),(17,538,1),(18,538,1),(19,538,1),(20,538,1),(21,538,1),(22,538,1),(24,538,1),(25,538,1),(26,538,1),(27,538,1),(28,538,1),(29,538,1),(30,538,1),(31,538,1),(32,538,1),(33,538,1),(34,538,1),(35,538,1),(36,538,1),(37,538,1),(38,538,1),(39,538,1),(40,538,1),(41,538,1),(9,539,5),(10,539,5),(11,539,5),(12,539,5),(13,539,5),(14,539,5),(15,539,5),(16,539,5),(17,539,5),(18,539,5),(19,539,5),(20,539,5),(21,539,5),(22,539,5),(24,539,5),(25,539,5),(26,539,5),(27,539,5),(28,539,5),(29,539,5),(30,539,5),(31,539,5),(32,539,5),(33,539,5),(34,539,5),(35,539,5),(36,539,5),(37,539,5),(38,539,5),(39,539,5),(40,539,5),(41,539,5),(9,540,2),(10,540,2),(11,540,2),(12,540,2),(13,540,2),(14,540,2),(15,540,2),(16,540,2),(17,540,2),(18,540,2),(19,540,2),(20,540,2),(21,540,2),(22,540,2),(24,540,2),(25,540,2),(26,540,2),(27,540,2),(28,540,2),(29,540,2),(30,540,2),(31,540,2),(32,540,2),(33,540,2),(34,540,2),(35,540,2),(36,540,2),(37,540,2),(38,540,2),(39,540,2),(40,540,2),(41,540,2),(9,541,1),(10,541,1),(11,541,1),(12,541,1),(13,541,1),(14,541,1),(15,541,1),(16,541,1),(17,541,1),(18,541,1),(19,541,1),(20,541,1),(21,541,1),(22,541,1),(24,541,1),(25,541,1),(26,541,1),(27,541,1),(28,541,1),(29,541,1),(30,541,1),(31,541,1),(32,541,1),(33,541,1),(34,541,1),(35,541,1),(36,541,1),(37,541,1),(38,541,1),(39,541,1),(40,541,1),(41,541,1),(9,542,1),(10,542,1),(11,542,1),(12,542,1),(13,542,1),(14,542,1),(15,542,1),(16,542,1),(17,542,1),(18,542,1),(19,542,1),(20,542,1),(21,542,1),(22,542,1),(24,542,1),(25,542,1),(26,542,1),(27,542,1),(28,542,1),(29,542,1),(30,542,1),(31,542,1),(32,542,1),(33,542,1),(34,542,1),(35,542,1),(36,542,1),(37,542,1),(38,542,1),(39,542,1),(40,542,1),(41,542,1),(9,543,1),(10,543,1),(11,543,1),(12,543,1),(13,543,1),(14,543,1),(15,543,1),(16,543,1),(17,543,1),(18,543,1),(19,543,1),(20,543,1),(21,543,1),(22,543,1),(24,543,1),(25,543,1),(26,543,1),(27,543,1),(28,543,1),(29,543,1),(30,543,1),(31,543,1),(32,543,1),(33,543,1),(34,543,1),(35,543,1),(36,543,1),(37,543,1),(38,543,1),(39,543,1),(40,543,1),(41,543,1),(9,544,1),(10,544,1),(11,544,1),(12,544,1),(13,544,1),(14,544,1),(15,544,1),(16,544,1),(17,544,1),(18,544,1),(19,544,1),(20,544,1),(21,544,1),(22,544,1),(24,544,1),(25,544,1),(26,544,1),(27,544,1),(28,544,1),(29,544,1),(30,544,1),(31,544,1),(32,544,1),(33,544,1),(34,544,1),(35,544,1),(36,544,1),(37,544,1),(38,544,1),(39,544,1),(40,544,1),(41,544,1),(9,545,1),(10,545,1),(11,545,1),(12,545,1),(13,545,1),(14,545,1),(15,545,1),(16,545,1),(17,545,1),(18,545,1),(19,545,1),(20,545,1),(21,545,1),(22,545,1),(24,545,1),(25,545,1),(26,545,1),(27,545,1),(28,545,1),(29,545,1),(30,545,1),(31,545,1),(32,545,1),(33,545,1),(34,545,1),(35,545,1),(36,545,1),(37,545,1),(38,545,1),(39,545,1),(40,545,1),(41,545,1),(9,546,2),(10,546,2),(11,546,2),(12,546,2),(13,546,2),(14,546,2),(15,546,2),(16,546,2),(17,546,2),(18,546,2),(19,546,2),(20,546,2),(21,546,2),(22,546,2),(24,546,2),(25,546,2),(26,546,2),(27,546,2),(28,546,2),(29,546,2),(30,546,2),(31,546,2),(32,546,2),(33,546,2),(34,546,2),(35,546,2),(36,546,2),(37,546,2),(38,546,2),(39,546,2),(40,546,2),(41,546,2),(9,547,1),(10,547,1),(11,547,1),(12,547,1),(13,547,1),(14,547,1),(15,547,1),(16,547,1),(17,547,1),(18,547,1),(19,547,1),(20,547,1),(21,547,1),(22,547,1),(24,547,1),(25,547,1),(26,547,1),(27,547,1),(28,547,1),(29,547,1),(30,547,1),(31,547,1),(32,547,1),(33,547,1),(34,547,1),(35,547,1),(36,547,1),(37,547,1),(38,547,1),(39,547,1),(40,547,1),(41,547,1),(9,548,4),(10,548,4),(11,548,4),(12,548,4),(13,548,4),(14,548,4),(15,548,4),(16,548,4),(17,548,4),(18,548,4),(19,548,4),(20,548,4),(21,548,4),(22,548,4),(24,548,4),(25,548,4),(26,548,4),(27,548,4),(28,548,4),(29,548,4),(30,548,4),(31,548,4),(32,548,4),(33,548,4),(34,548,4),(35,548,4),(36,548,4),(37,548,4),(38,548,4),(39,548,4),(40,548,4),(41,548,4),(9,549,1),(10,549,1),(11,549,1),(12,549,1),(13,549,1),(14,549,1),(15,549,1),(16,549,1),(17,549,1),(18,549,1),(19,549,1),(20,549,1),(21,549,1),(22,549,1),(24,549,1),(25,549,1),(26,549,1),(27,549,1),(28,549,1),(29,549,1),(30,549,1),(31,549,1),(32,549,1),(33,549,1),(34,549,1),(35,549,1),(36,549,1),(37,549,1),(38,549,1),(39,549,1),(40,549,1),(41,549,1),(9,550,1),(10,550,1),(11,550,1),(12,550,1),(13,550,1),(14,550,1),(15,550,1),(16,550,1),(17,550,1),(18,550,1),(19,550,1),(20,550,1),(21,550,1),(22,550,1),(24,550,1),(25,550,1),(26,550,1),(27,550,1),(28,550,1),(29,550,1),(30,550,1),(31,550,1),(32,550,1),(33,550,1),(34,550,1),(35,550,1),(36,550,1),(37,550,1),(38,550,1),(39,550,1),(40,550,1),(41,550,1),(9,551,1),(10,551,1),(11,551,1),(12,551,1),(13,551,1),(14,551,1),(15,551,1),(16,551,1),(17,551,1),(18,551,1),(19,551,1),(20,551,1),(21,551,1),(22,551,1),(24,551,1),(25,551,1),(26,551,1),(27,551,1),(28,551,1),(29,551,1),(30,551,1),(31,551,1),(32,551,1),(33,551,1),(34,551,1),(35,551,1),(36,551,1),(37,551,1),(38,551,1),(39,551,1),(40,551,1),(41,551,1),(9,552,1),(10,552,1),(11,552,1),(12,552,1),(13,552,1),(14,552,1),(15,552,1),(16,552,1),(17,552,1),(18,552,1),(19,552,1),(20,552,1),(21,552,1),(22,552,1),(24,552,1),(25,552,1),(26,552,1),(27,552,1),(28,552,1),(29,552,1),(30,552,1),(31,552,1),(32,552,1),(33,552,1),(34,552,1),(35,552,1),(36,552,1),(37,552,1),(38,552,1),(39,552,1),(40,552,1),(41,552,1),(9,553,1),(10,553,1),(11,553,1),(12,553,1),(13,553,1),(14,553,1),(15,553,1),(16,553,1),(17,553,1),(18,553,1),(19,553,1),(20,553,1),(21,553,1),(22,553,1),(24,553,1),(25,553,1),(26,553,1),(27,553,1),(28,553,1),(29,553,1),(30,553,1),(31,553,1),(32,553,1),(33,553,1),(34,553,1),(35,553,1),(36,553,1),(37,553,1),(38,553,1),(39,553,1),(40,553,1),(41,553,1),(9,554,1),(10,554,1),(11,554,1),(12,554,1),(13,554,1),(14,554,1),(15,554,1),(16,554,1),(17,554,1),(18,554,1),(19,554,1),(20,554,1),(21,554,1),(22,554,1),(24,554,1),(25,554,1),(26,554,1),(27,554,1),(28,554,1),(29,554,1),(30,554,1),(31,554,1),(32,554,1),(33,554,1),(34,554,1),(35,554,1),(36,554,1),(37,554,1),(38,554,1),(39,554,1),(40,554,1),(41,554,1),(9,555,1),(10,555,1),(11,555,1),(12,555,1),(13,555,1),(14,555,1),(15,555,1),(16,555,1),(17,555,1),(18,555,1),(19,555,1),(20,555,1),(21,555,1),(22,555,1),(24,555,1),(25,555,1),(26,555,1),(27,555,1),(28,555,1),(29,555,1),(30,555,1),(31,555,1),(32,555,1),(33,555,1),(34,555,1),(35,555,1),(36,555,1),(37,555,1),(38,555,1),(39,555,1),(40,555,1),(41,555,1),(9,556,1),(10,556,1),(11,556,1),(12,556,1),(13,556,1),(14,556,1),(15,556,1),(16,556,1),(17,556,1),(18,556,1),(19,556,1),(20,556,1),(21,556,1),(22,556,1),(24,556,1),(25,556,1),(26,556,1),(27,556,1),(28,556,1),(29,556,1),(30,556,1),(31,556,1),(32,556,1),(33,556,1),(34,556,1),(35,556,1),(36,556,1),(37,556,1),(38,556,1),(39,556,1),(40,556,1),(41,556,1),(9,557,1),(10,557,1),(11,557,1),(12,557,1),(13,557,1),(14,557,1),(15,557,1),(16,557,1),(17,557,1),(18,557,1),(19,557,1),(20,557,1),(21,557,1),(22,557,1),(24,557,1),(25,557,1),(26,557,1),(27,557,1),(28,557,1),(29,557,1),(30,557,1),(31,557,1),(32,557,1),(33,557,1),(34,557,1),(35,557,1),(36,557,1),(37,557,1),(38,557,1),(39,557,1),(40,557,1),(41,557,1),(9,558,2),(10,558,2),(11,558,2),(12,558,2),(13,558,2),(14,558,2),(15,558,2),(16,558,2),(17,558,2),(18,558,2),(19,558,2),(20,558,2),(21,558,2),(22,558,2),(24,558,2),(25,558,2),(26,558,2),(27,558,2),(28,558,2),(29,558,2),(30,558,2),(31,558,2),(32,558,2),(33,558,2),(34,558,2),(35,558,2),(36,558,2),(37,558,2),(38,558,2),(39,558,2),(40,558,2),(41,558,2),(9,559,1),(10,559,1),(11,559,1),(12,559,1),(13,559,1),(14,559,1),(15,559,1),(16,559,1),(17,559,1),(18,559,1),(19,559,1),(20,559,1),(21,559,1),(22,559,1),(24,559,1),(25,559,1),(26,559,1),(27,559,1),(28,559,1),(29,559,1),(30,559,1),(31,559,1),(32,559,1),(33,559,1),(34,559,1),(35,559,1),(36,559,1),(37,559,1),(38,559,1),(39,559,1),(40,559,1),(41,559,1),(9,560,1),(10,560,1),(11,560,1),(12,560,1),(13,560,1),(14,560,1),(15,560,1),(16,560,1),(17,560,1),(18,560,1),(19,560,1),(20,560,1),(21,560,1),(22,560,1),(24,560,1),(25,560,1),(26,560,1),(27,560,1),(28,560,1),(29,560,1),(30,560,1),(31,560,1),(32,560,1),(33,560,1),(34,560,1),(35,560,1),(36,560,1),(37,560,1),(38,560,1),(39,560,1),(40,560,1),(41,560,1),(9,561,1),(10,561,1),(11,561,1),(12,561,1),(13,561,1),(14,561,1),(15,561,1),(16,561,1),(17,561,1),(18,561,1),(19,561,1),(20,561,1),(21,561,1),(22,561,1),(24,561,1),(25,561,1),(26,561,1),(27,561,1),(28,561,1),(29,561,1),(30,561,1),(31,561,1),(32,561,1),(33,561,1),(34,561,1),(35,561,1),(36,561,1),(37,561,1),(38,561,1),(39,561,1),(40,561,1),(41,561,1),(9,562,1),(10,562,1),(11,562,1),(12,562,1),(13,562,1),(14,562,1),(15,562,1),(16,562,1),(17,562,1),(18,562,1),(19,562,1),(20,562,1),(21,562,1),(22,562,1),(24,562,1),(25,562,1),(26,562,1),(27,562,1),(28,562,1),(29,562,1),(30,562,1),(31,562,1),(32,562,1),(33,562,1),(34,562,1),(35,562,1),(36,562,1),(37,562,1),(38,562,1),(39,562,1),(40,562,1),(41,562,1),(9,563,1),(10,563,1),(11,563,1),(12,563,1),(13,563,1),(14,563,1),(15,563,1),(16,563,1),(17,563,1),(18,563,1),(19,563,1),(20,563,1),(21,563,1),(22,563,1),(24,563,1),(25,563,1),(26,563,1),(27,563,1),(28,563,1),(29,563,1),(30,563,1),(31,563,1),(32,563,1),(33,563,1),(34,563,1),(35,563,1),(36,563,1),(37,563,1),(38,563,1),(39,563,1),(40,563,1),(41,563,1),(9,564,1),(10,564,1),(11,564,1),(12,564,1),(13,564,1),(14,564,1),(15,564,1),(16,564,1),(17,564,1),(18,564,1),(19,564,1),(20,564,1),(21,564,1),(22,564,1),(24,564,1),(25,564,1),(26,564,1),(27,564,1),(28,564,1),(29,564,1),(30,564,1),(31,564,1),(32,564,1),(33,564,1),(34,564,1),(35,564,1),(36,564,1),(37,564,1),(38,564,1),(39,564,1),(40,564,1),(41,564,1),(9,565,1),(10,565,1),(11,565,1),(12,565,1),(13,565,1),(14,565,1),(15,565,1),(16,565,1),(17,565,1),(18,565,1),(19,565,1),(20,565,1),(21,565,1),(22,565,1),(24,565,1),(25,565,1),(26,565,1),(27,565,1),(28,565,1),(29,565,1),(30,565,1),(31,565,1),(32,565,1),(33,565,1),(34,565,1),(35,565,1),(36,565,1),(37,565,1),(38,565,1),(39,565,1),(40,565,1),(41,565,1),(9,566,1),(10,566,1),(11,566,1),(12,566,1),(13,566,1),(14,566,1),(15,566,1),(16,566,1),(17,566,1),(18,566,1),(19,566,1),(20,566,1),(21,566,1),(22,566,1),(24,566,1),(25,566,1),(26,566,1),(27,566,1),(28,566,1),(29,566,1),(30,566,1),(31,566,1),(32,566,1),(33,566,1),(34,566,1),(35,566,1),(36,566,1),(37,566,1),(38,566,1),(39,566,1),(40,566,1),(41,566,1),(9,567,1),(10,567,1),(11,567,1),(12,567,1),(13,567,1),(14,567,1),(15,567,1),(16,567,1),(17,567,1),(18,567,1),(19,567,1),(20,567,1),(21,567,1),(22,567,1),(24,567,1),(25,567,1),(26,567,1),(27,567,1),(28,567,1),(29,567,1),(30,567,1),(31,567,1),(32,567,1),(33,567,1),(34,567,1),(35,567,1),(36,567,1),(37,567,1),(38,567,1),(39,567,1),(40,567,1),(41,567,1),(9,568,1),(10,568,1),(11,568,1),(12,568,1),(13,568,1),(14,568,1),(15,568,1),(16,568,1),(17,568,1),(18,568,1),(19,568,1),(20,568,1),(21,568,1),(22,568,1),(24,568,1),(25,568,1),(26,568,1),(27,568,1),(28,568,1),(29,568,1),(30,568,1),(31,568,1),(32,568,1),(33,568,1),(34,568,1),(35,568,1),(36,568,1),(37,568,1),(38,568,1),(39,568,1),(40,568,1),(41,568,1),(9,569,1),(10,569,1),(11,569,1),(12,569,1),(13,569,1),(14,569,1),(15,569,1),(16,569,1),(17,569,1),(18,569,1),(19,569,1),(20,569,1),(21,569,1),(22,569,1),(24,569,1),(25,569,1),(26,569,1),(27,569,1),(28,569,1),(29,569,1),(30,569,1),(31,569,1),(32,569,1),(33,569,1),(34,569,1),(35,569,1),(36,569,1),(37,569,1),(38,569,1),(39,569,1),(40,569,1),(41,569,1),(9,570,1),(10,570,1),(11,570,1),(12,570,1),(13,570,1),(14,570,1),(15,570,1),(16,570,1),(17,570,1),(18,570,1),(19,570,1),(20,570,1),(21,570,1),(22,570,1),(24,570,1),(25,570,1),(26,570,1),(27,570,1),(28,570,1),(29,570,1),(30,570,1),(31,570,1),(32,570,1),(33,570,1),(34,570,1),(35,570,1),(36,570,1),(37,570,1),(38,570,1),(39,570,1),(40,570,1),(41,570,1),(9,571,1),(10,571,1),(11,571,1),(12,571,1),(13,571,1),(14,571,1),(15,571,1),(16,571,1),(17,571,1),(18,571,1),(19,571,1),(20,571,1),(21,571,1),(22,571,1),(24,571,1),(25,571,1),(26,571,1),(27,571,1),(28,571,1),(29,571,1),(30,571,1),(31,571,1),(32,571,1),(33,571,1),(34,571,1),(35,571,1),(36,571,1),(37,571,1),(38,571,1),(39,571,1),(40,571,1),(41,571,1),(9,572,1),(10,572,1),(11,572,1),(12,572,1),(13,572,1),(14,572,1),(15,572,1),(16,572,1),(17,572,1),(18,572,1),(19,572,1),(20,572,1),(21,572,1),(22,572,1),(24,572,1),(25,572,1),(26,572,1),(27,572,1),(28,572,1),(29,572,1),(30,572,1),(31,572,1),(32,572,1),(33,572,1),(34,572,1),(35,572,1),(36,572,1),(37,572,1),(38,572,1),(39,572,1),(40,572,1),(41,572,1),(9,573,1),(10,573,1),(11,573,1),(12,573,1),(13,573,1),(14,573,1),(15,573,1),(16,573,1),(17,573,1),(18,573,1),(19,573,1),(20,573,1),(21,573,1),(22,573,1),(24,573,1),(25,573,1),(26,573,1),(27,573,1),(28,573,1),(29,573,1),(30,573,1),(31,573,1),(32,573,1),(33,573,1),(34,573,1),(35,573,1),(36,573,1),(37,573,1),(38,573,1),(39,573,1),(40,573,1),(41,573,1),(9,574,1),(10,574,1),(11,574,1),(12,574,1),(13,574,1),(14,574,1),(15,574,1),(16,574,1),(17,574,1),(18,574,1),(19,574,1),(20,574,1),(21,574,1),(22,574,1),(24,574,1),(25,574,1),(26,574,1),(27,574,1),(28,574,1),(29,574,1),(30,574,1),(31,574,1),(32,574,1),(33,574,1),(34,574,1),(35,574,1),(36,574,1),(37,574,1),(38,574,1),(39,574,1),(40,574,1),(41,574,1),(9,575,1),(10,575,1),(11,575,1),(12,575,1),(13,575,1),(14,575,1),(15,575,1),(16,575,1),(17,575,1),(18,575,1),(19,575,1),(20,575,1),(21,575,1),(22,575,1),(24,575,1),(25,575,1),(26,575,1),(27,575,1),(28,575,1),(29,575,1),(30,575,1),(31,575,1),(32,575,1),(33,575,1),(34,575,1),(35,575,1),(36,575,1),(37,575,1),(38,575,1),(39,575,1),(40,575,1),(41,575,1),(9,576,1),(10,576,1),(11,576,1),(12,576,1),(13,576,1),(14,576,1),(15,576,1),(16,576,1),(17,576,1),(18,576,1),(19,576,1),(20,576,1),(21,576,1),(22,576,1),(24,576,1),(25,576,1),(26,576,1),(27,576,1),(28,576,1),(29,576,1),(30,576,1),(31,576,1),(32,576,1),(33,576,1),(34,576,1),(35,576,1),(36,576,1),(37,576,1),(38,576,1),(39,576,1),(40,576,1),(41,576,1),(9,577,1),(10,577,1),(11,577,1),(12,577,1),(13,577,1),(14,577,1),(15,577,1),(16,577,1),(17,577,1),(18,577,1),(19,577,1),(20,577,1),(21,577,1),(22,577,1),(24,577,1),(25,577,1),(26,577,1),(27,577,1),(28,577,1),(29,577,1),(30,577,1),(31,577,1),(32,577,1),(33,577,1),(34,577,1),(35,577,1),(36,577,1),(37,577,1),(38,577,1),(39,577,1),(40,577,1),(41,577,1),(9,578,1),(10,578,1),(11,578,1),(12,578,1),(13,578,1),(14,578,1),(15,578,1),(16,578,1),(17,578,1),(18,578,1),(19,578,1),(20,578,1),(21,578,1),(22,578,1),(24,578,1),(25,578,1),(26,578,1),(27,578,1),(28,578,1),(29,578,1),(30,578,1),(31,578,1),(32,578,1),(33,578,1),(34,578,1),(35,578,1),(36,578,1),(37,578,1),(38,578,1),(39,578,1),(40,578,1),(41,578,1),(9,579,1),(10,579,1),(11,579,1),(12,579,1),(13,579,1),(14,579,1),(15,579,1),(16,579,1),(17,579,1),(18,579,1),(19,579,1),(20,579,1),(21,579,1),(22,579,1),(24,579,1),(25,579,1),(26,579,1),(27,579,1),(28,579,1),(29,579,1),(30,579,1),(31,579,1),(32,579,1),(33,579,1),(34,579,1),(35,579,1),(36,579,1),(37,579,1),(38,579,1),(39,579,1),(40,579,1),(41,579,1),(9,580,1),(10,580,1),(11,580,1),(12,580,1),(13,580,1),(14,580,1),(15,580,1),(16,580,1),(17,580,1),(18,580,1),(19,580,1),(20,580,1),(21,580,1),(22,580,1),(24,580,1),(25,580,1),(26,580,1),(27,580,1),(28,580,1),(29,580,1),(30,580,1),(31,580,1),(32,580,1),(33,580,1),(34,580,1),(35,580,1),(36,580,1),(37,580,1),(38,580,1),(39,580,1),(40,580,1),(41,580,1),(9,581,1),(10,581,1),(11,581,1),(12,581,1),(13,581,1),(14,581,1),(15,581,1),(16,581,1),(17,581,1),(18,581,1),(19,581,1),(20,581,1),(21,581,1),(22,581,1),(24,581,1),(25,581,1),(26,581,1),(27,581,1),(28,581,1),(29,581,1),(30,581,1),(31,581,1),(32,581,1),(33,581,1),(34,581,1),(35,581,1),(36,581,1),(37,581,1),(38,581,1),(39,581,1),(40,581,1),(41,581,1),(9,582,1),(10,582,1),(11,582,1),(12,582,1),(13,582,1),(14,582,1),(15,582,1),(16,582,1),(17,582,1),(18,582,1),(19,582,1),(20,582,1),(21,582,1),(22,582,1),(24,582,1),(25,582,1),(26,582,1),(27,582,1),(28,582,1),(29,582,1),(30,582,1),(31,582,1),(32,582,1),(33,582,1),(34,582,1),(35,582,1),(36,582,1),(37,582,1),(38,582,1),(39,582,1),(40,582,1),(41,582,1),(9,583,1),(10,583,1),(11,583,1),(12,583,1),(13,583,1),(14,583,1),(15,583,1),(16,583,1),(17,583,1),(18,583,1),(19,583,1),(20,583,1),(21,583,1),(22,583,1),(24,583,1),(25,583,1),(26,583,1),(27,583,1),(28,583,1),(29,583,1),(30,583,1),(31,583,1),(32,583,1),(33,583,1),(34,583,1),(35,583,1),(36,583,1),(37,583,1),(38,583,1),(39,583,1),(40,583,1),(41,583,1),(9,584,1),(10,584,1),(11,584,1),(12,584,1),(13,584,1),(14,584,1),(15,584,1),(16,584,1),(17,584,1),(18,584,1),(19,584,1),(20,584,1),(21,584,1),(22,584,1),(24,584,1),(25,584,1),(26,584,1),(27,584,1),(28,584,1),(29,584,1),(30,584,1),(31,584,1),(32,584,1),(33,584,1),(34,584,1),(35,584,1),(36,584,1),(37,584,1),(38,584,1),(39,584,1),(40,584,1),(41,584,1),(9,585,1),(10,585,1),(11,585,1),(12,585,1),(13,585,1),(14,585,1),(15,585,1),(16,585,1),(17,585,1),(18,585,1),(19,585,1),(20,585,1),(21,585,1),(22,585,1),(24,585,1),(25,585,1),(26,585,1),(27,585,1),(28,585,1),(29,585,1),(30,585,1),(31,585,1),(32,585,1),(33,585,1),(34,585,1),(35,585,1),(36,585,1),(37,585,1),(38,585,1),(39,585,1),(40,585,1),(41,585,1),(9,586,1),(10,586,1),(11,586,1),(12,586,1),(13,586,1),(14,586,1),(15,586,1),(16,586,1),(17,586,1),(18,586,1),(19,586,1),(20,586,1),(21,586,1),(22,586,1),(24,586,1),(25,586,1),(26,586,1),(27,586,1),(28,586,1),(29,586,1),(30,586,1),(31,586,1),(32,586,1),(33,586,1),(34,586,1),(35,586,1),(36,586,1),(37,586,1),(38,586,1),(39,586,1),(40,586,1),(41,586,1),(9,587,1),(10,587,1),(11,587,1),(12,587,1),(13,587,1),(14,587,1),(15,587,1),(16,587,1),(17,587,1),(18,587,1),(19,587,1),(20,587,1),(21,587,1),(22,587,1),(24,587,1),(25,587,1),(26,587,1),(27,587,1),(28,587,1),(29,587,1),(30,587,1),(31,587,1),(32,587,1),(33,587,1),(34,587,1),(35,587,1),(36,587,1),(37,587,1),(38,587,1),(39,587,1),(40,587,1),(41,587,1),(9,588,1),(10,588,1),(11,588,1),(12,588,1),(13,588,1),(14,588,1),(15,588,1),(16,588,1),(17,588,1),(18,588,1),(19,588,1),(20,588,1),(21,588,1),(22,588,1),(24,588,1),(25,588,1),(26,588,1),(27,588,1),(28,588,1),(29,588,1),(30,588,1),(31,588,1),(32,588,1),(33,588,1),(34,588,1),(35,588,1),(36,588,1),(37,588,1),(38,588,1),(39,588,1),(40,588,1),(41,588,1),(9,589,1),(10,589,1),(11,589,1),(12,589,1),(13,589,1),(14,589,1),(15,589,1),(16,589,1),(17,589,1),(18,589,1),(19,589,1),(20,589,1),(21,589,1),(22,589,1),(24,589,1),(25,589,1),(26,589,1),(27,589,1),(28,589,1),(29,589,1),(30,589,1),(31,589,1),(32,589,1),(33,589,1),(34,589,1),(35,589,1),(36,589,1),(37,589,1),(38,589,1),(39,589,1),(40,589,1),(41,589,1),(9,590,1),(10,590,1),(11,590,1),(12,590,1),(13,590,1),(14,590,1),(15,590,1),(16,590,1),(17,590,1),(18,590,1),(19,590,1),(20,590,1),(21,590,1),(22,590,1),(24,590,1),(25,590,1),(26,590,1),(27,590,1),(28,590,1),(29,590,1),(30,590,1),(31,590,1),(32,590,1),(33,590,1),(34,590,1),(35,590,1),(36,590,1),(37,590,1),(38,590,1),(39,590,1),(40,590,1),(41,590,1),(9,591,1),(10,591,1),(11,591,1),(12,591,1),(13,591,1),(14,591,1),(15,591,1),(16,591,1),(17,591,1),(18,591,1),(19,591,1),(20,591,1),(21,591,1),(22,591,1),(24,591,1),(25,591,1),(26,591,1),(27,591,1),(28,591,1),(29,591,1),(30,591,1),(31,591,1),(32,591,1),(33,591,1),(34,591,1),(35,591,1),(36,591,1),(37,591,1),(38,591,1),(39,591,1),(40,591,1),(41,591,1),(9,592,1),(10,592,1),(11,592,1),(12,592,1),(13,592,1),(14,592,1),(15,592,1),(16,592,1),(17,592,1),(18,592,1),(19,592,1),(20,592,1),(21,592,1),(22,592,1),(24,592,1),(25,592,1),(26,592,1),(27,592,1),(28,592,1),(29,592,1),(30,592,1),(31,592,1),(32,592,1),(33,592,1),(34,592,1),(35,592,1),(36,592,1),(37,592,1),(38,592,1),(39,592,1),(40,592,1),(41,592,1),(9,593,1),(10,593,1),(11,593,1),(12,593,1),(13,593,1),(14,593,1),(15,593,1),(16,593,1),(17,593,1),(18,593,1),(19,593,1),(20,593,1),(21,593,1),(22,593,1),(24,593,1),(25,593,1),(26,593,1),(27,593,1),(28,593,1),(29,593,1),(30,593,1),(31,593,1),(32,593,1),(33,593,1),(34,593,1),(35,593,1),(36,593,1),(37,593,1),(38,593,1),(39,593,1),(40,593,1),(41,593,1),(9,594,1),(10,594,1),(11,594,1),(12,594,1),(13,594,1),(14,594,1),(15,594,1),(16,594,1),(17,594,1),(18,594,1),(19,594,1),(20,594,1),(21,594,1),(22,594,1),(24,594,1),(25,594,1),(26,594,1),(27,594,1),(28,594,1),(29,594,1),(30,594,1),(31,594,1),(32,594,1),(33,594,1),(34,594,1),(35,594,1),(36,594,1),(37,594,1),(38,594,1),(39,594,1),(40,594,1),(41,594,1),(9,595,1),(10,595,1),(11,595,1),(12,595,1),(13,595,1),(14,595,1),(15,595,1),(16,595,1),(17,595,1),(18,595,1),(19,595,1),(20,595,1),(21,595,1),(22,595,1),(24,595,1),(25,595,1),(26,595,1),(27,595,1),(28,595,1),(29,595,1),(30,595,1),(31,595,1),(32,595,1),(33,595,1),(34,595,1),(35,595,1),(36,595,1),(37,595,1),(38,595,1),(39,595,1),(40,595,1),(41,595,1),(9,596,1),(10,596,1),(11,596,1),(12,596,1),(13,596,1),(14,596,1),(15,596,1),(16,596,1),(17,596,1),(18,596,1),(19,596,1),(20,596,1),(21,596,1),(22,596,1),(24,596,1),(25,596,1),(26,596,1),(27,596,1),(28,596,1),(29,596,1),(30,596,1),(31,596,1),(32,596,1),(33,596,1),(34,596,1),(35,596,1),(36,596,1),(37,596,1),(38,596,1),(39,596,1),(40,596,1),(41,596,1),(9,597,1),(10,597,1),(11,597,1),(12,597,1),(13,597,1),(14,597,1),(15,597,1),(16,597,1),(17,597,1),(18,597,1),(19,597,1),(20,597,1),(21,597,1),(22,597,1),(24,597,1),(25,597,1),(26,597,1),(27,597,1),(28,597,1),(29,597,1),(30,597,1),(31,597,1),(32,597,1),(33,597,1),(34,597,1),(35,597,1),(36,597,1),(37,597,1),(38,597,1),(39,597,1),(40,597,1),(41,597,1),(9,598,3),(10,598,3),(11,598,3),(12,598,3),(13,598,3),(14,598,3),(15,598,3),(16,598,3),(17,598,3),(18,598,3),(19,598,3),(20,598,3),(21,598,3),(22,598,3),(24,598,3),(25,598,3),(26,598,3),(27,598,3),(28,598,3),(29,598,3),(30,598,3),(31,598,3),(32,598,3),(33,598,3),(34,598,3),(35,598,3),(36,598,3),(37,598,3),(38,598,3),(39,598,3),(40,598,3),(41,598,3),(9,599,3),(10,599,3),(11,599,3),(12,599,3),(13,599,3),(14,599,3),(15,599,3),(16,599,3),(17,599,3),(18,599,3),(19,599,3),(20,599,3),(21,599,3),(22,599,3),(24,599,3),(25,599,3),(26,599,3),(27,599,3),(28,599,3),(29,599,3),(30,599,3),(31,599,3),(32,599,3),(33,599,3),(34,599,3),(35,599,3),(36,599,3),(37,599,3),(38,599,3),(39,599,3),(40,599,3),(41,599,3),(13,600,2),(14,600,2),(15,600,2),(16,600,2),(17,600,2),(18,600,2),(19,600,2),(20,600,2),(21,600,2),(22,600,2),(13,601,2),(14,601,2),(15,601,2),(16,601,2),(17,601,2),(18,601,2),(19,601,2),(20,601,2),(21,601,2),(22,601,2),(9,602,7),(10,602,7),(11,602,7),(12,602,7),(13,602,7),(14,602,7),(15,602,7),(16,602,7),(17,602,7),(18,602,7),(19,602,7),(20,602,7),(21,602,7),(22,602,7),(24,602,7),(25,602,7),(26,602,7),(27,602,7),(28,602,7),(29,602,7),(30,602,7),(31,602,7),(32,602,7),(33,602,7),(34,602,7),(35,602,7),(36,602,7),(37,602,7),(38,602,7),(39,602,7),(40,602,7),(41,602,7),(9,603,7),(10,603,7),(11,603,7),(12,603,7),(13,603,9),(14,603,9),(15,603,9),(16,603,9),(17,603,9),(18,603,9),(19,603,9),(20,603,9),(21,603,9),(22,603,9),(24,603,7),(25,603,7),(26,603,7),(27,603,7),(28,603,7),(29,603,7),(30,603,7),(31,603,7),(32,603,7),(33,603,7),(34,603,7),(35,603,7),(36,603,7),(37,603,7),(38,603,7),(39,603,7),(40,603,7),(41,603,7),(9,604,7),(10,604,7),(11,604,7),(12,604,7),(13,604,9),(14,604,9),(15,604,9),(16,604,9),(17,604,9),(18,604,9),(19,604,9),(20,604,9),(21,604,9),(22,604,9),(24,604,7),(25,604,7),(26,604,7),(27,604,7),(28,604,7),(29,604,7),(30,604,7),(31,604,7),(32,604,7),(33,604,7),(34,604,7),(35,604,7),(36,604,7),(37,604,7),(38,604,7),(39,604,7),(40,604,7),(41,604,7),(9,605,6),(10,605,6),(11,605,6),(12,605,6),(13,605,6),(14,605,6),(15,605,6),(16,605,6),(17,605,6),(18,605,6),(19,605,6),(20,605,6),(21,605,6),(22,605,6),(24,605,6),(25,605,6),(26,605,6),(27,605,6),(28,605,6),(29,605,6),(30,605,6),(31,605,6),(32,605,6),(33,605,6),(34,605,6),(35,605,6),(36,605,6),(37,605,6),(38,605,6),(39,605,6),(40,605,6),(41,605,6),(9,606,10),(11,606,10),(9,607,1),(10,607,1),(11,607,1),(12,607,1),(13,607,1),(14,607,1),(15,607,1),(16,607,1),(17,607,1),(18,607,1),(19,607,1),(20,607,1),(21,607,1),(22,607,1),(24,607,1),(25,607,1),(26,607,1),(27,607,1),(28,607,1),(29,607,1),(30,607,1),(31,607,1),(32,607,1),(33,607,1),(34,607,1),(35,607,1),(36,607,1),(37,607,1),(38,607,1),(39,607,1),(40,607,1),(41,607,1),(9,608,4),(10,608,4),(11,608,4),(12,608,4),(13,608,4),(14,608,4),(15,608,4),(16,608,4),(17,608,4),(18,608,4),(19,608,4),(20,608,4),(21,608,4),(22,608,4),(24,608,4),(25,608,4),(26,608,4),(27,608,4),(28,608,4),(29,608,4),(30,608,4),(31,608,4),(32,608,4),(33,608,4),(34,608,4),(35,608,4),(36,608,4),(37,608,4),(38,608,4),(39,608,4),(40,608,4),(41,608,4),(9,609,1),(10,609,1),(11,609,1),(12,609,1),(13,609,1),(14,609,1),(15,609,1),(16,609,1),(17,609,1),(18,609,1),(19,609,1),(20,609,1),(21,609,1),(22,609,1),(24,609,1),(25,609,1),(26,609,1),(27,609,1),(28,609,1),(29,609,1),(30,609,1),(31,609,1),(32,609,1),(33,609,1),(34,609,1),(35,609,1),(36,609,1),(37,609,1),(38,609,1),(39,609,1),(40,609,1),(41,609,1),(9,610,1),(10,610,1),(11,610,1),(12,610,1),(13,610,1),(14,610,1),(15,610,1),(16,610,1),(17,610,1),(18,610,1),(19,610,1),(20,610,1),(21,610,1),(22,610,1),(24,610,1),(25,610,1),(26,610,1),(27,610,1),(28,610,1),(29,610,1),(30,610,1),(31,610,1),(32,610,1),(33,610,1),(34,610,1),(35,610,1),(36,610,1),(37,610,1),(38,610,1),(39,610,1),(40,610,1),(41,610,1),(9,611,1),(10,611,1),(11,611,1),(12,611,1),(13,611,1),(14,611,1),(15,611,1),(16,611,1),(17,611,1),(18,611,1),(19,611,1),(20,611,1),(21,611,1),(22,611,1),(24,611,1),(25,611,1),(26,611,1),(27,611,1),(28,611,1),(29,611,1),(30,611,1),(31,611,1),(32,611,1),(33,611,1),(34,611,1),(35,611,1),(36,611,1),(37,611,1),(38,611,1),(39,611,1),(40,611,1),(41,611,1),(9,612,6),(10,612,6),(11,612,6),(12,612,6),(13,612,6),(14,612,6),(15,612,6),(16,612,6),(17,612,6),(18,612,6),(19,612,6),(20,612,6),(21,612,6),(22,612,6),(24,612,6),(25,612,6),(26,612,6),(27,612,6),(28,612,6),(29,612,6),(30,612,6),(31,612,6),(32,612,6),(33,612,6),(34,612,6),(35,612,6),(36,612,6),(37,612,6),(38,612,6),(39,612,6),(40,612,6),(41,612,6),(9,613,1),(10,613,1),(11,613,1),(12,613,1),(13,613,1),(14,613,1),(15,613,1),(16,613,1),(17,613,1),(18,613,1),(19,613,1),(20,613,1),(21,613,1),(22,613,1),(24,613,1),(25,613,1),(26,613,1),(27,613,1),(28,613,1),(29,613,1),(30,613,1),(31,613,1),(32,613,1),(33,613,1),(34,613,1),(35,613,1),(36,613,1),(37,613,1),(38,613,1),(39,613,1),(40,613,1),(41,613,1),(9,614,1),(10,614,1),(11,614,1),(12,614,1),(13,614,1),(14,614,1),(15,614,1),(16,614,1),(17,614,1),(18,614,1),(19,614,1),(20,614,1),(21,614,1),(22,614,1),(24,614,1),(25,614,1),(26,614,1),(27,614,1),(28,614,1),(29,614,1),(30,614,1),(31,614,1),(32,614,1),(33,614,1),(34,614,1),(35,614,1),(36,614,1),(37,614,1),(38,614,1),(39,614,1),(40,614,1),(41,614,1),(9,615,2),(10,615,2),(11,615,2),(12,615,2),(13,615,2),(14,615,2),(15,615,2),(16,615,2),(17,615,2),(18,615,2),(19,615,2),(20,615,2),(21,615,2),(22,615,2),(24,615,2),(25,615,2),(26,615,2),(27,615,2),(28,615,2),(29,615,2),(30,615,2),(31,615,2),(32,615,2),(33,615,2),(34,615,2),(35,615,2),(36,615,2),(37,615,2),(38,615,2),(39,615,2),(40,615,2),(41,615,2),(9,616,1),(10,616,1),(11,616,1),(12,616,1),(13,616,1),(14,616,1),(15,616,1),(16,616,1),(17,616,1),(18,616,1),(19,616,1),(20,616,1),(21,616,1),(22,616,1),(24,616,1),(25,616,1),(26,616,1),(27,616,1),(28,616,1),(29,616,1),(30,616,1),(31,616,1),(32,616,1),(33,616,1),(34,616,1),(35,616,1),(36,616,1),(37,616,1),(38,616,1),(39,616,1),(40,616,1),(41,616,1),(9,617,1),(10,617,1),(11,617,1),(12,617,1),(13,617,1),(14,617,1),(15,617,1),(16,617,1),(17,617,1),(18,617,1),(19,617,1),(20,617,1),(21,617,1),(22,617,1),(24,617,1),(25,617,1),(26,617,1),(27,617,1),(28,617,1),(29,617,1),(30,617,1),(31,617,1),(32,617,1),(33,617,1),(34,617,1),(35,617,1),(36,617,1),(37,617,1),(38,617,1),(39,617,1),(40,617,1),(41,617,1),(9,618,1),(10,618,1),(11,618,1),(12,618,1),(13,618,1),(14,618,1),(15,618,1),(16,618,1),(17,618,1),(18,618,1),(19,618,1),(20,618,1),(21,618,1),(22,618,1),(24,618,1),(25,618,1),(26,618,1),(27,618,1),(28,618,1),(29,618,1),(30,618,1),(31,618,1),(32,618,1),(33,618,1),(34,618,1),(35,618,1),(36,618,1),(37,618,1),(38,618,1),(39,618,1),(40,618,1),(41,618,1),(9,619,1),(10,619,1),(11,619,1),(12,619,1),(13,619,1),(14,619,1),(15,619,1),(16,619,1),(17,619,1),(18,619,1),(19,619,1),(20,619,1),(21,619,1),(22,619,1),(24,619,1),(25,619,1),(26,619,1),(27,619,1),(28,619,1),(29,619,1),(30,619,1),(31,619,1),(32,619,1),(33,619,1),(34,619,1),(35,619,1),(36,619,1),(37,619,1),(38,619,1),(39,619,1),(40,619,1),(41,619,1),(9,620,1),(10,620,1),(11,620,1),(12,620,1),(13,620,1),(14,620,1),(15,620,1),(16,620,1),(17,620,1),(18,620,1),(19,620,1),(20,620,1),(21,620,1),(22,620,1),(24,620,1),(25,620,1),(26,620,1),(27,620,1),(28,620,1),(29,620,1),(30,620,1),(31,620,1),(32,620,1),(33,620,1),(34,620,1),(35,620,1),(36,620,1),(37,620,1),(38,620,1),(39,620,1),(40,620,1),(41,620,1),(9,621,1),(10,621,1),(11,621,1),(12,621,1),(13,621,1),(14,621,1),(15,621,1),(16,621,1),(17,621,1),(18,621,1),(19,621,1),(20,621,1),(21,621,1),(22,621,1),(24,621,1),(25,621,1),(26,621,1),(27,621,1),(28,621,1),(29,621,1),(30,621,1),(31,621,1),(32,621,1),(33,621,1),(34,621,1),(35,621,1),(36,621,1),(37,621,1),(38,621,1),(39,621,1),(40,621,1),(41,621,1),(9,622,2),(10,622,2),(11,622,2),(12,622,2),(13,622,2),(14,622,2),(15,622,2),(16,622,2),(17,622,2),(18,622,2),(19,622,2),(20,622,2),(21,622,2),(22,622,2),(24,622,2),(25,622,2),(26,622,2),(27,622,2),(28,622,2),(29,622,2),(30,622,2),(31,622,2),(32,622,2),(33,622,2),(34,622,2),(35,622,2),(36,622,2),(37,622,2),(38,622,2),(39,622,2),(40,622,2),(41,622,2),(9,623,1),(10,623,1),(11,623,1),(12,623,1),(13,623,1),(14,623,1),(15,623,1),(16,623,1),(17,623,1),(18,623,1),(19,623,1),(20,623,1),(21,623,1),(22,623,1),(24,623,1),(25,623,1),(26,623,1),(27,623,1),(28,623,1),(29,623,1),(30,623,1),(31,623,1),(32,623,1),(33,623,1),(34,623,1),(35,623,1),(36,623,1),(37,623,1),(38,623,1),(39,623,1),(40,623,1),(41,623,1),(9,624,5),(10,624,5),(11,624,5),(12,624,5),(13,624,5),(14,624,5),(15,624,5),(16,624,5),(17,624,5),(18,624,5),(19,624,5),(20,624,5),(21,624,5),(22,624,5),(24,624,5),(25,624,5),(26,624,5),(27,624,5),(28,624,5),(29,624,5),(30,624,5),(31,624,5),(32,624,5),(33,624,5),(34,624,5),(35,624,5),(36,624,5),(37,624,5),(38,624,5),(39,624,5),(40,624,5),(41,624,5),(9,625,2),(10,625,2),(11,625,2),(12,625,2),(13,625,2),(14,625,2),(15,625,2),(16,625,2),(17,625,2),(18,625,2),(19,625,2),(20,625,2),(21,625,2),(22,625,2),(24,625,2),(25,625,2),(26,625,2),(27,625,2),(28,625,2),(29,625,2),(30,625,2),(31,625,2),(32,625,2),(33,625,2),(34,625,2),(35,625,2),(36,625,2),(37,625,2),(38,625,2),(39,625,2),(40,625,2),(41,625,2),(9,626,1),(10,626,1),(11,626,1),(12,626,1),(13,626,1),(14,626,1),(15,626,1),(16,626,1),(17,626,1),(18,626,1),(19,626,1),(20,626,1),(21,626,1),(22,626,1),(24,626,1),(25,626,1),(26,626,1),(27,626,1),(28,626,1),(29,626,1),(30,626,1),(31,626,1),(32,626,1),(33,626,1),(34,626,1),(35,626,1),(36,626,1),(37,626,1),(38,626,1),(39,626,1),(40,626,1),(41,626,1),(9,627,1),(10,627,1),(11,627,1),(12,627,1),(13,627,1),(14,627,1),(15,627,1),(16,627,1),(17,627,1),(18,627,1),(19,627,1),(20,627,1),(21,627,1),(22,627,1),(24,627,1),(25,627,1),(26,627,1),(27,627,1),(28,627,1),(29,627,1),(30,627,1),(31,627,1),(32,627,1),(33,627,1),(34,627,1),(35,627,1),(36,627,1),(37,627,1),(38,627,1),(39,627,1),(40,627,1),(41,627,1),(9,628,1),(10,628,1),(11,628,1),(12,628,1),(13,628,1),(14,628,1),(15,628,1),(16,628,1),(17,628,1),(18,628,1),(19,628,1),(20,628,1),(21,628,1),(22,628,1),(24,628,1),(25,628,1),(26,628,1),(27,628,1),(28,628,1),(29,628,1),(30,628,1),(31,628,1),(32,628,1),(33,628,1),(34,628,1),(35,628,1),(36,628,1),(37,628,1),(38,628,1),(39,628,1),(40,628,1),(41,628,1),(9,629,1),(10,629,1),(11,629,1),(12,629,1),(13,629,1),(14,629,1),(15,629,1),(16,629,1),(17,629,1),(18,629,1),(19,629,1),(20,629,1),(21,629,1),(22,629,1),(24,629,1),(25,629,1),(26,629,1),(27,629,1),(28,629,1),(29,629,1),(30,629,1),(31,629,1),(32,629,1),(33,629,1),(34,629,1),(35,629,1),(36,629,1),(37,629,1),(38,629,1),(39,629,1),(40,629,1),(41,629,1),(9,630,1),(10,630,1),(11,630,1),(12,630,1),(13,630,1),(14,630,1),(15,630,1),(16,630,1),(17,630,1),(18,630,1),(19,630,1),(20,630,1),(21,630,1),(22,630,1),(24,630,1),(25,630,1),(26,630,1),(27,630,1),(28,630,1),(29,630,1),(30,630,1),(31,630,1),(32,630,1),(33,630,1),(34,630,1),(35,630,1),(36,630,1),(37,630,1),(38,630,1),(39,630,1),(40,630,1),(41,630,1),(9,631,2),(10,631,2),(11,631,2),(12,631,2),(13,631,2),(14,631,2),(15,631,2),(16,631,2),(17,631,2),(18,631,2),(19,631,2),(20,631,2),(21,631,2),(22,631,2),(24,631,2),(25,631,2),(26,631,2),(27,631,2),(28,631,2),(29,631,2),(30,631,2),(31,631,2),(32,631,2),(33,631,2),(34,631,2),(35,631,2),(36,631,2),(37,631,2),(38,631,2),(39,631,2),(40,631,2),(41,631,2),(9,632,1),(10,632,1),(11,632,1),(12,632,1),(13,632,1),(14,632,1),(15,632,1),(16,632,1),(17,632,1),(18,632,1),(19,632,1),(20,632,1),(21,632,1),(22,632,1),(24,632,1),(25,632,1),(26,632,1),(27,632,1),(28,632,1),(29,632,1),(30,632,1),(31,632,1),(32,632,1),(33,632,1),(34,632,1),(35,632,1),(36,632,1),(37,632,1),(38,632,1),(39,632,1),(40,632,1),(41,632,1),(9,633,4),(10,633,4),(11,633,4),(12,633,4),(13,633,4),(14,633,4),(15,633,4),(16,633,4),(17,633,4),(18,633,4),(19,633,4),(20,633,4),(21,633,4),(22,633,4),(24,633,4),(25,633,4),(26,633,4),(27,633,4),(28,633,4),(29,633,4),(30,633,4),(31,633,4),(32,633,4),(33,633,4),(34,633,4),(35,633,4),(36,633,4),(37,633,4),(38,633,4),(39,633,4),(40,633,4),(41,633,4),(9,634,1),(10,634,1),(11,634,1),(12,634,1),(13,634,1),(14,634,1),(15,634,1),(16,634,1),(17,634,1),(18,634,1),(19,634,1),(20,634,1),(21,634,1),(22,634,1),(24,634,1),(25,634,1),(26,634,1),(27,634,1),(28,634,1),(29,634,1),(30,634,1),(31,634,1),(32,634,1),(33,634,1),(34,634,1),(35,634,1),(36,634,1),(37,634,1),(38,634,1),(39,634,1),(40,634,1),(41,634,1),(9,635,1),(10,635,1),(11,635,1),(12,635,1),(13,635,1),(14,635,1),(15,635,1),(16,635,1),(17,635,1),(18,635,1),(19,635,1),(20,635,1),(21,635,1),(22,635,1),(24,635,1),(25,635,1),(26,635,1),(27,635,1),(28,635,1),(29,635,1),(30,635,1),(31,635,1),(32,635,1),(33,635,1),(34,635,1),(35,635,1),(36,635,1),(37,635,1),(38,635,1),(39,635,1),(40,635,1),(41,635,1),(9,636,1),(10,636,1),(11,636,1),(12,636,1),(13,636,1),(14,636,1),(15,636,1),(16,636,1),(17,636,1),(18,636,1),(19,636,1),(20,636,1),(21,636,1),(22,636,1),(24,636,1),(25,636,1),(26,636,1),(27,636,1),(28,636,1),(29,636,1),(30,636,1),(31,636,1),(32,636,1),(33,636,1),(34,636,1),(35,636,1),(36,636,1),(37,636,1),(38,636,1),(39,636,1),(40,636,1),(41,636,1),(9,637,1),(10,637,1),(11,637,1),(12,637,1),(13,637,1),(14,637,1),(15,637,1),(16,637,1),(17,637,1),(18,637,1),(19,637,1),(20,637,1),(21,637,1),(22,637,1),(24,637,1),(25,637,1),(26,637,1),(27,637,1),(28,637,1),(29,637,1),(30,637,1),(31,637,1),(32,637,1),(33,637,1),(34,637,1),(35,637,1),(36,637,1),(37,637,1),(38,637,1),(39,637,1),(40,637,1),(41,637,1),(9,638,1),(10,638,1),(11,638,1),(12,638,1),(13,638,1),(14,638,1),(15,638,1),(16,638,1),(17,638,1),(18,638,1),(19,638,1),(20,638,1),(21,638,1),(22,638,1),(24,638,1),(25,638,1),(26,638,1),(27,638,1),(28,638,1),(29,638,1),(30,638,1),(31,638,1),(32,638,1),(33,638,1),(34,638,1),(35,638,1),(36,638,1),(37,638,1),(38,638,1),(39,638,1),(40,638,1),(41,638,1),(9,639,1),(10,639,1),(11,639,1),(12,639,1),(13,639,1),(14,639,1),(15,639,1),(16,639,1),(17,639,1),(18,639,1),(19,639,1),(20,639,1),(21,639,1),(22,639,1),(24,639,1),(25,639,1),(26,639,1),(27,639,1),(28,639,1),(29,639,1),(30,639,1),(31,639,1),(32,639,1),(33,639,1),(34,639,1),(35,639,1),(36,639,1),(37,639,1),(38,639,1),(39,639,1),(40,639,1),(41,639,1),(9,640,1),(10,640,1),(11,640,1),(12,640,1),(13,640,1),(14,640,1),(15,640,1),(16,640,1),(17,640,1),(18,640,1),(19,640,1),(20,640,1),(21,640,1),(22,640,1),(24,640,1),(25,640,1),(26,640,1),(27,640,1),(28,640,1),(29,640,1),(30,640,1),(31,640,1),(32,640,1),(33,640,1),(34,640,1),(35,640,1),(36,640,1),(37,640,1),(38,640,1),(39,640,1),(40,640,1),(41,640,1),(9,641,1),(10,641,1),(11,641,1),(12,641,1),(13,641,1),(14,641,1),(15,641,1),(16,641,1),(17,641,1),(18,641,1),(19,641,1),(20,641,1),(21,641,1),(22,641,1),(24,641,1),(25,641,1),(26,641,1),(27,641,1),(28,641,1),(29,641,1),(30,641,1),(31,641,1),(32,641,1),(33,641,1),(34,641,1),(35,641,1),(36,641,1),(37,641,1),(38,641,1),(39,641,1),(40,641,1),(41,641,1),(9,642,1),(10,642,1),(11,642,1),(12,642,1),(13,642,1),(14,642,1),(15,642,1),(16,642,1),(17,642,1),(18,642,1),(19,642,1),(20,642,1),(21,642,1),(22,642,1),(24,642,1),(25,642,1),(26,642,1),(27,642,1),(28,642,1),(29,642,1),(30,642,1),(31,642,1),(32,642,1),(33,642,1),(34,642,1),(35,642,1),(36,642,1),(37,642,1),(38,642,1),(39,642,1),(40,642,1),(41,642,1),(9,643,2),(10,643,2),(11,643,2),(12,643,2),(13,643,2),(14,643,2),(15,643,2),(16,643,2),(17,643,2),(18,643,2),(19,643,2),(20,643,2),(21,643,2),(22,643,2),(24,643,2),(25,643,2),(26,643,2),(27,643,2),(28,643,2),(29,643,2),(30,643,2),(31,643,2),(32,643,2),(33,643,2),(34,643,2),(35,643,2),(36,643,2),(37,643,2),(38,643,2),(39,643,2),(40,643,2),(41,643,2),(9,644,1),(10,644,1),(11,644,1),(12,644,1),(13,644,1),(14,644,1),(15,644,1),(16,644,1),(17,644,1),(18,644,1),(19,644,1),(20,644,1),(21,644,1),(22,644,1),(24,644,1),(25,644,1),(26,644,1),(27,644,1),(28,644,1),(29,644,1),(30,644,1),(31,644,1),(32,644,1),(33,644,1),(34,644,1),(35,644,1),(36,644,1),(37,644,1),(38,644,1),(39,644,1),(40,644,1),(41,644,1),(9,645,1),(10,645,1),(11,645,1),(12,645,1),(13,645,1),(14,645,1),(15,645,1),(16,645,1),(17,645,1),(18,645,1),(19,645,1),(20,645,1),(21,645,1),(22,645,1),(24,645,1),(25,645,1),(26,645,1),(27,645,1),(28,645,1),(29,645,1),(30,645,1),(31,645,1),(32,645,1),(33,645,1),(34,645,1),(35,645,1),(36,645,1),(37,645,1),(38,645,1),(39,645,1),(40,645,1),(41,645,1),(9,646,1),(10,646,1),(11,646,1),(12,646,1),(13,646,1),(14,646,1),(15,646,1),(16,646,1),(17,646,1),(18,646,1),(19,646,1),(20,646,1),(21,646,1),(22,646,1),(24,646,1),(25,646,1),(26,646,1),(27,646,1),(28,646,1),(29,646,1),(30,646,1),(31,646,1),(32,646,1),(33,646,1),(34,646,1),(35,646,1),(36,646,1),(37,646,1),(38,646,1),(39,646,1),(40,646,1),(41,646,1),(9,647,1),(10,647,1),(11,647,1),(12,647,1),(13,647,1),(14,647,1),(15,647,1),(16,647,1),(17,647,1),(18,647,1),(19,647,1),(20,647,1),(21,647,1),(22,647,1),(24,647,1),(25,647,1),(26,647,1),(27,647,1),(28,647,1),(29,647,1),(30,647,1),(31,647,1),(32,647,1),(33,647,1),(34,647,1),(35,647,1),(36,647,1),(37,647,1),(38,647,1),(39,647,1),(40,647,1),(41,647,1),(9,648,1),(10,648,1),(11,648,1),(12,648,1),(13,648,1),(14,648,1),(15,648,1),(16,648,1),(17,648,1),(18,648,1),(19,648,1),(20,648,1),(21,648,1),(22,648,1),(24,648,1),(25,648,1),(26,648,1),(27,648,1),(28,648,1),(29,648,1),(30,648,1),(31,648,1),(32,648,1),(33,648,1),(34,648,1),(35,648,1),(36,648,1),(37,648,1),(38,648,1),(39,648,1),(40,648,1),(41,648,1),(9,649,1),(10,649,1),(11,649,1),(12,649,1),(13,649,1),(14,649,1),(15,649,1),(16,649,1),(17,649,1),(18,649,1),(19,649,1),(20,649,1),(21,649,1),(22,649,1),(24,649,1),(25,649,1),(26,649,1),(27,649,1),(28,649,1),(29,649,1),(30,649,1),(31,649,1),(32,649,1),(33,649,1),(34,649,1),(35,649,1),(36,649,1),(37,649,1),(38,649,1),(39,649,1),(40,649,1),(41,649,1),(9,650,1),(10,650,1),(11,650,1),(12,650,1),(13,650,1),(14,650,1),(15,650,1),(16,650,1),(17,650,1),(18,650,1),(19,650,1),(20,650,1),(21,650,1),(22,650,1),(24,650,1),(25,650,1),(26,650,1),(27,650,1),(28,650,1),(29,650,1),(30,650,1),(31,650,1),(32,650,1),(33,650,1),(34,650,1),(35,650,1),(36,650,1),(37,650,1),(38,650,1),(39,650,1),(40,650,1),(41,650,1),(9,651,1),(10,651,1),(11,651,1),(12,651,1),(13,651,1),(14,651,1),(15,651,1),(16,651,1),(17,651,1),(18,651,1),(19,651,1),(20,651,1),(21,651,1),(22,651,1),(24,651,1),(25,651,1),(26,651,1),(27,651,1),(28,651,1),(29,651,1),(30,651,1),(31,651,1),(32,651,1),(33,651,1),(34,651,1),(35,651,1),(36,651,1),(37,651,1),(38,651,1),(39,651,1),(40,651,1),(41,651,1),(9,652,1),(10,652,1),(11,652,1),(12,652,1),(13,652,1),(14,652,1),(15,652,1),(16,652,1),(17,652,1),(18,652,1),(19,652,1),(20,652,1),(21,652,1),(22,652,1),(24,652,1),(25,652,1),(26,652,1),(27,652,1),(28,652,1),(29,652,1),(30,652,1),(31,652,1),(32,652,1),(33,652,1),(34,652,1),(35,652,1),(36,652,1),(37,652,1),(38,652,1),(39,652,1),(40,652,1),(41,652,1),(9,653,1),(10,653,1),(11,653,1),(12,653,1),(13,653,1),(14,653,1),(15,653,1),(16,653,1),(17,653,1),(18,653,1),(19,653,1),(20,653,1),(21,653,1),(22,653,1),(24,653,1),(25,653,1),(26,653,1),(27,653,1),(28,653,1),(29,653,1),(30,653,1),(31,653,1),(32,653,1),(33,653,1),(34,653,1),(35,653,1),(36,653,1),(37,653,1),(38,653,1),(39,653,1),(40,653,1),(41,653,1),(9,654,1),(10,654,1),(11,654,1),(12,654,1),(13,654,1),(14,654,1),(15,654,1),(16,654,1),(17,654,1),(18,654,1),(19,654,1),(20,654,1),(21,654,1),(22,654,1),(24,654,1),(25,654,1),(26,654,1),(27,654,1),(28,654,1),(29,654,1),(30,654,1),(31,654,1),(32,654,1),(33,654,1),(34,654,1),(35,654,1),(36,654,1),(37,654,1),(38,654,1),(39,654,1),(40,654,1),(41,654,1),(9,655,1),(10,655,1),(11,655,1),(12,655,1),(13,655,1),(14,655,1),(15,655,1),(16,655,1),(17,655,1),(18,655,1),(19,655,1),(20,655,1),(21,655,1),(22,655,1),(24,655,1),(25,655,1),(26,655,1),(27,655,1),(28,655,1),(29,655,1),(30,655,1),(31,655,1),(32,655,1),(33,655,1),(34,655,1),(35,655,1),(36,655,1),(37,655,1),(38,655,1),(39,655,1),(40,655,1),(41,655,1),(9,656,1),(10,656,1),(11,656,1),(12,656,1),(13,656,1),(14,656,1),(15,656,1),(16,656,1),(17,656,1),(18,656,1),(19,656,1),(20,656,1),(21,656,1),(22,656,1),(24,656,1),(25,656,1),(26,656,1),(27,656,1),(28,656,1),(29,656,1),(30,656,1),(31,656,1),(32,656,1),(33,656,1),(34,656,1),(35,656,1),(36,656,1),(37,656,1),(38,656,1),(39,656,1),(40,656,1),(41,656,1),(9,657,1),(10,657,1),(11,657,1),(12,657,1),(13,657,1),(14,657,1),(15,657,1),(16,657,1),(17,657,1),(18,657,1),(19,657,1),(20,657,1),(21,657,1),(22,657,1),(24,657,1),(25,657,1),(26,657,1),(27,657,1),(28,657,1),(29,657,1),(30,657,1),(31,657,1),(32,657,1),(33,657,1),(34,657,1),(35,657,1),(36,657,1),(37,657,1),(38,657,1),(39,657,1),(40,657,1),(41,657,1),(9,658,1),(10,658,1),(11,658,1),(12,658,1),(13,658,1),(14,658,1),(15,658,1),(16,658,1),(17,658,1),(18,658,1),(19,658,1),(20,658,1),(21,658,1),(22,658,1),(24,658,1),(25,658,1),(26,658,1),(27,658,1),(28,658,1),(29,658,1),(30,658,1),(31,658,1),(32,658,1),(33,658,1),(34,658,1),(35,658,1),(36,658,1),(37,658,1),(38,658,1),(39,658,1),(40,658,1),(41,658,1),(9,659,1),(10,659,1),(11,659,1),(12,659,1),(13,659,1),(14,659,1),(15,659,1),(16,659,1),(17,659,1),(18,659,1),(19,659,1),(20,659,1),(21,659,1),(22,659,1),(24,659,1),(25,659,1),(26,659,1),(27,659,1),(28,659,1),(29,659,1),(30,659,1),(31,659,1),(32,659,1),(33,659,1),(34,659,1),(35,659,1),(36,659,1),(37,659,1),(38,659,1),(39,659,1),(40,659,1),(41,659,1),(9,660,1),(10,660,1),(11,660,1),(12,660,1),(13,660,1),(14,660,1),(15,660,1),(16,660,1),(17,660,1),(18,660,1),(19,660,1),(20,660,1),(21,660,1),(22,660,1),(24,660,1),(25,660,1),(26,660,1),(27,660,1),(28,660,1),(29,660,1),(30,660,1),(31,660,1),(32,660,1),(33,660,1),(34,660,1),(35,660,1),(36,660,1),(37,660,1),(38,660,1),(39,660,1),(40,660,1),(41,660,1),(9,661,1),(10,661,1),(11,661,1),(12,661,1),(13,661,1),(14,661,1),(15,661,1),(16,661,1),(17,661,1),(18,661,1),(19,661,1),(20,661,1),(21,661,1),(22,661,1),(24,661,1),(25,661,1),(26,661,1),(27,661,1),(28,661,1),(29,661,1),(30,661,1),(31,661,1),(32,661,1),(33,661,1),(34,661,1),(35,661,1),(36,661,1),(37,661,1),(38,661,1),(39,661,1),(40,661,1),(41,661,1),(9,662,1),(10,662,1),(11,662,1),(12,662,1),(13,662,1),(14,662,1),(15,662,1),(16,662,1),(17,662,1),(18,662,1),(19,662,1),(20,662,1),(21,662,1),(22,662,1),(24,662,1),(25,662,1),(26,662,1),(27,662,1),(28,662,1),(29,662,1),(30,662,1),(31,662,1),(32,662,1),(33,662,1),(34,662,1),(35,662,1),(36,662,1),(37,662,1),(38,662,1),(39,662,1),(40,662,1),(41,662,1),(9,663,1),(10,663,1),(11,663,1),(12,663,1),(13,663,1),(14,663,1),(15,663,1),(16,663,1),(17,663,1),(18,663,1),(19,663,1),(20,663,1),(21,663,1),(22,663,1),(24,663,1),(25,663,1),(26,663,1),(27,663,1),(28,663,1),(29,663,1),(30,663,1),(31,663,1),(32,663,1),(33,663,1),(34,663,1),(35,663,1),(36,663,1),(37,663,1),(38,663,1),(39,663,1),(40,663,1),(41,663,1),(9,664,1),(10,664,1),(11,664,1),(12,664,1),(13,664,1),(14,664,1),(15,664,1),(16,664,1),(17,664,1),(18,664,1),(19,664,1),(20,664,1),(21,664,1),(22,664,1),(24,664,1),(25,664,1),(26,664,1),(27,664,1),(28,664,1),(29,664,1),(30,664,1),(31,664,1),(32,664,1),(33,664,1),(34,664,1),(35,664,1),(36,664,1),(37,664,1),(38,664,1),(39,664,1),(40,664,1),(41,664,1),(9,665,1),(10,665,1),(11,665,1),(12,665,1),(13,665,1),(14,665,1),(15,665,1),(16,665,1),(17,665,1),(18,665,1),(19,665,1),(20,665,1),(21,665,1),(22,665,1),(24,665,1),(25,665,1),(26,665,1),(27,665,1),(28,665,1),(29,665,1),(30,665,1),(31,665,1),(32,665,1),(33,665,1),(34,665,1),(35,665,1),(36,665,1),(37,665,1),(38,665,1),(39,665,1),(40,665,1),(41,665,1),(9,666,1),(10,666,1),(11,666,1),(12,666,1),(13,666,1),(14,666,1),(15,666,1),(16,666,1),(17,666,1),(18,666,1),(19,666,1),(20,666,1),(21,666,1),(22,666,1),(24,666,1),(25,666,1),(26,666,1),(27,666,1),(28,666,1),(29,666,1),(30,666,1),(31,666,1),(32,666,1),(33,666,1),(34,666,1),(35,666,1),(36,666,1),(37,666,1),(38,666,1),(39,666,1),(40,666,1),(41,666,1),(9,667,1),(10,667,1),(11,667,1),(12,667,1),(13,667,1),(14,667,1),(15,667,1),(16,667,1),(17,667,1),(18,667,1),(19,667,1),(20,667,1),(21,667,1),(22,667,1),(24,667,1),(25,667,1),(26,667,1),(27,667,1),(28,667,1),(29,667,1),(30,667,1),(31,667,1),(32,667,1),(33,667,1),(34,667,1),(35,667,1),(36,667,1),(37,667,1),(38,667,1),(39,667,1),(40,667,1),(41,667,1),(9,668,1),(10,668,1),(11,668,1),(12,668,1),(13,668,1),(14,668,1),(15,668,1),(16,668,1),(17,668,1),(18,668,1),(19,668,1),(20,668,1),(21,668,1),(22,668,1),(24,668,1),(25,668,1),(26,668,1),(27,668,1),(28,668,1),(29,668,1),(30,668,1),(31,668,1),(32,668,1),(33,668,1),(34,668,1),(35,668,1),(36,668,1),(37,668,1),(38,668,1),(39,668,1),(40,668,1),(41,668,1),(9,669,1),(10,669,1),(11,669,1),(12,669,1),(13,669,1),(14,669,1),(15,669,1),(16,669,1),(17,669,1),(18,669,1),(19,669,1),(20,669,1),(21,669,1),(22,669,1),(24,669,1),(25,669,1),(26,669,1),(27,669,1),(28,669,1),(29,669,1),(30,669,1),(31,669,1),(32,669,1),(33,669,1),(34,669,1),(35,669,1),(36,669,1),(37,669,1),(38,669,1),(39,669,1),(40,669,1),(41,669,1),(9,670,1),(10,670,1),(11,670,1),(12,670,1),(13,670,1),(14,670,1),(15,670,1),(16,670,1),(17,670,1),(18,670,1),(19,670,1),(20,670,1),(21,670,1),(22,670,1),(24,670,1),(25,670,1),(26,670,1),(27,670,1),(28,670,1),(29,670,1),(30,670,1),(31,670,1),(32,670,1),(33,670,1),(34,670,1),(35,670,1),(36,670,1),(37,670,1),(38,670,1),(39,670,1),(40,670,1),(41,670,1),(9,671,1),(10,671,1),(11,671,1),(12,671,1),(13,671,1),(14,671,1),(15,671,1),(16,671,1),(17,671,1),(18,671,1),(19,671,1),(20,671,1),(21,671,1),(22,671,1),(24,671,1),(25,671,1),(26,671,1),(27,671,1),(28,671,1),(29,671,1),(30,671,1),(31,671,1),(32,671,1),(33,671,1),(34,671,1),(35,671,1),(36,671,1),(37,671,1),(38,671,1),(39,671,1),(40,671,1),(41,671,1),(9,672,1),(10,672,1),(11,672,1),(12,672,1),(13,672,1),(14,672,1),(15,672,1),(16,672,1),(17,672,1),(18,672,1),(19,672,1),(20,672,1),(21,672,1),(22,672,1),(24,672,1),(25,672,1),(26,672,1),(27,672,1),(28,672,1),(29,672,1),(30,672,1),(31,672,1),(32,672,1),(33,672,1),(34,672,1),(35,672,1),(36,672,1),(37,672,1),(38,672,1),(39,672,1),(40,672,1),(41,672,1),(9,673,1),(10,673,1),(11,673,1),(12,673,1),(13,673,1),(14,673,1),(15,673,1),(16,673,1),(17,673,1),(18,673,1),(19,673,1),(20,673,1),(21,673,1),(22,673,1),(24,673,1),(25,673,1),(26,673,1),(27,673,1),(28,673,1),(29,673,1),(30,673,1),(31,673,1),(32,673,1),(33,673,1),(34,673,1),(35,673,1),(36,673,1),(37,673,1),(38,673,1),(39,673,1),(40,673,1),(41,673,1),(9,674,1),(10,674,1),(11,674,1),(12,674,1),(13,674,1),(14,674,1),(15,674,1),(16,674,1),(17,674,1),(18,674,1),(19,674,1),(20,674,1),(21,674,1),(22,674,1),(24,674,1),(25,674,1),(26,674,1),(27,674,1),(28,674,1),(29,674,1),(30,674,1),(31,674,1),(32,674,1),(33,674,1),(34,674,1),(35,674,1),(36,674,1),(37,674,1),(38,674,1),(39,674,1),(40,674,1),(41,674,1),(9,675,1),(10,675,1),(11,675,1),(12,675,1),(13,675,1),(14,675,1),(15,675,1),(16,675,1),(17,675,1),(18,675,1),(19,675,1),(20,675,1),(21,675,1),(22,675,1),(24,675,1),(25,675,1),(26,675,1),(27,675,1),(28,675,1),(29,675,1),(30,675,1),(31,675,1),(32,675,1),(33,675,1),(34,675,1),(35,675,1),(36,675,1),(37,675,1),(38,675,1),(39,675,1),(40,675,1),(41,675,1),(9,676,1),(10,676,1),(11,676,1),(12,676,1),(13,676,1),(14,676,1),(15,676,1),(16,676,1),(17,676,1),(18,676,1),(19,676,1),(20,676,1),(21,676,1),(22,676,1),(24,676,1),(25,676,1),(26,676,1),(27,676,1),(28,676,1),(29,676,1),(30,676,1),(31,676,1),(32,676,1),(33,676,1),(34,676,1),(35,676,1),(36,676,1),(37,676,1),(38,676,1),(39,676,1),(40,676,1),(41,676,1),(9,677,1),(10,677,1),(11,677,1),(12,677,1),(13,677,1),(14,677,1),(15,677,1),(16,677,1),(17,677,1),(18,677,1),(19,677,1),(20,677,1),(21,677,1),(22,677,1),(24,677,1),(25,677,1),(26,677,1),(27,677,1),(28,677,1),(29,677,1),(30,677,1),(31,677,1),(32,677,1),(33,677,1),(34,677,1),(35,677,1),(36,677,1),(37,677,1),(38,677,1),(39,677,1),(40,677,1),(41,677,1),(9,678,1),(10,678,1),(11,678,1),(12,678,1),(13,678,1),(14,678,1),(15,678,1),(16,678,1),(17,678,1),(18,678,1),(19,678,1),(20,678,1),(21,678,1),(22,678,1),(24,678,1),(25,678,1),(26,678,1),(27,678,1),(28,678,1),(29,678,1),(30,678,1),(31,678,1),(32,678,1),(33,678,1),(34,678,1),(35,678,1),(36,678,1),(37,678,1),(38,678,1),(39,678,1),(40,678,1),(41,678,1),(9,679,1),(10,679,1),(11,679,1),(12,679,1),(13,679,1),(14,679,1),(15,679,1),(16,679,1),(17,679,1),(18,679,1),(19,679,1),(20,679,1),(21,679,1),(22,679,1),(24,679,1),(25,679,1),(26,679,1),(27,679,1),(28,679,1),(29,679,1),(30,679,1),(31,679,1),(32,679,1),(33,679,1),(34,679,1),(35,679,1),(36,679,1),(37,679,1),(38,679,1),(39,679,1),(40,679,1),(41,679,1),(9,680,1),(10,680,1),(11,680,1),(12,680,1),(13,680,1),(14,680,1),(15,680,1),(16,680,1),(17,680,1),(18,680,1),(19,680,1),(20,680,1),(21,680,1),(22,680,1),(24,680,1),(25,680,1),(26,680,1),(27,680,1),(28,680,1),(29,680,1),(30,680,1),(31,680,1),(32,680,1),(33,680,1),(34,680,1),(35,680,1),(36,680,1),(37,680,1),(38,680,1),(39,680,1),(40,680,1),(41,680,1),(9,681,1),(10,681,1),(11,681,1),(12,681,1),(13,681,1),(14,681,1),(15,681,1),(16,681,1),(17,681,1),(18,681,1),(19,681,1),(20,681,1),(21,681,1),(22,681,1),(24,681,1),(25,681,1),(26,681,1),(27,681,1),(28,681,1),(29,681,1),(30,681,1),(31,681,1),(32,681,1),(33,681,1),(34,681,1),(35,681,1),(36,681,1),(37,681,1),(38,681,1),(39,681,1),(40,681,1),(41,681,1),(9,682,1),(10,682,1),(11,682,1),(12,682,1),(13,682,1),(14,682,1),(15,682,1),(16,682,1),(17,682,1),(18,682,1),(19,682,1),(20,682,1),(21,682,1),(22,682,1),(24,682,1),(25,682,1),(26,682,1),(27,682,1),(28,682,1),(29,682,1),(30,682,1),(31,682,1),(32,682,1),(33,682,1),(34,682,1),(35,682,1),(36,682,1),(37,682,1),(38,682,1),(39,682,1),(40,682,1),(41,682,1),(9,683,3),(10,683,3),(11,683,3),(12,683,3),(13,683,3),(14,683,3),(15,683,3),(16,683,3),(17,683,3),(18,683,3),(19,683,3),(20,683,3),(21,683,3),(22,683,3),(24,683,3),(25,683,3),(26,683,3),(27,683,3),(28,683,3),(29,683,3),(30,683,3),(31,683,3),(32,683,3),(33,683,3),(34,683,3),(35,683,3),(36,683,3),(37,683,3),(38,683,3),(39,683,3),(40,683,3),(41,683,3),(9,684,3),(10,684,3),(11,684,3),(12,684,3),(13,684,3),(14,684,3),(15,684,3),(16,684,3),(17,684,3),(18,684,3),(19,684,3),(20,684,3),(21,684,3),(22,684,3),(24,684,3),(25,684,3),(26,684,3),(27,684,3),(28,684,3),(29,684,3),(30,684,3),(31,684,3),(32,684,3),(33,684,3),(34,684,3),(35,684,3),(36,684,3),(37,684,3),(38,684,3),(39,684,3),(40,684,3),(41,684,3),(13,685,2),(14,685,2),(15,685,2),(16,685,2),(17,685,2),(18,685,2),(19,685,2),(20,685,2),(21,685,2),(22,685,2),(13,686,2),(14,686,2),(15,686,2),(16,686,2),(17,686,2),(18,686,2),(19,686,2),(20,686,2),(21,686,2),(22,686,2),(10,1373,10),(10,1456,10),(10,1464,10),(10,1549,10),(10,1634,10),(10,1719,10),(10,1804,10),(10,1889,10),(10,1974,10),(12,4117,10),(13,4117,10),(14,4117,10),(15,4117,10),(16,4117,10),(17,4117,10),(18,4117,10),(19,4117,10),(20,4117,10),(21,4117,10),(22,4117,10),(30,4117,10),(31,4117,10),(32,4117,10),(33,4117,10),(34,4117,10),(35,4117,10),(36,4117,10),(37,4117,10),(38,4117,10),(39,4117,10),(12,4200,10),(13,4200,10),(14,4200,10),(15,4200,10),(16,4200,10),(17,4200,10),(18,4200,10),(19,4200,10),(20,4200,10),(21,4200,10),(22,4200,10),(30,4200,10),(31,4200,10),(32,4200,10),(33,4200,10),(34,4200,10),(35,4200,10),(36,4200,10),(37,4200,10),(38,4200,10),(39,4200,10),(12,4208,10),(13,4208,10),(14,4208,10),(15,4208,10),(16,4208,10),(17,4208,10),(18,4208,10),(19,4208,10),(20,4208,10),(21,4208,10),(22,4208,10),(30,4208,10),(31,4208,10),(32,4208,10),(33,4208,10),(34,4208,10),(35,4208,10),(36,4208,10),(37,4208,10),(38,4208,10),(39,4208,10),(12,4293,10),(13,4293,10),(14,4293,10),(15,4293,10),(16,4293,10),(17,4293,10),(18,4293,10),(19,4293,10),(20,4293,10),(21,4293,10),(22,4293,10),(30,4293,10),(31,4293,10),(32,4293,10),(33,4293,10),(34,4293,10),(35,4293,10),(36,4293,10),(37,4293,10),(38,4293,10),(39,4293,10),(12,4378,10),(13,4378,10),(14,4378,10),(15,4378,10),(16,4378,10),(17,4378,10),(18,4378,10),(19,4378,10),(20,4378,10),(21,4378,10),(22,4378,10),(30,4378,10),(31,4378,10),(32,4378,10),(33,4378,10),(34,4378,10),(35,4378,10),(36,4378,10),(37,4378,10),(38,4378,10),(39,4378,10),(12,4463,10),(13,4463,10),(14,4463,10),(15,4463,10),(16,4463,10),(17,4463,10),(18,4463,10),(19,4463,10),(20,4463,10),(21,4463,10),(22,4463,10),(30,4463,10),(31,4463,10),(32,4463,10),(33,4463,10),(34,4463,10),(35,4463,10),(36,4463,10),(37,4463,10),(38,4463,10),(39,4463,10),(12,4548,10),(13,4548,10),(14,4548,10),(15,4548,10),(16,4548,10),(17,4548,10),(18,4548,10),(19,4548,10),(20,4548,10),(21,4548,10),(22,4548,10),(30,4548,10),(31,4548,10),(32,4548,10),(33,4548,10),(34,4548,10),(35,4548,10),(36,4548,10),(37,4548,10),(38,4548,10),(39,4548,10),(12,4633,10),(13,4633,10),(14,4633,10),(15,4633,10),(16,4633,10),(17,4633,10),(18,4633,10),(19,4633,10),(20,4633,10),(21,4633,10),(22,4633,10),(30,4633,10),(31,4633,10),(32,4633,10),(33,4633,10),(34,4633,10),(35,4633,10),(36,4633,10),(37,4633,10),(38,4633,10),(39,4633,10),(12,4718,10),(13,4718,10),(14,4718,10),(15,4718,10),(16,4718,10),(17,4718,10),(18,4718,10),(19,4718,10),(20,4718,10),(21,4718,10),(22,4718,10),(30,4718,10),(31,4718,10),(32,4718,10),(33,4718,10),(34,4718,10),(35,4718,10),(36,4718,10),(37,4718,10),(38,4718,10),(39,4718,10),(14,11749,6),(14,11750,6),(14,11751,6),(14,11752,1),(14,11753,1),(16,13826,1),(16,13827,1),(36,13827,6),(16,14514,6),(17,14514,6),(16,14515,6),(16,14516,6),(15,15896,6),(17,17963,6),(17,17964,2),(17,20719,1),(18,21409,6),(19,21409,6),(35,21409,6),(18,21410,6),(19,21410,6),(35,21410,6),(19,22097,6),(20,22786,6),(31,22786,6),(20,22787,6),(31,22787,6),(21,23474,6),(22,24848,6),(9,26222,6),(9,26223,6),(9,26224,6),(10,26911,6),(10,26912,6),(11,27599,6),(11,27600,6),(11,27601,6),(12,28288,6),(13,28975,6),(33,28975,6),(34,28975,6),(13,28976,6),(34,28976,6),(13,28977,6),(25,28977,6),(28,28977,6),(34,28977,6),(13,28978,6),(34,28978,6),(9,34416,2),(10,34416,2),(11,34416,2),(12,34416,2),(24,34416,2),(25,34416,2),(26,34416,2),(27,34416,2),(28,34416,2),(29,34416,2),(9,34501,2),(10,34501,2),(11,34501,2),(12,34501,2),(24,34501,2),(25,34501,2),(26,34501,2),(27,34501,2),(28,34501,2),(29,34501,2),(9,34514,2),(10,34514,2),(11,34514,2),(12,34514,2),(24,34514,2),(25,34514,2),(26,34514,2),(27,34514,2),(28,34514,2),(29,34514,2),(9,34601,2),(10,34601,2),(11,34601,2),(12,34601,2),(24,34601,2),(25,34601,2),(26,34601,2),(27,34601,2),(28,34601,2),(29,34601,2),(9,34688,2),(10,34688,2),(11,34688,2),(12,34688,2),(24,34688,2),(25,34688,2),(26,34688,2),(27,34688,2),(28,34688,2),(29,34688,2),(9,34775,2),(10,34775,2),(11,34775,2),(12,34775,2),(24,34775,2),(25,34775,2),(26,34775,2),(27,34775,2),(28,34775,2),(29,34775,2),(9,34862,2),(10,34862,2),(11,34862,2),(12,34862,2),(24,34862,2),(25,34862,2),(26,34862,2),(27,34862,2),(28,34862,2),(29,34862,2),(9,34949,2),(10,34949,2),(11,34949,2),(12,34949,2),(24,34949,2),(25,34949,2),(26,34949,2),(27,34949,2),(28,34949,2),(29,34949,2),(9,35036,2),(10,35036,2),(11,35036,2),(12,35036,2),(24,35036,2),(25,35036,2),(26,35036,2),(27,35036,2),(28,35036,2),(29,35036,2),(24,42632,10),(25,42632,10),(26,42632,10),(27,42632,10),(28,42632,10),(29,42632,10),(40,42632,10),(41,42632,10),(24,42714,6),(24,42715,6),(24,42716,10),(25,42716,10),(26,42716,10),(27,42716,10),(28,42716,10),(29,42716,10),(40,42716,10),(41,42716,10),(24,42721,10),(25,42721,10),(26,42721,10),(27,42721,10),(28,42721,10),(29,42721,10),(40,42721,10),(41,42721,10),(24,42805,10),(25,42805,10),(26,42805,10),(27,42805,10),(28,42805,10),(29,42805,10),(40,42805,10),(41,42805,10),(24,42889,10),(25,42889,10),(26,42889,10),(27,42889,10),(28,42889,10),(29,42889,10),(40,42889,10),(41,42889,10),(24,42973,10),(25,42973,10),(26,42973,10),(27,42973,10),(28,42973,10),(29,42973,10),(40,42973,10),(41,42973,10),(24,43057,10),(25,43057,10),(26,43057,10),(27,43057,10),(28,43057,10),(29,43057,10),(40,43057,10),(41,43057,10),(24,43141,10),(25,43141,10),(26,43141,10),(27,43141,10),(28,43141,10),(29,43141,10),(40,43141,10),(41,43141,10),(24,43225,10),(25,43225,10),(26,43225,10),(27,43225,10),(28,43225,10),(29,43225,10),(40,43225,10),(41,43225,10),(25,45414,6),(26,46768,6),(26,46769,6),(27,48122,6),(27,48123,6),(28,48799,6),(28,48800,6),(29,49477,6),(29,49478,6),(11,52186,2),(31,52186,2),(32,52186,2),(33,52186,2),(34,52186,2),(35,52186,2),(36,52186,2),(37,52186,2),(38,52186,2),(39,52186,2),(11,52187,2),(31,52187,2),(32,52187,2),(33,52187,2),(34,52187,2),(35,52187,2),(36,52187,2),(37,52187,2),(38,52187,2),(39,52187,2),(30,52865,6),(31,64181,2),(34,64181,2),(31,64263,2),(34,64263,2),(31,64272,2),(34,64272,2),(31,64356,2),(34,64356,2),(31,64440,2),(34,64440,2),(31,64524,2),(34,64524,2),(31,64608,2),(34,64608,2),(31,64692,2),(34,64692,2),(31,64776,2),(34,64776,2),(32,66300,6),(32,67574,2),(32,67656,2),(32,67664,2),(32,67748,2),(32,67832,2),(32,67916,2),(32,68000,2),(32,68084,2),(32,68168,2),(33,68334,6),(35,72312,2),(35,72394,2),(35,72403,2),(35,72487,2),(35,72571,2),(35,72655,2),(35,72739,2),(35,72823,2),(35,72907,2),(36,73073,6),(36,74349,2),(37,74349,2),(38,74349,2),(39,74349,2),(40,74349,2),(41,74349,2),(36,74431,2),(37,74431,2),(38,74431,2),(39,74431,2),(40,74431,2),(41,74431,2),(36,74440,2),(37,74440,2),(38,74440,2),(39,74440,2),(40,74440,2),(41,74440,2),(36,74524,2),(37,74524,2),(38,74524,2),(39,74524,2),(40,74524,2),(41,74524,2),(36,74608,2),(37,74608,2),(38,74608,2),(39,74608,2),(40,74608,2),(41,74608,2),(36,74692,2),(37,74692,2),(38,74692,2),(39,74692,2),(40,74692,2),(41,74692,2),(36,74776,2),(37,74776,2),(38,74776,2),(39,74776,2),(40,74776,2),(41,74776,2),(36,74860,2),(37,74860,2),(38,74860,2),(39,74860,2),(40,74860,2),(41,74860,2),(36,74944,2),(37,74944,2),(38,74944,2),(39,74944,2),(40,74944,2),(41,74944,2),(37,75789,6),(37,75790,6),(38,77147,6),(38,77148,6),(39,78505,6),(39,78506,6),(40,79863,6),(40,79864,6),(41,80540,6),(41,80541,6);

--
-- Table structure for table `ps_search_word`
--

CREATE TABLE `ps_search_word` (
  `id_word` int(10) unsigned NOT NULL AUTO_INCREMENT,
  `id_shop` int(11) unsigned NOT NULL DEFAULT '1',
  `id_lang` int(10) unsigned NOT NULL,
  `word` varchar(15) NOT NULL,
  PRIMARY KEY (`id_word`),
  UNIQUE KEY `id_lang` (`id_lang`,`id_shop`,`word`)
) ENGINE=InnoDB AUTO_INCREMENT=82489 DEFAULT CHARSET=utf8;

--
-- Dumping data for table `ps_search_word`
--

INSERT INTO `ps_search_word` VALUES (4117,1,1,'0001'),(5,1,1,'0002'),(1373,1,1,'0003'),(42632,1,1,'0005'),(30,1,1,'2010'),(74,1,1,'accessories'),(16,1,1,'accessorize'),(62,1,1,'all'),(65,1,1,'are'),(70,1,1,'attention'),(63,1,1,'beautiful'),(24,1,1,'been'),(78,1,1,'belts'),(34416,1,1,'black'),(31,1,1,'brand'),(64181,1,1,'brown'),(83,1,1,'casual'),(55,1,1,'chic'),(45,1,1,'collection'),(28,1,1,'collections'),(14,1,1,'comfortable'),(53,1,1,'cool'),(82,1,1,'cotton'),(25,1,1,'creating'),(35,1,1,'delivering'),(27,1,1,'designed'),(34,1,1,'designs'),(39,1,1,'dresses'),(54,1,1,'easy'),(58,1,1,'elegance'),(46,1,1,'every'),(41,1,1,'evolved'),(72,1,1,'extends'),(1,1,1,'faded'),(22,1,1,'fashion'),(33,1,1,'feminine'),(15,1,1,'fit'),(13,1,1,'for'),(43,1,1,'full'),(69,1,1,'greatest'),(23,1,1,'has'),(18,1,1,'hat'),(77,1,1,'hats'),(8,1,1,'high'),(80,1,1,'home'),(75,1,1,'including'),(42,1,1,'into'),(67,1,1,'italy'),(47,1,1,'item'),(56,1,1,'looks'),(66,1,1,'made'),(68,1,1,'manufactured'),(81,1,1,'manufacturer'),(12,1,1,'material'),(79,1,1,'more'),(9,1,1,'neckline'),(33718,1,1,'noir'),(71,1,1,'now'),(32,1,1,'offers'),(67574,1,1,'orange'),(49,1,1,'part'),(64,1,1,'pieces'),(73,1,1,'range'),(20,1,1,'ready'),(74349,1,1,'red'),(52,1,1,'result'),(37,1,1,'separates'),(6,1,1,'shirt'),(4,1,1,'shirts'),(76,1,1,'shoes'),(2,1,1,'short'),(60,1,1,'signature'),(29,1,1,'since'),(3,1,1,'sleeve'),(10,1,1,'soft'),(38,1,1,'statement'),(17,1,1,'straw'),(11,1,1,'stretchy'),(61,1,1,'style'),(36,1,1,'stylish'),(21,1,1,'summer'),(59,1,1,'unmistakable'),(48,1,1,'vital'),(51,1,1,'wardrobe'),(44,1,1,'wear'),(26,1,1,'well'),(40,1,1,'which'),(72312,1,1,'white'),(7,1,1,'with'),(50,1,1,'woman'),(19,1,1,'you'),(57,1,1,'youthful'),(4803,2,1,'0001'),(691,2,1,'0002'),(2059,2,1,'0003'),(716,2,1,'2010'),(760,2,1,'accessories'),(702,2,1,'accessorize'),(748,2,1,'all'),(751,2,1,'are'),(756,2,1,'attention'),(749,2,1,'beautiful'),(710,2,1,'been'),(764,2,1,'belts'),(717,2,1,'brand'),(769,2,1,'casual'),(741,2,1,'chic'),(731,2,1,'collection'),(714,2,1,'collections'),(700,2,1,'comfortable'),(739,2,1,'cool'),(768,2,1,'cotton'),(711,2,1,'creating'),(721,2,1,'delivering'),(713,2,1,'designed'),(720,2,1,'designs'),(725,2,1,'dresses'),(740,2,1,'easy'),(744,2,1,'elegance'),(732,2,1,'every'),(727,2,1,'evolved'),(758,2,1,'extends'),(687,2,1,'faded'),(708,2,1,'fashion'),(719,2,1,'feminine'),(701,2,1,'fit'),(699,2,1,'for'),(729,2,1,'full'),(755,2,1,'greatest'),(709,2,1,'has'),(704,2,1,'hat'),(763,2,1,'hats'),(694,2,1,'high'),(766,2,1,'home'),(761,2,1,'including'),(728,2,1,'into'),(753,2,1,'italy'),(733,2,1,'item'),(742,2,1,'looks'),(752,2,1,'made'),(754,2,1,'manufactured'),(767,2,1,'manufacturer'),(698,2,1,'material'),(765,2,1,'more'),(695,2,1,'neckline'),(757,2,1,'now'),(718,2,1,'offers'),(735,2,1,'part'),(750,2,1,'pieces'),(759,2,1,'range'),(706,2,1,'ready'),(738,2,1,'result'),(723,2,1,'separates'),(692,2,1,'shirt'),(690,2,1,'shirts'),(762,2,1,'shoes'),(688,2,1,'short'),(746,2,1,'signature'),(715,2,1,'since'),(689,2,1,'sleeve'),(696,2,1,'soft'),(724,2,1,'statement'),(703,2,1,'straw'),(697,2,1,'stretchy'),(747,2,1,'style'),(722,2,1,'stylish'),(707,2,1,'summer'),(745,2,1,'unmistakable'),(734,2,1,'vital'),(737,2,1,'wardrobe'),(730,2,1,'wear'),(712,2,1,'well'),(726,2,1,'which'),(693,2,1,'with'),(736,2,1,'woman'),(705,2,1,'you'),(743,2,1,'youthful'),(4200,1,2,'0001'),(84,1,2,'0002'),(1456,1,2,'0003'),(42716,1,2,'0005'),(11752,1,2,'all'),(75789,1,2,'big'),(48799,1,2,'bird'),(34501,1,2,'black'),(73073,1,2,'boy'),(26911,1,2,'braindead'),(64263,1,2,'brown'),(89,1,2,'casual'),(28288,1,2,'chen'),(27600,1,2,'city'),(52186,1,2,'col'),(23474,1,2,'corobronzard'),(21410,1,2,'cosmique'),(88,1,2,'cotton'),(16584,1,2,'daddy'),(28975,1,2,'don'),(78506,1,2,'esys'),(17963,1,2,'familly'),(86,1,2,'fashion'),(9688,1,2,'foodlesticks'),(22786,1,2,'full'),(48123,1,2,'gabe'),(28978,1,2,'game'),(27601,1,2,'gang'),(48122,1,2,'glorious'),(49477,1,2,'goat'),(78505,1,2,'gon'),(14514,1,2,'happy'),(28976,1,2,'hat'),(48800,1,2,'hermes'),(85,1,2,'home'),(27599,1,2,'hook'),(13823,1,2,'into'),(22787,1,2,'jungle'),(13826,1,2,'just'),(11751,1,2,'kreygasm'),(49478,1,2,'life'),(79863,1,2,'luv'),(11749,1,2,'magic'),(26224,1,2,'man'),(87,1,2,'manufacturer'),(13827,1,2,'meat'),(45414,1,2,'moon'),(80540,1,2,'mugen'),(11750,1,2,'mush'),(26912,1,2,'nerag'),(33802,1,2,'noir'),(26222,1,2,'one'),(67656,1,2,'orange'),(66300,1,2,'press'),(75790,1,2,'pumpkin'),(46768,1,2,'purple'),(42715,1,2,'ramus'),(74431,1,2,'red'),(52187,1,2,'rond'),(17964,1,2,'run'),(24848,1,2,'scarecrow'),(14515,1,2,'see'),(26223,1,2,'shirt'),(44067,1,2,'shirts'),(90,1,2,'short'),(79864,1,2,'sic'),(77148,1,2,'skull'),(91,1,2,'sleeve'),(13825,1,2,'soul'),(80541,1,2,'spirit'),(13822,1,2,'stares'),(11753,1,2,'stats'),(77147,1,2,'super'),(28977,1,2,'the'),(15896,1,2,'thumbs'),(52865,1,2,'traillarde'),(42714,1,2,'uncle'),(21409,1,2,'vagin'),(22097,1,2,'vierge'),(68334,1,2,'watch'),(16583,1,2,'where'),(72394,1,2,'white'),(46769,1,2,'wolf'),(20719,1,2,'yoloswag'),(14516,1,2,'you'),(13824,1,2,'your'),(4886,2,2,'0001'),(770,2,2,'0002'),(2142,2,2,'0003'),(775,2,2,'casual'),(774,2,2,'cotton'),(772,2,2,'fashion'),(771,2,2,'home'),(773,2,2,'manufacturer'),(776,2,2,'short'),(777,2,2,'sleeve'),(4208,1,3,'0001'),(96,1,3,'0002'),(1464,1,3,'0003'),(42721,1,3,'0005'),(122,1,3,'2010'),(167,1,3,'accessories'),(108,1,3,'accessorize'),(155,1,3,'all'),(102,1,3,'and'),(158,1,3,'are'),(163,1,3,'attention'),(156,1,3,'beautiful'),(116,1,3,'been'),(171,1,3,'belts'),(34514,1,3,'black'),(124,1,3,'brand'),(64272,1,3,'brown'),(176,1,3,'casual'),(148,1,3,'chic'),(138,1,3,'collection'),(120,1,3,'collections'),(106,1,3,'comfortable'),(146,1,3,'cool'),(175,1,3,'cotton'),(117,1,3,'creating'),(128,1,3,'delivering'),(119,1,3,'designed'),(127,1,3,'designs'),(132,1,3,'dresses'),(147,1,3,'easy'),(151,1,3,'elegance'),(139,1,3,'every'),(134,1,3,'evolved'),(165,1,3,'extends'),(92,1,3,'faded'),(114,1,3,'fashion'),(126,1,3,'feminine'),(107,1,3,'fit'),(105,1,3,'for'),(136,1,3,'full'),(162,1,3,'greatest'),(115,1,3,'has'),(110,1,3,'hat'),(170,1,3,'hats'),(99,1,3,'high'),(173,1,3,'home'),(168,1,3,'including'),(135,1,3,'into'),(160,1,3,'italy'),(140,1,3,'item'),(149,1,3,'looks'),(159,1,3,'made'),(161,1,3,'manufactured'),(174,1,3,'manufacturer'),(104,1,3,'material'),(172,1,3,'more'),(100,1,3,'neckline'),(33814,1,3,'noir'),(164,1,3,'now'),(125,1,3,'offers'),(67664,1,3,'orange'),(142,1,3,'part'),(157,1,3,'pieces'),(166,1,3,'range'),(112,1,3,'ready'),(74440,1,3,'red'),(145,1,3,'result'),(130,1,3,'separates'),(97,1,3,'shirt'),(95,1,3,'shirts'),(169,1,3,'shoes'),(93,1,3,'short'),(153,1,3,'signature'),(121,1,3,'since'),(94,1,3,'sleeve'),(101,1,3,'soft'),(131,1,3,'statement'),(109,1,3,'straw'),(103,1,3,'stretchy'),(154,1,3,'style'),(129,1,3,'stylish'),(113,1,3,'summer'),(123,1,3,'the'),(152,1,3,'unmistakable'),(141,1,3,'vital'),(144,1,3,'wardrobe'),(137,1,3,'wear'),(118,1,3,'well'),(133,1,3,'which'),(72403,1,3,'white'),(98,1,3,'with'),(143,1,3,'woman'),(111,1,3,'you'),(150,1,3,'youthful'),(4894,2,3,'0001'),(782,2,3,'0002'),(2150,2,3,'0003'),(808,2,3,'2010'),(853,2,3,'accessories'),(794,2,3,'accessorize'),(841,2,3,'all'),(788,2,3,'and'),(844,2,3,'are'),(849,2,3,'attention'),(842,2,3,'beautiful'),(802,2,3,'been'),(857,2,3,'belts'),(810,2,3,'brand'),(862,2,3,'casual'),(834,2,3,'chic'),(824,2,3,'collection'),(806,2,3,'collections'),(792,2,3,'comfortable'),(832,2,3,'cool'),(861,2,3,'cotton'),(803,2,3,'creating'),(814,2,3,'delivering'),(805,2,3,'designed'),(813,2,3,'designs'),(818,2,3,'dresses'),(833,2,3,'easy'),(837,2,3,'elegance'),(825,2,3,'every'),(820,2,3,'evolved'),(851,2,3,'extends'),(778,2,3,'faded'),(800,2,3,'fashion'),(812,2,3,'feminine'),(793,2,3,'fit'),(791,2,3,'for'),(822,2,3,'full'),(848,2,3,'greatest'),(801,2,3,'has'),(796,2,3,'hat'),(856,2,3,'hats'),(785,2,3,'high'),(859,2,3,'home'),(854,2,3,'including'),(821,2,3,'into'),(846,2,3,'italy'),(826,2,3,'item'),(835,2,3,'looks'),(845,2,3,'made'),(847,2,3,'manufactured'),(860,2,3,'manufacturer'),(790,2,3,'material'),(858,2,3,'more'),(786,2,3,'neckline'),(850,2,3,'now'),(811,2,3,'offers'),(828,2,3,'part'),(843,2,3,'pieces'),(852,2,3,'range'),(798,2,3,'ready'),(831,2,3,'result'),(816,2,3,'separates'),(783,2,3,'shirt'),(781,2,3,'shirts'),(855,2,3,'shoes'),(779,2,3,'short'),(839,2,3,'signature'),(807,2,3,'since'),(780,2,3,'sleeve'),(787,2,3,'soft'),(817,2,3,'statement'),(795,2,3,'straw'),(789,2,3,'stretchy'),(840,2,3,'style'),(815,2,3,'stylish'),(799,2,3,'summer'),(809,2,3,'the'),(838,2,3,'unmistakable'),(827,2,3,'vital'),(830,2,3,'wardrobe'),(823,2,3,'wear'),(804,2,3,'well'),(819,2,3,'which'),(784,2,3,'with'),(829,2,3,'woman'),(797,2,3,'you'),(836,2,3,'youthful'),(4293,1,4,'0001'),(181,1,4,'0002'),(1549,1,4,'0003'),(42805,1,4,'0005'),(207,1,4,'2010'),(252,1,4,'accessories'),(193,1,4,'accessorize'),(240,1,4,'all'),(187,1,4,'and'),(243,1,4,'are'),(248,1,4,'attention'),(241,1,4,'beautiful'),(201,1,4,'been'),(256,1,4,'belts'),(34601,1,4,'black'),(209,1,4,'brand'),(64356,1,4,'brown'),(261,1,4,'casual'),(233,1,4,'chic'),(223,1,4,'collection'),(205,1,4,'collections'),(191,1,4,'comfortable'),(231,1,4,'cool'),(260,1,4,'cotton'),(202,1,4,'creating'),(213,1,4,'delivering'),(204,1,4,'designed'),(212,1,4,'designs'),(217,1,4,'dresses'),(232,1,4,'easy'),(236,1,4,'elegance'),(224,1,4,'every'),(219,1,4,'evolved'),(250,1,4,'extends'),(177,1,4,'faded'),(199,1,4,'fashion'),(211,1,4,'feminine'),(192,1,4,'fit'),(190,1,4,'for'),(221,1,4,'full'),(247,1,4,'greatest'),(200,1,4,'has'),(195,1,4,'hat'),(255,1,4,'hats'),(184,1,4,'high'),(258,1,4,'home'),(253,1,4,'including'),(220,1,4,'into'),(245,1,4,'italy'),(225,1,4,'item'),(234,1,4,'looks'),(244,1,4,'made'),(246,1,4,'manufactured'),(259,1,4,'manufacturer'),(189,1,4,'material'),(257,1,4,'more'),(185,1,4,'neckline'),(33900,1,4,'noir'),(249,1,4,'now'),(210,1,4,'offers'),(67748,1,4,'orange'),(227,1,4,'part'),(242,1,4,'pieces'),(251,1,4,'range'),(197,1,4,'ready'),(74524,1,4,'red'),(230,1,4,'result'),(215,1,4,'separates'),(182,1,4,'shirt'),(180,1,4,'shirts'),(254,1,4,'shoes'),(178,1,4,'short'),(238,1,4,'signature'),(206,1,4,'since'),(179,1,4,'sleeve'),(186,1,4,'soft'),(216,1,4,'statement'),(194,1,4,'straw'),(188,1,4,'stretchy'),(239,1,4,'style'),(214,1,4,'stylish'),(198,1,4,'summer'),(208,1,4,'the'),(237,1,4,'unmistakable'),(226,1,4,'vital'),(229,1,4,'wardrobe'),(222,1,4,'wear'),(203,1,4,'well'),(218,1,4,'which'),(72487,1,4,'white'),(183,1,4,'with'),(228,1,4,'woman'),(196,1,4,'you'),(235,1,4,'youthful'),(4979,2,4,'0001'),(867,2,4,'0002'),(2235,2,4,'0003'),(893,2,4,'2010'),(938,2,4,'accessories'),(879,2,4,'accessorize'),(926,2,4,'all'),(873,2,4,'and'),(929,2,4,'are'),(934,2,4,'attention'),(927,2,4,'beautiful'),(887,2,4,'been'),(942,2,4,'belts'),(895,2,4,'brand'),(947,2,4,'casual'),(919,2,4,'chic'),(909,2,4,'collection'),(891,2,4,'collections'),(877,2,4,'comfortable'),(917,2,4,'cool'),(946,2,4,'cotton'),(888,2,4,'creating'),(899,2,4,'delivering'),(890,2,4,'designed'),(898,2,4,'designs'),(903,2,4,'dresses'),(918,2,4,'easy'),(922,2,4,'elegance'),(910,2,4,'every'),(905,2,4,'evolved'),(936,2,4,'extends'),(863,2,4,'faded'),(885,2,4,'fashion'),(897,2,4,'feminine'),(878,2,4,'fit'),(876,2,4,'for'),(907,2,4,'full'),(933,2,4,'greatest'),(886,2,4,'has'),(881,2,4,'hat'),(941,2,4,'hats'),(870,2,4,'high'),(944,2,4,'home'),(939,2,4,'including'),(906,2,4,'into'),(931,2,4,'italy'),(911,2,4,'item'),(920,2,4,'looks'),(930,2,4,'made'),(932,2,4,'manufactured'),(945,2,4,'manufacturer'),(875,2,4,'material'),(943,2,4,'more'),(871,2,4,'neckline'),(935,2,4,'now'),(896,2,4,'offers'),(913,2,4,'part'),(928,2,4,'pieces'),(937,2,4,'range'),(883,2,4,'ready'),(916,2,4,'result'),(901,2,4,'separates'),(868,2,4,'shirt'),(866,2,4,'shirts'),(940,2,4,'shoes'),(864,2,4,'short'),(924,2,4,'signature'),(892,2,4,'since'),(865,2,4,'sleeve'),(872,2,4,'soft'),(902,2,4,'statement'),(880,2,4,'straw'),(874,2,4,'stretchy'),(925,2,4,'style'),(900,2,4,'stylish'),(884,2,4,'summer'),(894,2,4,'the'),(923,2,4,'unmistakable'),(912,2,4,'vital'),(915,2,4,'wardrobe'),(908,2,4,'wear'),(889,2,4,'well'),(904,2,4,'which'),(869,2,4,'with'),(914,2,4,'woman'),(882,2,4,'you'),(921,2,4,'youthful'),(4378,1,5,'0001'),(266,1,5,'0002'),(1634,1,5,'0003'),(42889,1,5,'0005'),(292,1,5,'2010'),(337,1,5,'accessories'),(278,1,5,'accessorize'),(325,1,5,'all'),(272,1,5,'and'),(328,1,5,'are'),(333,1,5,'attention'),(326,1,5,'beautiful'),(286,1,5,'been'),(341,1,5,'belts'),(34688,1,5,'black'),(294,1,5,'brand'),(64440,1,5,'brown'),(346,1,5,'casual'),(318,1,5,'chic'),(308,1,5,'collection'),(290,1,5,'collections'),(276,1,5,'comfortable'),(316,1,5,'cool'),(345,1,5,'cotton'),(287,1,5,'creating'),(298,1,5,'delivering'),(289,1,5,'designed'),(297,1,5,'designs'),(302,1,5,'dresses'),(317,1,5,'easy'),(321,1,5,'elegance'),(309,1,5,'every'),(304,1,5,'evolved'),(335,1,5,'extends'),(262,1,5,'faded'),(284,1,5,'fashion'),(296,1,5,'feminine'),(277,1,5,'fit'),(275,1,5,'for'),(306,1,5,'full'),(332,1,5,'greatest'),(285,1,5,'has'),(280,1,5,'hat'),(340,1,5,'hats'),(269,1,5,'high'),(343,1,5,'home'),(338,1,5,'including'),(305,1,5,'into'),(330,1,5,'italy'),(310,1,5,'item'),(319,1,5,'looks'),(329,1,5,'made'),(331,1,5,'manufactured'),(344,1,5,'manufacturer'),(274,1,5,'material'),(342,1,5,'more'),(270,1,5,'neckline'),(33986,1,5,'noir'),(334,1,5,'now'),(295,1,5,'offers'),(67832,1,5,'orange'),(312,1,5,'part'),(327,1,5,'pieces'),(336,1,5,'range'),(282,1,5,'ready'),(74608,1,5,'red'),(315,1,5,'result'),(300,1,5,'separates'),(267,1,5,'shirt'),(265,1,5,'shirts'),(339,1,5,'shoes'),(263,1,5,'short'),(323,1,5,'signature'),(291,1,5,'since'),(264,1,5,'sleeve'),(271,1,5,'soft'),(301,1,5,'statement'),(279,1,5,'straw'),(273,1,5,'stretchy'),(324,1,5,'style'),(299,1,5,'stylish'),(283,1,5,'summer'),(293,1,5,'the'),(322,1,5,'unmistakable'),(311,1,5,'vital'),(314,1,5,'wardrobe'),(307,1,5,'wear'),(288,1,5,'well'),(303,1,5,'which'),(72571,1,5,'white'),(268,1,5,'with'),(313,1,5,'woman'),(281,1,5,'you'),(320,1,5,'youthful'),(5064,2,5,'0001'),(952,2,5,'0002'),(2320,2,5,'0003'),(978,2,5,'2010'),(1023,2,5,'accessories'),(964,2,5,'accessorize'),(1011,2,5,'all'),(958,2,5,'and'),(1014,2,5,'are'),(1019,2,5,'attention'),(1012,2,5,'beautiful'),(972,2,5,'been'),(1027,2,5,'belts'),(980,2,5,'brand'),(1032,2,5,'casual'),(1004,2,5,'chic'),(994,2,5,'collection'),(976,2,5,'collections'),(962,2,5,'comfortable'),(1002,2,5,'cool'),(1031,2,5,'cotton'),(973,2,5,'creating'),(984,2,5,'delivering'),(975,2,5,'designed'),(983,2,5,'designs'),(988,2,5,'dresses'),(1003,2,5,'easy'),(1007,2,5,'elegance'),(995,2,5,'every'),(990,2,5,'evolved'),(1021,2,5,'extends'),(948,2,5,'faded'),(970,2,5,'fashion'),(982,2,5,'feminine'),(963,2,5,'fit'),(961,2,5,'for'),(992,2,5,'full'),(1018,2,5,'greatest'),(971,2,5,'has'),(966,2,5,'hat'),(1026,2,5,'hats'),(955,2,5,'high'),(1029,2,5,'home'),(1024,2,5,'including'),(991,2,5,'into'),(1016,2,5,'italy'),(996,2,5,'item'),(1005,2,5,'looks'),(1015,2,5,'made'),(1017,2,5,'manufactured'),(1030,2,5,'manufacturer'),(960,2,5,'material'),(1028,2,5,'more'),(956,2,5,'neckline'),(1020,2,5,'now'),(981,2,5,'offers'),(998,2,5,'part'),(1013,2,5,'pieces'),(1022,2,5,'range'),(968,2,5,'ready'),(1001,2,5,'result'),(986,2,5,'separates'),(953,2,5,'shirt'),(951,2,5,'shirts'),(1025,2,5,'shoes'),(949,2,5,'short'),(1009,2,5,'signature'),(977,2,5,'since'),(950,2,5,'sleeve'),(957,2,5,'soft'),(987,2,5,'statement'),(965,2,5,'straw'),(959,2,5,'stretchy'),(1010,2,5,'style'),(985,2,5,'stylish'),(969,2,5,'summer'),(979,2,5,'the'),(1008,2,5,'unmistakable'),(997,2,5,'vital'),(1000,2,5,'wardrobe'),(993,2,5,'wear'),(974,2,5,'well'),(989,2,5,'which'),(954,2,5,'with'),(999,2,5,'woman'),(967,2,5,'you'),(1006,2,5,'youthful'),(4463,1,6,'0001'),(351,1,6,'0002'),(1719,1,6,'0003'),(42973,1,6,'0005'),(377,1,6,'2010'),(422,1,6,'accessories'),(363,1,6,'accessorize'),(410,1,6,'all'),(357,1,6,'and'),(413,1,6,'are'),(418,1,6,'attention'),(411,1,6,'beautiful'),(371,1,6,'been'),(426,1,6,'belts'),(34775,1,6,'black'),(379,1,6,'brand'),(64524,1,6,'brown'),(431,1,6,'casual'),(403,1,6,'chic'),(393,1,6,'collection'),(375,1,6,'collections'),(361,1,6,'comfortable'),(401,1,6,'cool'),(430,1,6,'cotton'),(372,1,6,'creating'),(383,1,6,'delivering'),(374,1,6,'designed'),(382,1,6,'designs'),(387,1,6,'dresses'),(402,1,6,'easy'),(406,1,6,'elegance'),(394,1,6,'every'),(389,1,6,'evolved'),(420,1,6,'extends'),(347,1,6,'faded'),(369,1,6,'fashion'),(381,1,6,'feminine'),(362,1,6,'fit'),(360,1,6,'for'),(391,1,6,'full'),(417,1,6,'greatest'),(370,1,6,'has'),(365,1,6,'hat'),(425,1,6,'hats'),(354,1,6,'high'),(428,1,6,'home'),(423,1,6,'including'),(390,1,6,'into'),(415,1,6,'italy'),(395,1,6,'item'),(404,1,6,'looks'),(414,1,6,'made'),(416,1,6,'manufactured'),(429,1,6,'manufacturer'),(359,1,6,'material'),(427,1,6,'more'),(355,1,6,'neckline'),(34072,1,6,'noir'),(419,1,6,'now'),(380,1,6,'offers'),(67916,1,6,'orange'),(397,1,6,'part'),(412,1,6,'pieces'),(421,1,6,'range'),(367,1,6,'ready'),(74692,1,6,'red'),(400,1,6,'result'),(385,1,6,'separates'),(352,1,6,'shirt'),(350,1,6,'shirts'),(424,1,6,'shoes'),(348,1,6,'short'),(408,1,6,'signature'),(376,1,6,'since'),(349,1,6,'sleeve'),(356,1,6,'soft'),(386,1,6,'statement'),(364,1,6,'straw'),(358,1,6,'stretchy'),(409,1,6,'style'),(384,1,6,'stylish'),(368,1,6,'summer'),(378,1,6,'the'),(407,1,6,'unmistakable'),(396,1,6,'vital'),(399,1,6,'wardrobe'),(392,1,6,'wear'),(373,1,6,'well'),(388,1,6,'which'),(72655,1,6,'white'),(353,1,6,'with'),(398,1,6,'woman'),(366,1,6,'you'),(405,1,6,'youthful'),(5149,2,6,'0001'),(1037,2,6,'0002'),(2405,2,6,'0003'),(1063,2,6,'2010'),(1108,2,6,'accessories'),(1049,2,6,'accessorize'),(1096,2,6,'all'),(1043,2,6,'and'),(1099,2,6,'are'),(1104,2,6,'attention'),(1097,2,6,'beautiful'),(1057,2,6,'been'),(1112,2,6,'belts'),(1065,2,6,'brand'),(1117,2,6,'casual'),(1089,2,6,'chic'),(1079,2,6,'collection'),(1061,2,6,'collections'),(1047,2,6,'comfortable'),(1087,2,6,'cool'),(1116,2,6,'cotton'),(1058,2,6,'creating'),(1069,2,6,'delivering'),(1060,2,6,'designed'),(1068,2,6,'designs'),(1073,2,6,'dresses'),(1088,2,6,'easy'),(1092,2,6,'elegance'),(1080,2,6,'every'),(1075,2,6,'evolved'),(1106,2,6,'extends'),(1033,2,6,'faded'),(1055,2,6,'fashion'),(1067,2,6,'feminine'),(1048,2,6,'fit'),(1046,2,6,'for'),(1077,2,6,'full'),(1103,2,6,'greatest'),(1056,2,6,'has'),(1051,2,6,'hat'),(1111,2,6,'hats'),(1040,2,6,'high'),(1114,2,6,'home'),(1109,2,6,'including'),(1076,2,6,'into'),(1101,2,6,'italy'),(1081,2,6,'item'),(1090,2,6,'looks'),(1100,2,6,'made'),(1102,2,6,'manufactured'),(1115,2,6,'manufacturer'),(1045,2,6,'material'),(1113,2,6,'more'),(1041,2,6,'neckline'),(1105,2,6,'now'),(1066,2,6,'offers'),(1083,2,6,'part'),(1098,2,6,'pieces'),(1107,2,6,'range'),(1053,2,6,'ready'),(1086,2,6,'result'),(1071,2,6,'separates'),(1038,2,6,'shirt'),(1036,2,6,'shirts'),(1110,2,6,'shoes'),(1034,2,6,'short'),(1094,2,6,'signature'),(1062,2,6,'since'),(1035,2,6,'sleeve'),(1042,2,6,'soft'),(1072,2,6,'statement'),(1050,2,6,'straw'),(1044,2,6,'stretchy'),(1095,2,6,'style'),(1070,2,6,'stylish'),(1054,2,6,'summer'),(1064,2,6,'the'),(1093,2,6,'unmistakable'),(1082,2,6,'vital'),(1085,2,6,'wardrobe'),(1078,2,6,'wear'),(1059,2,6,'well'),(1074,2,6,'which'),(1039,2,6,'with'),(1084,2,6,'woman'),(1052,2,6,'you'),(1091,2,6,'youthful'),(4548,1,7,'0001'),(436,1,7,'0002'),(1804,1,7,'0003'),(43057,1,7,'0005'),(462,1,7,'2010'),(507,1,7,'accessories'),(448,1,7,'accessorize'),(495,1,7,'all'),(442,1,7,'and'),(498,1,7,'are'),(503,1,7,'attention'),(496,1,7,'beautiful'),(456,1,7,'been'),(511,1,7,'belts'),(34862,1,7,'black'),(464,1,7,'brand'),(64608,1,7,'brown'),(516,1,7,'casual'),(488,1,7,'chic'),(478,1,7,'collection'),(460,1,7,'collections'),(446,1,7,'comfortable'),(486,1,7,'cool'),(515,1,7,'cotton'),(457,1,7,'creating'),(468,1,7,'delivering'),(459,1,7,'designed'),(467,1,7,'designs'),(472,1,7,'dresses'),(487,1,7,'easy'),(491,1,7,'elegance'),(479,1,7,'every'),(474,1,7,'evolved'),(505,1,7,'extends'),(432,1,7,'faded'),(454,1,7,'fashion'),(466,1,7,'feminine'),(447,1,7,'fit'),(445,1,7,'for'),(476,1,7,'full'),(502,1,7,'greatest'),(455,1,7,'has'),(450,1,7,'hat'),(510,1,7,'hats'),(439,1,7,'high'),(513,1,7,'home'),(508,1,7,'including'),(475,1,7,'into'),(500,1,7,'italy'),(480,1,7,'item'),(489,1,7,'looks'),(499,1,7,'made'),(501,1,7,'manufactured'),(514,1,7,'manufacturer'),(444,1,7,'material'),(512,1,7,'more'),(440,1,7,'neckline'),(34158,1,7,'noir'),(504,1,7,'now'),(465,1,7,'offers'),(68000,1,7,'orange'),(482,1,7,'part'),(497,1,7,'pieces'),(506,1,7,'range'),(452,1,7,'ready'),(74776,1,7,'red'),(485,1,7,'result'),(470,1,7,'separates'),(437,1,7,'shirt'),(435,1,7,'shirts'),(509,1,7,'shoes'),(433,1,7,'short'),(493,1,7,'signature'),(461,1,7,'since'),(434,1,7,'sleeve'),(441,1,7,'soft'),(471,1,7,'statement'),(449,1,7,'straw'),(443,1,7,'stretchy'),(494,1,7,'style'),(469,1,7,'stylish'),(453,1,7,'summer'),(463,1,7,'the'),(492,1,7,'unmistakable'),(481,1,7,'vital'),(484,1,7,'wardrobe'),(477,1,7,'wear'),(458,1,7,'well'),(473,1,7,'which'),(72739,1,7,'white'),(438,1,7,'with'),(483,1,7,'woman'),(451,1,7,'you'),(490,1,7,'youthful'),(5234,2,7,'0001'),(1122,2,7,'0002'),(2490,2,7,'0003'),(1148,2,7,'2010'),(1193,2,7,'accessories'),(1134,2,7,'accessorize'),(1181,2,7,'all'),(1128,2,7,'and'),(1184,2,7,'are'),(1189,2,7,'attention'),(1182,2,7,'beautiful'),(1142,2,7,'been'),(1197,2,7,'belts'),(1150,2,7,'brand'),(1202,2,7,'casual'),(1174,2,7,'chic'),(1164,2,7,'collection'),(1146,2,7,'collections'),(1132,2,7,'comfortable'),(1172,2,7,'cool'),(1201,2,7,'cotton'),(1143,2,7,'creating'),(1154,2,7,'delivering'),(1145,2,7,'designed'),(1153,2,7,'designs'),(1158,2,7,'dresses'),(1173,2,7,'easy'),(1177,2,7,'elegance'),(1165,2,7,'every'),(1160,2,7,'evolved'),(1191,2,7,'extends'),(1118,2,7,'faded'),(1140,2,7,'fashion'),(1152,2,7,'feminine'),(1133,2,7,'fit'),(1131,2,7,'for'),(1162,2,7,'full'),(1188,2,7,'greatest'),(1141,2,7,'has'),(1136,2,7,'hat'),(1196,2,7,'hats'),(1125,2,7,'high'),(1199,2,7,'home'),(1194,2,7,'including'),(1161,2,7,'into'),(1186,2,7,'italy'),(1166,2,7,'item'),(1175,2,7,'looks'),(1185,2,7,'made'),(1187,2,7,'manufactured'),(1200,2,7,'manufacturer'),(1130,2,7,'material'),(1198,2,7,'more'),(1126,2,7,'neckline'),(1190,2,7,'now'),(1151,2,7,'offers'),(1168,2,7,'part'),(1183,2,7,'pieces'),(1192,2,7,'range'),(1138,2,7,'ready'),(1171,2,7,'result'),(1156,2,7,'separates'),(1123,2,7,'shirt'),(1121,2,7,'shirts'),(1195,2,7,'shoes'),(1119,2,7,'short'),(1179,2,7,'signature'),(1147,2,7,'since'),(1120,2,7,'sleeve'),(1127,2,7,'soft'),(1157,2,7,'statement'),(1135,2,7,'straw'),(1129,2,7,'stretchy'),(1180,2,7,'style'),(1155,2,7,'stylish'),(1139,2,7,'summer'),(1149,2,7,'the'),(1178,2,7,'unmistakable'),(1167,2,7,'vital'),(1170,2,7,'wardrobe'),(1163,2,7,'wear'),(1144,2,7,'well'),(1159,2,7,'which'),(1124,2,7,'with'),(1169,2,7,'woman'),(1137,2,7,'you'),(1176,2,7,'youthful'),(4633,1,8,'0001'),(521,1,8,'0002'),(1889,1,8,'0003'),(43141,1,8,'0005'),(547,1,8,'2010'),(592,1,8,'accessories'),(533,1,8,'accessorize'),(580,1,8,'all'),(527,1,8,'and'),(583,1,8,'are'),(588,1,8,'attention'),(581,1,8,'beautiful'),(541,1,8,'been'),(596,1,8,'belts'),(34949,1,8,'black'),(549,1,8,'brand'),(64692,1,8,'brown'),(601,1,8,'casual'),(573,1,8,'chic'),(563,1,8,'collection'),(545,1,8,'collections'),(531,1,8,'comfortable'),(571,1,8,'cool'),(600,1,8,'cotton'),(542,1,8,'creating'),(553,1,8,'delivering'),(544,1,8,'designed'),(552,1,8,'designs'),(557,1,8,'dresses'),(572,1,8,'easy'),(576,1,8,'elegance'),(564,1,8,'every'),(559,1,8,'evolved'),(590,1,8,'extends'),(517,1,8,'faded'),(539,1,8,'fashion'),(551,1,8,'feminine'),(532,1,8,'fit'),(530,1,8,'for'),(561,1,8,'full'),(587,1,8,'greatest'),(540,1,8,'has'),(535,1,8,'hat'),(595,1,8,'hats'),(524,1,8,'high'),(598,1,8,'home'),(593,1,8,'including'),(560,1,8,'into'),(585,1,8,'italy'),(565,1,8,'item'),(574,1,8,'looks'),(584,1,8,'made'),(586,1,8,'manufactured'),(599,1,8,'manufacturer'),(529,1,8,'material'),(597,1,8,'more'),(525,1,8,'neckline'),(34244,1,8,'noir'),(589,1,8,'now'),(550,1,8,'offers'),(68084,1,8,'orange'),(567,1,8,'part'),(582,1,8,'pieces'),(591,1,8,'range'),(537,1,8,'ready'),(74860,1,8,'red'),(570,1,8,'result'),(555,1,8,'separates'),(522,1,8,'shirt'),(520,1,8,'shirts'),(594,1,8,'shoes'),(518,1,8,'short'),(578,1,8,'signature'),(546,1,8,'since'),(519,1,8,'sleeve'),(526,1,8,'soft'),(556,1,8,'statement'),(534,1,8,'straw'),(528,1,8,'stretchy'),(579,1,8,'style'),(554,1,8,'stylish'),(538,1,8,'summer'),(548,1,8,'the'),(577,1,8,'unmistakable'),(566,1,8,'vital'),(569,1,8,'wardrobe'),(562,1,8,'wear'),(543,1,8,'well'),(558,1,8,'which'),(72823,1,8,'white'),(523,1,8,'with'),(568,1,8,'woman'),(536,1,8,'you'),(575,1,8,'youthful'),(5319,2,8,'0001'),(1207,2,8,'0002'),(2575,2,8,'0003'),(1233,2,8,'2010'),(1278,2,8,'accessories'),(1219,2,8,'accessorize'),(1266,2,8,'all'),(1213,2,8,'and'),(1269,2,8,'are'),(1274,2,8,'attention'),(1267,2,8,'beautiful'),(1227,2,8,'been'),(1282,2,8,'belts'),(1235,2,8,'brand'),(1287,2,8,'casual'),(1259,2,8,'chic'),(1249,2,8,'collection'),(1231,2,8,'collections'),(1217,2,8,'comfortable'),(1257,2,8,'cool'),(1286,2,8,'cotton'),(1228,2,8,'creating'),(1239,2,8,'delivering'),(1230,2,8,'designed'),(1238,2,8,'designs'),(1243,2,8,'dresses'),(1258,2,8,'easy'),(1262,2,8,'elegance'),(1250,2,8,'every'),(1245,2,8,'evolved'),(1276,2,8,'extends'),(1203,2,8,'faded'),(1225,2,8,'fashion'),(1237,2,8,'feminine'),(1218,2,8,'fit'),(1216,2,8,'for'),(1247,2,8,'full'),(1273,2,8,'greatest'),(1226,2,8,'has'),(1221,2,8,'hat'),(1281,2,8,'hats'),(1210,2,8,'high'),(1284,2,8,'home'),(1279,2,8,'including'),(1246,2,8,'into'),(1271,2,8,'italy'),(1251,2,8,'item'),(1260,2,8,'looks'),(1270,2,8,'made'),(1272,2,8,'manufactured'),(1285,2,8,'manufacturer'),(1215,2,8,'material'),(1283,2,8,'more'),(1211,2,8,'neckline'),(1275,2,8,'now'),(1236,2,8,'offers'),(1253,2,8,'part'),(1268,2,8,'pieces'),(1277,2,8,'range'),(1223,2,8,'ready'),(1256,2,8,'result'),(1241,2,8,'separates'),(1208,2,8,'shirt'),(1206,2,8,'shirts'),(1280,2,8,'shoes'),(1204,2,8,'short'),(1264,2,8,'signature'),(1232,2,8,'since'),(1205,2,8,'sleeve'),(1212,2,8,'soft'),(1242,2,8,'statement'),(1220,2,8,'straw'),(1214,2,8,'stretchy'),(1265,2,8,'style'),(1240,2,8,'stylish'),(1224,2,8,'summer'),(1234,2,8,'the'),(1263,2,8,'unmistakable'),(1252,2,8,'vital'),(1255,2,8,'wardrobe'),(1248,2,8,'wear'),(1229,2,8,'well'),(1244,2,8,'which'),(1209,2,8,'with'),(1254,2,8,'woman'),(1222,2,8,'you'),(1261,2,8,'youthful'),(4718,1,9,'0001'),(606,1,9,'0002'),(1974,1,9,'0003'),(43225,1,9,'0005'),(632,1,9,'2010'),(677,1,9,'accessories'),(618,1,9,'accessorize'),(665,1,9,'all'),(612,1,9,'and'),(668,1,9,'are'),(673,1,9,'attention'),(666,1,9,'beautiful'),(626,1,9,'been'),(681,1,9,'belts'),(35036,1,9,'black'),(634,1,9,'brand'),(64776,1,9,'brown'),(686,1,9,'casual'),(658,1,9,'chic'),(648,1,9,'collection'),(630,1,9,'collections'),(616,1,9,'comfortable'),(656,1,9,'cool'),(685,1,9,'cotton'),(627,1,9,'creating'),(638,1,9,'delivering'),(629,1,9,'designed'),(637,1,9,'designs'),(642,1,9,'dresses'),(657,1,9,'easy'),(661,1,9,'elegance'),(649,1,9,'every'),(644,1,9,'evolved'),(675,1,9,'extends'),(602,1,9,'faded'),(624,1,9,'fashion'),(636,1,9,'feminine'),(617,1,9,'fit'),(615,1,9,'for'),(646,1,9,'full'),(672,1,9,'greatest'),(625,1,9,'has'),(620,1,9,'hat'),(680,1,9,'hats'),(609,1,9,'high'),(683,1,9,'home'),(678,1,9,'including'),(645,1,9,'into'),(670,1,9,'italy'),(650,1,9,'item'),(659,1,9,'looks'),(669,1,9,'made'),(671,1,9,'manufactured'),(684,1,9,'manufacturer'),(614,1,9,'material'),(682,1,9,'more'),(610,1,9,'neckline'),(34330,1,9,'noir'),(674,1,9,'now'),(635,1,9,'offers'),(68168,1,9,'orange'),(652,1,9,'part'),(667,1,9,'pieces'),(676,1,9,'range'),(622,1,9,'ready'),(74944,1,9,'red'),(655,1,9,'result'),(640,1,9,'separates'),(607,1,9,'shirt'),(605,1,9,'shirts'),(679,1,9,'shoes'),(603,1,9,'short'),(663,1,9,'signature'),(631,1,9,'since'),(604,1,9,'sleeve'),(611,1,9,'soft'),(641,1,9,'statement'),(619,1,9,'straw'),(613,1,9,'stretchy'),(664,1,9,'style'),(639,1,9,'stylish'),(623,1,9,'summer'),(633,1,9,'the'),(662,1,9,'unmistakable'),(651,1,9,'vital'),(654,1,9,'wardrobe'),(647,1,9,'wear'),(628,1,9,'well'),(643,1,9,'which'),(72907,1,9,'white'),(608,1,9,'with'),(653,1,9,'woman'),(621,1,9,'you'),(660,1,9,'youthful'),(5404,2,9,'0001'),(1292,2,9,'0002'),(2660,2,9,'0003'),(1318,2,9,'2010'),(1363,2,9,'accessories'),(1304,2,9,'accessorize'),(1351,2,9,'all'),(1298,2,9,'and'),(1354,2,9,'are'),(1359,2,9,'attention'),(1352,2,9,'beautiful'),(1312,2,9,'been'),(1367,2,9,'belts'),(1320,2,9,'brand'),(1372,2,9,'casual'),(1344,2,9,'chic'),(1334,2,9,'collection'),(1316,2,9,'collections'),(1302,2,9,'comfortable'),(1342,2,9,'cool'),(1371,2,9,'cotton'),(1313,2,9,'creating'),(1324,2,9,'delivering'),(1315,2,9,'designed'),(1323,2,9,'designs'),(1328,2,9,'dresses'),(1343,2,9,'easy'),(1347,2,9,'elegance'),(1335,2,9,'every'),(1330,2,9,'evolved'),(1361,2,9,'extends'),(1288,2,9,'faded'),(1310,2,9,'fashion'),(1322,2,9,'feminine'),(1303,2,9,'fit'),(1301,2,9,'for'),(1332,2,9,'full'),(1358,2,9,'greatest'),(1311,2,9,'has'),(1306,2,9,'hat'),(1366,2,9,'hats'),(1295,2,9,'high'),(1369,2,9,'home'),(1364,2,9,'including'),(1331,2,9,'into'),(1356,2,9,'italy'),(1336,2,9,'item'),(1345,2,9,'looks'),(1355,2,9,'made'),(1357,2,9,'manufactured'),(1370,2,9,'manufacturer'),(1300,2,9,'material'),(1368,2,9,'more'),(1296,2,9,'neckline'),(1360,2,9,'now'),(1321,2,9,'offers'),(1338,2,9,'part'),(1353,2,9,'pieces'),(1362,2,9,'range'),(1308,2,9,'ready'),(1341,2,9,'result'),(1326,2,9,'separates'),(1293,2,9,'shirt'),(1291,2,9,'shirts'),(1365,2,9,'shoes'),(1289,2,9,'short'),(1349,2,9,'signature'),(1317,2,9,'since'),(1290,2,9,'sleeve'),(1297,2,9,'soft'),(1327,2,9,'statement'),(1305,2,9,'straw'),(1299,2,9,'stretchy'),(1350,2,9,'style'),(1325,2,9,'stylish'),(1309,2,9,'summer'),(1319,2,9,'the'),(1348,2,9,'unmistakable'),(1337,2,9,'vital'),(1340,2,9,'wardrobe'),(1333,2,9,'wear'),(1314,2,9,'well'),(1329,2,9,'which'),(1294,2,9,'with'),(1339,2,9,'woman'),(1307,2,9,'you'),(1346,2,9,'youthful');

--
-- Table structure for table `ps_sekeyword`
--

CREATE TABLE `ps_sekeyword` (
  `id_sekeyword` int(10) unsigned NOT NULL AUTO_INCREMENT,
  `id_shop` int(10) unsigned NOT NULL DEFAULT '1',
  `id_shop_group` int(10) unsigned NOT NULL DEFAULT '1',
  `keyword` varchar(256) NOT NULL,
  `date_add` datetime NOT NULL,
  PRIMARY KEY (`id_sekeyword`)
) ENGINE=InnoDB DEFAULT CHARSET=utf8;

--
-- Dumping data for table `ps_sekeyword`
--


--
-- Table structure for table `ps_shop`
--

CREATE TABLE `ps_shop` (
  `id_shop` int(11) unsigned NOT NULL AUTO_INCREMENT,
  `id_shop_group` int(11) unsigned NOT NULL,
  `name` varchar(64) NOT NULL,
  `id_category` int(11) unsigned NOT NULL DEFAULT '1',
  `id_theme` int(1) unsigned NOT NULL,
  `active` tinyint(1) NOT NULL DEFAULT '1',
  `deleted` tinyint(1) NOT NULL DEFAULT '0',
  PRIMARY KEY (`id_shop`),
  KEY `id_category` (`id_category`),
  KEY `id_theme` (`id_theme`),
  KEY `id_shop_group` (`id_shop_group`,`deleted`)
) ENGINE=InnoDB AUTO_INCREMENT=3 DEFAULT CHARSET=utf8;

--
-- Dumping data for table `ps_shop`
--

INSERT INTO `ps_shop` VALUES (1,1,'Heure du Tee',2,4,1,0);

--
-- Table structure for table `ps_shop_group`
--

CREATE TABLE `ps_shop_group` (
  `id_shop_group` int(11) unsigned NOT NULL AUTO_INCREMENT,
  `name` varchar(64) NOT NULL,
  `share_customer` tinyint(1) NOT NULL,
  `share_order` tinyint(1) NOT NULL,
  `share_stock` tinyint(1) NOT NULL,
  `active` tinyint(1) NOT NULL DEFAULT '1',
  `deleted` tinyint(1) NOT NULL DEFAULT '0',
  PRIMARY KEY (`id_shop_group`),
  KEY `deleted` (`deleted`,`name`)
) ENGINE=InnoDB AUTO_INCREMENT=3 DEFAULT CHARSET=utf8;

--
-- Dumping data for table `ps_shop_group`
--

INSERT INTO `ps_shop_group` VALUES (1,'Default',0,0,0,1,0),(2,'prototype',1,0,0,1,0);

--
-- Table structure for table `ps_shop_url`
--

CREATE TABLE `ps_shop_url` (
  `id_shop_url` int(11) unsigned NOT NULL AUTO_INCREMENT,
  `id_shop` int(11) unsigned NOT NULL,
  `domain` varchar(150) NOT NULL,
  `domain_ssl` varchar(150) NOT NULL,
  `physical_uri` varchar(64) NOT NULL,
  `virtual_uri` varchar(64) NOT NULL,
  `main` tinyint(1) NOT NULL,
  `active` tinyint(1) NOT NULL,
  PRIMARY KEY (`id_shop_url`),
  UNIQUE KEY `full_shop_url` (`domain`,`physical_uri`,`virtual_uri`),
  UNIQUE KEY `full_shop_url_ssl` (`domain_ssl`,`physical_uri`,`virtual_uri`),
  KEY `id_shop` (`id_shop`,`main`)
) ENGINE=InnoDB AUTO_INCREMENT=3 DEFAULT CHARSET=utf8;

--
-- Dumping data for table `ps_shop_url`
--

INSERT INTO `ps_shop_url` VALUES (1,1,'heure-du-tee.com','heure-du-tee.com','/','',1,1);

--
-- Table structure for table `ps_smarty_cache`
--

CREATE TABLE `ps_smarty_cache` (
  `id_smarty_cache` char(40) NOT NULL,
  `name` char(40) DEFAULT NULL,
  `cache_id` varchar(254) DEFAULT NULL,
  `modified` timestamp NOT NULL DEFAULT CURRENT_TIMESTAMP,
  `content` longtext NOT NULL,
  PRIMARY KEY (`id_smarty_cache`),
  KEY `name` (`name`),
  KEY `cache_id` (`cache_id`),
  KEY `modified` (`modified`)
) ENGINE=InnoDB DEFAULT CHARSET=utf8;

--
-- Dumping data for table `ps_smarty_cache`
--


--
-- Table structure for table `ps_smarty_last_flush`
--

CREATE TABLE `ps_smarty_last_flush` (
  `type` enum('compile','template') NOT NULL DEFAULT 'compile',
  `last_flush` datetime NOT NULL DEFAULT '0000-00-00 00:00:00',
  PRIMARY KEY (`type`)
) ENGINE=InnoDB DEFAULT CHARSET=utf8;

--
-- Dumping data for table `ps_smarty_last_flush`
--

INSERT INTO `ps_smarty_last_flush` VALUES ('compile','2016-05-05 00:35:49'),('template','2016-05-05 00:35:49');

--
-- Table structure for table `ps_smarty_lazy_cache`
--

CREATE TABLE `ps_smarty_lazy_cache` (
  `template_hash` varchar(32) NOT NULL DEFAULT '',
  `cache_id` varchar(255) NOT NULL DEFAULT '',
  `compile_id` varchar(32) NOT NULL DEFAULT '',
  `filepath` varchar(255) NOT NULL DEFAULT '',
  `last_update` datetime NOT NULL DEFAULT '0000-00-00 00:00:00',
  PRIMARY KEY (`template_hash`,`cache_id`,`compile_id`)
) ENGINE=InnoDB DEFAULT CHARSET=utf8;

--
-- Dumping data for table `ps_smarty_lazy_cache`
--


--
-- Table structure for table `ps_specific_price`
--

CREATE TABLE `ps_specific_price` (
  `id_specific_price` int(10) unsigned NOT NULL AUTO_INCREMENT,
  `id_specific_price_rule` int(11) unsigned NOT NULL,
  `id_cart` int(11) unsigned NOT NULL,
  `id_product` int(10) unsigned NOT NULL,
  `id_shop` int(11) unsigned NOT NULL DEFAULT '1',
  `id_shop_group` int(11) unsigned NOT NULL,
  `id_currency` int(10) unsigned NOT NULL,
  `id_country` int(10) unsigned NOT NULL,
  `id_group` int(10) unsigned NOT NULL,
  `id_customer` int(10) unsigned NOT NULL,
  `id_product_attribute` int(10) unsigned NOT NULL,
  `price` decimal(20,6) NOT NULL,
  `from_quantity` mediumint(8) unsigned NOT NULL,
  `reduction` decimal(20,6) NOT NULL,
  `reduction_tax` tinyint(1) NOT NULL DEFAULT '1',
  `reduction_type` enum('amount','percentage') NOT NULL,
  `from` datetime NOT NULL,
  `to` datetime NOT NULL,
  PRIMARY KEY (`id_specific_price`),
  UNIQUE KEY `id_product_2` (`id_product`,`id_product_attribute`,`id_customer`,`id_cart`,`from`,`to`,`id_shop`,`id_shop_group`,`id_currency`,`id_country`,`id_group`,`from_quantity`,`id_specific_price_rule`),
  KEY `id_product` (`id_product`,`id_shop`,`id_currency`,`id_country`,`id_group`,`id_customer`,`from_quantity`,`from`,`to`),
  KEY `from_quantity` (`from_quantity`),
  KEY `id_specific_price_rule` (`id_specific_price_rule`),
  KEY `id_cart` (`id_cart`),
  KEY `id_product_attribute` (`id_product_attribute`),
  KEY `id_shop` (`id_shop`),
  KEY `id_customer` (`id_customer`),
  KEY `from` (`from`),
  KEY `to` (`to`)
) ENGINE=InnoDB AUTO_INCREMENT=4 DEFAULT CHARSET=utf8;

--
-- Dumping data for table `ps_specific_price`
--


--
-- Table structure for table `ps_specific_price_priority`
--

CREATE TABLE `ps_specific_price_priority` (
  `id_specific_price_priority` int(11) NOT NULL AUTO_INCREMENT,
  `id_product` int(11) NOT NULL,
  `priority` varchar(80) NOT NULL,
  PRIMARY KEY (`id_specific_price_priority`,`id_product`),
  UNIQUE KEY `id_product` (`id_product`)
) ENGINE=InnoDB AUTO_INCREMENT=182 DEFAULT CHARSET=utf8;

--
-- Dumping data for table `ps_specific_price_priority`
--

INSERT INTO `ps_specific_price_priority` VALUES (1,1,'id_shop;id_currency;id_country;id_group'),(4,2,'id_shop;id_currency;id_country;id_group'),(5,3,'id_shop;id_currency;id_country;id_group'),(6,4,'id_shop;id_currency;id_country;id_group'),(7,5,'id_shop;id_currency;id_country;id_group'),(9,6,'id_shop;id_currency;id_country;id_group'),(10,7,'id_shop;id_currency;id_country;id_group'),(13,8,'id_shop;id_currency;id_country;id_group'),(20,9,'id_shop;id_currency;id_country;id_group'),(23,10,'id_shop;id_currency;id_country;id_group'),(31,12,'id_shop;id_currency;id_country;id_group'),(38,11,'id_shop;id_currency;id_country;id_group'),(40,13,'id_shop;id_currency;id_country;id_group'),(43,14,'id_shop;id_currency;id_country;id_group'),(49,15,'id_shop;id_currency;id_country;id_group'),(55,16,'id_shop;id_currency;id_country;id_group'),(58,17,'id_shop;id_currency;id_country;id_group'),(64,18,'id_shop;id_currency;id_country;id_group'),(66,19,'id_shop;id_currency;id_country;id_group'),(69,20,'id_shop;id_currency;id_country;id_group'),(71,21,'id_shop;id_currency;id_country;id_group'),(74,22,'id_shop;id_currency;id_country;id_group'),(100,24,'id_shop;id_currency;id_country;id_group'),(105,25,'id_shop;id_currency;id_country;id_group'),(107,26,'id_shop;id_currency;id_country;id_group'),(110,27,'id_shop;id_currency;id_country;id_group'),(113,28,'id_shop;id_currency;id_country;id_group'),(115,29,'id_shop;id_currency;id_country;id_group'),(120,30,'id_shop;id_currency;id_country;id_group'),(133,31,'id_shop;id_currency;id_country;id_group'),(143,32,'id_shop;id_currency;id_country;id_group'),(148,33,'id_shop;id_currency;id_country;id_group'),(152,34,'id_shop;id_currency;id_country;id_group'),(155,35,'id_shop;id_currency;id_country;id_group'),(159,36,'id_shop;id_currency;id_country;id_group'),(164,37,'id_shop;id_currency;id_country;id_group'),(168,38,'id_shop;id_currency;id_country;id_group'),(172,39,'id_shop;id_currency;id_country;id_group'),(175,40,'id_shop;id_currency;id_country;id_group'),(179,41,'id_shop;id_currency;id_country;id_group');

--
-- Table structure for table `ps_specific_price_rule`
--

CREATE TABLE `ps_specific_price_rule` (
  `id_specific_price_rule` int(10) unsigned NOT NULL AUTO_INCREMENT,
  `name` varchar(255) NOT NULL,
  `id_shop` int(11) unsigned NOT NULL DEFAULT '1',
  `id_currency` int(10) unsigned NOT NULL,
  `id_country` int(10) unsigned NOT NULL,
  `id_group` int(10) unsigned NOT NULL,
  `from_quantity` mediumint(8) unsigned NOT NULL,
  `price` decimal(20,6) DEFAULT NULL,
  `reduction` decimal(20,6) NOT NULL,
  `reduction_tax` tinyint(1) NOT NULL DEFAULT '1',
  `reduction_type` enum('amount','percentage') NOT NULL,
  `from` datetime NOT NULL,
  `to` datetime NOT NULL,
  PRIMARY KEY (`id_specific_price_rule`),
  KEY `id_product` (`id_shop`,`id_currency`,`id_country`,`id_group`,`from_quantity`,`from`,`to`)
) ENGINE=InnoDB DEFAULT CHARSET=utf8;

--
-- Dumping data for table `ps_specific_price_rule`
--


--
-- Table structure for table `ps_specific_price_rule_condition`
--

CREATE TABLE `ps_specific_price_rule_condition` (
  `id_specific_price_rule_condition` int(11) unsigned NOT NULL AUTO_INCREMENT,
  `id_specific_price_rule_condition_group` int(11) unsigned NOT NULL,
  `type` varchar(255) NOT NULL,
  `value` varchar(255) NOT NULL,
  PRIMARY KEY (`id_specific_price_rule_condition`),
  KEY `id_specific_price_rule_condition_group` (`id_specific_price_rule_condition_group`)
) ENGINE=InnoDB DEFAULT CHARSET=utf8;

--
-- Dumping data for table `ps_specific_price_rule_condition`
--


--
-- Table structure for table `ps_specific_price_rule_condition_group`
--

CREATE TABLE `ps_specific_price_rule_condition_group` (
  `id_specific_price_rule_condition_group` int(11) unsigned NOT NULL AUTO_INCREMENT,
  `id_specific_price_rule` int(11) unsigned NOT NULL,
  PRIMARY KEY (`id_specific_price_rule_condition_group`,`id_specific_price_rule`)
) ENGINE=InnoDB DEFAULT CHARSET=utf8;

--
-- Dumping data for table `ps_specific_price_rule_condition_group`
--


--
-- Table structure for table `ps_state`
--

CREATE TABLE `ps_state` (
  `id_state` int(10) unsigned NOT NULL AUTO_INCREMENT,
  `id_country` int(11) unsigned NOT NULL,
  `id_zone` int(11) unsigned NOT NULL,
  `name` varchar(64) NOT NULL,
  `iso_code` varchar(7) NOT NULL,
  `tax_behavior` smallint(1) NOT NULL DEFAULT '0',
  `active` tinyint(1) NOT NULL DEFAULT '0',
  PRIMARY KEY (`id_state`),
  KEY `id_country` (`id_country`),
  KEY `name` (`name`),
  KEY `id_zone` (`id_zone`)
) ENGINE=InnoDB AUTO_INCREMENT=313 DEFAULT CHARSET=utf8;

--
-- Dumping data for table `ps_state`
--

INSERT INTO `ps_state` VALUES (1,21,2,'Alabama','AL',0,1),(2,21,2,'Alaska','AK',0,1),(3,21,2,'Arizona','AZ',0,1),(4,21,2,'Arkansas','AR',0,1),(5,21,2,'California','CA',0,1),(6,21,2,'Colorado','CO',0,1),(7,21,2,'Connecticut','CT',0,1),(8,21,2,'Delaware','DE',0,1),(9,21,2,'Florida','FL',0,1),(10,21,2,'Georgia','GA',0,1),(11,21,2,'Hawaii','HI',0,1),(12,21,2,'Idaho','ID',0,1),(13,21,2,'Illinois','IL',0,1),(14,21,2,'Indiana','IN',0,1),(15,21,2,'Iowa','IA',0,1),(16,21,2,'Kansas','KS',0,1),(17,21,2,'Kentucky','KY',0,1),(18,21,2,'Louisiana','LA',0,1),(19,21,2,'Maine','ME',0,1),(20,21,2,'Maryland','MD',0,1),(21,21,2,'Massachusetts','MA',0,1),(22,21,2,'Michigan','MI',0,1),(23,21,2,'Minnesota','MN',0,1),(24,21,2,'Mississippi','MS',0,1),(25,21,2,'Missouri','MO',0,1),(26,21,2,'Montana','MT',0,1),(27,21,2,'Nebraska','NE',0,1),(28,21,2,'Nevada','NV',0,1),(29,21,2,'New Hampshire','NH',0,1),(30,21,2,'New Jersey','NJ',0,1),(31,21,2,'New Mexico','NM',0,1),(32,21,2,'New York','NY',0,1),(33,21,2,'North Carolina','NC',0,1),(34,21,2,'North Dakota','ND',0,1),(35,21,2,'Ohio','OH',0,1),(36,21,2,'Oklahoma','OK',0,1),(37,21,2,'Oregon','OR',0,1),(38,21,2,'Pennsylvania','PA',0,1),(39,21,2,'Rhode Island','RI',0,1),(40,21,2,'South Carolina','SC',0,1),(41,21,2,'South Dakota','SD',0,1),(42,21,2,'Tennessee','TN',0,1),(43,21,2,'Texas','TX',0,1),(44,21,2,'Utah','UT',0,1),(45,21,2,'Vermont','VT',0,1),(46,21,2,'Virginia','VA',0,1),(47,21,2,'Washington','WA',0,1),(48,21,2,'West Virginia','WV',0,1),(49,21,2,'Wisconsin','WI',0,1),(50,21,2,'Wyoming','WY',0,1),(51,21,2,'Puerto Rico','PR',0,1),(52,21,2,'US Virgin Islands','VI',0,1),(53,21,2,'District of Columbia','DC',0,1),(54,145,2,'Aguascalientes','AGS',0,1),(55,145,2,'Baja California','BCN',0,1),(56,145,2,'Baja California Sur','BCS',0,1),(57,145,2,'Campeche','CAM',0,1),(58,145,2,'Chiapas','CHP',0,1),(59,145,2,'Chihuahua','CHH',0,1),(60,145,2,'Coahuila','COA',0,1),(61,145,2,'Colima','COL',0,1),(62,145,2,'Distrito Federal','DIF',0,1),(63,145,2,'Durango','DUR',0,1),(64,145,2,'Guanajuato','GUA',0,1),(65,145,2,'Guerrero','GRO',0,1),(66,145,2,'Hidalgo','HID',0,1),(67,145,2,'Jalisco','JAL',0,1),(68,145,2,'Estado de México','MEX',0,1),(69,145,2,'Michoacán','MIC',0,1),(70,145,2,'Morelos','MOR',0,1),(71,145,2,'Nayarit','NAY',0,1),(72,145,2,'Nuevo León','NLE',0,1),(73,145,2,'Oaxaca','OAX',0,1),(74,145,2,'Puebla','PUE',0,1),(75,145,2,'Querétaro','QUE',0,1),(76,145,2,'Quintana Roo','ROO',0,1),(77,145,2,'San Luis Potosí','SLP',0,1),(78,145,2,'Sinaloa','SIN',0,1),(79,145,2,'Sonora','SON',0,1),(80,145,2,'Tabasco','TAB',0,1),(81,145,2,'Tamaulipas','TAM',0,1),(82,145,2,'Tlaxcala','TLA',0,1),(83,145,2,'Veracruz','VER',0,1),(84,145,2,'Yucatán','YUC',0,1),(85,145,2,'Zacatecas','ZAC',0,1),(86,4,2,'Ontario','ON',0,1),(87,4,2,'Quebec','QC',0,1),(88,4,2,'British Columbia','BC',0,1),(89,4,2,'Alberta','AB',0,1),(90,4,2,'Manitoba','MB',0,1),(91,4,2,'Saskatchewan','SK',0,1),(92,4,2,'Nova Scotia','NS',0,1),(93,4,2,'New Brunswick','NB',0,1),(94,4,2,'Newfoundland and Labrador','NL',0,1),(95,4,2,'Prince Edward Island','PE',0,1),(96,4,2,'Northwest Territories','NT',0,1),(97,4,2,'Yukon','YT',0,1),(98,4,2,'Nunavut','NU',0,1),(99,44,6,'Buenos Aires','B',0,1),(100,44,6,'Catamarca','K',0,1),(101,44,6,'Chaco','H',0,1),(102,44,6,'Chubut','U',0,1),(103,44,6,'Ciudad de Buenos Aires','C',0,1),(104,44,6,'Córdoba','X',0,1),(105,44,6,'Corrientes','W',0,1),(106,44,6,'Entre Ríos','E',0,1),(107,44,6,'Formosa','P',0,1),(108,44,6,'Jujuy','Y',0,1),(109,44,6,'La Pampa','L',0,1),(110,44,6,'La Rioja','F',0,1),(111,44,6,'Mendoza','M',0,1),(112,44,6,'Misiones','N',0,1),(113,44,6,'Neuquén','Q',0,1),(114,44,6,'Río Negro','R',0,1),(115,44,6,'Salta','A',0,1),(116,44,6,'San Juan','J',0,1),(117,44,6,'San Luis','D',0,1),(118,44,6,'Santa Cruz','Z',0,1),(119,44,6,'Santa Fe','S',0,1),(120,44,6,'Santiago del Estero','G',0,1),(121,44,6,'Tierra del Fuego','V',0,1),(122,44,6,'Tucumán','T',0,1),(123,10,1,'Agrigento','AG',0,1),(124,10,1,'Alessandria','AL',0,1),(125,10,1,'Ancona','AN',0,1),(126,10,1,'Aosta','AO',0,1),(127,10,1,'Arezzo','AR',0,1),(128,10,1,'Ascoli Piceno','AP',0,1),(129,10,1,'Asti','AT',0,1),(130,10,1,'Avellino','AV',0,1),(131,10,1,'Bari','BA',0,1),(132,10,1,'Barletta-Andria-Trani','BT',0,1),(133,10,1,'Belluno','BL',0,1),(134,10,1,'Benevento','BN',0,1),(135,10,1,'Bergamo','BG',0,1),(136,10,1,'Biella','BI',0,1),(137,10,1,'Bologna','BO',0,1),(138,10,1,'Bolzano','BZ',0,1),(139,10,1,'Brescia','BS',0,1),(140,10,1,'Brindisi','BR',0,1),(141,10,1,'Cagliari','CA',0,1),(142,10,1,'Caltanissetta','CL',0,1),(143,10,1,'Campobasso','CB',0,1),(144,10,1,'Carbonia-Iglesias','CI',0,1),(145,10,1,'Caserta','CE',0,1),(146,10,1,'Catania','CT',0,1),(147,10,1,'Catanzaro','CZ',0,1),(148,10,1,'Chieti','CH',0,1),(149,10,1,'Como','CO',0,1),(150,10,1,'Cosenza','CS',0,1),(151,10,1,'Cremona','CR',0,1),(152,10,1,'Crotone','KR',0,1),(153,10,1,'Cuneo','CN',0,1),(154,10,1,'Enna','EN',0,1),(155,10,1,'Fermo','FM',0,1),(156,10,1,'Ferrara','FE',0,1),(157,10,1,'Firenze','FI',0,1),(158,10,1,'Foggia','FG',0,1),(159,10,1,'Forlì-Cesena','FC',0,1),(160,10,1,'Frosinone','FR',0,1),(161,10,1,'Genova','GE',0,1),(162,10,1,'Gorizia','GO',0,1),(163,10,1,'Grosseto','GR',0,1),(164,10,1,'Imperia','IM',0,1),(165,10,1,'Isernia','IS',0,1),(166,10,1,'L\'Aquila','AQ',0,1),(167,10,1,'La Spezia','SP',0,1),(168,10,1,'Latina','LT',0,1),(169,10,1,'Lecce','LE',0,1),(170,10,1,'Lecco','LC',0,1),(171,10,1,'Livorno','LI',0,1),(172,10,1,'Lodi','LO',0,1),(173,10,1,'Lucca','LU',0,1),(174,10,1,'Macerata','MC',0,1),(175,10,1,'Mantova','MN',0,1),(176,10,1,'Massa','MS',0,1),(177,10,1,'Matera','MT',0,1),(178,10,1,'Medio Campidano','VS',0,1),(179,10,1,'Messina','ME',0,1),(180,10,1,'Milano','MI',0,1),(181,10,1,'Modena','MO',0,1),(182,10,1,'Monza e della Brianza','MB',0,1),(183,10,1,'Napoli','NA',0,1),(184,10,1,'Novara','NO',0,1),(185,10,1,'Nuoro','NU',0,1),(186,10,1,'Ogliastra','OG',0,1),(187,10,1,'Olbia-Tempio','OT',0,1),(188,10,1,'Oristano','OR',0,1),(189,10,1,'Padova','PD',0,1),(190,10,1,'Palermo','PA',0,1),(191,10,1,'Parma','PR',0,1),(192,10,1,'Pavia','PV',0,1),(193,10,1,'Perugia','PG',0,1),(194,10,1,'Pesaro-Urbino','PU',0,1),(195,10,1,'Pescara','PE',0,1),(196,10,1,'Piacenza','PC',0,1),(197,10,1,'Pisa','PI',0,1),(198,10,1,'Pistoia','PT',0,1),(199,10,1,'Pordenone','PN',0,1),(200,10,1,'Potenza','PZ',0,1),(201,10,1,'Prato','PO',0,1),(202,10,1,'Ragusa','RG',0,1),(203,10,1,'Ravenna','RA',0,1),(204,10,1,'Reggio Calabria','RC',0,1),(205,10,1,'Reggio Emilia','RE',0,1),(206,10,1,'Rieti','RI',0,1),(207,10,1,'Rimini','RN',0,1),(208,10,1,'Roma','RM',0,1),(209,10,1,'Rovigo','RO',0,1),(210,10,1,'Salerno','SA',0,1),(211,10,1,'Sassari','SS',0,1),(212,10,1,'Savona','SV',0,1),(213,10,1,'Siena','SI',0,1),(214,10,1,'Siracusa','SR',0,1),(215,10,1,'Sondrio','SO',0,1),(216,10,1,'Taranto','TA',0,1),(217,10,1,'Teramo','TE',0,1),(218,10,1,'Terni','TR',0,1),(219,10,1,'Torino','TO',0,1),(220,10,1,'Trapani','TP',0,1),(221,10,1,'Trento','TN',0,1),(222,10,1,'Treviso','TV',0,1),(223,10,1,'Trieste','TS',0,1),(224,10,1,'Udine','UD',0,1),(225,10,1,'Varese','VA',0,1),(226,10,1,'Venezia','VE',0,1),(227,10,1,'Verbano-Cusio-Ossola','VB',0,1),(228,10,1,'Vercelli','VC',0,1),(229,10,1,'Verona','VR',0,1),(230,10,1,'Vibo Valentia','VV',0,1),(231,10,1,'Vicenza','VI',0,1),(232,10,1,'Viterbo','VT',0,1),(233,111,3,'Aceh','AC',0,1),(234,111,3,'Bali','BA',0,1),(235,111,3,'Bangka','BB',0,1),(236,111,3,'Banten','BT',0,1),(237,111,3,'Bengkulu','BE',0,1),(238,111,3,'Central Java','JT',0,1),(239,111,3,'Central Kalimantan','KT',0,1),(240,111,3,'Central Sulawesi','ST',0,1),(241,111,3,'Coat of arms of East Java','JI',0,1),(242,111,3,'East kalimantan','KI',0,1),(243,111,3,'East Nusa Tenggara','NT',0,1),(244,111,3,'Lambang propinsi','GO',0,1),(245,111,3,'Jakarta','JK',0,1),(246,111,3,'Jambi','JA',0,1),(247,111,3,'Lampung','LA',0,1),(248,111,3,'Maluku','MA',0,1),(249,111,3,'North Maluku','MU',0,1),(250,111,3,'North Sulawesi','SA',0,1),(251,111,3,'North Sumatra','SU',0,1),(252,111,3,'Papua','PA',0,1),(253,111,3,'Riau','RI',0,1),(254,111,3,'Lambang Riau','KR',0,1),(255,111,3,'Southeast Sulawesi','SG',0,1),(256,111,3,'South Kalimantan','KS',0,1),(257,111,3,'South Sulawesi','SN',0,1),(258,111,3,'South Sumatra','SS',0,1),(259,111,3,'West Java','JB',0,1),(260,111,3,'West Kalimantan','KB',0,1),(261,111,3,'West Nusa Tenggara','NB',0,1),(262,111,3,'Lambang Provinsi Papua Barat','PB',0,1),(263,111,3,'West Sulawesi','SR',0,1),(264,111,3,'West Sumatra','SB',0,1),(265,111,3,'Yogyakarta','YO',0,1),(266,11,3,'Aichi','23',0,1),(267,11,3,'Akita','05',0,1),(268,11,3,'Aomori','02',0,1),(269,11,3,'Chiba','12',0,1),(270,11,3,'Ehime','38',0,1),(271,11,3,'Fukui','18',0,1),(272,11,3,'Fukuoka','40',0,1),(273,11,3,'Fukushima','07',0,1),(274,11,3,'Gifu','21',0,1),(275,11,3,'Gunma','10',0,1),(276,11,3,'Hiroshima','34',0,1),(277,11,3,'Hokkaido','01',0,1),(278,11,3,'Hyogo','28',0,1),(279,11,3,'Ibaraki','08',0,1),(280,11,3,'Ishikawa','17',0,1),(281,11,3,'Iwate','03',0,1),(282,11,3,'Kagawa','37',0,1),(283,11,3,'Kagoshima','46',0,1),(284,11,3,'Kanagawa','14',0,1),(285,11,3,'Kochi','39',0,1),(286,11,3,'Kumamoto','43',0,1),(287,11,3,'Kyoto','26',0,1),(288,11,3,'Mie','24',0,1),(289,11,3,'Miyagi','04',0,1),(290,11,3,'Miyazaki','45',0,1),(291,11,3,'Nagano','20',0,1),(292,11,3,'Nagasaki','42',0,1),(293,11,3,'Nara','29',0,1),(294,11,3,'Niigata','15',0,1),(295,11,3,'Oita','44',0,1),(296,11,3,'Okayama','33',0,1),(297,11,3,'Okinawa','47',0,1),(298,11,3,'Osaka','27',0,1),(299,11,3,'Saga','41',0,1),(300,11,3,'Saitama','11',0,1),(301,11,3,'Shiga','25',0,1),(302,11,3,'Shimane','32',0,1),(303,11,3,'Shizuoka','22',0,1),(304,11,3,'Tochigi','09',0,1),(305,11,3,'Tokushima','36',0,1),(306,11,3,'Tokyo','13',0,1),(307,11,3,'Tottori','31',0,1),(308,11,3,'Toyama','16',0,1),(309,11,3,'Wakayama','30',0,1),(310,11,3,'Yamagata','06',0,1),(311,11,3,'Yamaguchi','35',0,1),(312,11,3,'Yamanashi','19',0,1);

--
-- Table structure for table `ps_statssearch`
--

CREATE TABLE `ps_statssearch` (
  `id_statssearch` int(10) unsigned NOT NULL AUTO_INCREMENT,
  `id_shop` int(10) unsigned NOT NULL DEFAULT '1',
  `id_shop_group` int(10) unsigned NOT NULL DEFAULT '1',
  `keywords` varchar(255) NOT NULL,
  `results` int(6) NOT NULL DEFAULT '0',
  `date_add` datetime NOT NULL,
  PRIMARY KEY (`id_statssearch`)
) ENGINE=InnoDB DEFAULT CHARSET=utf8;

--
-- Dumping data for table `ps_statssearch`
--


--
-- Table structure for table `ps_stock`
--

CREATE TABLE `ps_stock` (
  `id_stock` int(11) unsigned NOT NULL AUTO_INCREMENT,
  `id_warehouse` int(11) unsigned NOT NULL,
  `id_product` int(11) unsigned NOT NULL,
  `id_product_attribute` int(11) unsigned NOT NULL,
  `reference` varchar(32) NOT NULL,
  `ean13` varchar(13) DEFAULT NULL,
  `upc` varchar(12) DEFAULT NULL,
  `physical_quantity` int(11) unsigned NOT NULL,
  `usable_quantity` int(11) unsigned NOT NULL,
  `price_te` decimal(20,6) DEFAULT '0.000000',
  PRIMARY KEY (`id_stock`),
  KEY `id_warehouse` (`id_warehouse`),
  KEY `id_product` (`id_product`),
  KEY `id_product_attribute` (`id_product_attribute`)
) ENGINE=InnoDB DEFAULT CHARSET=utf8;

--
-- Dumping data for table `ps_stock`
--


--
-- Table structure for table `ps_stock_available`
--

CREATE TABLE `ps_stock_available` (
  `id_stock_available` int(11) unsigned NOT NULL AUTO_INCREMENT,
  `id_product` int(11) unsigned NOT NULL,
  `id_product_attribute` int(11) unsigned NOT NULL,
  `id_shop` int(11) unsigned NOT NULL,
  `id_shop_group` int(11) unsigned NOT NULL,
  `quantity` int(10) NOT NULL DEFAULT '0',
  `depends_on_stock` tinyint(1) unsigned NOT NULL DEFAULT '0',
  `out_of_stock` tinyint(1) unsigned NOT NULL DEFAULT '0',
  PRIMARY KEY (`id_stock_available`),
  UNIQUE KEY `product_sqlstock` (`id_product`,`id_product_attribute`,`id_shop`,`id_shop_group`),
  KEY `id_shop` (`id_shop`),
  KEY `id_shop_group` (`id_shop_group`),
  KEY `id_product` (`id_product`),
  KEY `id_product_attribute` (`id_product_attribute`)
) ENGINE=InnoDB AUTO_INCREMENT=137 DEFAULT CHARSET=utf8;

--
-- Dumping data for table `ps_stock_available`
--

INSERT INTO `ps_stock_available` VALUES (60,2,0,1,0,0,0,0),(61,3,0,1,0,0,0,0),(62,4,0,1,0,0,0,0),(63,5,0,1,0,0,0,0),(64,6,0,1,0,0,0,0),(65,7,0,1,0,0,0,0),(66,8,0,1,0,0,0,0),(67,9,0,1,0,0,0,2),(68,10,0,1,0,0,0,2),(69,11,0,1,0,-2,0,2),(70,12,0,1,0,-1,0,2),(86,13,0,1,0,0,0,2),(87,14,0,1,0,0,0,2),(88,15,0,1,0,0,0,2),(89,16,0,1,0,0,0,2),(90,17,0,1,0,0,0,2),(91,18,0,1,0,0,0,2),(92,19,0,1,0,0,0,2),(93,20,0,1,0,0,0,2),(94,21,0,1,0,0,0,2),(95,22,0,1,0,0,0,2),(96,9,52,1,0,0,0,2),(97,23,0,1,0,0,0,2),(98,23,53,1,0,0,0,2),(99,10,54,1,0,0,0,2),(100,11,55,1,0,-2,0,2),(101,12,56,1,0,-1,0,2),(102,24,0,1,0,-1,0,2),(103,24,57,1,0,-1,0,2),(104,25,0,1,0,0,0,2),(105,25,58,1,0,0,0,2),(106,26,0,1,0,0,0,2),(108,27,0,1,0,0,0,2),(109,27,60,1,0,0,0,2),(110,28,0,1,0,0,0,2),(111,28,61,1,0,0,0,2),(112,29,0,1,0,0,0,2),(113,29,62,1,0,0,0,2),(114,30,0,1,0,0,0,2),(115,31,0,1,0,0,0,2),(116,31,63,1,0,0,0,2),(117,32,0,1,0,0,0,2),(118,32,64,1,0,0,0,2),(119,33,0,1,0,0,0,2),(120,33,65,1,0,0,0,2),(121,34,0,1,0,0,0,2),(122,34,66,1,0,0,0,2),(123,35,0,1,0,0,0,2),(124,35,67,1,0,0,0,2),(125,36,0,1,0,0,0,2),(126,36,68,1,0,0,0,2),(127,37,0,1,0,0,0,2),(128,37,69,1,0,0,0,2),(129,38,0,1,0,0,0,2),(130,38,70,1,0,0,0,2),(131,39,0,1,0,0,0,2),(132,39,71,1,0,0,0,2),(133,40,0,1,0,0,0,2),(134,40,72,1,0,0,0,2),(135,41,0,1,0,0,0,2),(136,41,73,1,0,0,0,2);

--
-- Table structure for table `ps_stock_mvt`
--

CREATE TABLE `ps_stock_mvt` (
  `id_stock_mvt` bigint(20) unsigned NOT NULL AUTO_INCREMENT,
  `id_stock` int(11) unsigned NOT NULL,
  `id_order` int(11) unsigned DEFAULT NULL,
  `id_supply_order` int(11) unsigned DEFAULT NULL,
  `id_stock_mvt_reason` int(11) unsigned NOT NULL,
  `id_employee` int(11) unsigned NOT NULL,
  `employee_lastname` varchar(32) DEFAULT '',
  `employee_firstname` varchar(32) DEFAULT '',
  `physical_quantity` int(11) unsigned NOT NULL,
  `date_add` datetime NOT NULL,
  `sign` tinyint(1) NOT NULL DEFAULT '1',
  `price_te` decimal(20,6) DEFAULT '0.000000',
  `last_wa` decimal(20,6) DEFAULT '0.000000',
  `current_wa` decimal(20,6) DEFAULT '0.000000',
  `referer` bigint(20) unsigned DEFAULT NULL,
  PRIMARY KEY (`id_stock_mvt`),
  KEY `id_stock` (`id_stock`),
  KEY `id_stock_mvt_reason` (`id_stock_mvt_reason`)
) ENGINE=InnoDB DEFAULT CHARSET=utf8;

--
-- Dumping data for table `ps_stock_mvt`
--


--
-- Table structure for table `ps_stock_mvt_reason`
--

CREATE TABLE `ps_stock_mvt_reason` (
  `id_stock_mvt_reason` int(11) unsigned NOT NULL AUTO_INCREMENT,
  `sign` tinyint(1) NOT NULL DEFAULT '1',
  `date_add` datetime NOT NULL,
  `date_upd` datetime NOT NULL,
  `deleted` tinyint(1) unsigned NOT NULL DEFAULT '0',
  PRIMARY KEY (`id_stock_mvt_reason`)
) ENGINE=InnoDB AUTO_INCREMENT=9 DEFAULT CHARSET=utf8;

--
-- Dumping data for table `ps_stock_mvt_reason`
--

INSERT INTO `ps_stock_mvt_reason` VALUES (1,1,'2014-06-23 04:47:24','2014-06-23 04:47:24',0),(2,-1,'2014-06-23 04:47:24','2014-06-23 04:47:24',0),(3,-1,'2014-06-23 04:47:24','2014-06-23 04:47:24',0),(4,-1,'2014-06-23 04:47:25','2014-06-23 04:47:25',0),(5,1,'2014-06-23 04:47:25','2014-06-23 04:47:25',0),(6,-1,'2014-06-23 04:47:25','2014-06-23 04:47:25',0),(7,1,'2014-06-23 04:47:25','2014-06-23 04:47:25',0),(8,1,'2014-06-23 04:47:25','2014-06-23 04:47:25',0);

--
-- Table structure for table `ps_stock_mvt_reason_lang`
--

CREATE TABLE `ps_stock_mvt_reason_lang` (
  `id_stock_mvt_reason` int(11) unsigned NOT NULL,
  `id_lang` int(11) unsigned NOT NULL,
  `name` varchar(255) NOT NULL,
  PRIMARY KEY (`id_stock_mvt_reason`,`id_lang`)
) ENGINE=InnoDB DEFAULT CHARSET=utf8;

--
-- Dumping data for table `ps_stock_mvt_reason_lang`
--

INSERT INTO `ps_stock_mvt_reason_lang` VALUES (1,1,'Increase'),(1,2,'Increase'),(1,3,'Increase'),(1,4,'Increase'),(1,5,'Increase'),(1,6,'Increase'),(1,7,'Increase'),(1,8,'Increase'),(1,9,'Increase'),(2,1,'Decrease'),(2,2,'Decrease'),(2,3,'Decrease'),(2,4,'Decrease'),(2,5,'Decrease'),(2,6,'Decrease'),(2,7,'Decrease'),(2,8,'Decrease'),(2,9,'Decrease'),(3,1,'Customer Order'),(3,2,'Customer Order'),(3,3,'Customer Order'),(3,4,'Customer Order'),(3,5,'Customer Order'),(3,6,'Customer Order'),(3,7,'Customer Order'),(3,8,'Customer Order'),(3,9,'Customer Order'),(4,1,'Regulation following an inventory of stock'),(4,2,'Regulation following an inventory of stock'),(4,3,'Regulation following an inventory of stock'),(4,4,'Regulation following an inventory of stock'),(4,5,'Regulation following an inventory of stock'),(4,6,'Regulation following an inventory of stock'),(4,7,'Regulation following an inventory of stock'),(4,8,'Regulation following an inventory of stock'),(4,9,'Regulation following an inventory of stock'),(5,1,'Regulation following an inventory of stock'),(5,2,'Regulation following an inventory of stock'),(5,3,'Regulation following an inventory of stock'),(5,4,'Regulation following an inventory of stock'),(5,5,'Regulation following an inventory of stock'),(5,6,'Regulation following an inventory of stock'),(5,7,'Regulation following an inventory of stock'),(5,8,'Regulation following an inventory of stock'),(5,9,'Regulation following an inventory of stock'),(6,1,'Transfer to another warehouse'),(6,2,'Transfer to another warehouse'),(6,3,'Transfer to another warehouse'),(6,4,'Transfer to another warehouse'),(6,5,'Transfer to another warehouse'),(6,6,'Transfer to another warehouse'),(6,7,'Transfer to another warehouse'),(6,8,'Transfer to another warehouse'),(6,9,'Transfer to another warehouse'),(7,1,'Transfer from another warehouse'),(7,2,'Transfer from another warehouse'),(7,3,'Transfer from another warehouse'),(7,4,'Transfer from another warehouse'),(7,5,'Transfer from another warehouse'),(7,6,'Transfer from another warehouse'),(7,7,'Transfer from another warehouse'),(7,8,'Transfer from another warehouse'),(7,9,'Transfer from another warehouse'),(8,1,'Supply Order'),(8,2,'Supply Order'),(8,3,'Supply Order'),(8,4,'Supply Order'),(8,5,'Supply Order'),(8,6,'Supply Order'),(8,7,'Supply Order'),(8,8,'Supply Order'),(8,9,'Supply Order');

--
-- Table structure for table `ps_store`
--

CREATE TABLE `ps_store` (
  `id_store` int(10) unsigned NOT NULL AUTO_INCREMENT,
  `id_country` int(10) unsigned NOT NULL,
  `id_state` int(10) unsigned DEFAULT NULL,
  `name` varchar(128) NOT NULL,
  `address1` varchar(128) NOT NULL,
  `address2` varchar(128) DEFAULT NULL,
  `city` varchar(64) NOT NULL,
  `postcode` varchar(12) NOT NULL,
  `latitude` decimal(13,8) DEFAULT NULL,
  `longitude` decimal(13,8) DEFAULT NULL,
  `hours` text,
  `phone` varchar(16) DEFAULT NULL,
  `fax` varchar(16) DEFAULT NULL,
  `email` varchar(128) DEFAULT NULL,
  `note` text,
  `active` tinyint(1) unsigned NOT NULL DEFAULT '0',
  `date_add` datetime NOT NULL,
  `date_upd` datetime NOT NULL,
  PRIMARY KEY (`id_store`)
) ENGINE=InnoDB DEFAULT CHARSET=utf8;

--
-- Dumping data for table `ps_store`
--


--
-- Table structure for table `ps_store_shop`
--

CREATE TABLE `ps_store_shop` (
  `id_store` int(11) unsigned NOT NULL,
  `id_shop` int(11) unsigned NOT NULL,
  PRIMARY KEY (`id_store`,`id_shop`),
  KEY `id_shop` (`id_shop`)
) ENGINE=InnoDB DEFAULT CHARSET=utf8;

--
-- Dumping data for table `ps_store_shop`
--


--
-- Table structure for table `ps_supplier`
--

CREATE TABLE `ps_supplier` (
  `id_supplier` int(10) unsigned NOT NULL AUTO_INCREMENT,
  `name` varchar(64) NOT NULL,
  `date_add` datetime NOT NULL,
  `date_upd` datetime NOT NULL,
  `active` tinyint(1) NOT NULL DEFAULT '0',
  PRIMARY KEY (`id_supplier`)
) ENGINE=InnoDB AUTO_INCREMENT=2 DEFAULT CHARSET=utf8;

--
-- Dumping data for table `ps_supplier`
--

INSERT INTO `ps_supplier` VALUES (1,'Fashion Supplier','2014-06-23 04:47:48','2014-06-23 04:47:48',1);

--
-- Table structure for table `ps_supplier_lang`
--

CREATE TABLE `ps_supplier_lang` (
  `id_supplier` int(10) unsigned NOT NULL,
  `id_lang` int(10) unsigned NOT NULL,
  `description` text,
  `meta_title` varchar(128) DEFAULT NULL,
  `meta_keywords` varchar(255) DEFAULT NULL,
  `meta_description` varchar(255) DEFAULT NULL,
  PRIMARY KEY (`id_supplier`,`id_lang`)
) ENGINE=InnoDB DEFAULT CHARSET=utf8;

--
-- Dumping data for table `ps_supplier_lang`
--

INSERT INTO `ps_supplier_lang` VALUES (1,1,NULL,NULL,NULL,NULL),(1,2,NULL,NULL,NULL,NULL),(1,3,NULL,NULL,NULL,NULL),(1,4,NULL,NULL,NULL,NULL),(1,5,NULL,NULL,NULL,NULL),(1,6,NULL,NULL,NULL,NULL),(1,7,NULL,NULL,NULL,NULL),(1,8,NULL,NULL,NULL,NULL),(1,9,NULL,NULL,NULL,NULL);

--
-- Table structure for table `ps_supplier_shop`
--

CREATE TABLE `ps_supplier_shop` (
  `id_supplier` int(11) unsigned NOT NULL,
  `id_shop` int(11) unsigned NOT NULL,
  PRIMARY KEY (`id_supplier`,`id_shop`),
  KEY `id_shop` (`id_shop`)
) ENGINE=InnoDB DEFAULT CHARSET=utf8;

--
-- Dumping data for table `ps_supplier_shop`
--

INSERT INTO `ps_supplier_shop` VALUES (1,1);

--
-- Table structure for table `ps_supply_order`
--

CREATE TABLE `ps_supply_order` (
  `id_supply_order` int(11) unsigned NOT NULL AUTO_INCREMENT,
  `id_supplier` int(11) unsigned NOT NULL,
  `supplier_name` varchar(64) NOT NULL,
  `id_lang` int(11) unsigned NOT NULL,
  `id_warehouse` int(11) unsigned NOT NULL,
  `id_supply_order_state` int(11) unsigned NOT NULL,
  `id_currency` int(11) unsigned NOT NULL,
  `id_ref_currency` int(11) unsigned NOT NULL,
  `reference` varchar(64) NOT NULL,
  `date_add` datetime NOT NULL,
  `date_upd` datetime NOT NULL,
  `date_delivery_expected` datetime DEFAULT NULL,
  `total_te` decimal(20,6) DEFAULT '0.000000',
  `total_with_discount_te` decimal(20,6) DEFAULT '0.000000',
  `total_tax` decimal(20,6) DEFAULT '0.000000',
  `total_ti` decimal(20,6) DEFAULT '0.000000',
  `discount_rate` decimal(20,6) DEFAULT '0.000000',
  `discount_value_te` decimal(20,6) DEFAULT '0.000000',
  `is_template` tinyint(1) DEFAULT '0',
  PRIMARY KEY (`id_supply_order`),
  KEY `id_supplier` (`id_supplier`),
  KEY `id_warehouse` (`id_warehouse`),
  KEY `reference` (`reference`)
) ENGINE=InnoDB DEFAULT CHARSET=utf8;

--
-- Dumping data for table `ps_supply_order`
--


--
-- Table structure for table `ps_supply_order_detail`
--

CREATE TABLE `ps_supply_order_detail` (
  `id_supply_order_detail` int(11) unsigned NOT NULL AUTO_INCREMENT,
  `id_supply_order` int(11) unsigned NOT NULL,
  `id_currency` int(11) unsigned NOT NULL,
  `id_product` int(11) unsigned NOT NULL,
  `id_product_attribute` int(11) unsigned NOT NULL,
  `reference` varchar(32) NOT NULL,
  `supplier_reference` varchar(32) NOT NULL,
  `name` varchar(128) NOT NULL,
  `ean13` varchar(13) DEFAULT NULL,
  `upc` varchar(12) DEFAULT NULL,
  `exchange_rate` decimal(20,6) DEFAULT '0.000000',
  `unit_price_te` decimal(20,6) DEFAULT '0.000000',
  `quantity_expected` int(11) unsigned NOT NULL,
  `quantity_received` int(11) unsigned NOT NULL,
  `price_te` decimal(20,6) DEFAULT '0.000000',
  `discount_rate` decimal(20,6) DEFAULT '0.000000',
  `discount_value_te` decimal(20,6) DEFAULT '0.000000',
  `price_with_discount_te` decimal(20,6) DEFAULT '0.000000',
  `tax_rate` decimal(20,6) DEFAULT '0.000000',
  `tax_value` decimal(20,6) DEFAULT '0.000000',
  `price_ti` decimal(20,6) DEFAULT '0.000000',
  `tax_value_with_order_discount` decimal(20,6) DEFAULT '0.000000',
  `price_with_order_discount_te` decimal(20,6) DEFAULT '0.000000',
  PRIMARY KEY (`id_supply_order_detail`),
  KEY `id_product_attribute` (`id_product_attribute`),
  KEY `id_product_product_attribute` (`id_product`,`id_product_attribute`),
  KEY `id_supply_order` (`id_supply_order`,`id_product`)
) ENGINE=InnoDB DEFAULT CHARSET=utf8;

--
-- Dumping data for table `ps_supply_order_detail`
--


--
-- Table structure for table `ps_supply_order_history`
--

CREATE TABLE `ps_supply_order_history` (
  `id_supply_order_history` int(11) unsigned NOT NULL AUTO_INCREMENT,
  `id_supply_order` int(11) unsigned NOT NULL,
  `id_employee` int(11) unsigned NOT NULL,
  `employee_lastname` varchar(32) DEFAULT '',
  `employee_firstname` varchar(32) DEFAULT '',
  `id_state` int(11) unsigned NOT NULL,
  `date_add` datetime NOT NULL,
  PRIMARY KEY (`id_supply_order_history`),
  KEY `id_supply_order` (`id_supply_order`),
  KEY `id_employee` (`id_employee`),
  KEY `id_state` (`id_state`)
) ENGINE=InnoDB DEFAULT CHARSET=utf8;

--
-- Dumping data for table `ps_supply_order_history`
--


--
-- Table structure for table `ps_supply_order_receipt_history`
--

CREATE TABLE `ps_supply_order_receipt_history` (
  `id_supply_order_receipt_history` int(11) unsigned NOT NULL AUTO_INCREMENT,
  `id_supply_order_detail` int(11) unsigned NOT NULL,
  `id_employee` int(11) unsigned NOT NULL,
  `employee_lastname` varchar(32) DEFAULT '',
  `employee_firstname` varchar(32) DEFAULT '',
  `id_supply_order_state` int(11) unsigned NOT NULL,
  `quantity` int(11) unsigned NOT NULL,
  `date_add` datetime NOT NULL,
  PRIMARY KEY (`id_supply_order_receipt_history`),
  KEY `id_supply_order_detail` (`id_supply_order_detail`),
  KEY `id_supply_order_state` (`id_supply_order_state`)
) ENGINE=InnoDB DEFAULT CHARSET=utf8;

--
-- Dumping data for table `ps_supply_order_receipt_history`
--


--
-- Table structure for table `ps_supply_order_state`
--

CREATE TABLE `ps_supply_order_state` (
  `id_supply_order_state` int(11) unsigned NOT NULL AUTO_INCREMENT,
  `delivery_note` tinyint(1) NOT NULL DEFAULT '0',
  `editable` tinyint(1) NOT NULL DEFAULT '0',
  `receipt_state` tinyint(1) NOT NULL DEFAULT '0',
  `pending_receipt` tinyint(1) NOT NULL DEFAULT '0',
  `enclosed` tinyint(1) NOT NULL DEFAULT '0',
  `color` varchar(32) DEFAULT NULL,
  PRIMARY KEY (`id_supply_order_state`)
) ENGINE=InnoDB AUTO_INCREMENT=7 DEFAULT CHARSET=utf8;

--
-- Dumping data for table `ps_supply_order_state`
--

INSERT INTO `ps_supply_order_state` VALUES (1,0,1,0,0,0,'#faab00'),(2,1,0,0,0,0,'#273cff'),(3,0,0,0,1,0,'#ff37f5'),(4,0,0,1,1,0,'#ff3e33'),(5,0,0,1,0,1,'#00d60c'),(6,0,0,0,0,1,'#666666');

--
-- Table structure for table `ps_supply_order_state_lang`
--

CREATE TABLE `ps_supply_order_state_lang` (
  `id_supply_order_state` int(11) unsigned NOT NULL,
  `id_lang` int(11) unsigned NOT NULL,
  `name` varchar(128) DEFAULT NULL,
  PRIMARY KEY (`id_supply_order_state`,`id_lang`)
) ENGINE=InnoDB DEFAULT CHARSET=utf8;

--
-- Dumping data for table `ps_supply_order_state_lang`
--

INSERT INTO `ps_supply_order_state_lang` VALUES (1,1,'1 - Creation in progress'),(1,2,'1 - Creation in progress'),(1,3,'1 - Creation in progress'),(1,4,'1 - Creation in progress'),(1,5,'1 - Creation in progress'),(1,6,'1 - Creation in progress'),(1,7,'1 - Creation in progress'),(1,8,'1 - Creation in progress'),(1,9,'1 - Creation in progress'),(2,1,'2 - Order validated'),(2,2,'2 - Order validated'),(2,3,'2 - Order validated'),(2,4,'2 - Order validated'),(2,5,'2 - Order validated'),(2,6,'2 - Order validated'),(2,7,'2 - Order validated'),(2,8,'2 - Order validated'),(2,9,'2 - Order validated'),(3,1,'3 - Pending receipt'),(3,2,'3 - Pending receipt'),(3,3,'3 - Pending receipt'),(3,4,'3 - Pending receipt'),(3,5,'3 - Pending receipt'),(3,6,'3 - Pending receipt'),(3,7,'3 - Pending receipt'),(3,8,'3 - Pending receipt'),(3,9,'3 - Pending receipt'),(4,1,'4 - Order received in part'),(4,2,'4 - Order received in part'),(4,3,'4 - Order received in part'),(4,4,'4 - Order received in part'),(4,5,'4 - Order received in part'),(4,6,'4 - Order received in part'),(4,7,'4 - Order received in part'),(4,8,'4 - Order received in part'),(4,9,'4 - Order received in part'),(5,1,'5 - Order received completely'),(5,2,'5 - Order received completely'),(5,3,'5 - Order received completely'),(5,4,'5 - Order received completely'),(5,5,'5 - Order received completely'),(5,6,'5 - Order received completely'),(5,7,'5 - Order received completely'),(5,8,'5 - Order received completely'),(5,9,'5 - Order received completely'),(6,1,'6 - Order canceled'),(6,2,'6 - Order canceled'),(6,3,'6 - Order canceled'),(6,4,'6 - Order canceled'),(6,5,'6 - Order canceled'),(6,6,'6 - Order canceled'),(6,7,'6 - Order canceled'),(6,8,'6 - Order canceled'),(6,9,'6 - Order canceled');

--
-- Table structure for table `ps_tab`
--

CREATE TABLE `ps_tab` (
  `id_tab` int(10) unsigned NOT NULL AUTO_INCREMENT,
  `id_parent` int(11) NOT NULL,
  `class_name` varchar(64) NOT NULL,
  `module` varchar(64) DEFAULT NULL,
  `position` int(10) unsigned NOT NULL,
  `active` tinyint(1) NOT NULL DEFAULT '1',
  `hide_host_mode` tinyint(1) NOT NULL DEFAULT '0',
  PRIMARY KEY (`id_tab`),
  KEY `class_name` (`class_name`),
  KEY `id_parent` (`id_parent`)
) ENGINE=InnoDB AUTO_INCREMENT=113 DEFAULT CHARSET=utf8;

--
-- Dumping data for table `ps_tab`
--

INSERT INTO `ps_tab` VALUES (1,0,'AdminDashboard',NULL,1,1,0),(2,-1,'AdminCms',NULL,1,1,0),(3,-1,'AdminCmsCategories',NULL,2,1,0),(4,-1,'AdminAttributeGenerator',NULL,3,1,0),(5,-1,'AdminSearch',NULL,4,1,0),(6,-1,'AdminLogin',NULL,5,1,0),(7,-1,'AdminShop',NULL,6,1,0),(8,-1,'AdminShopUrl',NULL,7,1,0),(9,0,'AdminCatalog',NULL,2,1,0),(10,0,'AdminParentOrders',NULL,3,1,0),(11,0,'AdminParentCustomer',NULL,4,1,0),(12,0,'AdminPriceRule',NULL,5,1,0),(13,0,'AdminParentModules',NULL,6,1,0),(14,0,'AdminParentShipping',NULL,7,1,0),(15,0,'AdminParentLocalization',NULL,8,1,0),(16,0,'AdminParentPreferences',NULL,9,1,0),(17,0,'AdminTools',NULL,10,1,0),(18,0,'AdminAdmin',NULL,11,1,0),(19,0,'AdminParentStats',NULL,12,1,0),(20,0,'AdminStock',NULL,13,1,0),(21,9,'AdminProducts',NULL,1,1,0),(22,9,'AdminCategories',NULL,2,1,0),(23,9,'AdminTracking',NULL,3,1,0),(24,9,'AdminAttributesGroups',NULL,4,1,0),(25,9,'AdminFeatures',NULL,5,1,0),(26,9,'AdminManufacturers',NULL,6,1,0),(27,9,'AdminSuppliers',NULL,7,1,0),(28,9,'AdminTags',NULL,8,1,0),(29,9,'AdminAttachments',NULL,9,1,0),(30,10,'AdminOrders',NULL,1,1,0),(31,10,'AdminInvoices',NULL,2,1,0),(32,10,'AdminReturn',NULL,3,1,0),(33,10,'AdminDeliverySlip',NULL,4,1,0),(34,10,'AdminSlip',NULL,5,1,0),(35,10,'AdminStatuses',NULL,6,1,0),(36,10,'AdminOrderMessage',NULL,7,1,0),(37,11,'AdminCustomers',NULL,1,1,0),(38,11,'AdminAddresses',NULL,2,1,0),(39,11,'AdminGroups',NULL,3,1,0),(40,11,'AdminCarts',NULL,4,1,0),(41,11,'AdminCustomerThreads',NULL,5,1,0),(42,11,'AdminContacts',NULL,6,1,0),(43,11,'AdminGenders',NULL,7,1,0),(44,11,'AdminOutstanding','',8,0,0),(45,12,'AdminCartRules',NULL,1,1,0),(46,12,'AdminSpecificPriceRule',NULL,2,1,0),(47,12,'AdminMarketing',NULL,3,1,0),(48,14,'AdminCarriers',NULL,1,1,0),(49,14,'AdminShipping',NULL,2,1,0),(50,14,'AdminCarrierWizard',NULL,3,1,0),(51,15,'AdminLocalization',NULL,1,1,0),(52,15,'AdminLanguages',NULL,2,1,0),(53,15,'AdminZones',NULL,3,1,0),(54,15,'AdminCountries',NULL,4,1,0),(55,15,'AdminStates',NULL,5,1,0),(56,15,'AdminCurrencies',NULL,6,1,0),(57,15,'AdminTaxes',NULL,7,1,0),(58,15,'AdminTaxRulesGroup',NULL,8,1,0),(59,15,'AdminTranslations',NULL,9,1,0),(60,13,'AdminModules',NULL,1,1,0),(61,13,'AdminAddonsCatalog',NULL,2,1,0),(62,13,'AdminModulesPositions',NULL,3,1,0),(63,13,'AdminPayment',NULL,4,1,0),(64,16,'AdminPreferences',NULL,1,1,0),(65,16,'AdminOrderPreferences',NULL,2,1,0),(66,16,'AdminPPreferences',NULL,3,1,0),(67,16,'AdminCustomerPreferences',NULL,4,1,0),(68,16,'AdminThemes',NULL,5,1,0),(69,16,'AdminMeta',NULL,6,1,0),(70,16,'AdminCmsContent',NULL,7,1,0),(71,16,'AdminImages',NULL,8,1,0),(72,16,'AdminStores',NULL,9,1,0),(73,16,'AdminSearchConf',NULL,10,1,0),(74,16,'AdminMaintenance',NULL,11,1,0),(75,16,'AdminGeolocation',NULL,12,1,0),(76,17,'AdminInformation',NULL,1,1,0),(77,17,'AdminPerformance',NULL,2,1,0),(78,17,'AdminEmails',NULL,3,1,0),(79,17,'AdminShopGroup','',4,0,0),(80,17,'AdminImport',NULL,5,1,0),(81,17,'AdminBackup',NULL,6,1,0),(82,17,'AdminRequestSql',NULL,7,1,0),(83,17,'AdminLogs',NULL,8,1,0),(84,17,'AdminWebservice',NULL,9,1,0),(85,18,'AdminAdminPreferences',NULL,1,1,0),(86,18,'AdminQuickAccesses',NULL,2,1,0),(87,18,'AdminEmployees',NULL,3,1,0),(88,18,'AdminProfiles',NULL,4,1,0),(89,18,'AdminAccess',NULL,5,1,0),(90,18,'AdminTabs',NULL,6,1,0),(91,19,'AdminStats',NULL,1,1,0),(92,19,'AdminSearchEngines',NULL,2,1,0),(93,19,'AdminReferrers',NULL,3,1,0),(94,20,'AdminWarehouses',NULL,1,1,0),(95,20,'AdminStockManagement',NULL,2,1,0),(96,20,'AdminStockMvt',NULL,3,1,0),(97,20,'AdminStockInstantState',NULL,4,1,0),(98,20,'AdminStockCover',NULL,5,1,0),(99,20,'AdminSupplyOrders',NULL,6,1,0),(100,20,'AdminStockConfiguration',NULL,7,1,0),(101,-1,'AdminBlockCategories','blockcategories',8,1,0),(102,-1,'AdminDashgoals','dashgoals',9,1,0),(103,18,'AdminGamification','gamification',7,1,0),(104,13,'AdminLeotempcpModule','leotempcp',5,1,0),(105,13,'AdminLeotempcpPanel','leotempcp',6,1,0),(106,13,'AdminLeotempcpTheme','leotempcp',7,1,0),(107,13,'AdminLeotempcpWidgets','leotempcp',8,1,0),(108,-1,'AdminLeotempcpImages','leotempcp',10,1,0),(109,-1,'AdminThemeConfigurator','themeconfigurator',11,1,0),(110,17,'AdminSelfUpgrade','autoupgrade',10,1,0),(111,-1,'AdminGanalyticsAjax','ganalytics',12,0,0),(112,10,'AdminMondialRelay','mondialrelay',8,1,0);

--
-- Table structure for table `ps_tab_advice`
--

CREATE TABLE `ps_tab_advice` (
  `id_tab` int(11) NOT NULL,
  `id_advice` int(11) NOT NULL,
  PRIMARY KEY (`id_tab`,`id_advice`)
) ENGINE=InnoDB DEFAULT CHARSET=utf8;

--
-- Dumping data for table `ps_tab_advice`
--

INSERT INTO `ps_tab_advice` VALUES (0,4),(0,9),(0,14),(0,19),(0,25),(0,31),(0,37),(0,44),(0,88),(1,2),(1,7),(1,12),(1,17),(1,23),(1,29),(1,35),(1,42),(1,62),(1,66),(1,67),(1,68),(1,82),(1,83),(1,90),(1,91),(1,92),(1,93),(1,94),(1,95),(1,97),(1,100),(1,103),(1,104),(1,105),(1,106),(1,107),(1,108),(1,112),(1,113),(1,115),(1,116),(1,118),(1,119),(1,120),(1,121),(1,122),(1,123),(1,125),(1,126),(1,127),(1,128),(1,129),(1,130),(1,131),(1,132),(1,133),(1,134),(1,135),(1,136),(1,137),(1,138),(1,139),(1,140),(1,141),(1,142),(1,143),(1,144),(1,145),(1,146),(1,147),(1,148),(1,149),(1,150),(1,151),(1,155),(1,156),(1,157),(1,171),(1,172),(1,179),(1,180),(1,181),(1,182),(1,183),(1,184),(1,186),(1,189),(1,192),(1,193),(1,194),(1,195),(1,196),(1,197),(1,201),(1,202),(1,204),(1,205),(1,207),(1,208),(1,209),(1,210),(1,211),(1,212),(1,214),(1,215),(1,216),(1,217),(1,218),(1,219),(1,220),(1,221),(1,222),(1,223),(1,224),(1,225),(1,226),(1,227),(1,228),(1,229),(1,230),(1,231),(1,232),(1,233),(1,234),(1,235),(1,236),(1,237),(1,238),(1,239),(1,240),(1,244),(1,245),(1,246),(1,260),(1,261),(1,268),(1,269),(1,270),(1,271),(1,272),(1,273),(1,275),(1,278),(1,281),(1,282),(1,283),(1,284),(1,285),(1,286),(1,290),(1,291),(1,293),(1,294),(1,296),(1,297),(1,298),(1,299),(1,300),(1,301),(1,303),(1,304),(1,305),(1,306),(1,307),(1,308),(1,309),(1,310),(1,311),(1,312),(1,313),(1,314),(1,315),(1,316),(1,317),(1,318),(1,319),(1,320),(1,321),(1,322),(1,323),(1,324),(1,325),(1,326),(1,327),(1,328),(1,329),(1,333),(1,334),(1,335),(1,349),(1,350),(1,357),(1,358),(1,359),(1,360),(1,361),(1,362),(1,364),(1,367),(1,370),(1,371),(1,372),(1,373),(1,374),(1,375),(1,379),(1,380),(1,382),(1,383),(1,385),(1,386),(1,387),(1,388),(1,389),(1,390),(1,392),(1,393),(1,394),(1,395),(1,396),(1,397),(1,398),(1,399),(1,400),(1,401),(1,402),(1,403),(1,404),(1,405),(1,406),(1,407),(1,408),(1,409),(1,410),(1,411),(1,412),(1,413),(1,414),(1,415),(1,416),(1,417),(1,418),(1,422),(1,423),(1,424),(1,438),(1,439),(1,446),(1,447),(1,448),(1,449),(1,450),(1,451),(1,453),(1,456),(1,459),(1,460),(1,461),(1,462),(1,463),(1,464),(1,468),(1,469),(1,471),(1,472),(1,474),(1,475),(1,476),(1,477),(1,478),(1,479),(1,481),(1,482),(1,483),(1,484),(1,485),(1,486),(1,487),(1,488),(1,489),(1,490),(1,491),(1,492),(1,493),(1,494),(1,495),(1,496),(1,497),(1,498),(1,499),(1,500),(1,501),(1,502),(1,503),(1,504),(1,505),(1,506),(1,507),(1,511),(1,512),(1,513),(1,526),(1,532),(1,533),(1,534),(1,535),(1,536),(1,537),(1,539),(1,544),(1,545),(1,546),(1,547),(1,548),(1,550),(1,552),(1,553),(1,555),(1,556),(1,557),(1,558),(1,559),(1,560),(1,562),(1,563),(1,564),(1,565),(1,566),(1,567),(1,568),(1,569),(1,570),(1,571),(1,572),(1,573),(1,574),(1,575),(1,576),(1,577),(1,578),(1,579),(1,580),(1,581),(1,582),(1,583),(1,584),(1,585),(1,586),(1,587),(1,588),(1,589),(1,590),(1,591),(1,592),(1,596),(1,597),(1,598),(1,611),(1,617),(1,618),(1,619),(1,620),(1,621),(1,622),(1,624),(1,629),(1,630),(1,631),(1,632),(1,633),(1,635),(1,637),(1,638),(1,640),(1,641),(1,642),(1,643),(1,644),(1,645),(1,647),(1,648),(1,649),(1,650),(1,651),(1,652),(1,653),(1,654),(1,655),(1,656),(1,657),(1,658),(1,659),(1,660),(1,661),(1,662),(1,663),(1,664),(1,665),(1,666),(1,667),(1,668),(1,669),(1,670),(1,671),(1,672),(1,673),(1,674),(1,675),(1,676),(1,677),(1,681),(1,682),(1,683),(1,696),(1,702),(1,703),(1,704),(1,705),(1,706),(1,707),(1,709),(1,714),(1,715),(1,716),(1,717),(1,718),(1,720),(1,722),(1,723),(1,725),(1,726),(1,727),(1,728),(1,729),(1,730),(1,732),(1,733),(1,734),(1,735),(1,736),(1,737),(1,738),(1,739),(1,740),(1,741),(1,742),(1,743),(1,744),(1,745),(1,746),(1,747),(1,748),(1,749),(1,750),(1,751),(1,752),(1,753),(1,754),(1,755),(1,756),(1,757),(1,758),(1,759),(1,760),(1,761),(1,762),(1,763),(1,764),(1,768),(1,769),(1,770),(1,783),(1,789),(1,790),(1,791),(1,792),(1,793),(1,794),(1,796),(1,801),(1,802),(1,803),(1,804),(1,805),(1,807),(1,809),(1,810),(1,812),(1,813),(1,814),(1,815),(1,816),(1,817),(1,819),(1,820),(1,821),(1,822),(1,823),(1,824),(1,825),(1,826),(1,827),(1,828),(1,829),(1,830),(1,831),(1,832),(1,833),(1,834),(1,835),(1,836),(1,837),(1,838),(1,839),(1,840),(1,841),(1,842),(1,843),(1,844),(1,845),(1,846),(1,847),(1,848),(1,849),(1,850),(1,851),(1,855),(1,856),(1,857),(1,870),(1,876),(1,877),(1,878),(1,879),(1,880),(1,881),(1,883),(1,888),(1,889),(1,890),(1,891),(1,892),(1,894),(1,896),(1,897),(1,899),(1,900),(1,901),(1,902),(1,903),(1,904),(1,906),(1,907),(1,908),(1,909),(1,910),(1,911),(1,912),(1,913),(1,914),(1,915),(1,916),(1,917),(1,918),(1,919),(1,920),(1,921),(1,922),(1,923),(1,924),(1,925),(1,926),(1,927),(1,928),(1,929),(1,930),(1,931),(1,932),(1,933),(1,934),(1,935),(1,936),(1,937),(1,938),(1,942),(1,943),(1,944),(1,957),(1,963),(1,964),(1,965),(1,966),(1,967),(1,968),(1,970),(1,975),(1,976),(1,977),(1,978),(1,979),(1,981),(1,983),(1,984),(1,986),(1,987),(1,988),(1,989),(1,990),(1,991),(1,993),(1,994),(1,995),(1,996),(1,997),(1,998),(1,999),(1,1000),(1,1001),(1,1002),(1,1003),(1,1004),(1,1005),(1,1006),(1,1007),(1,1008),(1,1009),(1,1010),(1,1011),(1,1012),(1,1013),(1,1014),(1,1015),(1,1016),(1,1017),(1,1018),(1,1019),(1,1020),(1,1021),(1,1022),(1,1023),(1,1024),(1,1025),(1,1029),(1,1030),(1,1031),(1,1044),(1,1050),(1,1051),(1,1052),(1,1053),(1,1054),(1,1055),(1,1057),(1,1062),(1,1063),(1,1064),(1,1065),(1,1066),(1,1068),(1,1070),(1,1071),(1,1073),(1,1074),(1,1075),(1,1076),(1,1077),(1,1078),(1,1080),(1,1081),(1,1082),(1,1083),(1,1084),(1,1085),(1,1086),(1,1087),(1,1088),(1,1089),(1,1090),(1,1091),(1,1092),(1,1093),(1,1094),(1,1095),(1,1096),(1,1097),(1,1098),(1,1099),(1,1100),(1,1101),(1,1102),(1,1103),(1,1104),(1,1105),(1,1106),(1,1107),(1,1108),(1,1109),(1,1110),(1,1111),(1,1112),(1,1116),(1,1117),(1,1118),(1,1131),(1,1137),(1,1138),(1,1139),(1,1140),(1,1141),(1,1142),(1,1144),(1,1149),(1,1150),(1,1151),(1,1152),(1,1153),(1,1155),(1,1157),(1,1158),(1,1160),(1,1161),(1,1162),(1,1163),(1,1164),(1,1165),(1,1167),(1,1168),(1,1169),(1,1170),(1,1171),(1,1172),(1,1173),(1,1174),(1,1175),(1,1176),(1,1177),(1,1178),(1,1179),(1,1180),(1,1181),(1,1182),(1,1183),(1,1184),(1,1185),(1,1186),(1,1187),(1,1188),(1,1189),(1,1190),(1,1191),(1,1192),(1,1193),(1,1194),(1,1195),(1,1196),(1,1197),(1,1198),(1,1199),(1,1203),(1,1204),(1,1205),(1,1218),(1,1224),(1,1225),(1,1226),(1,1227),(1,1228),(1,1229),(1,1231),(1,1236),(1,1237),(1,1238),(1,1239),(1,1240),(1,1242),(1,1244),(1,1245),(1,1247),(1,1248),(1,1249),(1,1250),(1,1251),(1,1252),(1,1254),(1,1255),(1,1256),(1,1257),(1,1258),(1,1259),(1,1260),(1,1261),(1,1262),(1,1263),(1,1264),(1,1265),(1,1266),(1,1267),(1,1268),(1,1269),(1,1270),(1,1271),(1,1272),(1,1273),(1,1274),(1,1275),(1,1276),(1,1277),(1,1278),(1,1279),(1,1280),(1,1281),(1,1282),(1,1283),(1,1284),(1,1285),(1,1286),(1,1290),(1,1291),(1,1292),(1,1305),(1,1311),(1,1312),(1,1313),(1,1314),(1,1315),(1,1316),(1,1318),(1,1323),(1,1324),(1,1325),(1,1326),(1,1327),(1,1329),(1,1331),(1,1332),(1,1334),(1,1335),(1,1336),(1,1337),(1,1338),(1,1339),(1,1341),(1,1342),(1,1343),(1,1344),(1,1345),(1,1346),(1,1347),(1,1348),(1,1349),(1,1350),(1,1351),(1,1352),(1,1353),(1,1354),(1,1355),(1,1356),(1,1357),(1,1358),(1,1359),(1,1360),(1,1361),(1,1362),(1,1363),(1,1364),(1,1365),(1,1366),(1,1367),(1,1368),(1,1369),(1,1370),(1,1371),(1,1372),(1,1373),(1,1377),(1,1378),(1,1379),(1,1392),(1,1398),(1,1399),(1,1400),(1,1401),(1,1402),(1,1403),(1,1405),(1,1410),(1,1411),(1,1412),(1,1413),(1,1414),(1,1416),(1,1418),(1,1419),(1,1421),(1,1422),(1,1423),(1,1424),(1,1425),(1,1426),(1,1428),(1,1429),(1,1430),(1,1431),(1,1432),(1,1433),(1,1434),(1,1435),(1,1436),(1,1437),(1,1438),(1,1439),(1,1440),(1,1441),(1,1442),(1,1443),(1,1444),(1,1445),(1,1446),(1,1447),(1,1448),(1,1449),(1,1450),(1,1451),(1,1452),(1,1453),(1,1454),(1,1455),(1,1456),(1,1457),(1,1458),(1,1459),(1,1460),(1,1464),(1,1465),(1,1466),(1,1479),(1,1485),(1,1486),(1,1487),(1,1488),(1,1489),(1,1490),(1,1492),(1,1497),(1,1498),(1,1499),(1,1500),(1,1501),(1,1503),(1,1506),(1,1507),(1,1508),(1,1509),(1,1511),(1,1512),(1,1513),(1,1514),(1,1515),(1,1516),(1,1517),(1,1518),(1,1519),(1,1520),(1,1521),(1,1522),(1,1523),(1,1524),(1,1525),(1,1526),(1,1527),(1,1528),(1,1529),(1,1530),(1,1531),(1,1532),(1,1533),(1,1534),(1,1535),(1,1536),(1,1537),(1,1538),(1,1539),(1,1540),(1,1541),(1,1542),(1,1543),(1,1544),(1,1548),(1,1549),(1,1550),(1,1563),(1,1569),(1,1570),(1,1571),(1,1572),(1,1573),(1,1574),(1,1576),(1,1581),(1,1582),(1,1583),(1,1584),(1,1585),(1,1587),(1,1590),(1,1591),(1,1592),(1,1593),(1,1595),(1,1596),(1,1597),(1,1598),(1,1599),(1,1600),(1,1601),(1,1602),(1,1603),(1,1604),(1,1605),(1,1606),(1,1607),(1,1608),(1,1609),(1,1610),(1,1611),(1,1612),(1,1613),(1,1614),(1,1615),(1,1616),(1,1617),(1,1618),(1,1619),(1,1620),(1,1621),(1,1622),(1,1623),(1,1624),(1,1625),(1,1626),(1,1627),(1,1628),(1,1632),(1,1633),(1,1634),(1,1647),(1,1653),(1,1654),(1,1655),(1,1656),(1,1657),(1,1658),(1,1660),(1,1664),(1,1665),(1,1666),(1,1667),(1,1668),(1,1670),(1,1673),(1,1674),(1,1675),(1,1676),(1,1678),(1,1679),(1,1680),(1,1681),(1,1682),(1,1683),(1,1684),(1,1685),(1,1686),(1,1687),(1,1688),(1,1689),(1,1690),(1,1691),(1,1692),(1,1693),(1,1694),(1,1695),(1,1696),(1,1697),(1,1698),(1,1699),(1,1700),(1,1701),(1,1702),(1,1703),(1,1704),(1,1705),(1,1706),(1,1707),(1,1708),(1,1709),(1,1710),(1,1711),(1,1715),(1,1716),(1,1717),(1,1730),(1,1736),(1,1737),(1,1738),(1,1739),(1,1740),(1,1741),(1,1743),(1,1747),(1,1748),(1,1749),(1,1750),(1,1751),(1,1753),(1,1756),(1,1757),(1,1758),(1,1759),(1,1761),(1,1762),(1,1763),(1,1764),(1,1765),(1,1766),(1,1767),(1,1768),(1,1769),(1,1770),(1,1771),(1,1772),(1,1773),(1,1774),(1,1775),(1,1776),(1,1777),(1,1778),(1,1779),(1,1780),(1,1781),(1,1782),(1,1783),(1,1784),(1,1785),(1,1786),(1,1787),(1,1788),(1,1789),(1,1790),(1,1791),(1,1792),(1,1793),(1,1794),(1,1798),(1,1799),(1,1800),(1,1813),(1,1819),(1,1820),(1,1821),(1,1822),(1,1823),(1,1824),(1,1826),(1,1830),(1,1831),(1,1832),(1,1833),(1,1834),(1,1836),(1,1839),(1,1840),(1,1841),(1,1842),(1,1844),(1,1845),(1,1846),(1,1847),(1,1848),(1,1849),(1,1850),(1,1851),(1,1852),(1,1853),(1,1854),(1,1855),(1,1856),(1,1857),(1,1858),(1,1859),(1,1860),(1,1861),(1,1862),(1,1863),(1,1864),(1,1865),(1,1866),(1,1867),(1,1868),(1,1869),(1,1870),(1,1871),(1,1872),(1,1873),(1,1874),(1,1875),(1,1876),(1,1877),(1,1881),(1,1882),(1,1883),(1,1896),(1,1902),(1,1903),(1,1904),(1,1905),(1,1906),(1,1907),(1,1909),(1,1913),(1,1914),(1,1915),(1,1916),(1,1917),(1,1919),(1,1922),(1,1923),(1,1924),(1,1925),(1,1927),(1,1928),(1,1929),(1,1930),(1,1931),(1,1932),(1,1933),(1,1934),(1,1935),(1,1936),(1,1937),(1,1938),(1,1939),(1,1940),(1,1941),(1,1942),(1,1943),(1,1944),(1,1945),(1,1946),(1,1947),(1,1948),(1,1949),(1,1950),(1,1951),(1,1952),(1,1953),(1,1954),(1,1955),(1,1956),(1,1957),(1,1958),(1,1959),(1,1960),(9,71),(9,102),(9,109),(9,160),(9,191),(9,198),(9,249),(9,280),(9,287),(9,338),(9,369),(9,376),(9,427),(9,458),(9,465),(9,516),(9,543),(9,549),(9,601),(9,628),(9,634),(9,686),(9,713),(9,719),(9,773),(9,800),(9,806),(9,860),(9,887),(9,893),(9,947),(9,974),(9,980),(9,1034),(9,1061),(9,1067),(9,1121),(9,1148),(9,1154),(9,1208),(9,1235),(9,1241),(9,1295),(9,1322),(9,1328),(9,1382),(9,1409),(9,1415),(9,1469),(9,1496),(9,1502),(9,1553),(9,1580),(9,1586),(9,1637),(9,1669),(9,1720),(9,1752),(9,1803),(9,1835),(9,1886),(9,1918),(21,1),(21,6),(21,11),(21,16),(21,20),(21,22),(21,26),(21,28),(21,32),(21,34),(21,38),(21,39),(21,41),(21,45),(21,46),(21,48),(21,50),(21,52),(21,54),(21,56),(21,58),(21,60),(21,69),(21,71),(21,72),(21,80),(21,89),(21,98),(21,99),(21,101),(21,106),(21,114),(21,158),(21,160),(21,161),(21,169),(21,178),(21,187),(21,188),(21,190),(21,195),(21,203),(21,247),(21,249),(21,250),(21,258),(21,267),(21,276),(21,277),(21,279),(21,284),(21,292),(21,336),(21,338),(21,339),(21,347),(21,356),(21,365),(21,366),(21,368),(21,373),(21,381),(21,425),(21,427),(21,428),(21,436),(21,445),(21,454),(21,455),(21,457),(21,462),(21,470),(21,514),(21,516),(21,517),(21,524),(21,531),(21,540),(21,541),(21,542),(21,547),(21,551),(21,599),(21,601),(21,602),(21,609),(21,616),(21,625),(21,626),(21,627),(21,632),(21,636),(21,684),(21,686),(21,687),(21,694),(21,701),(21,710),(21,711),(21,712),(21,717),(21,721),(21,771),(21,773),(21,774),(21,781),(21,788),(21,797),(21,798),(21,799),(21,804),(21,808),(21,858),(21,860),(21,861),(21,868),(21,875),(21,884),(21,885),(21,886),(21,891),(21,895),(21,945),(21,947),(21,948),(21,955),(21,962),(21,971),(21,972),(21,973),(21,978),(21,982),(21,1032),(21,1034),(21,1035),(21,1042),(21,1049),(21,1058),(21,1059),(21,1060),(21,1065),(21,1069),(21,1119),(21,1121),(21,1122),(21,1129),(21,1136),(21,1145),(21,1146),(21,1147),(21,1152),(21,1156),(21,1206),(21,1208),(21,1209),(21,1216),(21,1223),(21,1232),(21,1233),(21,1234),(21,1239),(21,1243),(21,1293),(21,1295),(21,1296),(21,1303),(21,1310),(21,1319),(21,1320),(21,1321),(21,1326),(21,1330),(21,1380),(21,1382),(21,1383),(21,1390),(21,1397),(21,1406),(21,1407),(21,1408),(21,1413),(21,1417),(21,1467),(21,1469),(21,1470),(21,1477),(21,1484),(21,1493),(21,1494),(21,1495),(21,1500),(21,1504),(21,1551),(21,1553),(21,1554),(21,1561),(21,1568),(21,1577),(21,1578),(21,1579),(21,1584),(21,1588),(21,1635),(21,1637),(21,1638),(21,1645),(21,1652),(21,1661),(21,1662),(21,1663),(21,1667),(21,1671),(21,1718),(21,1720),(21,1721),(21,1728),(21,1735),(21,1744),(21,1745),(21,1746),(21,1750),(21,1754),(21,1801),(21,1803),(21,1804),(21,1811),(21,1818),(21,1827),(21,1828),(21,1829),(21,1833),(21,1837),(21,1884),(21,1886),(21,1887),(21,1894),(21,1901),(21,1910),(21,1911),(21,1912),(21,1916),(21,1920),(22,1),(22,6),(22,11),(22,16),(22,22),(22,28),(22,34),(22,41),(22,69),(22,79),(22,84),(22,102),(22,106),(22,117),(22,158),(22,168),(22,173),(22,191),(22,195),(22,206),(22,247),(22,257),(22,262),(22,280),(22,284),(22,295),(22,336),(22,346),(22,351),(22,369),(22,373),(22,384),(22,425),(22,435),(22,440),(22,458),(22,462),(22,473),(22,514),(22,543),(22,547),(22,554),(22,599),(22,628),(22,632),(22,639),(22,684),(22,713),(22,717),(22,724),(22,771),(22,800),(22,804),(22,811),(22,858),(22,887),(22,891),(22,898),(22,945),(22,974),(22,978),(22,985),(22,1032),(22,1061),(22,1065),(22,1072),(22,1119),(22,1148),(22,1152),(22,1159),(22,1206),(22,1235),(22,1239),(22,1246),(22,1293),(22,1322),(22,1326),(22,1333),(22,1380),(22,1409),(22,1413),(22,1420),(22,1467),(22,1496),(22,1500),(22,1505),(22,1551),(22,1580),(22,1584),(22,1589),(22,1635),(22,1667),(22,1672),(22,1718),(22,1750),(22,1755),(22,1801),(22,1833),(22,1838),(22,1884),(22,1916),(22,1921),(23,79),(23,84),(23,168),(23,173),(23,257),(23,262),(23,346),(23,351),(23,435),(23,440),(30,64),(30,65),(30,69),(30,79),(30,84),(30,98),(30,114),(30,153),(30,154),(30,158),(30,168),(30,173),(30,187),(30,203),(30,242),(30,243),(30,247),(30,257),(30,262),(30,276),(30,292),(30,331),(30,332),(30,336),(30,346),(30,351),(30,365),(30,381),(30,420),(30,421),(30,425),(30,435),(30,440),(30,454),(30,470),(30,509),(30,510),(30,514),(30,540),(30,551),(30,594),(30,595),(30,599),(30,625),(30,636),(30,679),(30,680),(30,684),(30,710),(30,721),(30,766),(30,767),(30,771),(30,797),(30,808),(30,853),(30,854),(30,858),(30,884),(30,895),(30,940),(30,941),(30,945),(30,971),(30,982),(30,1027),(30,1028),(30,1032),(30,1058),(30,1069),(30,1114),(30,1115),(30,1119),(30,1145),(30,1156),(30,1201),(30,1202),(30,1206),(30,1232),(30,1243),(30,1288),(30,1289),(30,1293),(30,1319),(30,1330),(30,1375),(30,1376),(30,1380),(30,1406),(30,1417),(30,1462),(30,1463),(30,1467),(30,1493),(30,1504),(30,1546),(30,1547),(30,1551),(30,1577),(30,1588),(30,1630),(30,1631),(30,1635),(30,1661),(30,1671),(30,1713),(30,1714),(30,1718),(30,1744),(30,1754),(30,1796),(30,1797),(30,1801),(30,1827),(30,1837),(30,1879),(30,1880),(30,1884),(30,1910),(30,1920),(31,1),(31,6),(31,11),(31,16),(31,22),(31,28),(31,34),(31,41),(31,69),(31,114),(31,158),(31,203),(31,247),(31,292),(31,336),(31,381),(31,425),(31,470),(31,514),(31,551),(31,599),(31,636),(31,684),(31,721),(31,771),(31,808),(31,858),(31,895),(31,945),(31,982),(31,1032),(31,1069),(31,1119),(31,1156),(31,1206),(31,1243),(31,1293),(31,1330),(31,1380),(31,1417),(31,1467),(31,1504),(31,1551),(31,1588),(31,1635),(31,1671),(31,1718),(31,1754),(31,1801),(31,1837),(31,1884),(31,1920),(37,69),(37,96),(37,109),(37,114),(37,124),(37,158),(37,185),(37,198),(37,203),(37,213),(37,247),(37,274),(37,287),(37,292),(37,302),(37,336),(37,363),(37,376),(37,381),(37,391),(37,425),(37,452),(37,465),(37,470),(37,480),(37,514),(37,538),(37,549),(37,551),(37,561),(37,599),(37,623),(37,634),(37,636),(37,646),(37,684),(37,708),(37,719),(37,721),(37,731),(37,771),(37,795),(37,806),(37,808),(37,818),(37,858),(37,882),(37,893),(37,895),(37,905),(37,945),(37,969),(37,980),(37,982),(37,992),(37,1032),(37,1056),(37,1067),(37,1069),(37,1079),(37,1119),(37,1143),(37,1154),(37,1156),(37,1166),(37,1206),(37,1230),(37,1241),(37,1243),(37,1253),(37,1293),(37,1317),(37,1328),(37,1330),(37,1340),(37,1380),(37,1404),(37,1415),(37,1417),(37,1427),(37,1467),(37,1491),(37,1502),(37,1504),(37,1510),(37,1551),(37,1575),(37,1586),(37,1588),(37,1594),(37,1635),(37,1659),(37,1669),(37,1671),(37,1677),(37,1718),(37,1742),(37,1752),(37,1754),(37,1760),(37,1801),(37,1825),(37,1835),(37,1837),(37,1843),(37,1884),(37,1908),(37,1918),(37,1920),(37,1926),(38,110),(38,111),(38,199),(38,200),(38,288),(38,289),(38,377),(38,378),(38,466),(38,467),(39,70),(39,109),(39,124),(39,159),(39,198),(39,213),(39,248),(39,287),(39,302),(39,337),(39,376),(39,391),(39,426),(39,465),(39,480),(39,515),(39,549),(39,561),(39,600),(39,634),(39,646),(39,685),(39,719),(39,731),(39,772),(39,806),(39,818),(39,859),(39,893),(39,905),(39,946),(39,980),(39,992),(39,1033),(39,1067),(39,1079),(39,1120),(39,1154),(39,1166),(39,1207),(39,1241),(39,1253),(39,1294),(39,1328),(39,1340),(39,1381),(39,1415),(39,1427),(39,1468),(39,1502),(39,1510),(39,1552),(39,1586),(39,1594),(39,1636),(39,1669),(39,1677),(39,1719),(39,1752),(39,1760),(39,1802),(39,1835),(39,1843),(39,1885),(39,1918),(39,1926),(41,96),(41,110),(41,111),(41,114),(41,124),(41,185),(41,199),(41,200),(41,203),(41,213),(41,274),(41,288),(41,289),(41,292),(41,302),(41,363),(41,377),(41,378),(41,381),(41,391),(41,452),(41,466),(41,467),(41,470),(41,480),(41,538),(41,551),(41,561),(41,623),(41,636),(41,646),(41,708),(41,721),(41,731),(41,795),(41,808),(41,818),(41,882),(41,895),(41,905),(41,969),(41,982),(41,992),(41,1056),(41,1069),(41,1079),(41,1143),(41,1156),(41,1166),(41,1230),(41,1243),(41,1253),(41,1317),(41,1330),(41,1340),(41,1404),(41,1417),(41,1427),(41,1491),(41,1504),(41,1510),(41,1575),(41,1588),(41,1594),(41,1659),(41,1671),(41,1677),(41,1742),(41,1754),(41,1760),(41,1825),(41,1837),(41,1843),(41,1908),(41,1920),(41,1926),(42,124),(42,213),(42,302),(42,391),(42,480),(42,561),(42,646),(42,731),(42,818),(42,905),(42,992),(42,1079),(42,1166),(42,1253),(42,1340),(42,1427),(42,1510),(42,1594),(42,1677),(42,1760),(42,1843),(42,1926),(48,63),(48,152),(48,241),(48,330),(48,419),(48,508),(48,593),(48,678),(48,765),(48,852),(48,939),(48,1026),(48,1113),(48,1200),(48,1287),(48,1374),(48,1461),(48,1545),(48,1629),(48,1712),(48,1795),(48,1878),(51,112),(51,201),(51,290),(51,379),(51,468),(51,550),(51,635),(51,720),(51,807),(51,894),(51,981),(51,1068),(51,1155),(51,1242),(51,1329),(51,1416),(51,1503),(51,1587),(51,1670),(51,1753),(51,1836),(51,1919),(53,85),(53,174),(53,263),(53,352),(53,441),(53,527),(53,612),(53,697),(53,784),(53,871),(53,958),(53,1045),(53,1132),(53,1219),(53,1306),(53,1393),(53,1480),(53,1564),(53,1648),(53,1731),(53,1814),(53,1897),(57,3),(57,8),(57,13),(57,18),(57,24),(57,30),(57,36),(57,43),(59,5),(59,10),(59,15),(59,21),(59,27),(59,33),(59,40),(59,47),(59,49),(59,51),(59,53),(59,55),(59,57),(59,59),(59,61),(59,71),(59,81),(59,160),(59,170),(59,249),(59,259),(59,338),(59,348),(59,427),(59,437),(59,516),(59,525),(59,601),(59,610),(59,686),(59,695),(59,773),(59,782),(59,860),(59,869),(59,947),(59,956),(59,1034),(59,1043),(59,1121),(59,1130),(59,1208),(59,1217),(59,1295),(59,1304),(59,1382),(59,1391),(59,1469),(59,1478),(59,1553),(59,1562),(59,1637),(59,1646),(59,1720),(59,1729),(59,1803),(59,1812),(59,1886),(59,1895),(60,106),(60,195),(60,284),(60,373),(60,462),(60,547),(60,632),(60,717),(60,804),(60,891),(60,978),(60,1065),(60,1152),(60,1239),(60,1326),(60,1413),(60,1500),(60,1584),(60,1667),(60,1750),(60,1833),(60,1916),(63,86),(63,175),(63,264),(63,353),(63,442),(63,528),(63,613),(63,698),(63,785),(63,872),(63,959),(63,1046),(63,1133),(63,1220),(63,1307),(63,1394),(63,1481),(63,1565),(63,1649),(63,1732),(63,1815),(63,1898),(65,87),(65,176),(65,265),(65,354),(65,443),(65,529),(65,614),(65,699),(65,786),(65,873),(65,960),(65,1047),(65,1134),(65,1221),(65,1308),(65,1395),(65,1482),(65,1566),(65,1650),(65,1733),(65,1816),(65,1899),(67,124),(67,213),(67,302),(67,391),(67,480),(67,561),(67,646),(67,731),(67,818),(67,905),(67,992),(67,1079),(67,1166),(67,1253),(67,1340),(67,1427),(67,1510),(67,1594),(67,1677),(67,1760),(67,1843),(67,1926),(68,106),(68,112),(68,195),(68,201),(68,284),(68,290),(68,373),(68,379),(68,462),(68,468),(68,547),(68,550),(68,632),(68,635),(68,717),(68,720),(68,804),(68,807),(68,891),(68,894),(68,978),(68,981),(68,1065),(68,1068),(68,1152),(68,1155),(68,1239),(68,1242),(68,1326),(68,1329),(68,1413),(68,1416),(68,1500),(68,1503),(68,1584),(68,1587),(68,1667),(68,1670),(68,1750),(68,1753),(68,1833),(68,1836),(68,1916),(68,1919),(69,72),(69,112),(69,161),(69,201),(69,250),(69,290),(69,339),(69,379),(69,428),(69,468),(69,517),(69,550),(69,602),(69,635),(69,687),(69,720),(69,774),(69,807),(69,861),(69,894),(69,948),(69,981),(69,1035),(69,1068),(69,1122),(69,1155),(69,1209),(69,1242),(69,1296),(69,1329),(69,1383),(69,1416),(69,1470),(69,1503),(69,1554),(69,1587),(69,1638),(69,1670),(69,1721),(69,1753),(69,1804),(69,1836),(69,1887),(69,1919),(70,106),(70,114),(70,195),(70,203),(70,284),(70,292),(70,373),(70,381),(70,462),(70,470),(70,547),(70,551),(70,632),(70,636),(70,717),(70,721),(70,804),(70,808),(70,891),(70,895),(70,978),(70,982),(70,1065),(70,1069),(70,1152),(70,1156),(70,1239),(70,1243),(70,1326),(70,1330),(70,1413),(70,1417),(70,1500),(70,1504),(70,1584),(70,1588),(70,1667),(70,1671),(70,1750),(70,1754),(70,1833),(70,1837),(70,1916),(70,1920),(71,70),(71,159),(71,248),(71,337),(71,426),(71,515),(71,600),(71,685),(71,772),(71,859),(71,946),(71,1033),(71,1120),(71,1207),(71,1294),(71,1381),(71,1468),(71,1552),(71,1636),(71,1719),(71,1802),(71,1885),(72,1),(72,6),(72,11),(72,16),(72,22),(72,28),(72,34),(72,41),(76,73),(76,162),(76,251),(76,340),(76,429),(76,518),(76,603),(76,688),(76,775),(76,862),(76,949),(76,1036),(76,1123),(76,1210),(76,1297),(76,1384),(76,1471),(76,1555),(76,1639),(76,1722),(76,1805),(76,1888),(77,74),(77,163),(77,252),(77,341),(77,430),(77,519),(77,604),(77,689),(77,776),(77,863),(77,950),(77,1037),(77,1124),(77,1211),(77,1298),(77,1385),(77,1472),(77,1556),(77,1640),(77,1723),(77,1806),(77,1889),(78,70),(78,159),(78,248),(78,337),(78,426),(78,515),(78,600),(78,685),(78,772),(78,859),(78,946),(78,1033),(78,1120),(78,1207),(78,1294),(78,1381),(78,1468),(78,1552),(78,1636),(78,1719),(78,1802),(78,1885),(80,106),(80,195),(80,284),(80,373),(80,462),(80,547),(80,632),(80,717),(80,804),(80,891),(80,978),(80,1065),(80,1152),(80,1239),(80,1326),(80,1413),(80,1500),(80,1584),(80,1667),(80,1750),(80,1833),(80,1916),(81,70),(81,71),(81,75),(81,159),(81,160),(81,164),(81,248),(81,249),(81,253),(81,337),(81,338),(81,342),(81,426),(81,427),(81,431),(81,515),(81,516),(81,520),(81,600),(81,601),(81,605),(81,685),(81,686),(81,690),(81,772),(81,773),(81,777),(81,859),(81,860),(81,864),(81,946),(81,947),(81,951),(81,1033),(81,1034),(81,1038),(81,1120),(81,1121),(81,1125),(81,1207),(81,1208),(81,1212),(81,1294),(81,1295),(81,1299),(81,1381),(81,1382),(81,1386),(81,1468),(81,1469),(81,1473),(81,1552),(81,1553),(81,1557),(81,1636),(81,1637),(81,1641),(81,1719),(81,1720),(81,1724),(81,1802),(81,1803),(81,1807),(81,1885),(81,1886),(81,1890),(82,76),(82,165),(82,254),(82,343),(82,432),(82,521),(82,606),(82,691),(82,778),(82,865),(82,952),(82,1039),(82,1126),(82,1213),(82,1300),(82,1387),(82,1474),(82,1558),(82,1642),(82,1725),(82,1808),(82,1891),(83,77),(83,166),(83,255),(83,344),(83,433),(83,522),(83,607),(83,692),(83,779),(83,866),(83,953),(83,1040),(83,1127),(83,1214),(83,1301),(83,1388),(83,1475),(83,1559),(83,1643),(83,1726),(83,1809),(83,1892),(84,78),(84,167),(84,256),(84,345),(84,434),(84,523),(84,608),(84,693),(84,780),(84,867),(84,954),(84,1041),(84,1128),(84,1215),(84,1302),(84,1389),(84,1476),(84,1560),(84,1644),(84,1727),(84,1810),(84,1893),(91,70),(91,80),(91,159),(91,169),(91,248),(91,258),(91,337),(91,347),(91,426),(91,436),(91,515),(91,524),(91,600),(91,609),(91,685),(91,694),(91,772),(91,781),(91,859),(91,868),(91,946),(91,955),(91,1033),(91,1042),(91,1120),(91,1129),(91,1207),(91,1216),(91,1294),(91,1303),(91,1381),(91,1390),(91,1468),(91,1477),(91,1552),(91,1561),(91,1636),(91,1645),(91,1719),(91,1728),(91,1802),(91,1811),(91,1885),(91,1894),(93,80),(93,169),(93,258),(93,347),(93,436),(93,524),(93,609),(93,694),(93,781),(93,868),(93,955),(93,1042),(93,1129),(93,1216),(93,1303),(93,1390),(93,1477),(93,1561),(93,1645),(93,1728),(93,1811),(93,1894),(110,177),(110,266),(110,355),(110,444),(110,530),(110,615),(110,700),(110,787),(110,874),(110,961),(110,1048),(110,1135),(110,1222),(110,1309),(110,1396),(110,1483),(110,1567),(110,1651),(110,1734),(110,1817),(110,1900);

--
-- Table structure for table `ps_tab_lang`
--

CREATE TABLE `ps_tab_lang` (
  `id_tab` int(10) unsigned NOT NULL,
  `id_lang` int(10) unsigned NOT NULL,
  `name` varchar(64) DEFAULT NULL,
  PRIMARY KEY (`id_tab`,`id_lang`)
) ENGINE=InnoDB DEFAULT CHARSET=utf8;

--
-- Dumping data for table `ps_tab_lang`
--

INSERT INTO `ps_tab_lang` VALUES (1,1,'Dashboard'),(1,2,'Tableau de bord'),(1,3,'Kontrollzentrum'),(1,4,'Painel'),(1,5,'Pannello di controllo'),(1,6,'Panel de control'),(1,7,'Панель инструментов'),(1,8,'Pulpit'),(1,9,'لوحة التحكم'),(2,1,'CMS Pages'),(2,2,'Pages et Catégories CMS'),(2,3,'CMS-Seiten'),(2,4,'Páginas CMS'),(2,5,'Pagine CMS'),(2,6,'Páginas estáticas/CMS'),(2,7,'Страницы CMS'),(2,8,'Strony CMS'),(2,9,'CMS Pages'),(3,1,'CMS Categories'),(3,2,'Pages et Catégories CMS'),(3,3,'CMS-Kategorien'),(3,4,'Categorias CMS'),(3,5,'Cstegorie CMS'),(3,6,'Categorías CMS'),(3,7,'Категории CMS'),(3,8,'Kategorie CMS'),(3,9,'CMS Categories'),(4,1,'Combinations Generator'),(4,2,'Générateur de déclinaisons'),(4,3,'Kombinationsgenerator'),(4,4,'Gerador de Combinações'),(4,5,'Generatore di Combinazioni'),(4,6,'Generador de Combinaciones'),(4,7,'Комбинации Генератор'),(4,8,'Generator kombinacji'),(4,9,'توليد الألوان'),(5,1,'Search'),(5,2,'Rechercher'),(5,3,'Suche'),(5,4,'Busca'),(5,5,'Cerca'),(5,6,'Buscar'),(5,7,'Поиск'),(5,8,'Szukaj'),(5,9,'بحث'),(6,1,'Login'),(6,2,'Identifiant'),(6,3,'Anmelden'),(6,4,'Acesso'),(6,5,'Entra'),(6,6,'Identifíquese'),(6,7,'Логин'),(6,8,'Nazwa użytkowika'),(6,9,'تسجيل الدخول'),(7,1,'Shops'),(7,2,'Boutiques'),(7,3,'Geschäfte'),(7,4,'Lojas'),(7,5,'Negozi'),(7,6,'Tiendas'),(7,7,'Магазины'),(7,8,'Sklepy'),(7,9,'المتاجر:'),(8,1,'Shop URLs'),(8,2,'URL des boutiques'),(8,3,'Shop-URLs'),(8,4,'URLs da Loja'),(8,5,'URLs negozio'),(8,6,'URLs/Direcciones de la tienda'),(8,7,'Ссылки магазина'),(8,8,'Url sklepu'),(8,9,'Shop URLs'),(9,1,'Catalog'),(9,2,'Catalogue'),(9,3,'Katalog'),(9,4,'Catálogo'),(9,5,'Catalogo'),(9,6,'Catálogo'),(9,7,'Каталог'),(9,8,'Katalog'),(9,9,'الفهرس'),(10,1,'Orders'),(10,2,'Commandes'),(10,3,'Bestellungen'),(10,4,'Compras'),(10,5,'Ordini'),(10,6,'Pedidos'),(10,7,'Заказы'),(10,8,'Zamówienia'),(10,9,'الطلبات'),(11,1,'Customers'),(11,2,'Clients'),(11,3,'Kunden'),(11,4,'Clientes'),(11,5,'Clienti'),(11,6,'Clientes'),(11,7,'Покупатели'),(11,8,'Klienci'),(11,9,'العملاء'),(12,1,'Price Rules'),(12,2,'Promotions'),(12,3,'Preisregeln'),(12,4,'Regras de preço'),(12,5,'Regole prezzi'),(12,6,'Reglas de Descuentos'),(12,7,'Ценовые правила'),(12,8,'Rabaty grupowe'),(12,9,'Price Rules'),(13,1,'Modules'),(13,2,'Modules'),(13,3,'Module'),(13,4,'Módulos'),(13,5,'Moduli'),(13,6,'Módulos'),(13,7,'Модули'),(13,8,'Moduły'),(13,9,'الإضاقات'),(14,1,'Shipping'),(14,2,'Livraison'),(14,3,'Versand'),(14,4,'Frete'),(14,5,'Spedizione'),(14,6,'Transporte'),(14,7,'Доставка'),(14,8,'Wysyłka'),(14,9,'الشحن'),(15,1,'Localization'),(15,2,'Localisation'),(15,3,'Lokalisierung'),(15,4,'Localização'),(15,5,'Localizzazione'),(15,6,'Localización'),(15,7,'Локализация'),(15,8,'Lokalizacja'),(15,9,'اللغة والإعدادت الإقليمية'),(16,1,'Preferences'),(16,2,'Préférences'),(16,3,'Voreinstellungen'),(16,4,'Preferências'),(16,5,'Impostazioni'),(16,6,'Preferencias'),(16,7,'Настройки'),(16,8,'Preferencje'),(16,9,'Preferences'),(17,1,'Advanced Parameters'),(17,2,'Paramètres avancés'),(17,3,'Erweiterte Einstellungen'),(17,4,'Parâmetros Avançados'),(17,5,'Parametri Avanzati'),(17,6,'Parámetros Avanzados'),(17,7,'Расширенные параметры'),(17,8,'Zaawansowane'),(17,9,'Paramètres avancés'),(18,1,'Administration'),(18,2,'Administration'),(18,3,'Verwaltung'),(18,4,'Administração'),(18,5,'Amministrazione'),(18,6,'Administración'),(18,7,'Администрирование'),(18,8,'Administracja'),(18,9,'الإدارة'),(19,1,'Stats'),(19,2,'Statistiques'),(19,3,'Statistiken'),(19,4,'Estatísticas'),(19,5,'Statistiche'),(19,6,'Estadísticas'),(19,7,'Статистика'),(19,8,'Statystyki'),(19,9,'الإحصائيات'),(20,1,'Stock'),(20,2,'Stock'),(20,3,'Lager'),(20,4,'Estoque'),(20,5,'Magazzino'),(20,6,'Existencias'),(20,7,'Запасы'),(20,8,'Magazyn'),(20,9,'الاسهم'),(21,1,'Products'),(21,2,'Produits'),(21,3,'Produkte'),(21,4,'Produtos'),(21,5,'Prodotti'),(21,6,'Productos'),(21,7,'Товары'),(21,8,'Produkty'),(21,9,'المنتجات'),(22,1,'Categories'),(22,2,'Catégories'),(22,3,'Kategorien'),(22,4,'Categorias'),(22,5,'Categorie'),(22,6,'Categorías'),(22,7,'Категории'),(22,8,'Kategorie'),(22,9,'التصنيفات'),(23,1,'Monitoring'),(23,2,'Suivi'),(23,3,'Kontrollübersicht'),(23,4,'Monitoramento'),(23,5,'Monitoraggio'),(23,6,'Monitoreo'),(23,7,'Мониторинг'),(23,8,'Monitorowanie'),(23,9,'Monitoring'),(24,1,'Product Attributes'),(24,2,'Attributs des produits'),(24,3,'Artikelvarianten'),(24,4,'Atributos do Produto'),(24,5,'Attributi prodotto'),(24,6,'Atributos de productos'),(24,7,'Атрибуты товара'),(24,8,'Atrybuty produktu'),(24,9,'Product Attributes'),(25,1,'Product Features'),(25,2,'Caractéristiques'),(25,3,'Artikeleigenschaften'),(25,4,'Características do Produto'),(25,5,'Caratteristiche prodotto'),(25,6,'Características de productos'),(25,7,'Характеристики продукта'),(25,8,'Cechy produktu'),(25,9,'Product Features'),(26,1,'Manufacturers'),(26,2,'Fabricants'),(26,3,'Hersteller'),(26,4,'Fabricantes'),(26,5,'Produttori'),(26,6,'Fabricantes'),(26,7,'Производители'),(26,8,'Producenci'),(26,9,'الماركات'),(27,1,'Suppliers'),(27,2,'Fournisseurs'),(27,3,'Lieferanten'),(27,4,'Fornecedores'),(27,5,'Fornitori'),(27,6,'Proveedores'),(27,7,'Поставщики'),(27,8,'Dostawcy'),(27,9,'الموردون'),(28,1,'Tags'),(28,2,'Mots-clés'),(28,3,'Tags'),(28,4,'Etiquetas'),(28,5,'Tags'),(28,6,'Etiquetas'),(28,7,'Тэги'),(28,8,'Tagi'),(28,9,'الوسوم:'),(29,1,'Attachments'),(29,2,'Documents joints'),(29,3,'Anhänge'),(29,4,'Anexos'),(29,5,'Documenti Allegati'),(29,6,'Adjuntos'),(29,7,'Загрузить'),(29,8,'Załączniki'),(29,9,'الملفات المرفقة'),(30,1,'Orders'),(30,2,'Commandes'),(30,3,'Bestellungen'),(30,4,'Pedidos'),(30,5,'Ordini'),(30,6,'Pedidos'),(30,7,'Заказы'),(30,8,'Zamówienia'),(30,9,'الطلبات'),(31,1,'Invoices'),(31,2,'Factures'),(31,3,'Rechnungen'),(31,4,'Faturas'),(31,5,'Fatture'),(31,6,'Facturas'),(31,7,'Инвойсы'),(31,8,'Faktury'),(31,9,'الفواتير'),(32,1,'Merchandise Returns'),(32,2,'Retours produits'),(32,3,'Warenrücksendungen'),(32,4,'Devoluções de Mercadorias'),(32,5,'Restituzione Prodotto'),(32,6,'Devoluciones de mercancía'),(32,7,'Возвраты товаров'),(32,8,'Zwroty produktów'),(32,9,'إرجاع البضائع'),(33,1,'Delivery Slips'),(33,2,'Bons de livraison'),(33,3,'Lieferscheine'),(33,4,'Comprovantes de entregas'),(33,5,'Bolle di consegna'),(33,6,'Comprobantes de Entrega'),(33,7,'Задержки доставки'),(33,8,'Druk wysyłki'),(33,9,'Delivery Slips'),(34,1,'Credit Slips'),(34,2,'Avoirs'),(34,3,'Rückvergütungen'),(34,4,'Comprovantes de créditos'),(34,5,'Buoni sconto'),(34,6,'Notas de Crédito'),(34,7,'Задержки кредита'),(34,8,'Druki kredytowe'),(34,9,'Credit Slips'),(35,1,'Statuses'),(35,2,'États'),(35,3,'Status'),(35,4,'Status'),(35,5,'Stati'),(35,6,'Estados'),(35,7,'Статусы'),(35,8,'Statusy'),(35,9,'ضبط حالات الطلب'),(36,1,'Order Messages'),(36,2,'Messages prédéfinis'),(36,3,'Bestellnachrichten'),(36,4,'Mensagens de pedidos'),(36,5,'Messaggi d\'ordine'),(36,6,'Mensajes de Pedidos'),(36,7,'Сообщения о заказах'),(36,8,'Wiadomości zamówienia'),(36,9,'Order Messages'),(37,1,'Customers'),(37,2,'Clients'),(37,3,'Kunden'),(37,4,'Clientes'),(37,5,'Clienti'),(37,6,'Clientes'),(37,7,'Покупатели'),(37,8,'Klienci'),(37,9,'العملاء'),(38,1,'Addresses'),(38,2,'Adresses'),(38,3,'Adressen'),(38,4,'Endereços'),(38,5,'Indirizzi'),(38,6,'Direcciones'),(38,7,'Адреса'),(38,8,'Adresy'),(38,9,'العناوين'),(39,1,'Groups'),(39,2,'Groupes'),(39,3,'Gruppen'),(39,4,'Grupos'),(39,5,'Gruppi'),(39,6,'Grupos'),(39,7,'Группы'),(39,8,'Grupy'),(39,9,'مجموعات المستخدمين'),(40,1,'Shopping Carts'),(40,2,'Paniers'),(40,3,'Warenkörbe'),(40,4,'Carrinho de compras'),(40,5,'Carrello della spesa'),(40,6,'Carros de compra'),(40,7,'Корзины'),(40,8,'Koszyki zakupowe'),(40,9,'Shopping Carts'),(41,1,'Customer Service'),(41,2,'SAV'),(41,3,'Kundenservice'),(41,4,'Atendimento ao Cliente'),(41,5,'Servizio clienti'),(41,6,'Servicio al cliente'),(41,7,'Обслуживание клиентов'),(41,8,'Obsługa klienta'),(41,9,'خدمة العملاء'),(42,1,'Contacts'),(42,2,'Contacts'),(42,3,'Kontakte'),(42,4,'Contatos'),(42,5,'Contatti'),(42,6,'Contacto'),(42,7,'Контакты'),(42,8,'Kontakty'),(42,9,'جهات الاتصال'),(43,1,'Titles'),(43,2,'Titres de civilité'),(43,3,'Bezeichnung'),(43,4,'Títulos'),(43,5,'Titoli'),(43,6,'Tratamientos'),(43,7,'Социальное обращение'),(43,8,'Tytuły'),(43,9,'المسميات'),(44,1,'Outstanding'),(44,2,'Encours autorisés'),(44,3,'Offene Posten'),(44,4,'Excepcional'),(44,5,'In sospeso'),(44,6,'Sorprendente'),(44,7,'Неоплаченный(е)'),(44,8,'Saldo'),(44,9,'Outstanding'),(45,1,'Cart Rules'),(45,2,'Règles panier'),(45,3,'Warenkorb Preisregeln'),(45,4,'Regras do Carrinho'),(45,5,'Regole Carrello'),(45,6,'Vales descuento'),(45,7,'Правила корзины'),(45,8,'Kody rabatowe'),(45,9,'قواعد سلة الشراء'),(46,1,'Catalog Price Rules'),(46,2,'Règles de prix catalogue'),(46,3,'Katalog Preisregeln'),(46,4,'Regras de preço do catálogo'),(46,5,'Regole Catalogo Prezzi'),(46,6,'Reglas del catálogo'),(46,7,'Правила каталога'),(46,8,'Reguły cenowe katalogu'),(46,9,'آلية تسعير كتالوج المنتجات'),(47,1,'Marketing'),(47,2,'Marketing'),(47,3,'Marketing-Addons'),(47,4,'Marketing'),(47,5,'Marketing'),(47,6,'Márketing'),(47,7,'Маркетинг'),(47,8,'Marketing'),(47,9,'التسويق'),(48,1,'Carriers'),(48,2,'Transporteurs'),(48,3,'Versanddienste'),(48,4,'Transportadoras'),(48,5,'Mezzi di spedizione'),(48,6,'Transportistas'),(48,7,'Доставка'),(48,8,'Przewoźnicy'),(48,9,'جهات الشحن:'),(49,1,'Preferences'),(49,2,'Préférences'),(49,3,'Voreinstellungen'),(49,4,'Preferências'),(49,5,'Impostazioni'),(49,6,'Preferencias'),(49,7,'Настройки'),(49,8,'Preferencje'),(49,9,'Preferences'),(50,1,'Carrier'),(50,2,'Transporteur'),(50,3,'Versanddienst'),(50,4,'Transportadora'),(50,5,'Vettore'),(50,6,'Transportista'),(50,7,'Способ доставки'),(50,8,'Przewoźnik'),(50,9,'جهة الشحن'),(51,1,'Localization'),(51,2,'Localisation'),(51,3,'Lokalisierung'),(51,4,'Localização'),(51,5,'Localizzazione'),(51,6,'Localización'),(51,7,'Локализация'),(51,8,'Lokalizacja'),(51,9,'اللغة والإعدادت الإقليمية'),(52,1,'Languages'),(52,2,'Langues'),(52,3,'Sprachen'),(52,4,'Idiomas'),(52,5,'Lingue'),(52,6,'Idiomas'),(52,7,'Язык'),(52,8,'Języki'),(52,9,'لغات'),(53,1,'Zones'),(53,2,'Zones'),(53,3,'Gebiete'),(53,4,'Regiões'),(53,5,'Zone'),(53,6,'Zona'),(53,7,'Зоны'),(53,8,'Strefy'),(53,9,'النطاقات الجغرافية'),(54,1,'Countries'),(54,2,'Pays'),(54,3,'Länder'),(54,4,'Países'),(54,5,'Nazione'),(54,6,'Países'),(54,7,'Страны'),(54,8,'Kraje'),(54,9,'الدول'),(55,1,'States'),(55,2,'États'),(55,3,'Bundesländer'),(55,4,'Estados'),(55,5,'Stati'),(55,6,'Provincias'),(55,7,'Регионы'),(55,8,'Województwa lub regiony'),(55,9,'المناطق'),(56,1,'Currencies'),(56,2,'Devises'),(56,3,'Währungen'),(56,4,'Moedas'),(56,5,'Valute'),(56,6,'Monedas'),(56,7,'Валюты'),(56,8,'Waluty'),(56,9,'العملات:'),(57,1,'Taxes'),(57,2,'Taxes'),(57,3,'Steuersätze'),(57,4,'Taxas'),(57,5,'Tasse'),(57,6,'Impuestos'),(57,7,'Налоги'),(57,8,'Podatki'),(57,9,'الضرائب'),(58,1,'Tax Rules'),(58,2,'Règles de taxes'),(58,3,'Steuerregeln'),(58,4,'Regras de impostos'),(58,5,'Regole Tasse'),(58,6,'Reglas de impuestos'),(58,7,'Налоговые нормы'),(58,8,'Reguły podatków'),(58,9,'القواعد الضريبية'),(59,1,'Translations'),(59,2,'Traductions'),(59,3,'Übersetzungen'),(59,4,'Traduções'),(59,5,'Traduzioni'),(59,6,'Traducciones'),(59,7,'Переводы'),(59,8,'Tłumaczenia'),(59,9,'Translations'),(60,1,'Modules'),(60,2,'Modules'),(60,3,'Module'),(60,4,'Módulos'),(60,5,'Moduli'),(60,6,'Módulos'),(60,7,'Модули'),(60,8,'Moduły'),(60,9,'الإضاقات'),(61,1,'Modules & Themes Catalog'),(61,2,'Catalogue de Modules et Thèmes'),(61,3,'Modul- und Template-Shop'),(61,4,'Catálogo de Módulos & Temas'),(61,5,'Catalogo Moduli e Temi'),(61,6,'Módulos y Catálogo de temas'),(61,7,'Каталог модули и шаблоны'),(61,8,'Katalog modułów i motywów'),(61,9,'Modules & Themes Catalog'),(62,1,'Positions'),(62,2,'Positions'),(62,3,'Positionen'),(62,4,'Posições'),(62,5,'Posizioni'),(62,6,'Posiciones de los módulos'),(62,7,'Расположение блоков'),(62,8,'Pozycje'),(62,9,'أماكن العرض'),(63,1,'Payment'),(63,2,'Paiement '),(63,3,'Zahlung'),(63,4,'Pagamento'),(63,5,'Pagamento'),(63,6,'Pago'),(63,7,'Оплата'),(63,8,'Płatność'),(63,9,'الدفع'),(64,1,'General'),(64,2,'Générales'),(64,3,'Allgemein'),(64,4,'Geral'),(64,5,'Generale'),(64,6,'Configuración'),(64,7,'Общее'),(64,8,'Ogólny'),(64,9,'عام'),(65,1,'Orders'),(65,2,'Commandes'),(65,3,'Bestellungen'),(65,4,'Compras'),(65,5,'Ordini'),(65,6,'Pedidos'),(65,7,'Заказы'),(65,8,'Zamówienia'),(65,9,'الطلبات'),(66,1,'Products'),(66,2,'Produits'),(66,3,'Produkte'),(66,4,'Produtos'),(66,5,'Prodotti'),(66,6,'Productos'),(66,7,'Товары'),(66,8,'Produkty'),(66,9,'المنتجات'),(67,1,'Customers'),(67,2,'Clients'),(67,3,'Kunden'),(67,4,'Clientes'),(67,5,'Clienti'),(67,6,'Clientes'),(67,7,'Покупатели'),(67,8,'Klienci'),(67,9,'العملاء'),(68,1,'Themes'),(68,2,'Thèmes'),(68,3,'Templates'),(68,4,'Temas'),(68,5,'Temi'),(68,6,'Temas'),(68,7,'Шаблоны'),(68,8,'Szablony'),(68,9,'Themes'),(69,1,'SEO & URLs'),(69,2,'SEO & URL'),(69,3,'SEO & URLs'),(69,4,'SEO & URLs'),(69,5,'SEO & URLs'),(69,6,'SEO + URLs'),(69,7,'SEO и URLs'),(69,8,'SEO & URL'),(69,9,'SEO & URLs'),(70,1,'CMS'),(70,2,'CMS'),(70,3,'CMS-Seiten'),(70,4,'CMS'),(70,5,'CMS'),(70,6,'CMS'),(70,7,'Страницы'),(70,8,'CMS'),(70,9,'إدارة الصفحات'),(71,1,'Images'),(71,2,'Images'),(71,3,'Bilder'),(71,4,'Imagens'),(71,5,'Immagini'),(71,6,'Imágenes'),(71,7,'Изображения'),(71,8,'Zdjęcia'),(71,9,'الصور'),(72,1,'Store Contacts'),(72,2,'Coordonnées et magasins'),(72,3,'Shopadressen'),(72,4,'Contatos da loja'),(72,5,'Contatti negozio'),(72,6,'Contactos de la tienda'),(72,7,'Контакты магазина'),(72,8,'Kontakty sklepu'),(72,9,'Store Contacts'),(73,1,'Search'),(73,2,'Rechercher'),(73,3,'Suche'),(73,4,'Busca'),(73,5,'Cerca'),(73,6,'Buscar'),(73,7,'Поиск'),(73,8,'Szukaj'),(73,9,'بحث'),(74,1,'Maintenance'),(74,2,'Maintenance'),(74,3,'Wartung'),(74,4,'Manutenção'),(74,5,'Manutenzione'),(74,6,'Mantenimiento'),(74,7,'Обслуживание'),(74,8,'Przerwa techniczna'),(74,9,'الصيانة'),(75,1,'Geolocation'),(75,2,'Géolocalisation'),(75,3,'Geolocation'),(75,4,'Geolocalização'),(75,5,'Geolocalizzazione'),(75,6,'Geolocalización'),(75,7,'Геолокация'),(75,8,'Geolokalizacja'),(75,9,'Geolocation'),(76,1,'Configuration Information'),(76,2,'Informations'),(76,3,'Systemeinstellungen'),(76,4,'Informações da Configuração'),(76,5,'Informazioni'),(76,6,'Información'),(76,7,'Информация о конфигурации'),(76,8,'Informacje konfiguracyjne'),(76,9,'معلومات'),(77,1,'Performance'),(77,2,'Performances'),(77,3,'Leistung'),(77,4,'Desempenho'),(77,5,'Prestazioni'),(77,6,'Rendimiento'),(77,7,'Производительность'),(77,8,'Wydajność'),(77,9,'الخصائص'),(78,1,'E-mail'),(78,2,'E-mail'),(78,3,'Adresse e-mail'),(78,4,'Email'),(78,5,'Email'),(78,6,'contact@prestashop.com'),(78,7,'Эл.адрес'),(78,8,'Adres e-mail'),(78,9,'البريد الإكتروني'),(79,1,'Multistore'),(79,2,'Multiboutique'),(79,3,'Multishop'),(79,4,'Multiloja'),(79,5,'Multinegozio'),(79,6,'Multitienda'),(79,7,'Мультимагазин'),(79,8,'Multisklep'),(79,9,'المتجر المتعدد'),(80,1,'CSV Import'),(80,2,'Imports CSV'),(80,3,'CSV-Import'),(80,4,'Importar CSV'),(80,5,'Importa CSV'),(80,6,'Importar CSV'),(80,7,'Импорт CSV'),(80,8,'Import CSV'),(80,9,'CSV Import'),(81,1,'DB Backup'),(81,2,'Sauvegarde BDD'),(81,3,'Datenbank-Backup'),(81,4,'Backup do BD'),(81,5,'Backup DB'),(81,6,'Respaldar BD'),(81,7,'Резервирование БД'),(81,8,'Kopia zapasowa DB'),(81,9,'DB Backup'),(82,1,'SQL Manager'),(82,2,'Gestionnaire SQL'),(82,3,'SQL-Abfragen'),(82,4,'Gerenciador SQL'),(82,5,'Manager SQL'),(82,6,'Gestor SQL'),(82,7,'Менеджер SQL'),(82,8,'Menadżer SQL'),(82,9,'SQL Manager'),(83,1,'Logs'),(83,2,'Logs'),(83,3,'Log-Dateien'),(83,4,'Logs'),(83,5,'Logs'),(83,6,'Registros/Logs'),(83,7,'Журнал событий'),(83,8,'Logi'),(83,9,'Logs'),(84,1,'Webservice'),(84,2,'Webservice'),(84,3,'Webservice'),(84,4,'WebService'),(84,5,'Webservice'),(84,6,'Webservice'),(84,7,'Веб службы'),(84,8,'API'),(84,9,'Webservice'),(85,1,'Preferences'),(85,2,'Préférences'),(85,3,'Voreinstellungen'),(85,4,'Preferências'),(85,5,'Impostazioni'),(85,6,'Preferencias'),(85,7,'Настройки'),(85,8,'Preferencje'),(85,9,'Preferences'),(86,1,'Quick Access'),(86,2,'Accès rapide'),(86,3,'Schnellzugriff'),(86,4,'Acesso Rápido'),(86,5,'Accesso Veloce'),(86,6,'Acceso rápido'),(86,7,'Быстрый доступ'),(86,8,'Szybki dostęp'),(86,9,'الوصول السريع'),(87,1,'Employees'),(87,2,'Employés'),(87,3,'Mitarbeiter'),(87,4,'Empregados'),(87,5,'Dipendenti'),(87,6,'Empleados'),(87,7,'Сотрудники'),(87,8,'Pracownicy'),(87,9,'الموظفين'),(88,1,'Profiles'),(88,2,'Profils'),(88,3,'Profile'),(88,4,'Perfis'),(88,5,'Profili'),(88,6,'Perfiles'),(88,7,'Учетные записи'),(88,8,'Profile'),(88,9,'Profiles'),(89,1,'Permissions'),(89,2,'Permissions'),(89,3,'Berechtigungen'),(89,4,'Permissões'),(89,5,'Permessi'),(89,6,'Permisos'),(89,7,'Права'),(89,8,'Uprawnienia'),(89,9,'صلاحيات الموظفين'),(90,1,'Menus'),(90,2,'Menus'),(90,3,'Menüpunkte'),(90,4,'Menus'),(90,5,'Menù'),(90,6,'Menús'),(90,7,'Закладки'),(90,8,'Menu'),(90,9,'قائمة لوحة التحكم'),(91,1,'Stats'),(91,2,'Statistiques'),(91,3,'Statistiken'),(91,4,'Estatísticas'),(91,5,'Statistiche'),(91,6,'Estadísticas'),(91,7,'Статистика'),(91,8,'Statystyki'),(91,9,'الإحصائيات'),(92,1,'Search Engines'),(92,2,'Moteurs de recherche'),(92,3,'Suchmaschinen'),(92,4,'Sistemas de busca'),(92,5,'Motori di ricerca'),(92,6,'Motores de búsqueda'),(92,7,'Поисковые машины'),(92,8,'Wyszukiwarki'),(92,9,'Search Engines'),(93,1,'Referrers'),(93,2,'Affiliés'),(93,3,'Referrer'),(93,4,'Referências'),(93,5,'Affiliati'),(93,6,'Afiliados'),(93,7,'Рефереры'),(93,8,'Polecający'),(93,9,'المشيرين'),(94,1,'Warehouses'),(94,2,'Entrepôts'),(94,3,'Lager'),(94,4,'Armazéns'),(94,5,'Magazzini'),(94,6,'Almacenes'),(94,7,'Склады'),(94,8,'Magazyny'),(94,9,'المستودعات'),(95,1,'Stock Management'),(95,2,'Gestion du stock'),(95,3,'Lagerverwaltung'),(95,4,'Gestão de estoque'),(95,5,'Gestione del Magazzino'),(95,6,'Gestión de existencias'),(95,7,'Управление складом'),(95,8,'Zarządzanie magazynem'),(95,9,'إدارة المستدوع'),(96,1,'Stock Movement'),(96,2,'Mouvements de stock'),(96,3,'Lagerbewegung'),(96,4,'Movimentação do Estoque'),(96,5,'Moviemnti magazzino'),(96,6,'Movimiento de Stock'),(96,7,'Движение запасов'),(96,8,'Ruch magazynowy'),(96,9,'Stock Movement'),(97,1,'Instant Stock Status'),(97,2,'État instantané du stock'),(97,3,'aktueller Lagerstand'),(97,4,'Status atual do estoque'),(97,5,'Stato dello Stock Istantaneo'),(97,6,'Estado inmediato de existencias'),(97,7,'Текущее состояние склада'),(97,8,'Stany magazynowe'),(97,9,'حالة المخزون'),(98,1,'Stock Coverage'),(98,2,'Couverture du stock'),(98,3,'Lagerbestand'),(98,4,'Cobertura do Estoque'),(98,5,'Disponibilità di magazzino'),(98,6,'Cobertura de stock'),(98,7,'Покрытие склада'),(98,8,'Aktualne pokrycie stanu'),(98,9,'Stock Coverage'),(99,1,'Supply orders'),(99,2,'Commandes fournisseurs'),(99,3,'Bestellaufträge'),(99,4,'Pedidos de fornecimento'),(99,5,'Ordini fornitura'),(99,6,'Pedidos de materiales'),(99,7,'Порядок поставок'),(99,8,'Dostawa zamówień'),(99,9,'Supply orders'),(100,1,'Configuration'),(100,2,'Paramètres'),(100,3,'Einstellungen'),(100,4,'Configuração'),(100,5,'Configurazione'),(100,6,'Configuración'),(100,7,'Конфигурация'),(100,8,'Konfiguracja'),(100,9,'الإعدادات'),(101,1,'BlockCategories'),(101,2,'Bloc Catégories'),(101,3,'Block Kategorien'),(101,4,'Bloco de categorias'),(101,5,'Blocco Categorie'),(101,6,'Bloque Categorías'),(101,7,'Блок Категории'),(101,8,'Blok kategorii'),(101,9,'BlockCategories'),(102,1,'Dashgoals'),(102,2,'Objectifs'),(102,3,'Schnellübersicht'),(102,4,'Metas do painel'),(102,5,'Dashgoals'),(102,6,'Dashgoals'),(102,7,'Dashgoals'),(102,8,'Dashgoals'),(102,9,'Dashgoals'),(103,1,'Merchant Expertise'),(103,2,'Expertise PrestaShop'),(103,3,'Handelserfolg'),(103,4,'Especialidade do Lojista'),(103,5,'Commerciante esperto'),(103,6,'Experiencia Comercial'),(103,7,'Достижения магазина'),(103,8,'Osiągnięcia sprzedawcy'),(103,9,'Merchant Expertise'),(104,1,'Leo Theme Configuration'),(104,2,'Leo Theme Configuration'),(104,3,'Leo Theme Configuration'),(104,4,'Leo Theme Configuration'),(104,5,'Leo Theme Configuration'),(104,6,'Leo Theme Configuration'),(104,7,'Leo Theme Configuration'),(104,8,'Leo Theme Configuration'),(104,9,'Leo Theme Configuration'),(105,1,'Leo Positions Control Panel'),(105,2,'Leo Positions Control Panel'),(105,3,'Leo Positions Control Panel'),(105,4,'Leo Positions Control Panel'),(105,5,'Leo Positions Control Panel'),(105,6,'Leo Positions Control Panel'),(105,7,'Leo Positions Control Panel'),(105,8,'Leo Positions Control Panel'),(105,9,'Leo Positions Control Panel'),(106,1,'Leo Live Theme Editor'),(106,2,'Leo Live Theme Editor'),(106,3,'Leo Live Theme Editor'),(106,4,'Leo Live Theme Editor'),(106,5,'Leo Live Theme Editor'),(106,6,'Leo Live Theme Editor'),(106,7,'Leo Live Theme Editor'),(106,8,'Leo Live Theme Editor'),(106,9,'Leo Live Theme Editor'),(107,1,'Leo Manage widgets'),(107,2,'Leo Manage widgets'),(107,3,'Leo Manage widgets'),(107,4,'Leo Manage widgets'),(107,5,'Leo Manage widgets'),(107,6,'Leo Manage widgets'),(107,7,'Leo Manage widgets'),(107,8,'Leo Manage widgets'),(107,9,'Leo Manage widgets'),(108,1,'Leo Manage Images'),(108,2,'Leo Manage Images'),(108,3,'Leo Manage Images'),(108,4,'Leo Manage Images'),(108,5,'Leo Manage Images'),(108,6,'Leo Manage Images'),(108,7,'Leo Manage Images'),(108,8,'Leo Manage Images'),(108,9,'Leo Manage Images'),(109,1,'themeconfigurator'),(109,2,'themeconfigurator'),(109,3,'themeconfigurator'),(109,4,'themeconfigurator'),(109,5,'themeconfigurator'),(109,6,'themeconfigurator'),(109,7,'themeconfigurator'),(109,8,'themeconfigurator'),(109,9,'themeconfigurator'),(110,1,'1-Click Upgrade'),(110,2,'1-Click Upgrade'),(110,3,'1-Click Upgrade'),(110,4,'1-Click Upgrade'),(110,5,'1-Click Upgrade'),(110,6,'1-Click Upgrade'),(110,7,'1-Click Upgrade'),(110,8,'1-Click Upgrade'),(110,9,'1-Click Upgrade'),(111,1,'Google Analytics Ajax'),(111,2,'Google Analytics Ajax'),(111,3,'Google Analytics Ajax'),(111,4,'Google Analytics Ajax'),(111,5,'Google Analytics Ajax'),(111,6,'Google Analytics Ajax'),(111,7,'Google Analytics Ajax'),(111,8,'Google Analytics Ajax'),(111,9,'Google Analytics Ajax'),(112,1,'Mondial Relay'),(112,2,'Mondial Relay'),(112,3,'Mondial Relay'),(112,4,'Mondial Relay'),(112,5,'Mondial Relay'),(112,6,'Mondial Relay'),(112,7,'Mondial Relay'),(112,8,'Mondial Relay'),(112,9,'Mondial Relay');

--
-- Table structure for table `ps_tab_module_preference`
--

CREATE TABLE `ps_tab_module_preference` (
  `id_tab_module_preference` int(11) NOT NULL AUTO_INCREMENT,
  `id_employee` int(11) NOT NULL,
  `id_tab` int(11) NOT NULL,
  `module` varchar(255) NOT NULL,
  PRIMARY KEY (`id_tab_module_preference`),
  UNIQUE KEY `employee_module` (`id_employee`,`id_tab`,`module`)
) ENGINE=InnoDB DEFAULT CHARSET=utf8;

--
-- Dumping data for table `ps_tab_module_preference`
--


--
-- Table structure for table `ps_tag`
--

CREATE TABLE `ps_tag` (
  `id_tag` int(10) unsigned NOT NULL AUTO_INCREMENT,
  `id_lang` int(10) unsigned NOT NULL,
  `name` varchar(32) NOT NULL,
  PRIMARY KEY (`id_tag`),
  KEY `tag_name` (`name`),
  KEY `id_lang` (`id_lang`)
) ENGINE=InnoDB DEFAULT CHARSET=utf8;

--
-- Dumping data for table `ps_tag`
--


--
-- Table structure for table `ps_tag_count`
--

CREATE TABLE `ps_tag_count` (
  `id_group` int(10) unsigned NOT NULL DEFAULT '0',
  `id_tag` int(10) unsigned NOT NULL DEFAULT '0',
  `id_lang` int(10) unsigned NOT NULL DEFAULT '0',
  `id_shop` int(11) unsigned NOT NULL DEFAULT '0',
  `counter` int(10) unsigned NOT NULL DEFAULT '0',
  PRIMARY KEY (`id_group`,`id_tag`),
  KEY `id_group` (`id_group`,`id_lang`,`id_shop`,`counter`)
) ENGINE=InnoDB DEFAULT CHARSET=utf8;

--
-- Dumping data for table `ps_tag_count`
--


--
-- Table structure for table `ps_tax`
--

CREATE TABLE `ps_tax` (
  `id_tax` int(10) unsigned NOT NULL AUTO_INCREMENT,
  `rate` decimal(10,3) NOT NULL,
  `active` tinyint(1) unsigned NOT NULL DEFAULT '1',
  `deleted` tinyint(1) unsigned NOT NULL DEFAULT '0',
  PRIMARY KEY (`id_tax`)
) ENGINE=InnoDB AUTO_INCREMENT=53 DEFAULT CHARSET=utf8;

--
-- Dumping data for table `ps_tax`
--

INSERT INTO `ps_tax` VALUES (1,20.000,1,0),(2,10.000,1,0),(3,5.500,1,0),(4,2.100,1,0),(5,21.000,1,0),(6,19.000,1,0),(7,23.000,1,0),(8,21.000,1,0),(9,23.000,1,0),(10,22.000,1,0),(11,17.000,1,0),(12,18.000,1,0),(13,21.000,1,0),(14,20.000,1,0),(15,23.000,1,0),(16,24.000,1,0),(17,25.000,1,0),(18,20.000,1,0),(19,5.000,0,0),(20,6.000,0,0),(21,6.250,0,0),(22,6.000,0,0),(23,6.875,0,0),(24,7.000,0,0),(25,4.225,0,0),(26,0.000,0,0),(27,5.500,0,0),(28,6.850,0,0),(29,0.000,0,0),(30,7.000,0,0),(31,5.125,0,0),(32,4.000,0,0),(33,5.500,0,0),(34,5.000,0,0),(35,5.500,0,0),(36,4.500,0,0),(37,0.000,0,0),(38,6.000,0,0),(39,7.000,0,0),(40,6.000,0,0),(41,4.000,0,0),(42,7.000,0,0),(43,6.250,0,0),(44,4.750,0,0),(45,6.000,0,0),(46,4.000,0,0),(47,6.500,0,0),(48,6.000,0,0),(49,5.000,0,0),(50,4.000,0,0),(51,5.500,0,0),(52,6.000,0,0);

--
-- Table structure for table `ps_tax_lang`
--

CREATE TABLE `ps_tax_lang` (
  `id_tax` int(10) unsigned NOT NULL,
  `id_lang` int(10) unsigned NOT NULL,
  `name` varchar(32) NOT NULL,
  PRIMARY KEY (`id_tax`,`id_lang`)
) ENGINE=InnoDB DEFAULT CHARSET=utf8;

--
-- Dumping data for table `ps_tax_lang`
--

INSERT INTO `ps_tax_lang` VALUES (1,1,'Sales-taxes US-AL 4%'),(1,2,'TVA FR 20%'),(1,3,'Sales-taxes US-AL 4%'),(1,4,'Sales-taxes US-AL 4%'),(1,5,'Sales-taxes US-AL 4%'),(1,6,'Sales-taxes US-AL 4%'),(1,7,'Sales-taxes US-AL 4%'),(1,8,'Sales-taxes US-AL 4%'),(1,9,'Sales-taxes US-AL 4%'),(2,1,'Sales-taxes US-AK 0%'),(2,2,'TVA FR 10%'),(2,3,'Sales-taxes US-AK 0%'),(2,4,'Sales-taxes US-AK 0%'),(2,5,'Sales-taxes US-AK 0%'),(2,6,'Sales-taxes US-AK 0%'),(2,7,'Sales-taxes US-AK 0%'),(2,8,'Sales-taxes US-AK 0%'),(2,9,'Sales-taxes US-AK 0%'),(3,1,'Sales-taxes US-AZ 6.6%'),(3,2,'TVA FR 5.5%'),(3,3,'Sales-taxes US-AZ 6.6%'),(3,4,'Sales-taxes US-AZ 6.6%'),(3,5,'Sales-taxes US-AZ 6.6%'),(3,6,'Sales-taxes US-AZ 6.6%'),(3,7,'Sales-taxes US-AZ 6.6%'),(3,8,'Sales-taxes US-AZ 6.6%'),(3,9,'Sales-taxes US-AZ 6.6%'),(4,1,'Sales-taxes US-AR 6%'),(4,2,'TVA FR 2.1%'),(4,3,'Sales-taxes US-AR 6%'),(4,4,'Sales-taxes US-AR 6%'),(4,5,'Sales-taxes US-AR 6%'),(4,6,'Sales-taxes US-AR 6%'),(4,7,'Sales-taxes US-AR 6%'),(4,8,'Sales-taxes US-AR 6%'),(4,9,'Sales-taxes US-AR 6%'),(5,1,'Sales-taxes US-CA 8.25%'),(5,2,'TVA Belgique (BE) 21%'),(5,3,'Sales-taxes US-CA 8.25%'),(5,4,'Sales-taxes US-CA 8.25%'),(5,5,'Sales-taxes US-CA 8.25%'),(5,6,'Sales-taxes US-CA 8.25%'),(5,7,'Sales-taxes US-CA 8.25%'),(5,8,'Sales-taxes US-CA 8.25%'),(5,9,'Sales-taxes US-CA 8.25%'),(6,1,'Sales-taxes US-CO 2.9%'),(6,2,'TVA Allemagne (DE) 19%'),(6,3,'Sales-taxes US-CO 2.9%'),(6,4,'Sales-taxes US-CO 2.9%'),(6,5,'Sales-taxes US-CO 2.9%'),(6,6,'Sales-taxes US-CO 2.9%'),(6,7,'Sales-taxes US-CO 2.9%'),(6,8,'Sales-taxes US-CO 2.9%'),(6,9,'Sales-taxes US-CO 2.9%'),(7,1,'Sales-taxes US-CT 0%'),(7,2,'TVA Grèce (EL) 23%'),(7,3,'Sales-taxes US-CT 0%'),(7,4,'Sales-taxes US-CT 0%'),(7,5,'Sales-taxes US-CT 0%'),(7,6,'Sales-taxes US-CT 0%'),(7,7,'Sales-taxes US-CT 0%'),(7,8,'Sales-taxes US-CT 0%'),(7,9,'Sales-taxes US-CT 0%'),(8,1,'Sales-taxes US-DE 0%'),(8,2,'TVA Espagne (ES) 21%'),(8,3,'Sales-taxes US-DE 0%'),(8,4,'Sales-taxes US-DE 0%'),(8,5,'Sales-taxes US-DE 0%'),(8,6,'Sales-taxes US-DE 0%'),(8,7,'Sales-taxes US-DE 0%'),(8,8,'Sales-taxes US-DE 0%'),(8,9,'Sales-taxes US-DE 0%'),(9,1,'Sales-taxes US-FL 6%'),(9,2,'TVA Irlande (IE) 23%'),(9,3,'Sales-taxes US-FL 6%'),(9,4,'Sales-taxes US-FL 6%'),(9,5,'Sales-taxes US-FL 6%'),(9,6,'Sales-taxes US-FL 6%'),(9,7,'Sales-taxes US-FL 6%'),(9,8,'Sales-taxes US-FL 6%'),(9,9,'Sales-taxes US-FL 6%'),(10,1,'Sales-taxes US-GA 4%'),(10,2,'TVA Italie (IT) 22%'),(10,3,'Sales-taxes US-GA 4%'),(10,4,'Sales-taxes US-GA 4%'),(10,5,'Sales-taxes US-GA 4%'),(10,6,'Sales-taxes US-GA 4%'),(10,7,'Sales-taxes US-GA 4%'),(10,8,'Sales-taxes US-GA 4%'),(10,9,'Sales-taxes US-GA 4%'),(11,1,'Sales-taxes US-HI 4%'),(11,2,'TVA Luxembourg (LU) 17%'),(11,3,'Sales-taxes US-HI 4%'),(11,4,'Sales-taxes US-HI 4%'),(11,5,'Sales-taxes US-HI 4%'),(11,6,'Sales-taxes US-HI 4%'),(11,7,'Sales-taxes US-HI 4%'),(11,8,'Sales-taxes US-HI 4%'),(11,9,'Sales-taxes US-HI 4%'),(12,1,'Sales-taxes US-ID 6%'),(12,2,'TVA Malte (MT) 18%'),(12,3,'Sales-taxes US-ID 6%'),(12,4,'Sales-taxes US-ID 6%'),(12,5,'Sales-taxes US-ID 6%'),(12,6,'Sales-taxes US-ID 6%'),(12,7,'Sales-taxes US-ID 6%'),(12,8,'Sales-taxes US-ID 6%'),(12,9,'Sales-taxes US-ID 6%'),(13,1,'Sales-taxes US-IL 6.25%'),(13,2,'TVA Pays-Bas (NL) 21%'),(13,3,'Sales-taxes US-IL 6.25%'),(13,4,'Sales-taxes US-IL 6.25%'),(13,5,'Sales-taxes US-IL 6.25%'),(13,6,'Sales-taxes US-IL 6.25%'),(13,7,'Sales-taxes US-IL 6.25%'),(13,8,'Sales-taxes US-IL 6.25%'),(13,9,'Sales-taxes US-IL 6.25%'),(14,1,'Sales-taxes US-IN 7%'),(14,2,'TVA Autriche (AT) 20%'),(14,3,'Sales-taxes US-IN 7%'),(14,4,'Sales-taxes US-IN 7%'),(14,5,'Sales-taxes US-IN 7%'),(14,6,'Sales-taxes US-IN 7%'),(14,7,'Sales-taxes US-IN 7%'),(14,8,'Sales-taxes US-IN 7%'),(14,9,'Sales-taxes US-IN 7%'),(15,1,'Sales-taxes US-IA 6%'),(15,2,'TVA Portugal (PT) 23%'),(15,3,'Sales-taxes US-IA 6%'),(15,4,'Sales-taxes US-IA 6%'),(15,5,'Sales-taxes US-IA 6%'),(15,6,'Sales-taxes US-IA 6%'),(15,7,'Sales-taxes US-IA 6%'),(15,8,'Sales-taxes US-IA 6%'),(15,9,'Sales-taxes US-IA 6%'),(16,1,'Sales-taxes US-KS 5.3%'),(16,2,'TVA Finlande (FI) 24%'),(16,3,'Sales-taxes US-KS 5.3%'),(16,4,'Sales-taxes US-KS 5.3%'),(16,5,'Sales-taxes US-KS 5.3%'),(16,6,'Sales-taxes US-KS 5.3%'),(16,7,'Sales-taxes US-KS 5.3%'),(16,8,'Sales-taxes US-KS 5.3%'),(16,9,'Sales-taxes US-KS 5.3%'),(17,1,'Sales-taxes US-KY 6%'),(17,2,'TVA Suède (SE) 25%'),(17,3,'Sales-taxes US-KY 6%'),(17,4,'Sales-taxes US-KY 6%'),(17,5,'Sales-taxes US-KY 6%'),(17,6,'Sales-taxes US-KY 6%'),(17,7,'Sales-taxes US-KY 6%'),(17,8,'Sales-taxes US-KY 6%'),(17,9,'Sales-taxes US-KY 6%'),(18,1,'Sales-taxes US-LA 4%'),(18,2,'TVA Royaume-Uni (UK) 20%'),(18,3,'Sales-taxes US-LA 4%'),(18,4,'Sales-taxes US-LA 4%'),(18,5,'Sales-taxes US-LA 4%'),(18,6,'Sales-taxes US-LA 4%'),(18,7,'Sales-taxes US-LA 4%'),(18,8,'Sales-taxes US-LA 4%'),(18,9,'Sales-taxes US-LA 4%'),(19,1,'Sales-taxes US-ME 5%'),(19,2,'Sales-taxes US-ME 5%'),(19,3,'Sales-taxes US-ME 5%'),(19,4,'Sales-taxes US-ME 5%'),(19,5,'Sales-taxes US-ME 5%'),(19,6,'Sales-taxes US-ME 5%'),(19,7,'Sales-taxes US-ME 5%'),(19,8,'Sales-taxes US-ME 5%'),(19,9,'Sales-taxes US-ME 5%'),(20,1,'Sales-taxes US-MD 6%'),(20,2,'Sales-taxes US-MD 6%'),(20,3,'Sales-taxes US-MD 6%'),(20,4,'Sales-taxes US-MD 6%'),(20,5,'Sales-taxes US-MD 6%'),(20,6,'Sales-taxes US-MD 6%'),(20,7,'Sales-taxes US-MD 6%'),(20,8,'Sales-taxes US-MD 6%'),(20,9,'Sales-taxes US-MD 6%'),(21,1,'Sales-taxes US-MA 6.25%'),(21,2,'Sales-taxes US-MA 6.25%'),(21,3,'Sales-taxes US-MA 6.25%'),(21,4,'Sales-taxes US-MA 6.25%'),(21,5,'Sales-taxes US-MA 6.25%'),(21,6,'Sales-taxes US-MA 6.25%'),(21,7,'Sales-taxes US-MA 6.25%'),(21,8,'Sales-taxes US-MA 6.25%'),(21,9,'Sales-taxes US-MA 6.25%'),(22,1,'Sales-taxes US-MI 6%'),(22,2,'Sales-taxes US-MI 6%'),(22,3,'Sales-taxes US-MI 6%'),(22,4,'Sales-taxes US-MI 6%'),(22,5,'Sales-taxes US-MI 6%'),(22,6,'Sales-taxes US-MI 6%'),(22,7,'Sales-taxes US-MI 6%'),(22,8,'Sales-taxes US-MI 6%'),(22,9,'Sales-taxes US-MI 6%'),(23,1,'Sales-taxes US-MN 6.875%'),(23,2,'Sales-taxes US-MN 6.875%'),(23,3,'Sales-taxes US-MN 6.875%'),(23,4,'Sales-taxes US-MN 6.875%'),(23,5,'Sales-taxes US-MN 6.875%'),(23,6,'Sales-taxes US-MN 6.875%'),(23,7,'Sales-taxes US-MN 6.875%'),(23,8,'Sales-taxes US-MN 6.875%'),(23,9,'Sales-taxes US-MN 6.875%'),(24,1,'Sales-taxes US-MS 7%'),(24,2,'Sales-taxes US-MS 7%'),(24,3,'Sales-taxes US-MS 7%'),(24,4,'Sales-taxes US-MS 7%'),(24,5,'Sales-taxes US-MS 7%'),(24,6,'Sales-taxes US-MS 7%'),(24,7,'Sales-taxes US-MS 7%'),(24,8,'Sales-taxes US-MS 7%'),(24,9,'Sales-taxes US-MS 7%'),(25,1,'Sales-taxes US-MO 4.225%'),(25,2,'Sales-taxes US-MO 4.225%'),(25,3,'Sales-taxes US-MO 4.225%'),(25,4,'Sales-taxes US-MO 4.225%'),(25,5,'Sales-taxes US-MO 4.225%'),(25,6,'Sales-taxes US-MO 4.225%'),(25,7,'Sales-taxes US-MO 4.225%'),(25,8,'Sales-taxes US-MO 4.225%'),(25,9,'Sales-taxes US-MO 4.225%'),(26,1,'Sales-taxes US-MT 0.0%'),(26,2,'Sales-taxes US-MT 0.0%'),(26,3,'Sales-taxes US-MT 0.0%'),(26,4,'Sales-taxes US-MT 0.0%'),(26,5,'Sales-taxes US-MT 0.0%'),(26,6,'Sales-taxes US-MT 0.0%'),(26,7,'Sales-taxes US-MT 0.0%'),(26,8,'Sales-taxes US-MT 0.0%'),(26,9,'Sales-taxes US-MT 0.0%'),(27,1,'Sales-taxes US-NE 5.5%'),(27,2,'Sales-taxes US-NE 5.5%'),(27,3,'Sales-taxes US-NE 5.5%'),(27,4,'Sales-taxes US-NE 5.5%'),(27,5,'Sales-taxes US-NE 5.5%'),(27,6,'Sales-taxes US-NE 5.5%'),(27,7,'Sales-taxes US-NE 5.5%'),(27,8,'Sales-taxes US-NE 5.5%'),(27,9,'Sales-taxes US-NE 5.5%'),(28,1,'Sales-taxes US-NV 6.85%'),(28,2,'Sales-taxes US-NV 6.85%'),(28,3,'Sales-taxes US-NV 6.85%'),(28,4,'Sales-taxes US-NV 6.85%'),(28,5,'Sales-taxes US-NV 6.85%'),(28,6,'Sales-taxes US-NV 6.85%'),(28,7,'Sales-taxes US-NV 6.85%'),(28,8,'Sales-taxes US-NV 6.85%'),(28,9,'Sales-taxes US-NV 6.85%'),(29,1,'Sales-taxes US-NH 0%'),(29,2,'Sales-taxes US-NH 0%'),(29,3,'Sales-taxes US-NH 0%'),(29,4,'Sales-taxes US-NH 0%'),(29,5,'Sales-taxes US-NH 0%'),(29,6,'Sales-taxes US-NH 0%'),(29,7,'Sales-taxes US-NH 0%'),(29,8,'Sales-taxes US-NH 0%'),(29,9,'Sales-taxes US-NH 0%'),(30,1,'Sales-taxes US-NJ 7%'),(30,2,'Sales-taxes US-NJ 7%'),(30,3,'Sales-taxes US-NJ 7%'),(30,4,'Sales-taxes US-NJ 7%'),(30,5,'Sales-taxes US-NJ 7%'),(30,6,'Sales-taxes US-NJ 7%'),(30,7,'Sales-taxes US-NJ 7%'),(30,8,'Sales-taxes US-NJ 7%'),(30,9,'Sales-taxes US-NJ 7%'),(31,1,'Sales-taxes US-NM 5.125%'),(31,2,'Sales-taxes US-NM 5.125%'),(31,3,'Sales-taxes US-NM 5.125%'),(31,4,'Sales-taxes US-NM 5.125%'),(31,5,'Sales-taxes US-NM 5.125%'),(31,6,'Sales-taxes US-NM 5.125%'),(31,7,'Sales-taxes US-NM 5.125%'),(31,8,'Sales-taxes US-NM 5.125%'),(31,9,'Sales-taxes US-NM 5.125%'),(32,1,'Sales-taxes US-NY 4%'),(32,2,'Sales-taxes US-NY 4%'),(32,3,'Sales-taxes US-NY 4%'),(32,4,'Sales-taxes US-NY 4%'),(32,5,'Sales-taxes US-NY 4%'),(32,6,'Sales-taxes US-NY 4%'),(32,7,'Sales-taxes US-NY 4%'),(32,8,'Sales-taxes US-NY 4%'),(32,9,'Sales-taxes US-NY 4%'),(33,1,'Sales-taxes US-NC 5.5%'),(33,2,'Sales-taxes US-NC 5.5%'),(33,3,'Sales-taxes US-NC 5.5%'),(33,4,'Sales-taxes US-NC 5.5%'),(33,5,'Sales-taxes US-NC 5.5%'),(33,6,'Sales-taxes US-NC 5.5%'),(33,7,'Sales-taxes US-NC 5.5%'),(33,8,'Sales-taxes US-NC 5.5%'),(33,9,'Sales-taxes US-NC 5.5%'),(34,1,'Sales-taxes US-ND 5%'),(34,2,'Sales-taxes US-ND 5%'),(34,3,'Sales-taxes US-ND 5%'),(34,4,'Sales-taxes US-ND 5%'),(34,5,'Sales-taxes US-ND 5%'),(34,6,'Sales-taxes US-ND 5%'),(34,7,'Sales-taxes US-ND 5%'),(34,8,'Sales-taxes US-ND 5%'),(34,9,'Sales-taxes US-ND 5%'),(35,1,'Sales-taxes US-OH 5.5%'),(35,2,'Sales-taxes US-OH 5.5%'),(35,3,'Sales-taxes US-OH 5.5%'),(35,4,'Sales-taxes US-OH 5.5%'),(35,5,'Sales-taxes US-OH 5.5%'),(35,6,'Sales-taxes US-OH 5.5%'),(35,7,'Sales-taxes US-OH 5.5%'),(35,8,'Sales-taxes US-OH 5.5%'),(35,9,'Sales-taxes US-OH 5.5%'),(36,1,'Sales-taxes US-OK 4.5%'),(36,2,'Sales-taxes US-OK 4.5%'),(36,3,'Sales-taxes US-OK 4.5%'),(36,4,'Sales-taxes US-OK 4.5%'),(36,5,'Sales-taxes US-OK 4.5%'),(36,6,'Sales-taxes US-OK 4.5%'),(36,7,'Sales-taxes US-OK 4.5%'),(36,8,'Sales-taxes US-OK 4.5%'),(36,9,'Sales-taxes US-OK 4.5%'),(37,1,'Sales-taxes US-OR 0%'),(37,2,'Sales-taxes US-OR 0%'),(37,3,'Sales-taxes US-OR 0%'),(37,4,'Sales-taxes US-OR 0%'),(37,5,'Sales-taxes US-OR 0%'),(37,6,'Sales-taxes US-OR 0%'),(37,7,'Sales-taxes US-OR 0%'),(37,8,'Sales-taxes US-OR 0%'),(37,9,'Sales-taxes US-OR 0%'),(38,1,'Sales-taxes US-PA 6%'),(38,2,'Sales-taxes US-PA 6%'),(38,3,'Sales-taxes US-PA 6%'),(38,4,'Sales-taxes US-PA 6%'),(38,5,'Sales-taxes US-PA 6%'),(38,6,'Sales-taxes US-PA 6%'),(38,7,'Sales-taxes US-PA 6%'),(38,8,'Sales-taxes US-PA 6%'),(38,9,'Sales-taxes US-PA 6%'),(39,1,'Sales-taxes US-RI 7%'),(39,2,'Sales-taxes US-RI 7%'),(39,3,'Sales-taxes US-RI 7%'),(39,4,'Sales-taxes US-RI 7%'),(39,5,'Sales-taxes US-RI 7%'),(39,6,'Sales-taxes US-RI 7%'),(39,7,'Sales-taxes US-RI 7%'),(39,8,'Sales-taxes US-RI 7%'),(39,9,'Sales-taxes US-RI 7%'),(40,1,'Sales-taxes US-SC 6%'),(40,2,'Sales-taxes US-SC 6%'),(40,3,'Sales-taxes US-SC 6%'),(40,4,'Sales-taxes US-SC 6%'),(40,5,'Sales-taxes US-SC 6%'),(40,6,'Sales-taxes US-SC 6%'),(40,7,'Sales-taxes US-SC 6%'),(40,8,'Sales-taxes US-SC 6%'),(40,9,'Sales-taxes US-SC 6%'),(41,1,'Sales-taxes US-SD 4%'),(41,2,'Sales-taxes US-SD 4%'),(41,3,'Sales-taxes US-SD 4%'),(41,4,'Sales-taxes US-SD 4%'),(41,5,'Sales-taxes US-SD 4%'),(41,6,'Sales-taxes US-SD 4%'),(41,7,'Sales-taxes US-SD 4%'),(41,8,'Sales-taxes US-SD 4%'),(41,9,'Sales-taxes US-SD 4%'),(42,1,'Sales-taxes US-TN 7%'),(42,2,'Sales-taxes US-TN 7%'),(42,3,'Sales-taxes US-TN 7%'),(42,4,'Sales-taxes US-TN 7%'),(42,5,'Sales-taxes US-TN 7%'),(42,6,'Sales-taxes US-TN 7%'),(42,7,'Sales-taxes US-TN 7%'),(42,8,'Sales-taxes US-TN 7%'),(42,9,'Sales-taxes US-TN 7%'),(43,1,'Sales-taxes US-TX 6.25%'),(43,2,'Sales-taxes US-TX 6.25%'),(43,3,'Sales-taxes US-TX 6.25%'),(43,4,'Sales-taxes US-TX 6.25%'),(43,5,'Sales-taxes US-TX 6.25%'),(43,6,'Sales-taxes US-TX 6.25%'),(43,7,'Sales-taxes US-TX 6.25%'),(43,8,'Sales-taxes US-TX 6.25%'),(43,9,'Sales-taxes US-TX 6.25%'),(44,1,'Sales-taxes US-UT 4.75%'),(44,2,'Sales-taxes US-UT 4.75%'),(44,3,'Sales-taxes US-UT 4.75%'),(44,4,'Sales-taxes US-UT 4.75%'),(44,5,'Sales-taxes US-UT 4.75%'),(44,6,'Sales-taxes US-UT 4.75%'),(44,7,'Sales-taxes US-UT 4.75%'),(44,8,'Sales-taxes US-UT 4.75%'),(44,9,'Sales-taxes US-UT 4.75%'),(45,1,'Sales-taxes US-VT 6%'),(45,2,'Sales-taxes US-VT 6%'),(45,3,'Sales-taxes US-VT 6%'),(45,4,'Sales-taxes US-VT 6%'),(45,5,'Sales-taxes US-VT 6%'),(45,6,'Sales-taxes US-VT 6%'),(45,7,'Sales-taxes US-VT 6%'),(45,8,'Sales-taxes US-VT 6%'),(45,9,'Sales-taxes US-VT 6%'),(46,1,'Sales-taxes US-VA 4%'),(46,2,'Sales-taxes US-VA 4%'),(46,3,'Sales-taxes US-VA 4%'),(46,4,'Sales-taxes US-VA 4%'),(46,5,'Sales-taxes US-VA 4%'),(46,6,'Sales-taxes US-VA 4%'),(46,7,'Sales-taxes US-VA 4%'),(46,8,'Sales-taxes US-VA 4%'),(46,9,'Sales-taxes US-VA 4%'),(47,1,'Sales-taxes US-WA 6.5%'),(47,2,'Sales-taxes US-WA 6.5%'),(47,3,'Sales-taxes US-WA 6.5%'),(47,4,'Sales-taxes US-WA 6.5%'),(47,5,'Sales-taxes US-WA 6.5%'),(47,6,'Sales-taxes US-WA 6.5%'),(47,7,'Sales-taxes US-WA 6.5%'),(47,8,'Sales-taxes US-WA 6.5%'),(47,9,'Sales-taxes US-WA 6.5%'),(48,1,'Sales-taxes US-WV 6%'),(48,2,'Sales-taxes US-WV 6%'),(48,3,'Sales-taxes US-WV 6%'),(48,4,'Sales-taxes US-WV 6%'),(48,5,'Sales-taxes US-WV 6%'),(48,6,'Sales-taxes US-WV 6%'),(48,7,'Sales-taxes US-WV 6%'),(48,8,'Sales-taxes US-WV 6%'),(48,9,'Sales-taxes US-WV 6%'),(49,1,'Sales-taxes US-WI 5%'),(49,2,'Sales-taxes US-WI 5%'),(49,3,'Sales-taxes US-WI 5%'),(49,4,'Sales-taxes US-WI 5%'),(49,5,'Sales-taxes US-WI 5%'),(49,6,'Sales-taxes US-WI 5%'),(49,7,'Sales-taxes US-WI 5%'),(49,8,'Sales-taxes US-WI 5%'),(49,9,'Sales-taxes US-WI 5%'),(50,1,'Sales-taxes US-WY 4%'),(50,2,'Sales-taxes US-WY 4%'),(50,3,'Sales-taxes US-WY 4%'),(50,4,'Sales-taxes US-WY 4%'),(50,5,'Sales-taxes US-WY 4%'),(50,6,'Sales-taxes US-WY 4%'),(50,7,'Sales-taxes US-WY 4%'),(50,8,'Sales-taxes US-WY 4%'),(50,9,'Sales-taxes US-WY 4%'),(51,1,'Sales-taxes US-PR 5.5%'),(51,2,'Sales-taxes US-PR 5.5%'),(51,3,'Sales-taxes US-PR 5.5%'),(51,4,'Sales-taxes US-PR 5.5%'),(51,5,'Sales-taxes US-PR 5.5%'),(51,6,'Sales-taxes US-PR 5.5%'),(51,7,'Sales-taxes US-PR 5.5%'),(51,8,'Sales-taxes US-PR 5.5%'),(51,9,'Sales-taxes US-PR 5.5%'),(52,1,'Sales-taxes US-DC 6%'),(52,2,'Sales-taxes US-DC 6%'),(52,3,'Sales-taxes US-DC 6%'),(52,4,'Sales-taxes US-DC 6%'),(52,5,'Sales-taxes US-DC 6%'),(52,6,'Sales-taxes US-DC 6%'),(52,7,'Sales-taxes US-DC 6%'),(52,8,'Sales-taxes US-DC 6%'),(52,9,'Sales-taxes US-DC 6%');

--
-- Table structure for table `ps_tax_rule`
--

CREATE TABLE `ps_tax_rule` (
  `id_tax_rule` int(11) NOT NULL AUTO_INCREMENT,
  `id_tax_rules_group` int(11) NOT NULL,
  `id_country` int(11) NOT NULL,
  `id_state` int(11) NOT NULL,
  `zipcode_from` varchar(12) NOT NULL,
  `zipcode_to` varchar(12) NOT NULL,
  `id_tax` int(11) NOT NULL,
  `behavior` int(11) NOT NULL,
  `description` varchar(100) NOT NULL,
  PRIMARY KEY (`id_tax_rule`),
  KEY `id_tax_rules_group` (`id_tax_rules_group`),
  KEY `id_tax` (`id_tax`),
  KEY `category_getproducts` (`id_tax_rules_group`,`id_country`,`id_state`,`zipcode_from`)
) ENGINE=InnoDB AUTO_INCREMENT=67 DEFAULT CHARSET=utf8;

--
-- Dumping data for table `ps_tax_rule`
--

INSERT INTO `ps_tax_rule` VALUES (1,1,8,0,'0','0',1,1,''),(2,2,21,2,'0','0',2,1,''),(3,3,21,3,'0','0',3,1,''),(4,4,21,4,'0','0',4,1,''),(5,5,21,5,'0','0',5,1,''),(6,6,21,6,'0','0',6,1,''),(7,7,21,7,'0','0',7,1,''),(8,8,21,8,'0','0',8,1,''),(9,9,21,9,'0','0',9,1,''),(10,10,21,10,'0','0',10,1,''),(11,11,21,11,'0','0',11,1,''),(12,12,21,12,'0','0',12,1,''),(13,13,21,13,'0','0',13,1,''),(14,14,21,14,'0','0',14,1,''),(15,15,21,15,'0','0',15,1,''),(16,16,21,16,'0','0',16,1,''),(17,17,21,17,'0','0',17,1,''),(18,18,21,18,'0','0',18,1,''),(53,1,3,0,'0','0',5,0,''),(54,1,1,0,'0','0',6,0,''),(55,1,9,0,'0','0',7,0,''),(56,1,6,0,'0','0',8,0,''),(57,1,26,0,'0','0',9,0,''),(58,1,10,0,'0','0',10,0,''),(59,1,12,0,'0','0',11,0,''),(60,1,139,0,'0','0',12,0,''),(61,1,13,0,'0','0',13,0,''),(62,1,2,0,'0','0',14,0,''),(63,1,15,0,'0','0',15,0,''),(64,1,7,0,'0','0',16,0,''),(65,1,18,0,'0','0',17,0,''),(66,1,17,0,'0','0',18,0,'');

--
-- Table structure for table `ps_tax_rules_group`
--

CREATE TABLE `ps_tax_rules_group` (
  `id_tax_rules_group` int(11) NOT NULL AUTO_INCREMENT,
  `name` varchar(50) NOT NULL,
  `active` int(11) NOT NULL,
  `deleted` tinyint(1) unsigned NOT NULL,
  `date_add` datetime NOT NULL,
  `date_upd` datetime NOT NULL,
  PRIMARY KEY (`id_tax_rules_group`)
) ENGINE=InnoDB AUTO_INCREMENT=53 DEFAULT CHARSET=utf8;

--
-- Dumping data for table `ps_tax_rules_group`
--

INSERT INTO `ps_tax_rules_group` VALUES (1,'TVA Zone EU',1,0,'2015-08-29 08:36:16','2016-02-04 16:20:25'),(2,'US-AK Rate (0%)',0,0,'2015-08-29 08:36:16','2016-02-04 16:22:07'),(3,'US-AZ Rate (6.6%)',0,0,'2015-08-29 08:36:16','2016-02-04 16:22:07'),(4,'US-AR Rate (6%)',0,0,'2015-08-29 08:36:16','2016-02-04 16:22:07'),(5,'US-CA Rate (8.25%)',0,0,'2015-08-29 08:36:16','2016-02-04 16:22:07'),(6,'US-CO Rate (2.9%)',0,0,'2015-08-29 08:36:16','2016-02-04 16:22:07'),(7,'US-CT Rate (0%)',0,0,'2015-08-29 08:36:16','2016-02-04 16:22:07'),(8,'US-DE Rate (0%)',0,0,'2015-08-29 08:36:16','2016-02-04 16:22:07'),(9,'US-FL Rate (6%)',0,0,'2015-08-29 08:36:16','2016-02-04 16:22:07'),(10,'US-GA Rate (4%)',0,0,'2015-08-29 08:36:16','2016-02-04 16:22:07'),(11,'US-HI Rate (4%)',0,0,'2015-08-29 08:36:16','2016-02-04 16:22:07'),(12,'US-ID Rate (6%)',0,0,'2015-08-29 08:36:16','2016-02-04 16:22:07'),(13,'US-IL Rate (6.25%)',0,0,'2015-08-29 08:36:16','2016-02-04 16:22:07'),(14,'US-IN Rate (7%)',0,0,'2015-08-29 08:36:16','2016-02-04 16:22:07'),(15,'US-IA Rate (6%)',0,0,'2015-08-29 08:36:16','2016-02-04 16:22:07'),(16,'US-KS Rate (5.3%)',0,0,'2015-08-29 08:36:16','2016-02-04 16:22:07'),(17,'US-KY Rate (6%)',0,0,'2015-08-29 08:36:16','2016-02-04 16:22:07'),(18,'US-LA Rate (4%)',0,0,'2015-08-29 08:36:16','2016-02-04 16:22:07'),(19,'US-ME Rate (5%)',0,0,'2015-08-29 08:36:16','2016-02-04 16:22:07'),(20,'US-MD Rate (6%)',0,0,'2015-08-29 08:36:16','2016-02-04 16:22:07'),(21,'US-MA Rate (6.25%)',0,0,'2015-08-29 08:36:16','2016-02-04 16:22:07'),(22,'US-MI Rate (6%)',0,0,'2015-08-29 08:36:16','2016-02-04 16:22:07'),(23,'US-MN Rate (6.875%)',0,0,'2015-08-29 08:36:16','2016-02-04 16:22:07'),(24,'US-MS Rate (7%)',0,0,'2015-08-29 08:36:16','2016-02-04 16:22:07'),(25,'US-MO Rate (4.225%)',0,0,'2015-08-29 08:36:16','2016-02-04 16:22:07'),(26,'US-MT Rate (0%)',0,0,'2015-08-29 08:36:16','2016-02-04 16:22:07'),(27,'US-NE Rate (5.5%)',0,0,'2015-08-29 08:36:16','2016-02-04 16:22:07'),(28,'US-NV Rate (6.85%)',0,0,'2015-08-29 08:36:16','2016-02-04 16:22:07'),(29,'US-NH Rate (0%)',0,0,'2015-08-29 08:36:16','2016-02-04 16:22:07'),(30,'US-NJ Rate (7%)',0,0,'2015-08-29 08:36:16','2016-02-04 16:22:07'),(31,'US-NM Rate (5.125%)',0,0,'2015-08-29 08:36:16','2016-02-04 16:22:07'),(32,'US-NY Rate (4%)',0,0,'2015-08-29 08:36:16','2016-02-04 16:22:07'),(33,'US-NC Rate (5.5%)',0,0,'2015-08-29 08:36:16','2016-02-04 16:22:07'),(34,'US-ND Rate (5%)',0,0,'2015-08-29 08:36:16','2016-02-04 16:22:07'),(35,'US-OH Rate (5.5%)',0,0,'2015-08-29 08:36:16','2016-02-04 16:22:07'),(36,'US-OK Rate (4.5%)',0,0,'2015-08-29 08:36:16','2016-02-04 16:22:07'),(37,'US-OR Rate (0%)',0,0,'2015-08-29 08:36:16','2016-02-04 16:22:07'),(38,'US-PA Rate (6%)',0,0,'2015-08-29 08:36:16','2016-02-04 16:22:07'),(39,'US-RI Rate (7%)',0,0,'2015-08-29 08:36:16','2016-02-04 16:22:07'),(40,'US-SC Rate (6%)',0,0,'2015-08-29 08:36:16','2016-02-04 16:22:07'),(41,'US-SD Rate (4%)',0,0,'2015-08-29 08:36:16','2016-02-04 16:22:07'),(42,'US-TN Rate (7%)',0,0,'2015-08-29 08:36:16','2016-02-04 16:22:07'),(43,'US-TX Rate (6.25%)',0,0,'2015-08-29 08:36:16','2016-02-04 16:22:07'),(44,'US-UT Rate (4.75%)',0,0,'2015-08-29 08:36:16','2016-02-04 16:22:07'),(45,'US-VT Rate (6%)',0,0,'2015-08-29 08:36:16','2016-02-04 16:22:07'),(46,'US-VA Rate (4%)',0,0,'2015-08-29 08:36:16','2016-02-04 16:22:07'),(47,'US-WA Rate (6.5%)',0,0,'2015-08-29 08:36:16','2016-02-04 16:22:07'),(48,'US-WV Rate (6%)',0,0,'2015-08-29 08:36:16','2016-02-04 16:22:07'),(49,'US-WI Rate (5%)',0,0,'2015-08-29 08:36:16','2016-02-04 16:22:07'),(50,'US-WY Rate (4%)',0,0,'2015-08-29 08:36:16','2016-02-04 16:22:07'),(51,'US-PR Rate (5.5%)',0,0,'2015-08-29 08:36:16','2016-02-04 16:22:07'),(52,'US-DC Rate (6%)',0,0,'2015-08-29 08:36:16','2016-02-04 16:22:07');

--
-- Table structure for table `ps_tax_rules_group_shop`
--

CREATE TABLE `ps_tax_rules_group_shop` (
  `id_tax_rules_group` int(11) unsigned NOT NULL,
  `id_shop` int(11) unsigned NOT NULL,
  PRIMARY KEY (`id_tax_rules_group`,`id_shop`),
  KEY `id_shop` (`id_shop`)
) ENGINE=InnoDB DEFAULT CHARSET=utf8;

--
-- Dumping data for table `ps_tax_rules_group_shop`
--

INSERT INTO `ps_tax_rules_group_shop` VALUES (1,1),(2,1),(3,1),(4,1),(5,1),(6,1),(7,1),(8,1),(9,1),(10,1),(11,1),(12,1),(13,1),(14,1),(15,1),(16,1),(17,1),(18,1),(19,1),(20,1),(21,1),(22,1),(23,1),(24,1),(25,1),(26,1),(27,1),(28,1),(29,1),(30,1),(31,1),(32,1),(33,1),(34,1),(35,1),(36,1),(37,1),(38,1),(39,1),(40,1),(41,1),(42,1),(43,1),(44,1),(45,1),(46,1),(47,1),(48,1),(49,1),(50,1),(51,1),(52,1);

--
-- Table structure for table `ps_theme`
--

CREATE TABLE `ps_theme` (
  `id_theme` int(11) NOT NULL AUTO_INCREMENT,
  `name` varchar(64) NOT NULL,
  `directory` varchar(64) NOT NULL,
  `responsive` tinyint(1) NOT NULL DEFAULT '0',
  `default_left_column` tinyint(1) NOT NULL DEFAULT '0',
  `default_right_column` tinyint(1) NOT NULL DEFAULT '0',
  `product_per_page` int(10) unsigned NOT NULL,
  PRIMARY KEY (`id_theme`)
) ENGINE=InnoDB AUTO_INCREMENT=5 DEFAULT CHARSET=utf8;

--
-- Dumping data for table `ps_theme`
--

INSERT INTO `ps_theme` VALUES (1,'default-bootstrap','default-bootstrap',1,1,0,12),(3,'base-theme','base-theme',1,0,1,12),(4,'leo_tshirt','leo_tshirt',1,0,1,12);

--
-- Table structure for table `ps_theme_meta`
--

CREATE TABLE `ps_theme_meta` (
  `id_theme_meta` int(11) NOT NULL AUTO_INCREMENT,
  `id_theme` int(11) NOT NULL,
  `id_meta` int(10) unsigned NOT NULL,
  `left_column` tinyint(1) NOT NULL DEFAULT '1',
  `right_column` tinyint(1) NOT NULL DEFAULT '1',
  PRIMARY KEY (`id_theme_meta`),
  UNIQUE KEY `id_theme_2` (`id_theme`,`id_meta`),
  KEY `id_theme` (`id_theme`),
  KEY `id_meta` (`id_meta`)
) ENGINE=InnoDB AUTO_INCREMENT=143 DEFAULT CHARSET=utf8;

--
-- Dumping data for table `ps_theme_meta`
--

INSERT INTO `ps_theme_meta` VALUES (1,1,1,0,0),(2,1,2,1,0),(3,1,3,0,0),(4,1,4,0,0),(5,1,5,1,0),(6,1,6,1,0),(7,1,7,0,0),(8,1,8,1,0),(9,1,9,1,0),(10,1,10,0,0),(11,1,11,0,0),(12,1,12,0,0),(13,1,13,0,0),(14,1,14,0,0),(15,1,15,0,0),(16,1,16,0,0),(17,1,17,0,0),(18,1,18,0,0),(19,1,19,0,0),(20,1,20,0,0),(21,1,21,0,0),(22,1,22,1,0),(23,1,23,0,0),(24,1,24,0,0),(25,1,25,0,0),(26,1,26,0,0),(27,1,28,1,0),(28,1,29,0,0),(29,1,27,0,0),(30,1,30,0,0),(31,1,31,0,0),(32,1,32,0,0),(33,1,33,0,0),(34,1,34,0,0),(69,3,1,0,0),(70,3,2,0,0),(71,3,3,0,0),(72,3,4,0,1),(73,3,5,0,0),(74,3,6,0,0),(75,3,7,0,0),(76,3,8,0,0),(77,3,9,0,0),(78,3,10,0,0),(79,3,11,0,0),(80,3,12,0,0),(81,3,13,0,0),(82,3,14,0,0),(83,3,15,0,0),(84,3,16,0,0),(85,3,17,0,0),(86,3,18,0,0),(87,3,19,0,0),(88,3,20,0,0),(89,3,21,0,0),(90,3,22,0,0),(91,3,23,0,0),(92,3,24,0,0),(93,3,25,0,0),(94,3,26,0,0),(95,3,27,0,1),(96,3,28,0,1),(97,3,29,0,0),(98,3,34,0,0),(99,3,33,0,1),(100,3,32,0,1),(101,3,30,0,1),(102,3,31,0,1),(103,4,1,0,0),(104,4,11,0,1),(105,4,12,0,1),(106,4,13,0,0),(107,4,2,0,1),(108,4,14,0,0),(109,4,28,0,1),(110,4,29,0,1),(111,4,3,0,0),(112,4,15,0,1),(113,4,25,0,1),(114,4,16,0,1),(115,4,17,0,1),(116,4,4,0,0),(117,4,5,0,1),(118,4,33,0,1),(119,4,32,0,1),(120,4,30,0,1),(121,4,31,0,1),(122,4,18,0,1),(123,4,6,0,1),(124,4,21,0,1),(125,4,26,0,1),(126,4,19,0,1),(127,4,24,0,1),(128,4,20,0,1),(129,4,7,0,0),(130,4,8,0,1),(131,4,27,0,1),(132,4,34,0,1),(133,4,22,0,1),(134,4,9,0,1),(135,4,23,0,1),(136,4,10,0,1),(137,3,35,0,1),(138,1,35,1,0),(139,4,35,0,1),(140,3,36,0,1),(141,1,36,1,0),(142,4,36,0,1);

--
-- Table structure for table `ps_theme_specific`
--

CREATE TABLE `ps_theme_specific` (
  `id_theme` int(11) unsigned NOT NULL,
  `id_shop` int(11) unsigned NOT NULL,
  `entity` int(11) unsigned NOT NULL,
  `id_object` int(11) unsigned NOT NULL,
  PRIMARY KEY (`id_theme`,`id_shop`,`entity`,`id_object`)
) ENGINE=InnoDB DEFAULT CHARSET=utf8;

--
-- Dumping data for table `ps_theme_specific`
--


--
-- Table structure for table `ps_themeconfigurator`
--

CREATE TABLE `ps_themeconfigurator` (
  `id_item` int(10) unsigned NOT NULL AUTO_INCREMENT,
  `id_shop` int(10) unsigned NOT NULL,
  `id_lang` int(10) unsigned NOT NULL,
  `item_order` int(10) unsigned NOT NULL,
  `title` varchar(100) DEFAULT NULL,
  `title_use` tinyint(1) unsigned NOT NULL DEFAULT '0',
  `hook` varchar(100) DEFAULT NULL,
  `url` text,
  `target` tinyint(1) unsigned NOT NULL DEFAULT '0',
  `image` varchar(100) DEFAULT NULL,
  `image_w` varchar(10) DEFAULT NULL,
  `image_h` varchar(10) DEFAULT NULL,
  `html` text,
  `active` tinyint(1) unsigned NOT NULL DEFAULT '1',
  PRIMARY KEY (`id_item`)
) ENGINE=InnoDB DEFAULT CHARSET=utf8;

--
-- Dumping data for table `ps_themeconfigurator`
--


--
-- Table structure for table `ps_timezone`
--

CREATE TABLE `ps_timezone` (
  `id_timezone` int(10) unsigned NOT NULL AUTO_INCREMENT,
  `name` varchar(32) NOT NULL,
  PRIMARY KEY (`id_timezone`)
) ENGINE=InnoDB AUTO_INCREMENT=561 DEFAULT CHARSET=utf8;

--
-- Dumping data for table `ps_timezone`
--

INSERT INTO `ps_timezone` VALUES (1,'Africa/Abidjan'),(2,'Africa/Accra'),(3,'Africa/Addis_Ababa'),(4,'Africa/Algiers'),(5,'Africa/Asmara'),(6,'Africa/Asmera'),(7,'Africa/Bamako'),(8,'Africa/Bangui'),(9,'Africa/Banjul'),(10,'Africa/Bissau'),(11,'Africa/Blantyre'),(12,'Africa/Brazzaville'),(13,'Africa/Bujumbura'),(14,'Africa/Cairo'),(15,'Africa/Casablanca'),(16,'Africa/Ceuta'),(17,'Africa/Conakry'),(18,'Africa/Dakar'),(19,'Africa/Dar_es_Salaam'),(20,'Africa/Djibouti'),(21,'Africa/Douala'),(22,'Africa/El_Aaiun'),(23,'Africa/Freetown'),(24,'Africa/Gaborone'),(25,'Africa/Harare'),(26,'Africa/Johannesburg'),(27,'Africa/Kampala'),(28,'Africa/Khartoum'),(29,'Africa/Kigali'),(30,'Africa/Kinshasa'),(31,'Africa/Lagos'),(32,'Africa/Libreville'),(33,'Africa/Lome'),(34,'Africa/Luanda'),(35,'Africa/Lubumbashi'),(36,'Africa/Lusaka'),(37,'Africa/Malabo'),(38,'Africa/Maputo'),(39,'Africa/Maseru'),(40,'Africa/Mbabane'),(41,'Africa/Mogadishu'),(42,'Africa/Monrovia'),(43,'Africa/Nairobi'),(44,'Africa/Ndjamena'),(45,'Africa/Niamey'),(46,'Africa/Nouakchott'),(47,'Africa/Ouagadougou'),(48,'Africa/Porto-Novo'),(49,'Africa/Sao_Tome'),(50,'Africa/Timbuktu'),(51,'Africa/Tripoli'),(52,'Africa/Tunis'),(53,'Africa/Windhoek'),(54,'America/Adak'),(55,'America/Anchorage '),(56,'America/Anguilla'),(57,'America/Antigua'),(58,'America/Araguaina'),(59,'America/Argentina/Buenos_Aires'),(60,'America/Argentina/Catamarca'),(61,'America/Argentina/ComodRivadavia'),(62,'America/Argentina/Cordoba'),(63,'America/Argentina/Jujuy'),(64,'America/Argentina/La_Rioja'),(65,'America/Argentina/Mendoza'),(66,'America/Argentina/Rio_Gallegos'),(67,'America/Argentina/Salta'),(68,'America/Argentina/San_Juan'),(69,'America/Argentina/San_Luis'),(70,'America/Argentina/Tucuman'),(71,'America/Argentina/Ushuaia'),(72,'America/Aruba'),(73,'America/Asuncion'),(74,'America/Atikokan'),(75,'America/Atka'),(76,'America/Bahia'),(77,'America/Barbados'),(78,'America/Belem'),(79,'America/Belize'),(80,'America/Blanc-Sablon'),(81,'America/Boa_Vista'),(82,'America/Bogota'),(83,'America/Boise'),(84,'America/Buenos_Aires'),(85,'America/Cambridge_Bay'),(86,'America/Campo_Grande'),(87,'America/Cancun'),(88,'America/Caracas'),(89,'America/Catamarca'),(90,'America/Cayenne'),(91,'America/Cayman'),(92,'America/Chicago'),(93,'America/Chihuahua'),(94,'America/Coral_Harbour'),(95,'America/Cordoba'),(96,'America/Costa_Rica'),(97,'America/Cuiaba'),(98,'America/Curacao'),(99,'America/Danmarkshavn'),(100,'America/Dawson'),(101,'America/Dawson_Creek'),(102,'America/Denver'),(103,'America/Detroit'),(104,'America/Dominica'),(105,'America/Edmonton'),(106,'America/Eirunepe'),(107,'America/El_Salvador'),(108,'America/Ensenada'),(109,'America/Fort_Wayne'),(110,'America/Fortaleza'),(111,'America/Glace_Bay'),(112,'America/Godthab'),(113,'America/Goose_Bay'),(114,'America/Grand_Turk'),(115,'America/Grenada'),(116,'America/Guadeloupe'),(117,'America/Guatemala'),(118,'America/Guayaquil'),(119,'America/Guyana'),(120,'America/Halifax'),(121,'America/Havana'),(122,'America/Hermosillo'),(123,'America/Indiana/Indianapolis'),(124,'America/Indiana/Knox'),(125,'America/Indiana/Marengo'),(126,'America/Indiana/Petersburg'),(127,'America/Indiana/Tell_City'),(128,'America/Indiana/Vevay'),(129,'America/Indiana/Vincennes'),(130,'America/Indiana/Winamac'),(131,'America/Indianapolis'),(132,'America/Inuvik'),(133,'America/Iqaluit'),(134,'America/Jamaica'),(135,'America/Jujuy'),(136,'America/Juneau'),(137,'America/Kentucky/Louisville'),(138,'America/Kentucky/Monticello'),(139,'America/Knox_IN'),(140,'America/La_Paz'),(141,'America/Lima'),(142,'America/Los_Angeles'),(143,'America/Louisville'),(144,'America/Maceio'),(145,'America/Managua'),(146,'America/Manaus'),(147,'America/Marigot'),(148,'America/Martinique'),(149,'America/Mazatlan'),(150,'America/Mendoza'),(151,'America/Menominee'),(152,'America/Merida'),(153,'America/Mexico_City'),(154,'America/Miquelon'),(155,'America/Moncton'),(156,'America/Monterrey'),(157,'America/Montevideo'),(158,'America/Montreal'),(159,'America/Montserrat'),(160,'America/Nassau'),(161,'America/New_York'),(162,'America/Nipigon'),(163,'America/Nome'),(164,'America/Noronha'),(165,'America/North_Dakota/Center'),(166,'America/North_Dakota/New_Salem'),(167,'America/Panama'),(168,'America/Pangnirtung'),(169,'America/Paramaribo'),(170,'America/Phoenix'),(171,'America/Port-au-Prince'),(172,'America/Port_of_Spain'),(173,'America/Porto_Acre'),(174,'America/Porto_Velho'),(175,'America/Puerto_Rico'),(176,'America/Rainy_River'),(177,'America/Rankin_Inlet'),(178,'America/Recife'),(179,'America/Regina'),(180,'America/Resolute'),(181,'America/Rio_Branco'),(182,'America/Rosario'),(183,'America/Santarem'),(184,'America/Santiago'),(185,'America/Santo_Domingo'),(186,'America/Sao_Paulo'),(187,'America/Scoresbysund'),(188,'America/Shiprock'),(189,'America/St_Barthelemy'),(190,'America/St_Johns'),(191,'America/St_Kitts'),(192,'America/St_Lucia'),(193,'America/St_Thomas'),(194,'America/St_Vincent'),(195,'America/Swift_Current'),(196,'America/Tegucigalpa'),(197,'America/Thule'),(198,'America/Thunder_Bay'),(199,'America/Tijuana'),(200,'America/Toronto'),(201,'America/Tortola'),(202,'America/Vancouver'),(203,'America/Virgin'),(204,'America/Whitehorse'),(205,'America/Winnipeg'),(206,'America/Yakutat'),(207,'America/Yellowknife'),(208,'Antarctica/Casey'),(209,'Antarctica/Davis'),(210,'Antarctica/DumontDUrville'),(211,'Antarctica/Mawson'),(212,'Antarctica/McMurdo'),(213,'Antarctica/Palmer'),(214,'Antarctica/Rothera'),(215,'Antarctica/South_Pole'),(216,'Antarctica/Syowa'),(217,'Antarctica/Vostok'),(218,'Arctic/Longyearbyen'),(219,'Asia/Aden'),(220,'Asia/Almaty'),(221,'Asia/Amman'),(222,'Asia/Anadyr'),(223,'Asia/Aqtau'),(224,'Asia/Aqtobe'),(225,'Asia/Ashgabat'),(226,'Asia/Ashkhabad'),(227,'Asia/Baghdad'),(228,'Asia/Bahrain'),(229,'Asia/Baku'),(230,'Asia/Bangkok'),(231,'Asia/Beirut'),(232,'Asia/Bishkek'),(233,'Asia/Brunei'),(234,'Asia/Calcutta'),(235,'Asia/Choibalsan'),(236,'Asia/Chongqing'),(237,'Asia/Chungking'),(238,'Asia/Colombo'),(239,'Asia/Dacca'),(240,'Asia/Damascus'),(241,'Asia/Dhaka'),(242,'Asia/Dili'),(243,'Asia/Dubai'),(244,'Asia/Dushanbe'),(245,'Asia/Gaza'),(246,'Asia/Harbin'),(247,'Asia/Ho_Chi_Minh'),(248,'Asia/Hong_Kong'),(249,'Asia/Hovd'),(250,'Asia/Irkutsk'),(251,'Asia/Istanbul'),(252,'Asia/Jakarta'),(253,'Asia/Jayapura'),(254,'Asia/Jerusalem'),(255,'Asia/Kabul'),(256,'Asia/Kamchatka'),(257,'Asia/Karachi'),(258,'Asia/Kashgar'),(259,'Asia/Kathmandu'),(260,'Asia/Katmandu'),(261,'Asia/Kolkata'),(262,'Asia/Krasnoyarsk'),(263,'Asia/Kuala_Lumpur'),(264,'Asia/Kuching'),(265,'Asia/Kuwait'),(266,'Asia/Macao'),(267,'Asia/Macau'),(268,'Asia/Magadan'),(269,'Asia/Makassar'),(270,'Asia/Manila'),(271,'Asia/Muscat'),(272,'Asia/Nicosia'),(273,'Asia/Novosibirsk'),(274,'Asia/Omsk'),(275,'Asia/Oral'),(276,'Asia/Phnom_Penh'),(277,'Asia/Pontianak'),(278,'Asia/Pyongyang'),(279,'Asia/Qatar'),(280,'Asia/Qyzylorda'),(281,'Asia/Rangoon'),(282,'Asia/Riyadh'),(283,'Asia/Saigon'),(284,'Asia/Sakhalin'),(285,'Asia/Samarkand'),(286,'Asia/Seoul'),(287,'Asia/Shanghai'),(288,'Asia/Singapore'),(289,'Asia/Taipei'),(290,'Asia/Tashkent'),(291,'Asia/Tbilisi'),(292,'Asia/Tehran'),(293,'Asia/Tel_Aviv'),(294,'Asia/Thimbu'),(295,'Asia/Thimphu'),(296,'Asia/Tokyo'),(297,'Asia/Ujung_Pandang'),(298,'Asia/Ulaanbaatar'),(299,'Asia/Ulan_Bator'),(300,'Asia/Urumqi'),(301,'Asia/Vientiane'),(302,'Asia/Vladivostok'),(303,'Asia/Yakutsk'),(304,'Asia/Yekaterinburg'),(305,'Asia/Yerevan'),(306,'Atlantic/Azores'),(307,'Atlantic/Bermuda'),(308,'Atlantic/Canary'),(309,'Atlantic/Cape_Verde'),(310,'Atlantic/Faeroe'),(311,'Atlantic/Faroe'),(312,'Atlantic/Jan_Mayen'),(313,'Atlantic/Madeira'),(314,'Atlantic/Reykjavik'),(315,'Atlantic/South_Georgia'),(316,'Atlantic/St_Helena'),(317,'Atlantic/Stanley'),(318,'Australia/ACT'),(319,'Australia/Adelaide'),(320,'Australia/Brisbane'),(321,'Australia/Broken_Hill'),(322,'Australia/Canberra'),(323,'Australia/Currie'),(324,'Australia/Darwin'),(325,'Australia/Eucla'),(326,'Australia/Hobart'),(327,'Australia/LHI'),(328,'Australia/Lindeman'),(329,'Australia/Lord_Howe'),(330,'Australia/Melbourne'),(331,'Australia/North'),(332,'Australia/NSW'),(333,'Australia/Perth'),(334,'Australia/Queensland'),(335,'Australia/South'),(336,'Australia/Sydney'),(337,'Australia/Tasmania'),(338,'Australia/Victoria'),(339,'Australia/West'),(340,'Australia/Yancowinna'),(341,'Europe/Amsterdam'),(342,'Europe/Andorra'),(343,'Europe/Athens'),(344,'Europe/Belfast'),(345,'Europe/Belgrade'),(346,'Europe/Berlin'),(347,'Europe/Bratislava'),(348,'Europe/Brussels'),(349,'Europe/Bucharest'),(350,'Europe/Budapest'),(351,'Europe/Chisinau'),(352,'Europe/Copenhagen'),(353,'Europe/Dublin'),(354,'Europe/Gibraltar'),(355,'Europe/Guernsey'),(356,'Europe/Helsinki'),(357,'Europe/Isle_of_Man'),(358,'Europe/Istanbul'),(359,'Europe/Jersey'),(360,'Europe/Kaliningrad'),(361,'Europe/Kiev'),(362,'Europe/Lisbon'),(363,'Europe/Ljubljana'),(364,'Europe/London'),(365,'Europe/Luxembourg'),(366,'Europe/Madrid'),(367,'Europe/Malta'),(368,'Europe/Mariehamn'),(369,'Europe/Minsk'),(370,'Europe/Monaco'),(371,'Europe/Moscow'),(372,'Europe/Nicosia'),(373,'Europe/Oslo'),(374,'Europe/Paris'),(375,'Europe/Podgorica'),(376,'Europe/Prague'),(377,'Europe/Riga'),(378,'Europe/Rome'),(379,'Europe/Samara'),(380,'Europe/San_Marino'),(381,'Europe/Sarajevo'),(382,'Europe/Simferopol'),(383,'Europe/Skopje'),(384,'Europe/Sofia'),(385,'Europe/Stockholm'),(386,'Europe/Tallinn'),(387,'Europe/Tirane'),(388,'Europe/Tiraspol'),(389,'Europe/Uzhgorod'),(390,'Europe/Vaduz'),(391,'Europe/Vatican'),(392,'Europe/Vienna'),(393,'Europe/Vilnius'),(394,'Europe/Volgograd'),(395,'Europe/Warsaw'),(396,'Europe/Zagreb'),(397,'Europe/Zaporozhye'),(398,'Europe/Zurich'),(399,'Indian/Antananarivo'),(400,'Indian/Chagos'),(401,'Indian/Christmas'),(402,'Indian/Cocos'),(403,'Indian/Comoro'),(404,'Indian/Kerguelen'),(405,'Indian/Mahe'),(406,'Indian/Maldives'),(407,'Indian/Mauritius'),(408,'Indian/Mayotte'),(409,'Indian/Reunion'),(410,'Pacific/Apia'),(411,'Pacific/Auckland'),(412,'Pacific/Chatham'),(413,'Pacific/Easter'),(414,'Pacific/Efate'),(415,'Pacific/Enderbury'),(416,'Pacific/Fakaofo'),(417,'Pacific/Fiji'),(418,'Pacific/Funafuti'),(419,'Pacific/Galapagos'),(420,'Pacific/Gambier'),(421,'Pacific/Guadalcanal'),(422,'Pacific/Guam'),(423,'Pacific/Honolulu'),(424,'Pacific/Johnston'),(425,'Pacific/Kiritimati'),(426,'Pacific/Kosrae'),(427,'Pacific/Kwajalein'),(428,'Pacific/Majuro'),(429,'Pacific/Marquesas'),(430,'Pacific/Midway'),(431,'Pacific/Nauru'),(432,'Pacific/Niue'),(433,'Pacific/Norfolk'),(434,'Pacific/Noumea'),(435,'Pacific/Pago_Pago'),(436,'Pacific/Palau'),(437,'Pacific/Pitcairn'),(438,'Pacific/Ponape'),(439,'Pacific/Port_Moresby'),(440,'Pacific/Rarotonga'),(441,'Pacific/Saipan'),(442,'Pacific/Samoa'),(443,'Pacific/Tahiti'),(444,'Pacific/Tarawa'),(445,'Pacific/Tongatapu'),(446,'Pacific/Truk'),(447,'Pacific/Wake'),(448,'Pacific/Wallis'),(449,'Pacific/Yap'),(450,'Brazil/Acre'),(451,'Brazil/DeNoronha'),(452,'Brazil/East'),(453,'Brazil/West'),(454,'Canada/Atlantic'),(455,'Canada/Central'),(456,'Canada/East-Saskatchewan'),(457,'Canada/Eastern'),(458,'Canada/Mountain'),(459,'Canada/Newfoundland'),(460,'Canada/Pacific'),(461,'Canada/Saskatchewan'),(462,'Canada/Yukon'),(463,'CET'),(464,'Chile/Continental'),(465,'Chile/EasterIsland'),(466,'CST6CDT'),(467,'Cuba'),(468,'EET'),(469,'Egypt'),(470,'Eire'),(471,'EST'),(472,'EST5EDT'),(473,'Etc/GMT'),(474,'Etc/GMT+0'),(475,'Etc/GMT+1'),(476,'Etc/GMT+10'),(477,'Etc/GMT+11'),(478,'Etc/GMT+12'),(479,'Etc/GMT+2'),(480,'Etc/GMT+3'),(481,'Etc/GMT+4'),(482,'Etc/GMT+5'),(483,'Etc/GMT+6'),(484,'Etc/GMT+7'),(485,'Etc/GMT+8'),(486,'Etc/GMT+9'),(487,'Etc/GMT-0'),(488,'Etc/GMT-1'),(489,'Etc/GMT-10'),(490,'Etc/GMT-11'),(491,'Etc/GMT-12'),(492,'Etc/GMT-13'),(493,'Etc/GMT-14'),(494,'Etc/GMT-2'),(495,'Etc/GMT-3'),(496,'Etc/GMT-4'),(497,'Etc/GMT-5'),(498,'Etc/GMT-6'),(499,'Etc/GMT-7'),(500,'Etc/GMT-8'),(501,'Etc/GMT-9'),(502,'Etc/GMT0'),(503,'Etc/Greenwich'),(504,'Etc/UCT'),(505,'Etc/Universal'),(506,'Etc/UTC'),(507,'Etc/Zulu'),(508,'Factory'),(509,'GB'),(510,'GB-Eire'),(511,'GMT'),(512,'GMT+0'),(513,'GMT-0'),(514,'GMT0'),(515,'Greenwich'),(516,'Hongkong'),(517,'HST'),(518,'Iceland'),(519,'Iran'),(520,'Israel'),(521,'Jamaica'),(522,'Japan'),(523,'Kwajalein'),(524,'Libya'),(525,'MET'),(526,'Mexico/BajaNorte'),(527,'Mexico/BajaSur'),(528,'Mexico/General'),(529,'MST'),(530,'MST7MDT'),(531,'Navajo'),(532,'NZ'),(533,'NZ-CHAT'),(534,'Poland'),(535,'Portugal'),(536,'PRC'),(537,'PST8PDT'),(538,'ROC'),(539,'ROK'),(540,'Singapore'),(541,'Turkey'),(542,'UCT'),(543,'Universal'),(544,'US/Alaska'),(545,'US/Aleutian'),(546,'US/Arizona'),(547,'US/Central'),(548,'US/East-Indiana'),(549,'US/Eastern'),(550,'US/Hawaii'),(551,'US/Indiana-Starke'),(552,'US/Michigan'),(553,'US/Mountain'),(554,'US/Pacific'),(555,'US/Pacific-New'),(556,'US/Samoa'),(557,'UTC'),(558,'W-SU'),(559,'WET'),(560,'Zulu');

--
-- Table structure for table `ps_warehouse`
--

CREATE TABLE `ps_warehouse` (
  `id_warehouse` int(11) unsigned NOT NULL AUTO_INCREMENT,
  `id_currency` int(11) unsigned NOT NULL,
  `id_address` int(11) unsigned NOT NULL,
  `id_employee` int(11) unsigned NOT NULL,
  `reference` varchar(32) DEFAULT NULL,
  `name` varchar(45) NOT NULL,
  `management_type` enum('WA','FIFO','LIFO') NOT NULL DEFAULT 'WA',
  `deleted` tinyint(1) unsigned NOT NULL DEFAULT '0',
  PRIMARY KEY (`id_warehouse`)
) ENGINE=InnoDB DEFAULT CHARSET=utf8;

--
-- Dumping data for table `ps_warehouse`
--


--
-- Table structure for table `ps_warehouse_carrier`
--

CREATE TABLE `ps_warehouse_carrier` (
  `id_carrier` int(11) unsigned NOT NULL,
  `id_warehouse` int(11) unsigned NOT NULL,
  PRIMARY KEY (`id_warehouse`,`id_carrier`),
  KEY `id_warehouse` (`id_warehouse`),
  KEY `id_carrier` (`id_carrier`)
) ENGINE=InnoDB DEFAULT CHARSET=utf8;

--
-- Dumping data for table `ps_warehouse_carrier`
--


--
-- Table structure for table `ps_warehouse_product_location`
--

CREATE TABLE `ps_warehouse_product_location` (
  `id_warehouse_product_location` int(11) unsigned NOT NULL AUTO_INCREMENT,
  `id_product` int(11) unsigned NOT NULL,
  `id_product_attribute` int(11) unsigned NOT NULL,
  `id_warehouse` int(11) unsigned NOT NULL,
  `location` varchar(64) DEFAULT NULL,
  PRIMARY KEY (`id_warehouse_product_location`),
  UNIQUE KEY `id_product` (`id_product`,`id_product_attribute`,`id_warehouse`)
) ENGINE=InnoDB DEFAULT CHARSET=utf8;

--
-- Dumping data for table `ps_warehouse_product_location`
--


--
-- Table structure for table `ps_warehouse_shop`
--

CREATE TABLE `ps_warehouse_shop` (
  `id_shop` int(11) unsigned NOT NULL,
  `id_warehouse` int(11) unsigned NOT NULL,
  PRIMARY KEY (`id_warehouse`,`id_shop`),
  KEY `id_warehouse` (`id_warehouse`),
  KEY `id_shop` (`id_shop`)
) ENGINE=InnoDB DEFAULT CHARSET=utf8;

--
-- Dumping data for table `ps_warehouse_shop`
--


--
-- Table structure for table `ps_web_browser`
--

CREATE TABLE `ps_web_browser` (
  `id_web_browser` int(10) unsigned NOT NULL AUTO_INCREMENT,
  `name` varchar(64) DEFAULT NULL,
  PRIMARY KEY (`id_web_browser`)
) ENGINE=InnoDB AUTO_INCREMENT=12 DEFAULT CHARSET=utf8;

--
-- Dumping data for table `ps_web_browser`
--

INSERT INTO `ps_web_browser` VALUES (1,'Safari'),(2,'Safari iPad'),(3,'Firefox'),(4,'Opera'),(5,'IE 6'),(6,'IE 7'),(7,'IE 8'),(8,'IE 9'),(9,'IE 10'),(10,'IE 11'),(11,'Chrome');

--
-- Table structure for table `ps_webservice_account`
--

CREATE TABLE `ps_webservice_account` (
  `id_webservice_account` int(11) NOT NULL AUTO_INCREMENT,
  `key` varchar(32) NOT NULL,
  `description` text,
  `class_name` varchar(50) NOT NULL DEFAULT 'WebserviceRequest',
  `is_module` tinyint(2) NOT NULL DEFAULT '0',
  `module_name` varchar(50) DEFAULT NULL,
  `active` tinyint(2) NOT NULL,
  PRIMARY KEY (`id_webservice_account`),
  KEY `key` (`key`)
) ENGINE=InnoDB DEFAULT CHARSET=utf8;

--
-- Dumping data for table `ps_webservice_account`
--


--
-- Table structure for table `ps_webservice_account_shop`
--

CREATE TABLE `ps_webservice_account_shop` (
  `id_webservice_account` int(11) unsigned NOT NULL,
  `id_shop` int(11) unsigned NOT NULL,
  PRIMARY KEY (`id_webservice_account`,`id_shop`),
  KEY `id_shop` (`id_shop`)
) ENGINE=InnoDB DEFAULT CHARSET=utf8;

--
-- Dumping data for table `ps_webservice_account_shop`
--


--
-- Table structure for table `ps_webservice_permission`
--

CREATE TABLE `ps_webservice_permission` (
  `id_webservice_permission` int(11) NOT NULL AUTO_INCREMENT,
  `resource` varchar(50) NOT NULL,
  `method` enum('GET','POST','PUT','DELETE','HEAD') NOT NULL,
  `id_webservice_account` int(11) NOT NULL,
  PRIMARY KEY (`id_webservice_permission`),
  UNIQUE KEY `resource_2` (`resource`,`method`,`id_webservice_account`),
  KEY `resource` (`resource`),
  KEY `method` (`method`),
  KEY `id_webservice_account` (`id_webservice_account`)
) ENGINE=InnoDB DEFAULT CHARSET=utf8;

--
-- Dumping data for table `ps_webservice_permission`
--


--
-- Table structure for table `ps_wishlist`
--

CREATE TABLE `ps_wishlist` (
  `id_wishlist` int(10) unsigned NOT NULL AUTO_INCREMENT,
  `id_customer` int(10) unsigned NOT NULL,
  `token` varchar(64) NOT NULL,
  `name` varchar(64) NOT NULL,
  `counter` int(10) unsigned DEFAULT NULL,
  `id_shop` int(10) unsigned DEFAULT '1',
  `id_shop_group` int(10) unsigned DEFAULT '1',
  `date_add` datetime NOT NULL,
  `date_upd` datetime NOT NULL,
  `default` int(11) NOT NULL DEFAULT '0',
  PRIMARY KEY (`id_wishlist`)
) ENGINE=InnoDB DEFAULT CHARSET=utf8;

--
-- Dumping data for table `ps_wishlist`
--


--
-- Table structure for table `ps_wishlist_email`
--

CREATE TABLE `ps_wishlist_email` (
  `id_wishlist` int(10) unsigned NOT NULL,
  `email` varchar(128) NOT NULL,
  `date_add` datetime NOT NULL
) ENGINE=InnoDB DEFAULT CHARSET=utf8;

--
-- Dumping data for table `ps_wishlist_email`
--


--
-- Table structure for table `ps_wishlist_product`
--

CREATE TABLE `ps_wishlist_product` (
  `id_wishlist_product` int(10) NOT NULL AUTO_INCREMENT,
  `id_wishlist` int(10) unsigned NOT NULL,
  `id_product` int(10) unsigned NOT NULL,
  `id_product_attribute` int(10) unsigned NOT NULL,
  `quantity` int(10) unsigned NOT NULL,
  `priority` int(10) unsigned NOT NULL,
  PRIMARY KEY (`id_wishlist_product`)
) ENGINE=InnoDB DEFAULT CHARSET=utf8;

--
-- Dumping data for table `ps_wishlist_product`
--


--
-- Table structure for table `ps_wishlist_product_cart`
--

CREATE TABLE `ps_wishlist_product_cart` (
  `id_wishlist_product` int(10) unsigned NOT NULL,
  `id_cart` int(10) unsigned NOT NULL,
  `quantity` int(10) unsigned NOT NULL,
  `date_add` datetime NOT NULL
) ENGINE=InnoDB DEFAULT CHARSET=utf8;

--
-- Dumping data for table `ps_wishlist_product_cart`
--


--
-- Table structure for table `ps_zone`
--

CREATE TABLE `ps_zone` (
  `id_zone` int(10) unsigned NOT NULL AUTO_INCREMENT,
  `name` varchar(64) NOT NULL,
  `active` tinyint(1) unsigned NOT NULL DEFAULT '0',
  PRIMARY KEY (`id_zone`)
) ENGINE=InnoDB AUTO_INCREMENT=9 DEFAULT CHARSET=utf8;

--
-- Dumping data for table `ps_zone`
--

INSERT INTO `ps_zone` VALUES (1,'Europe',1),(2,'North America',0),(3,'Asia',0),(4,'Africa',0),(5,'Oceania',0),(6,'South America',0),(7,'Europe (non-EU)',1),(8,'Central America/Antilla',0);

--
-- Table structure for table `ps_zone_shop`
--

CREATE TABLE `ps_zone_shop` (
  `id_zone` int(11) unsigned NOT NULL,
  `id_shop` int(11) unsigned NOT NULL,
  PRIMARY KEY (`id_zone`,`id_shop`),
  KEY `id_shop` (`id_shop`)
) ENGINE=InnoDB DEFAULT CHARSET=utf8;

--
-- Dumping data for table `ps_zone_shop`
--

INSERT INTO `ps_zone_shop` VALUES (1,1),(2,1),(3,1),(4,1),(5,1),(6,1),(7,1),(8,1);


