-- Table structure for table `ps_hook`
--

CREATE TABLE `ps_hook` (
  `id_hook` int(10) unsigned NOT NULL AUTO_INCREMENT,
  `name` varchar(64) NOT NULL,
  `title` varchar(64) NOT NULL,
  `description` text,
  `position` tinyint(1) NOT NULL DEFAULT '1',
  `live_edit` tinyint(1) NOT NULL DEFAULT '0',
  PRIMARY KEY (`id_hook`),
  UNIQUE KEY `hook_name` (`name`)
) ENGINE=InnoDB AUTO_INCREMENT=176 DEFAULT CHARSET=utf8;

--
-- Dumping data for table `ps_hook`
--

INSERT INTO `ps_hook` VALUES (1,'displayPayment','Payment','This hook displays new elements on the payment page',1,1),(2,'actionValidateOrder','New orders',NULL,0,0),(3,'displayMaintenance','Maintenance Page','This hook displays new elements on the maintenance page',1,0),(4,'actionPaymentConfirmation','Payment confirmation','This hook displays new elements after the payment is validated',0,0),(5,'displayPaymentReturn','Payment return',NULL,1,0),(6,'actionUpdateQuantity','Quantity update','Quantity is updated only when a customer effectively places their order',0,0),(7,'displayRightColumn','Right column blocks','This hook displays new elements in the right-hand column',1,1),(8,'displayLeftColumn','Left column blocks','This hook displays new elements in the left-hand column',1,1),(9,'displayHome','Homepage content','This hook displays new elements on the homepage',1,1),(10,'displayHeader','Pages header','This hook displays additional elements in the header of your pages',1,0),(11,'actionCartSave','Cart creation and update','This hook is displayed when a product is added to the cart or if the cart\'s content is modified',0,0),(12,'actionAuthentication','Successful customer authentication','This hook is displayed after a customer successfully signs in',0,0),(13,'actionProductAdd','Product creation','This hook is displayed after a product is created',0,0),(14,'actionProductUpdate','Product update','This hook is displayed after a product has been updated',0,0),(15,'displayTop','Top of pages','This hook displays  additional elements at the top of your pages',1,1),(16,'displayRightColumnProduct','New elements on the product page (right column)','This hook displays new elements in the right-hand column of the product page',1,0),(17,'actionProductDelete','Product deletion','This hook is called when a product is deleted',0,0),(18,'displayFooterProduct','Product footer','This hook adds new blocks under the product\'s description',1,1),(19,'displayInvoice','Invoice','This hook displays new blocks on the invoice (order)',1,0),(20,'actionOrderStatusUpdate','Order status update - Event','This hook launches modules when the status of an order changes.',0,0),(21,'displayAdminOrder','Display new elements in the Back Office, tab AdminOrder','This hook launches modules when the AdminOrder tab is displayed in the Back Office',1,0),(22,'displayFooter','Footer','This hook displays new blocks in the footer',1,1),(23,'displayPDFInvoice','PDF Invoice','This hook allows you to display additional information on PDF invoices',1,0),(24,'displayAdminCustomers','Display new elements in the Back Office, tab AdminCustomers','This hook launches modules when the AdminCustomers tab is displayed in the Back Office',1,0),(25,'displayOrderConfirmation','Order confirmation page','This hook is called within an order\'s confirmation page',1,0),(26,'actionCustomerAccountAdd','Successful customer account creation','This hook is called when a new customer creates an account successfully',0,0),(27,'displayCustomerAccount','Customer account displayed in Front Office','This hook displays new elements on the customer account page',1,0),(28,'actionOrderSlipAdd','Order slip creation','This hook is called when a new credit slip is added regarding client order',0,0),(29,'displayProductTab','Tabs on product page','This hook is called on the product page\'s tab',1,0),(30,'displayProductTabContent','Tabs content on the product page','This hook is called on the product page\'s tab',1,0),(31,'displayShoppingCartFooter','Shopping cart footer','This hook displays some specific information on the shopping cart\'s page',1,0),(32,'displayCustomerAccountForm','Customer account creation form','This hook displays some information on the form to create a customer account',1,0),(33,'displayAdminStatsModules','Stats - Modules',NULL,1,0),(34,'displayAdminStatsGraphEngine','Graph engines',NULL,1,0),(35,'actionOrderReturn','Returned product','This hook is displayed when a customer returns a product ',0,0),(36,'displayProductButtons','Product page actions','This hook adds new action buttons on the product page',1,0),(37,'displayBackOfficeHome','Administration panel homepage','This hook is displayed on the admin panel\'s homepage',1,0),(38,'displayAdminStatsGridEngine','Grid engines',NULL,1,0),(39,'actionWatermark','Watermark',NULL,0,0),(40,'actionProductCancel','Product cancelled','This hook is called when you cancel a product in an order',0,0),(41,'displayLeftColumnProduct','New elements on the product page (left column)','This hook displays new elements in the left-hand column of the product page',1,0),(42,'actionProductOutOfStock','Out-of-stock product','This hook displays new action buttons if a product is out of stock',0,0),(43,'actionProductAttributeUpdate','Product attribute update','This hook is displayed when a product\'s attribute is updated',0,0),(44,'displayCarrierList','Extra carrier (module mode)',NULL,1,0),(45,'displayShoppingCart','Shopping cart - Additional button','This hook displays new action buttons within the shopping cart',1,0),(46,'actionSearch','Search',NULL,0,0),(47,'displayBeforePayment','Redirect during the order process','This hook redirects the user to the module instead of displaying payment modules',1,0),(48,'actionCarrierUpdate','Carrier Update','This hook is called when a carrier is updated',0,0),(49,'actionOrderStatusPostUpdate','Post update of order status',NULL,0,0),(50,'displayCustomerAccountFormTop','Block above the form for create an account','This hook is displayed above the customer\'s account creation form',1,0),(51,'displayBackOfficeHeader','Administration panel header','This hook is displayed in the header of the admin panel',1,0),(52,'displayBackOfficeTop','Administration panel hover the tabs','This hook is displayed on the roll hover of the tabs within the admin panel',1,0),(53,'displayBackOfficeFooter','Administration panel footer','This hook is displayed within the admin panel\'s footer',1,0),(54,'actionProductAttributeDelete','Product attribute deletion','This hook is displayed when a product\'s attribute is deleted',0,0),(55,'actionCarrierProcess','Carrier process',NULL,0,0),(56,'actionOrderDetail','Order detail','This hook is used to set the follow-up in Smarty when an order\'s detail is called',0,0),(57,'displayBeforeCarrier','Before carriers list','This hook is displayed before the carrier list in Front Office',1,0),(58,'displayOrderDetail','Order detail','This hook is displayed within the order\'s details in Front Office',1,0),(59,'actionPaymentCCAdd','Payment CC added',NULL,0,0),(60,'displayProductComparison','Extra product comparison',NULL,1,0),(61,'actionCategoryAdd','Category creation','This hook is displayed when a category is created',0,0),(62,'actionCategoryUpdate','Category modification','This hook is displayed when a category is modified',0,0),(63,'actionCategoryDelete','Category deletion','This hook is displayed when a category is deleted',0,0),(64,'actionBeforeAuthentication','Before authentication','This hook is displayed before the customer\'s authentication',0,0),(65,'displayPaymentTop','Top of payment page','This hook is displayed at the top of the payment page',1,0),(66,'actionHtaccessCreate','After htaccess creation','This hook is displayed after the htaccess creation',0,0),(67,'actionAdminMetaSave','After saving the configuration in AdminMeta','This hook is displayed after saving the configuration in AdminMeta',0,0),(68,'displayAttributeGroupForm','Add fields to the form \'attribute group\'','This hook adds fields to the form \'attribute group\'',1,0),(69,'actionAttributeGroupSave','Saving an attribute group','This hook is called while saving an attributes group',0,0),(70,'actionAttributeGroupDelete','Deleting attribute group','This hook is called while deleting an attributes  group',0,0),(71,'displayFeatureForm','Add fields to the form \'feature\'','This hook adds fields to the form \'feature\'',1,0),(72,'actionFeatureSave','Saving attributes\' features','This hook is called while saving an attributes features',0,0),(73,'actionFeatureDelete','Deleting attributes\' features','This hook is called while deleting an attributes features',0,0),(74,'actionProductSave','Saving products','This hook is called while saving products',0,0),(75,'actionProductListOverride','Assign a products list to a category','This hook assigns a products list to a category',0,0),(76,'displayAttributeGroupPostProcess','On post-process in admin attribute group','This hook is called on post-process in admin attribute group',1,0),(77,'displayFeaturePostProcess','On post-process in admin feature','This hook is called on post-process in admin feature',1,0),(78,'displayFeatureValueForm','Add fields to the form \'feature value\'','This hook adds fields to the form \'feature value\'',1,0),(79,'displayFeatureValuePostProcess','On post-process in admin feature value','This hook is called on post-process in admin feature value',1,0),(80,'actionFeatureValueDelete','Deleting attributes\' features\' values','This hook is called while deleting an attributes features value',0,0),(81,'actionFeatureValueSave','Saving an attributes features value','This hook is called while saving an attributes features value',0,0),(82,'displayAttributeForm','Add fields to the form \'attribute value\'','This hook adds fields to the form \'attribute value\'',1,0),(83,'actionAttributePostProcess','On post-process in admin feature value','This hook is called on post-process in admin feature value',0,0),(84,'actionAttributeDelete','Deleting an attributes features value','This hook is called while deleting an attributes features value',0,0),(85,'actionAttributeSave','Saving an attributes features value','This hook is called while saving an attributes features value',0,0),(86,'actionTaxManager','Tax Manager Factory',NULL,0,0),(87,'displayMyAccountBlock','My account block','This hook displays extra information within the \'my account\' block\"',1,0),(88,'actionModuleInstallBefore','actionModuleInstallBefore',NULL,0,0),(89,'actionModuleInstallAfter','actionModuleInstallAfter',NULL,0,0),(90,'displayHomeTab','Home Page Tabs','This hook displays new elements on the homepage tabs',1,1),(91,'displayHomeTabContent','Home Page Tabs Content','This hook displays new elements on the homepage tabs content',1,1),(92,'displayTopColumn','Top column blocks','This hook displays new elements in the top of columns',1,1),(93,'displayBackOfficeCategory','Display new elements in the Back Office, tab AdminCategories','This hook launches modules when the AdminCategories tab is displayed in the Back Office',1,0),(94,'displayProductListFunctionalButtons','Display new elements in the Front Office, products list','This hook launches modules when the products list is displayed in the Front Office',1,0),(95,'displayNav','Navigation',NULL,1,1),(96,'actionObjectProductUpdateAfter','actionObjectProductUpdateAfter',NULL,0,0),(97,'actionObjectProductDeleteAfter','actionObjectProductDeleteAfter',NULL,0,0),(98,'displayCompareExtraInformation','displayCompareExtraInformation',NULL,1,1),(99,'displayBanner','displayBanner',NULL,1,1),(100,'actionObjectLanguageAddAfter','actionObjectLanguageAddAfter',NULL,0,0),(101,'actionCartListOverride','actionCartListOverride',NULL,0,0),(102,'actionAdminMetaControllerUpdate_optionsBefore','actionAdminMetaControllerUpdate_optionsBefore',NULL,0,0),(103,'actionAdminLanguagesControllerStatusBefore','actionAdminLanguagesControllerStatusBefore',NULL,0,0),(104,'actionObjectCmsUpdateAfter','actionObjectCmsUpdateAfter',NULL,0,0),(105,'actionObjectCmsDeleteAfter','actionObjectCmsDeleteAfter',NULL,0,0),(106,'actionShopDataDuplication','actionShopDataDuplication',NULL,0,0),(107,'actionAdminStoresControllerUpdate_optionsAfter','actionAdminStoresControllerUpdate_optionsAfter',NULL,0,0),(108,'actionObjectManufacturerDeleteAfter','actionObjectManufacturerDeleteAfter',NULL,0,0),(109,'actionObjectManufacturerAddAfter','actionObjectManufacturerAddAfter',NULL,0,0),(110,'actionObjectManufacturerUpdateAfter','actionObjectManufacturerUpdateAfter',NULL,0,0),(112,'actionModuleRegisterHookAfter','actionModuleRegisterHookAfter',NULL,0,0),(113,'actionModuleUnRegisterHookAfter','actionModuleUnRegisterHookAfter',NULL,0,0),(114,'displayMyAccountBlockfooter','My account block','Display extra informations inside the \"my account\" block',1,0),(115,'displayMobileTopSiteMap','displayMobileTopSiteMap',NULL,1,1),(116,'actionObjectSupplierDeleteAfter','actionObjectSupplierDeleteAfter',NULL,0,0),(117,'actionObjectSupplierAddAfter','actionObjectSupplierAddAfter',NULL,0,0),(118,'actionObjectSupplierUpdateAfter','actionObjectSupplierUpdateAfter',NULL,0,0),(119,'actionObjectCategoryUpdateAfter','actionObjectCategoryUpdateAfter',NULL,0,0),(120,'actionObjectCategoryDeleteAfter','actionObjectCategoryDeleteAfter',NULL,0,0),(121,'actionObjectCategoryAddAfter','actionObjectCategoryAddAfter',NULL,0,0),(122,'actionObjectCmsAddAfter','actionObjectCmsAddAfter',NULL,0,0),(123,'actionObjectProductAddAfter','actionObjectProductAddAfter',NULL,0,0),(124,'dashboardZoneOne','dashboardZoneOne',NULL,0,0),(125,'dashboardData','dashboardData',NULL,0,0),(126,'actionObjectOrderAddAfter','actionObjectOrderAddAfter',NULL,0,0),(127,'actionObjectCustomerAddAfter','actionObjectCustomerAddAfter',NULL,0,0),(128,'actionObjectCustomerMessageAddAfter','actionObjectCustomerMessageAddAfter',NULL,0,0),(129,'actionObjectCustomerThreadAddAfter','actionObjectCustomerThreadAddAfter',NULL,0,0),(130,'actionObjectOrderReturnAddAfter','actionObjectOrderReturnAddAfter',NULL,0,0),(131,'actionAdminControllerSetMedia','actionAdminControllerSetMedia',NULL,0,0),(132,'dashboardZoneTwo','dashboardZoneTwo',NULL,0,0),(133,'displayProductListReviews','displayProductListReviews',NULL,1,1),(134,'actionAdminMetaControllerUpdate_optionsAfter','actionAdminMetaControllerUpdate_optionsAfter',NULL,0,0),(135,'actionAdminPerformanceControllerSaveAfter','actionAdminPerformanceControllerSaveAfter',NULL,0,0),(136,'actionObjectCarrierAddAfter','actionObjectCarrierAddAfter',NULL,0,0),(137,'actionObjectContactAddAfter','actionObjectContactAddAfter',NULL,0,0),(138,'actionAdminThemesControllerUpdate_optionsAfter','actionAdminThemesControllerUpdate_optionsAfter',NULL,0,0),(139,'actionObjectShopUpdateAfter','actionObjectShopUpdateAfter',NULL,0,0),(140,'actionAdminPreferencesControllerUpdate_optionsAfter','actionAdminPreferencesControllerUpdate_optionsAfter',NULL,0,0),(141,'actionObjectShopAddAfter','actionObjectShopAddAfter',NULL,0,0),(142,'actionObjectShopGroupAddAfter','actionObjectShopGroupAddAfter',NULL,0,0),(143,'actionObjectCartAddAfter','actionObjectCartAddAfter',NULL,0,0),(144,'actionObjectEmployeeAddAfter','actionObjectEmployeeAddAfter',NULL,0,0),(145,'actionObjectImageAddAfter','actionObjectImageAddAfter',NULL,0,0),(146,'actionObjectCartRuleAddAfter','actionObjectCartRuleAddAfter',NULL,0,0),(147,'actionAdminStoresControllerSaveAfter','actionAdminStoresControllerSaveAfter',NULL,0,0),(148,'actionAdminWebserviceControllerSaveAfter','actionAdminWebserviceControllerSaveAfter',NULL,0,0),(149,'displayHeaderRight','displayHeaderRight',NULL,1,1),(150,'displaySlideshow','displaySlideshow',NULL,1,1),(151,'topNavigation','topNavigation',NULL,1,1),(152,'displayBottom','displayBottom',NULL,1,1),(153,'displayContentBottom','displayContentBottom',NULL,1,1),(154,'displayFootNav','displayFootNav',NULL,1,1),(155,'displayFooterTop','displayFooterTop',NULL,1,1),(156,'displayFooterBottom','displayFooterBottom',NULL,1,1),(157,'displayAdminOrderTabOrder','Display new elements in Back Office on AdminOrder, panel Order','This hook launches modules when the AdminOrder tab is displayed in the Back Office and extends / override Order panel tabs',1,0),(158,'displayAdminOrderContentOrder','Display new elements in Back Office on AdminOrder, panel Order','This hook launches modules when the AdminOrder tab is displayed in the Back Office and extends / override Order panel content',1,0),(159,'displayAdminOrderTabShip','Display new elements in Back Office, AdminOrder, panel Shipping','This hook launches modules when the AdminOrder tab is displayed in the Back Office and extends / override Shipping panel tabs',1,0),(160,'displayAdminOrderContentShip','Display new elements in Back Office, AdminOrder, panel Shipping','This hook launches modules when the AdminOrder tab is displayed in the Back Office and extends / override Shipping panel content',1,0),(161,'displayCustomerIdentityForm','Customer identity form displayed in Front Office','This hook displays new elements on the form to update a customer identity',1,0),(162,'actionAdminLoginControllerSetMedia','Set media on admin login page header','This hook is called after adding media to admin login page header',0,0),(163,'actionOrderEdited','Order edited','This hook is called when an order is edited.',0,0),(164,'displayAdminNavBarBeforeEnd','Admin Nav-bar before end','Called before the end of the nav-bar.',1,0),(165,'displayAdminAfterHeader','Admin after header','Hook called just after the header of the backoffice.',1,0),(166,'displayAdminLogin','Admin login','Hook called just after login of the backoffice.',1,0),(167,'displayInvoiceLegalFreeText','PDF Invoice - Legal Free Text','This hook allows you to modify the legal free text on PDF invoices',1,0),(168,'displaySocialSharing','displaySocialSharing',NULL,1,1),(169,'displaySearch','displaySearch','',1,1),(170,'gSitemapAppendUrls','GSitemap Append URLs','This hook allows a module to add URLs to a generated sitemap',1,0),(171,'displayPaymentEU','displayPaymentEU','',1,1),(172,'actionPSCleanerGetModulesTables','actionPSCleanerGetModulesTables','',0,0),(173,'displayMobileHeader','displayMobileHeader','',1,1),(174,'displayMobileShoppingCartTop','displayMobileShoppingCartTop','',1,1),(175,'displayMobileAddToCartTop','displayMobileAddToCartTop','',1,1);

--
-- Table structure for table `ps_hook_alias`
--

CREATE TABLE `ps_hook_alias` (
  `id_hook_alias` int(10) unsigned NOT NULL AUTO_INCREMENT,
  `alias` varchar(64) NOT NULL,
  `name` varchar(64) NOT NULL,
  PRIMARY KEY (`id_hook_alias`),
  UNIQUE KEY `alias` (`alias`)
) ENGINE=InnoDB AUTO_INCREMENT=87 DEFAULT CHARSET=utf8;

--
-- Dumping data for table `ps_hook_alias`
--

INSERT INTO `ps_hook_alias` VALUES (1,'payment','displayPayment'),(2,'newOrder','actionValidateOrder'),(3,'paymentConfirm','actionPaymentConfirmation'),(4,'paymentReturn','displayPaymentReturn'),(5,'updateQuantity','actionUpdateQuantity'),(6,'rightColumn','displayRightColumn'),(7,'leftColumn','displayLeftColumn'),(8,'home','displayHome'),(9,'header','displayHeader'),(10,'cart','actionCartSave'),(11,'authentication','actionAuthentication'),(12,'addproduct','actionProductAdd'),(13,'updateproduct','actionProductUpdate'),(14,'top','displayTop'),(15,'extraRight','displayRightColumnProduct'),(16,'deleteproduct','actionProductDelete'),(17,'productfooter','displayFooterProduct'),(18,'invoice','displayInvoice'),(19,'updateOrderStatus','actionOrderStatusUpdate'),(20,'adminOrder','displayAdminOrder'),(21,'footer','displayFooter'),(22,'PDFInvoice','displayPDFInvoice'),(23,'adminCustomers','displayAdminCustomers'),(24,'orderConfirmation','displayOrderConfirmation'),(25,'createAccount','actionCustomerAccountAdd'),(26,'customerAccount','displayCustomerAccount'),(27,'orderSlip','actionOrderSlipAdd'),(28,'productTab','displayProductTab'),(29,'productTabContent','displayProductTabContent'),(30,'shoppingCart','displayShoppingCartFooter'),(31,'createAccountForm','displayCustomerAccountForm'),(32,'AdminStatsModules','displayAdminStatsModules'),(33,'GraphEngine','displayAdminStatsGraphEngine'),(34,'orderReturn','actionOrderReturn'),(35,'productActions','displayProductButtons'),(36,'backOfficeHome','displayBackOfficeHome'),(37,'GridEngine','displayAdminStatsGridEngine'),(38,'watermark','actionWatermark'),(39,'cancelProduct','actionProductCancel'),(40,'extraLeft','displayLeftColumnProduct'),(41,'productOutOfStock','actionProductOutOfStock'),(42,'updateProductAttribute','actionProductAttributeUpdate'),(43,'extraCarrier','displayCarrierList'),(44,'shoppingCartExtra','displayShoppingCart'),(45,'search','actionSearch'),(46,'backBeforePayment','displayBeforePayment'),(47,'updateCarrier','actionCarrierUpdate'),(48,'postUpdateOrderStatus','actionOrderStatusPostUpdate'),(49,'createAccountTop','displayCustomerAccountFormTop'),(50,'backOfficeHeader','displayBackOfficeHeader'),(51,'backOfficeTop','displayBackOfficeTop'),(52,'backOfficeFooter','displayBackOfficeFooter'),(53,'deleteProductAttribute','actionProductAttributeDelete'),(54,'processCarrier','actionCarrierProcess'),(55,'orderDetail','actionOrderDetail'),(56,'beforeCarrier','displayBeforeCarrier'),(57,'orderDetailDisplayed','displayOrderDetail'),(58,'paymentCCAdded','actionPaymentCCAdd'),(59,'extraProductComparison','displayProductComparison'),(60,'categoryAddition','actionCategoryAdd'),(61,'categoryUpdate','actionCategoryUpdate'),(62,'categoryDeletion','actionCategoryDelete'),(63,'beforeAuthentication','actionBeforeAuthentication'),(64,'paymentTop','displayPaymentTop'),(65,'afterCreateHtaccess','actionHtaccessCreate'),(66,'afterSaveAdminMeta','actionAdminMetaSave'),(67,'attributeGroupForm','displayAttributeGroupForm'),(68,'afterSaveAttributeGroup','actionAttributeGroupSave'),(69,'afterDeleteAttributeGroup','actionAttributeGroupDelete'),(70,'featureForm','displayFeatureForm'),(71,'afterSaveFeature','actionFeatureSave'),(72,'afterDeleteFeature','actionFeatureDelete'),(73,'afterSaveProduct','actionProductSave'),(74,'productListAssign','actionProductListOverride'),(75,'postProcessAttributeGroup','displayAttributeGroupPostProcess'),(76,'postProcessFeature','displayFeaturePostProcess'),(77,'featureValueForm','displayFeatureValueForm'),(78,'postProcessFeatureValue','displayFeatureValuePostProcess'),(79,'afterDeleteFeatureValue','actionFeatureValueDelete'),(80,'afterSaveFeatureValue','actionFeatureValueSave'),(81,'attributeForm','displayAttributeForm'),(82,'postProcessAttribute','actionAttributePostProcess'),(83,'afterDeleteAttribute','actionAttributeDelete'),(84,'afterSaveAttribute','actionAttributeSave'),(85,'taxManager','actionTaxManager'),(86,'myAccountBlock','displayMyAccountBlock');

--
-- Table structure for table `ps_hook_module`
--

CREATE TABLE `ps_hook_module` (
  `id_module` int(10) unsigned NOT NULL,
  `id_shop` int(11) unsigned NOT NULL DEFAULT '1',
  `id_hook` int(10) unsigned NOT NULL,
  `position` tinyint(2) unsigned NOT NULL,
  PRIMARY KEY (`id_module`,`id_hook`,`id_shop`),
  KEY `id_hook` (`id_hook`),
  KEY `id_module` (`id_module`),
  KEY `position` (`id_shop`,`position`)
) ENGINE=InnoDB DEFAULT CHARSET=utf8;

--
-- Dumping data for table `ps_hook_module`
--

INSERT INTO `ps_hook_module` VALUES (1,1,10,1),(1,1,16,1),(1,1,96,1),(1,1,97,1),(1,1,98,1),(1,1,168,1),(2,1,99,1),(2,1,100,1),(3,1,1,1),(3,1,5,1),(4,1,8,1),(4,1,13,1),(4,1,14,1),(4,1,17,1),(4,1,49,1),(5,1,15,1),(5,1,101,1),(7,1,7,1),(7,1,61,1),(7,1,62,1),(7,1,63,1),(7,1,93,1),(7,1,102,1),(7,1,103,1),(10,1,95,1),(12,1,104,1),(12,1,105,1),(12,1,106,1),(12,1,107,1),(16,1,108,1),(16,1,109,1),(16,1,110,1),(17,1,112,1),(17,1,113,1),(20,1,26,1),(22,1,115,1),(22,1,169,1),(25,1,116,1),(25,1,117,1),(25,1,118,1),(31,1,124,1),(31,1,125,1),(31,1,126,1),(31,1,127,1),(31,1,128,1),(31,1,129,1),(31,1,130,1),(31,1,131,1),(32,1,132,1),(34,1,46,1),(35,1,34,1),(36,1,38,1),(40,1,33,1),(50,1,12,1),(63,1,51,1),(64,1,2,1),(64,1,20,1),(64,1,89,1),(64,1,122,1),(64,1,123,1),(64,1,134,1),(64,1,135,1),(64,1,136,1),(64,1,137,1),(64,1,138,1),(64,1,139,1),(64,1,140,1),(64,1,141,1),(64,1,142,1),(64,1,143,1),(64,1,144,1),(64,1,145,1),(64,1,146,1),(64,1,147,1),(64,1,148,1),(66,1,29,1),(66,1,30,1),(66,1,60,1),(66,1,133,1),(67,1,41,1),(69,1,9,1),(69,1,18,1),(69,1,22,1),(69,1,92,1),(69,1,150,1),(69,1,151,1),(69,1,152,1),(69,1,153,1),(69,1,154,1),(69,1,155,1),(69,1,156,1),(76,1,119,1),(76,1,120,1),(76,1,121,1),(76,1,122,1),(76,1,123,1),(81,1,11,1),(81,1,24,1),(81,1,87,1),(81,1,94,1),(82,1,68,1),(82,1,69,1),(82,1,70,1),(82,1,71,1),(82,1,72,1),(82,1,73,1),(82,1,74,1),(82,1,75,1),(82,1,76,1),(82,1,77,1),(82,1,78,1),(82,1,79,1),(82,1,80,1),(82,1,81,1),(82,1,82,1),(82,1,83,1),(82,1,84,1),(82,1,85,1),(88,1,21,1),(88,1,25,1),(88,1,40,1),(91,1,44,1),(91,1,48,1),(91,1,55,1),(91,1,58,1),(92,1,45,1),(92,1,47,1),(92,1,171,1),(92,1,172,1),(92,1,173,1),(92,1,174,1),(92,1,175,1),(2,1,10,2),(18,1,112,2),(18,1,113,2),(19,1,13,2),(19,1,14,2),(19,1,17,2),(28,1,95,2),(30,1,1,2),(30,1,5,2),(32,1,49,2),(32,1,125,2),(32,1,131,2),(33,1,132,2),(34,1,126,2),(41,1,33,2),(50,1,26,2),(60,1,46,2),(63,1,9,2),(63,1,92,2),(63,1,100,2),(64,1,51,2),(64,1,107,2),(64,1,127,2),(64,1,129,2),(66,1,16,2),(69,1,7,2),(69,1,8,2),(69,1,15,2),(69,1,30,2),(69,1,106,2),(76,1,62,2),(76,1,96,2),(76,1,97,2),(76,1,104,2),(76,1,105,2),(76,1,108,2),(76,1,109,2),(76,1,110,2),(76,1,116,2),(76,1,117,2),(76,1,118,2),(80,1,22,2),(82,1,61,2),(82,1,63,2),(88,1,11,2),(88,1,18,2),(91,1,2,2),(92,1,21,2),(92,1,40,2),(93,1,41,2),(93,1,87,2),(95,1,171,2),(4,1,10,3),(12,1,8,3),(23,1,13,3),(23,1,14,3),(23,1,17,3),(33,1,125,3),(33,1,131,3),(34,1,132,3),(42,1,33,3),(64,1,126,3),(69,1,16,3),(76,1,106,3),(78,1,62,3),(81,1,15,3),(82,1,7,3),(86,1,9,3),(88,1,22,3),(88,1,51,3),(92,1,1,3),(92,1,5,3),(5,1,10,4),(16,1,8,4),(34,1,125,4),(35,1,131,4),(40,1,15,4),(43,1,33,4),(77,1,106,4),(78,1,13,4),(78,1,14,4),(78,1,17,4),(82,1,62,4),(88,1,9,4),(91,1,51,4),(95,1,1,4),(95,1,5,4),(6,1,10,5),(17,1,8,5),(26,1,13,5),(26,1,14,5),(26,1,17,5),(44,1,33,5),(92,1,51,5),(7,1,10,6),(19,1,8,6),(45,1,33,6),(21,1,8,7),(46,1,33,7),(75,1,10,7),(10,1,10,8),(23,1,8,8),(47,1,33,8),(12,1,10,9),(29,1,8,9),(48,1,33,9),(15,1,10,10),(49,1,33,10),(85,1,8,10),(16,1,10,11),(51,1,33,11),(17,1,10,12),(52,1,33,12),(18,1,10,13),(53,1,33,13),(19,1,10,14),(54,1,33,14),(20,1,10,15),(55,1,33,15),(21,1,10,16),(56,1,33,16),(22,1,10,17),(57,1,33,17),(23,1,10,18),(58,1,33,18),(24,1,10,19),(59,1,33,19),(25,1,10,20),(60,1,33,20),(26,1,10,21),(61,1,33,21),(28,1,10,22),(62,1,33,22),(29,1,10,23),(77,1,10,24),(78,1,10,25),(39,1,10,26),(63,1,10,27),(69,1,10,28),(66,1,10,29),(68,1,10,30),(67,1,10,31),(81,1,10,32),(82,1,10,33),(76,1,10,34),(85,1,10,35),(86,1,10,36),(87,1,10,37),(88,1,10,38),(91,1,10,39),(92,1,10,40),(93,1,10,41),(94,1,10,42);

--
-- Table structure for table `ps_hook_module_exceptions`
--

CREATE TABLE `ps_hook_module_exceptions` (
  `id_hook_module_exceptions` int(10) unsigned NOT NULL AUTO_INCREMENT,
  `id_shop` int(11) unsigned NOT NULL DEFAULT '1',
  `id_module` int(10) unsigned NOT NULL,
  `id_hook` int(10) unsigned NOT NULL,
  `file_name` varchar(255) DEFAULT NULL,
  PRIMARY KEY (`id_hook_module_exceptions`),
  KEY `id_module` (`id_module`),
  KEY `id_hook` (`id_hook`)
) ENGINE=InnoDB AUTO_INCREMENT=431 DEFAULT CHARSET=utf8;

--
-- Dumping data for table `ps_hook_module_exceptions`
--

INSERT INTO `ps_hook_module_exceptions` VALUES (1,1,4,8,'category'),(2,1,16,8,'category'),(3,1,17,8,'category'),(4,1,21,8,'category'),(5,1,25,8,'category'),(8,1,68,10,NULL),(9,1,69,7,NULL),(10,1,69,8,NULL),(12,1,69,10,NULL),(13,1,69,15,NULL),(14,1,69,16,NULL),(15,1,69,18,NULL),(16,1,69,22,NULL),(17,1,69,30,NULL),(18,1,69,92,NULL),(19,1,69,106,NULL),(20,1,69,151,NULL),(21,1,69,150,NULL),(22,1,69,153,NULL),(23,1,69,152,NULL),(24,1,69,155,NULL),(25,1,69,156,NULL),(26,1,69,154,NULL),(27,1,70,15,NULL),(28,1,70,92,NULL),(32,1,73,15,NULL),(35,1,63,8,'discount'),(36,1,63,8,'cart'),(37,1,63,8,'order'),(38,1,63,8,'orderopc'),(39,1,63,8,'password'),(40,1,63,8,'cms'),(41,1,63,8,'orderfollow'),(42,1,63,8,'identity'),(43,1,63,8,'address'),(44,1,63,8,'sitemap'),(45,1,63,8,'stores'),(46,1,63,8,'index'),(47,1,63,8,'orderslip'),(48,1,63,8,'discount'),(49,1,63,8,'addresses'),(50,1,63,8,'pagenotfound'),(51,1,63,8,'cms'),(52,1,63,8,'contact'),(53,1,63,8,'cart'),(54,1,63,8,'myaccount'),(55,1,63,8,'orderopc'),(56,1,63,8,'identity'),(57,1,63,8,'password'),(58,1,63,8,'orderfollow'),(59,1,63,8,'index'),(60,1,63,8,'auth'),(61,1,63,8,'product'),(62,1,63,8,'stores'),(63,1,63,8,'orderslip'),(64,1,63,8,'discount'),(65,1,63,8,'cart'),(66,1,63,8,'addresses'),(67,1,63,8,'order'),(68,1,63,8,'orderopc'),(69,1,63,8,'contact'),(70,1,63,8,'myaccount'),(71,1,63,8,'identity'),(72,1,63,8,'ad'),(73,1,63,8,'discount'),(74,1,63,8,'cart'),(75,1,63,8,'order'),(76,1,63,8,'orderopc'),(77,1,63,8,'password'),(78,1,63,8,'cms'),(79,1,63,8,'orderfollow'),(80,1,63,8,'identity'),(81,1,63,8,'address'),(82,1,63,8,'sitemap'),(83,1,63,8,'stores'),(84,1,63,8,'index'),(85,1,63,8,'orderslip'),(86,1,63,8,'discount'),(87,1,63,8,'addresses'),(88,1,63,8,'pagenotfound'),(89,1,63,8,'cms'),(90,1,63,8,'contact'),(91,1,63,8,'cart'),(92,1,63,8,'myaccount'),(93,1,63,8,'orderopc'),(94,1,63,8,'identity'),(95,1,63,8,'password'),(96,1,63,8,'orderfollow'),(97,1,63,8,'index'),(98,1,63,8,'auth'),(99,1,63,8,'product'),(100,1,63,8,'stores'),(101,1,63,8,'orderslip'),(102,1,63,8,'discount'),(103,1,63,8,'cart'),(104,1,63,8,'addresses'),(105,1,63,8,'order'),(106,1,63,8,'orderopc'),(107,1,63,8,'contact'),(108,1,63,8,'myaccount'),(109,1,63,8,'identity'),(110,1,63,8,'ad'),(111,1,4,8,'category'),(112,1,16,8,'category'),(113,1,17,8,'category'),(114,1,21,8,'category'),(115,1,25,8,'category'),(120,1,80,18,NULL),(121,1,80,18,NULL),(122,1,80,22,NULL),(123,1,80,22,NULL),(124,1,68,10,NULL),(125,1,68,10,NULL),(126,1,69,7,NULL),(127,1,69,7,NULL),(128,1,69,8,NULL),(129,1,69,8,NULL),(132,1,69,10,NULL),(133,1,69,10,NULL),(134,1,69,15,NULL),(135,1,69,15,NULL),(136,1,69,16,NULL),(137,1,69,16,NULL),(138,1,69,18,NULL),(139,1,69,18,NULL),(140,1,69,22,NULL),(141,1,69,22,NULL),(142,1,69,30,NULL),(143,1,69,30,NULL),(144,1,69,92,NULL),(145,1,69,92,NULL),(146,1,69,106,NULL),(147,1,69,106,NULL),(148,1,69,150,NULL),(149,1,69,150,NULL),(150,1,69,151,NULL),(151,1,69,151,NULL),(152,1,69,152,NULL),(153,1,69,152,NULL),(154,1,69,153,NULL),(155,1,69,153,NULL),(156,1,69,154,NULL),(157,1,69,154,NULL),(158,1,69,155,NULL),(159,1,69,155,NULL),(160,1,69,156,NULL),(161,1,69,156,NULL),(162,1,80,18,NULL),(163,1,80,18,NULL),(164,1,80,18,NULL),(165,1,80,18,NULL),(166,1,80,22,NULL),(167,1,80,22,NULL),(168,1,80,22,NULL),(169,1,80,22,NULL),(425,1,4,8,'category'),(426,1,16,8,'category'),(427,1,17,8,'category'),(428,1,21,8,'category'),(429,1,25,8,'category');

--
-- Table structure for table `ps_image`
--

CREATE TABLE `ps_image` (
  `id_image` int(10) unsigned NOT NULL AUTO_INCREMENT,
  `id_product` int(10) unsigned NOT NULL,
  `position` smallint(2) unsigned NOT NULL DEFAULT '0',
  `cover` tinyint(1) unsigned DEFAULT NULL,
  PRIMARY KEY (`id_image`),
  UNIQUE KEY `idx_product_image` (`id_image`,`id_product`,`cover`),
  UNIQUE KEY `id_product_cover` (`id_product`,`cover`),
  KEY `image_product` (`id_product`)
) ENGINE=InnoDB AUTO_INCREMENT=113 DEFAULT CHARSET=utf8;

--
-- Dumping data for table `ps_image`
--

INSERT INTO `ps_image` VALUES (67,11,1,1),(68,10,1,1),(69,9,1,1),(71,12,1,1),(72,13,1,1),(73,14,1,1),(75,15,1,1),(76,16,1,1),(77,17,1,1),(78,18,1,1),(79,19,1,1),(80,20,1,1),(81,21,1,1),(82,21,2,NULL),(83,22,1,1),(84,22,2,NULL),(87,24,1,1),(88,25,1,1),(89,26,1,1),(90,27,1,1),(91,28,1,1),(92,29,1,1),(97,30,1,1),(98,30,2,NULL),(99,30,3,NULL),(100,30,4,NULL),(102,31,1,1),(103,32,1,1),(104,33,1,1),(105,34,1,1),(106,35,1,1),(107,36,1,1),(108,37,1,1),(109,38,1,1),(110,39,1,1),(111,40,1,1),(112,41,1,1);

--
-- Table structure for table `ps_image_lang`
--

CREATE TABLE `ps_image_lang` (
  `id_image` int(10) unsigned NOT NULL,
  `id_lang` int(10) unsigned NOT NULL,
  `legend` varchar(128) DEFAULT NULL,
  PRIMARY KEY (`id_image`,`id_lang`),
  KEY `id_image` (`id_image`)
) ENGINE=InnoDB DEFAULT CHARSET=utf8;

--
-- Dumping data for table `ps_image_lang`
--

INSERT INTO `ps_image_lang` VALUES (67,1,'Faded Short Sleeve T-shirts'),(67,2,'0004'),(67,3,'Faded Short Sleeve T-shirts'),(67,4,'Faded Short Sleeve T-shirts'),(67,5,'Faded Short Sleeve T-shirts'),(67,6,'Faded Short Sleeve T-shirts'),(67,7,'Faded Short Sleeve T-shirts'),(67,8,'Faded Short Sleeve T-shirts'),(67,9,'Faded Short Sleeve T-shirts'),(68,1,'Faded Short Sleeve T-shirts'),(68,2,'0003'),(68,3,'Faded Short Sleeve T-shirts'),(68,4,'Faded Short Sleeve T-shirts'),(68,5,'Faded Short Sleeve T-shirts'),(68,6,'Faded Short Sleeve T-shirts'),(68,7,'Faded Short Sleeve T-shirts'),(68,8,'Faded Short Sleeve T-shirts'),(68,9,'Faded Short Sleeve T-shirts'),(69,1,'Faded Short Sleeve T-shirts'),(69,2,'0002'),(69,3,'Faded Short Sleeve T-shirts'),(69,4,'Faded Short Sleeve T-shirts'),(69,5,'Faded Short Sleeve T-shirts'),(69,6,'Faded Short Sleeve T-shirts'),(69,7,'Faded Short Sleeve T-shirts'),(69,8,'Faded Short Sleeve T-shirts'),(69,9,'Faded Short Sleeve T-shirts'),(71,1,'Faded Short Sleeve T-shirts'),(71,2,'0003'),(71,3,'Faded Short Sleeve T-shirts'),(71,4,'Faded Short Sleeve T-shirts'),(71,5,'Faded Short Sleeve T-shirts'),(71,6,'Faded Short Sleeve T-shirts'),(71,7,'Faded Short Sleeve T-shirts'),(71,8,'Faded Short Sleeve T-shirts'),(71,9,'Faded Short Sleeve T-shirts'),(72,1,'Faded Short Sleeve T-shirts'),(72,2,'0001'),(72,3,'Faded Short Sleeve T-shirts'),(72,4,'Faded Short Sleeve T-shirts'),(72,5,'Faded Short Sleeve T-shirts'),(72,6,'Faded Short Sleeve T-shirts'),(72,7,'Faded Short Sleeve T-shirts'),(72,8,'Faded Short Sleeve T-shirts'),(72,9,'Faded Short Sleeve T-shirts'),(73,1,'Faded Short Sleeve T-shirts'),(73,2,'Magic Mush KREYGASM'),(73,3,'Faded Short Sleeve T-shirts'),(73,4,'Faded Short Sleeve T-shirts'),(73,5,'Faded Short Sleeve T-shirts'),(73,6,'Faded Short Sleeve T-shirts'),(73,7,'Faded Short Sleeve T-shirts'),(73,8,'Faded Short Sleeve T-shirts'),(73,9,'Faded Short Sleeve T-shirts'),(75,1,'Faded Short Sleeve T-shirts'),(75,2,'Magic Mush KREYGASM'),(75,3,'Faded Short Sleeve T-shirts'),(75,4,'Faded Short Sleeve T-shirts'),(75,5,'Faded Short Sleeve T-shirts'),(75,6,'Faded Short Sleeve T-shirts'),(75,7,'Faded Short Sleeve T-shirts'),(75,8,'Faded Short Sleeve T-shirts'),(75,9,'Faded Short Sleeve T-shirts'),(76,1,'Faded Short Sleeve T-shirts'),(76,2,'Thumbs up'),(76,3,'Faded Short Sleeve T-shirts'),(76,4,'Faded Short Sleeve T-shirts'),(76,5,'Faded Short Sleeve T-shirts'),(76,6,'Faded Short Sleeve T-shirts'),(76,7,'Faded Short Sleeve T-shirts'),(76,8,'Faded Short Sleeve T-shirts'),(76,9,'Faded Short Sleeve T-shirts'),(77,1,'Faded Short Sleeve T-shirts'),(77,2,'He\'s happy to see you'),(77,3,'Faded Short Sleeve T-shirts'),(77,4,'Faded Short Sleeve T-shirts'),(77,5,'Faded Short Sleeve T-shirts'),(77,6,'Faded Short Sleeve T-shirts'),(77,7,'Faded Short Sleeve T-shirts'),(77,8,'Faded Short Sleeve T-shirts'),(77,9,'Faded Short Sleeve T-shirts'),(78,1,'Faded Short Sleeve T-shirts'),(78,2,'Happy familly'),(78,3,'Faded Short Sleeve T-shirts'),(78,4,'Faded Short Sleeve T-shirts'),(78,5,'Faded Short Sleeve T-shirts'),(78,6,'Faded Short Sleeve T-shirts'),(78,7,'Faded Short Sleeve T-shirts'),(78,8,'Faded Short Sleeve T-shirts'),(78,9,'Faded Short Sleeve T-shirts'),(79,1,'Faded Short Sleeve T-shirts'),(79,2,'Vagin cosmique'),(79,3,'Faded Short Sleeve T-shirts'),(79,4,'Faded Short Sleeve T-shirts'),(79,5,'Faded Short Sleeve T-shirts'),(79,6,'Faded Short Sleeve T-shirts'),(79,7,'Faded Short Sleeve T-shirts'),(79,8,'Faded Short Sleeve T-shirts'),(79,9,'Faded Short Sleeve T-shirts'),(80,1,'Faded Short Sleeve T-shirts'),(80,2,'Vagin cosmique vierge'),(80,3,'Faded Short Sleeve T-shirts'),(80,4,'Faded Short Sleeve T-shirts'),(80,5,'Faded Short Sleeve T-shirts'),(80,6,'Faded Short Sleeve T-shirts'),(80,7,'Faded Short Sleeve T-shirts'),(80,8,'Faded Short Sleeve T-shirts'),(80,9,'Faded Short Sleeve T-shirts'),(81,1,'Faded Short Sleeve T-shirts'),(81,2,'Full jungle'),(81,3,'Faded Short Sleeve T-shirts'),(81,4,'Faded Short Sleeve T-shirts'),(81,5,'Faded Short Sleeve T-shirts'),(81,6,'Faded Short Sleeve T-shirts'),(81,7,'Faded Short Sleeve T-shirts'),(81,8,'Faded Short Sleeve T-shirts'),(81,9,'Faded Short Sleeve T-shirts'),(82,1,'Faded Short Sleeve T-shirts'),(82,2,'Full jungle'),(82,3,'Faded Short Sleeve T-shirts'),(82,4,'Faded Short Sleeve T-shirts'),(82,5,'Faded Short Sleeve T-shirts'),(82,6,'Faded Short Sleeve T-shirts'),(82,7,'Faded Short Sleeve T-shirts'),(82,8,'Faded Short Sleeve T-shirts'),(82,9,'Faded Short Sleeve T-shirts'),(83,1,'Faded Short Sleeve T-shirts'),(83,2,'Scarecrow'),(83,3,'Faded Short Sleeve T-shirts'),(83,4,'Faded Short Sleeve T-shirts'),(83,5,'Faded Short Sleeve T-shirts'),(83,6,'Faded Short Sleeve T-shirts'),(83,7,'Faded Short Sleeve T-shirts'),(83,8,'Faded Short Sleeve T-shirts'),(83,9,'Faded Short Sleeve T-shirts'),(84,1,'Faded Short Sleeve T-shirts'),(84,2,'Scarecrow'),(84,3,'Faded Short Sleeve T-shirts'),(84,4,'Faded Short Sleeve T-shirts'),(84,5,'Faded Short Sleeve T-shirts'),(84,6,'Faded Short Sleeve T-shirts'),(84,7,'Faded Short Sleeve T-shirts'),(84,8,'Faded Short Sleeve T-shirts'),(84,9,'Faded Short Sleeve T-shirts'),(87,1,'Faded Short Sleeve T-shirts'),(87,2,'0003'),(87,3,'Faded Short Sleeve T-shirts'),(87,4,'Faded Short Sleeve T-shirts'),(87,5,'Faded Short Sleeve T-shirts'),(87,6,'Faded Short Sleeve T-shirts'),(87,7,'Faded Short Sleeve T-shirts'),(87,8,'Faded Short Sleeve T-shirts'),(87,9,'Faded Short Sleeve T-shirts'),(88,1,'Faded Short Sleeve T-shirts'),(88,2,'Uncle Ramus'),(88,3,'Faded Short Sleeve T-shirts'),(88,4,'Faded Short Sleeve T-shirts'),(88,5,'Faded Short Sleeve T-shirts'),(88,6,'Faded Short Sleeve T-shirts'),(88,7,'Faded Short Sleeve T-shirts'),(88,8,'Faded Short Sleeve T-shirts'),(88,9,'Faded Short Sleeve T-shirts'),(89,1,'Faded Short Sleeve T-shirts'),(89,2,'Purple wolf'),(89,3,'Faded Short Sleeve T-shirts'),(89,4,'Faded Short Sleeve T-shirts'),(89,5,'Faded Short Sleeve T-shirts'),(89,6,'Faded Short Sleeve T-shirts'),(89,7,'Faded Short Sleeve T-shirts'),(89,8,'Faded Short Sleeve T-shirts'),(89,9,'Faded Short Sleeve T-shirts'),(90,1,'Faded Short Sleeve T-shirts'),(90,2,'Hail steam'),(90,3,'Faded Short Sleeve T-shirts'),(90,4,'Faded Short Sleeve T-shirts'),(90,5,'Faded Short Sleeve T-shirts'),(90,6,'Faded Short Sleeve T-shirts'),(90,7,'Faded Short Sleeve T-shirts'),(90,8,'Faded Short Sleeve T-shirts'),(90,9,'Faded Short Sleeve T-shirts'),(91,1,'Faded Short Sleeve T-shirts'),(91,2,'Glorious Gabe'),(91,3,'Faded Short Sleeve T-shirts'),(91,4,'Faded Short Sleeve T-shirts'),(91,5,'Faded Short Sleeve T-shirts'),(91,6,'Faded Short Sleeve T-shirts'),(91,7,'Faded Short Sleeve T-shirts'),(91,8,'Faded Short Sleeve T-shirts'),(91,9,'Faded Short Sleeve T-shirts'),(92,1,'Faded Short Sleeve T-shirts'),(92,2,'Goat life'),(92,3,'Faded Short Sleeve T-shirts'),(92,4,'Faded Short Sleeve T-shirts'),(92,5,'Faded Short Sleeve T-shirts'),(92,6,'Faded Short Sleeve T-shirts'),(92,7,'Faded Short Sleeve T-shirts'),(92,8,'Faded Short Sleeve T-shirts'),(92,9,'Faded Short Sleeve T-shirts'),(97,1,'Faded Short Sleeve T-shirts'),(97,2,'traillarde'),(97,3,'Faded Short Sleeve T-shirts'),(97,4,'Faded Short Sleeve T-shirts'),(97,5,'Faded Short Sleeve T-shirts'),(97,6,'Faded Short Sleeve T-shirts'),(97,7,'Faded Short Sleeve T-shirts'),(97,8,'Faded Short Sleeve T-shirts'),(97,9,'Faded Short Sleeve T-shirts'),(98,1,'Faded Short Sleeve T-shirts'),(98,2,'traillarde'),(98,3,'Faded Short Sleeve T-shirts'),(98,4,'Faded Short Sleeve T-shirts'),(98,5,'Faded Short Sleeve T-shirts'),(98,6,'Faded Short Sleeve T-shirts'),(98,7,'Faded Short Sleeve T-shirts'),(98,8,'Faded Short Sleeve T-shirts'),(98,9,'Faded Short Sleeve T-shirts'),(99,1,'Faded Short Sleeve T-shirts'),(99,2,'traillarde'),(99,3,'Faded Short Sleeve T-shirts'),(99,4,'Faded Short Sleeve T-shirts'),(99,5,'Faded Short Sleeve T-shirts'),(99,6,'Faded Short Sleeve T-shirts'),(99,7,'Faded Short Sleeve T-shirts'),(99,8,'Faded Short Sleeve T-shirts'),(99,9,'Faded Short Sleeve T-shirts'),(100,1,'Faded Short Sleeve T-shirts'),(100,2,'traillarde'),(100,3,'Faded Short Sleeve T-shirts'),(100,4,'Faded Short Sleeve T-shirts'),(100,5,'Faded Short Sleeve T-shirts'),(100,6,'Faded Short Sleeve T-shirts'),(100,7,'Faded Short Sleeve T-shirts'),(100,8,'Faded Short Sleeve T-shirts'),(100,9,'Faded Short Sleeve T-shirts'),(102,1,'Faded Short Sleeve T-shirts'),(102,2,'Bush control'),(102,3,'Faded Short Sleeve T-shirts'),(102,4,'Faded Short Sleeve T-shirts'),(102,5,'Faded Short Sleeve T-shirts'),(102,6,'Faded Short Sleeve T-shirts'),(102,7,'Faded Short Sleeve T-shirts'),(102,8,'Faded Short Sleeve T-shirts'),(102,9,'Faded Short Sleeve T-shirts'),(103,1,'Faded Short Sleeve T-shirts'),(103,2,'Kuroro approved'),(103,3,'Faded Short Sleeve T-shirts'),(103,4,'Faded Short Sleeve T-shirts'),(103,5,'Faded Short Sleeve T-shirts'),(103,6,'Faded Short Sleeve T-shirts'),(103,7,'Faded Short Sleeve T-shirts'),(103,8,'Faded Short Sleeve T-shirts'),(103,9,'Faded Short Sleeve T-shirts'),(104,1,'Faded Short Sleeve T-shirts'),(104,2,'Press R'),(104,3,'Faded Short Sleeve T-shirts'),(104,4,'Faded Short Sleeve T-shirts'),(104,5,'Faded Short Sleeve T-shirts'),(104,6,'Faded Short Sleeve T-shirts'),(104,7,'Faded Short Sleeve T-shirts'),(104,8,'Faded Short Sleeve T-shirts'),(104,9,'Faded Short Sleeve T-shirts'),(105,1,'Faded Short Sleeve T-shirts'),(105,2,'Hatter'),(105,3,'Faded Short Sleeve T-shirts'),(105,4,'Faded Short Sleeve T-shirts'),(105,5,'Faded Short Sleeve T-shirts'),(105,6,'Faded Short Sleeve T-shirts'),(105,7,'Faded Short Sleeve T-shirts'),(105,8,'Faded Short Sleeve T-shirts'),(105,9,'Faded Short Sleeve T-shirts'),(106,1,'Faded Short Sleeve T-shirts'),(106,2,'vagin cosmique'),(106,3,'Faded Short Sleeve T-shirts'),(106,4,'Faded Short Sleeve T-shirts'),(106,5,'Faded Short Sleeve T-shirts'),(106,6,'Faded Short Sleeve T-shirts'),(106,7,'Faded Short Sleeve T-shirts'),(106,8,'Faded Short Sleeve T-shirts'),(106,9,'Faded Short Sleeve T-shirts'),(107,1,'Faded Short Sleeve T-shirts'),(107,2,'Meat it boy'),(107,3,'Faded Short Sleeve T-shirts'),(107,4,'Faded Short Sleeve T-shirts'),(107,5,'Faded Short Sleeve T-shirts'),(107,6,'Faded Short Sleeve T-shirts'),(107,7,'Faded Short Sleeve T-shirts'),(107,8,'Faded Short Sleeve T-shirts'),(107,9,'Faded Short Sleeve T-shirts'),(108,1,'Faded Short Sleeve T-shirts'),(108,2,'Big pumpkin'),(108,3,'Faded Short Sleeve T-shirts'),(108,4,'Faded Short Sleeve T-shirts'),(108,5,'Faded Short Sleeve T-shirts'),(108,6,'Faded Short Sleeve T-shirts'),(108,7,'Faded Short Sleeve T-shirts'),(108,8,'Faded Short Sleeve T-shirts'),(108,9,'Faded Short Sleeve T-shirts'),(109,1,'Faded Short Sleeve T-shirts'),(109,2,'super skull'),(109,3,'Faded Short Sleeve T-shirts'),(109,4,'Faded Short Sleeve T-shirts'),(109,5,'Faded Short Sleeve T-shirts'),(109,6,'Faded Short Sleeve T-shirts'),(109,7,'Faded Short Sleeve T-shirts'),(109,8,'Faded Short Sleeve T-shirts'),(109,9,'Faded Short Sleeve T-shirts'),(110,1,'Faded Short Sleeve T-shirts'),(110,2,'Super skull'),(110,3,'Faded Short Sleeve T-shirts'),(110,4,'Faded Short Sleeve T-shirts'),(110,5,'Faded Short Sleeve T-shirts'),(110,6,'Faded Short Sleeve T-shirts'),(110,7,'Faded Short Sleeve T-shirts'),(110,8,'Faded Short Sleeve T-shirts'),(110,9,'Faded Short Sleeve T-shirts'),(111,1,'Faded Short Sleeve T-shirts'),(111,2,'Luv sic(k)'),(111,3,'Faded Short Sleeve T-shirts'),(111,4,'Faded Short Sleeve T-shirts'),(111,5,'Faded Short Sleeve T-shirts'),(111,6,'Faded Short Sleeve T-shirts'),(111,7,'Faded Short Sleeve T-shirts'),(111,8,'Faded Short Sleeve T-shirts'),(111,9,'Faded Short Sleeve T-shirts'),(112,1,'Faded Short Sleeve T-shirts'),(112,2,'Mugen\'s spirit'),(112,3,'Faded Short Sleeve T-shirts'),(112,4,'Faded Short Sleeve T-shirts'),(112,5,'Faded Short Sleeve T-shirts'),(112,6,'Faded Short Sleeve T-shirts'),(112,7,'Faded Short Sleeve T-shirts'),(112,8,'Faded Short Sleeve T-shirts'),(112,9,'Faded Short Sleeve T-shirts');

--
-- Table structure for table `ps_image_shop`
--

CREATE TABLE `ps_image_shop` (
  `id_image` int(11) unsigned NOT NULL,
  `id_shop` int(11) unsigned NOT NULL,
  `cover` tinyint(1) unsigned DEFAULT NULL,
  `id_product` int(10) unsigned NOT NULL,
  PRIMARY KEY (`id_image`,`id_shop`),
  UNIQUE KEY `id_product` (`id_product`,`id_shop`,`cover`),
  KEY `id_shop` (`id_shop`)
) ENGINE=InnoDB DEFAULT CHARSET=utf8;

--
-- Dumping data for table `ps_image_shop`
--

INSERT INTO `ps_image_shop` VALUES (69,1,1,9),(68,1,1,10),(67,1,1,11),(71,1,1,12),(72,1,1,13),(73,1,1,14),(75,1,1,15),(76,1,1,16),(77,1,1,17),(78,1,1,18),(79,1,1,19),(80,1,1,20),(82,1,NULL,21),(81,1,1,21),(84,1,NULL,22),(83,1,1,22),(87,1,1,24),(88,1,1,25),(89,1,1,26),(90,1,1,27),(91,1,1,28),(92,1,1,29),(98,1,NULL,30),(99,1,NULL,30),(100,1,NULL,30),(97,1,1,30),(102,1,1,31),(103,1,1,32),(104,1,1,33),(105,1,1,34),(106,1,1,35),(107,1,1,36),(108,1,1,37),(109,1,1,38),(110,1,1,39),(111,1,1,40),(112,1,1,41);

--
-- Table structure for table `ps_image_type`
--

CREATE TABLE `ps_image_type` (
  `id_image_type` int(10) unsigned NOT NULL AUTO_INCREMENT,
  `name` varchar(64) NOT NULL,
  `width` int(10) unsigned NOT NULL,
  `height` int(10) unsigned NOT NULL,
  `products` tinyint(1) NOT NULL DEFAULT '1',
  `categories` tinyint(1) NOT NULL DEFAULT '1',
  `manufacturers` tinyint(1) NOT NULL DEFAULT '1',
  `suppliers` tinyint(1) NOT NULL DEFAULT '1',
  `scenes` tinyint(1) NOT NULL DEFAULT '1',
  `stores` tinyint(1) NOT NULL DEFAULT '1',
  PRIMARY KEY (`id_image_type`),
  KEY `image_type_name` (`name`)
) ENGINE=InnoDB AUTO_INCREMENT=47 DEFAULT CHARSET=utf8;

--
-- Dumping data for table `ps_image_type`
--

INSERT INTO `ps_image_type` VALUES (37,'mf-logos',135,70,0,0,1,0,0,0),(38,'cart_default',80,80,1,0,0,0,0,1),(39,'small_default',98,98,1,0,1,1,0,1),(40,'medium_default',125,125,1,1,1,1,0,1),(41,'home_default',250,250,1,0,0,0,0,1),(42,'large_default',458,458,1,0,1,1,0,1),(43,'thickbox_default',800,800,1,0,0,0,0,1),(44,'category_default',870,217,0,1,0,0,0,1),(45,'scene_default',870,270,0,0,0,0,1,1),(46,'m_scene_default',161,58,0,0,0,0,1,1);

--
-- Table structure for table `ps_import_match`
--

CREATE TABLE `ps_import_match` (
  `id_import_match` int(10) NOT NULL AUTO_INCREMENT,
  `name` varchar(32) NOT NULL,
  `match` text NOT NULL,
  `skip` int(2) NOT NULL,
  PRIMARY KEY (`id_import_match`)
) ENGINE=InnoDB DEFAULT CHARSET=utf8;

--
-- Dumping data for table `ps_import_match`
--


--
-- Table structure for table `ps_info`
--

CREATE TABLE `ps_info` (
  `id_info` int(10) unsigned NOT NULL AUTO_INCREMENT,
  `id_shop` int(10) unsigned NOT NULL,
  PRIMARY KEY (`id_info`)
) ENGINE=InnoDB AUTO_INCREMENT=3 DEFAULT CHARSET=utf8;

--
-- Dumping data for table `ps_info`
--

INSERT INTO `ps_info` VALUES (1,1),(2,1);

--
-- Table structure for table `ps_info_lang`
--

CREATE TABLE `ps_info_lang` (
  `id_info` int(10) unsigned NOT NULL AUTO_INCREMENT,
  `id_lang` int(10) unsigned NOT NULL,
  `text` text NOT NULL,
  PRIMARY KEY (`id_info`,`id_lang`)
) ENGINE=InnoDB AUTO_INCREMENT=3 DEFAULT CHARSET=utf8;

--
-- Dumping data for table `ps_info_lang`
--

INSERT INTO `ps_info_lang` VALUES (1,1,'<ul>\n<li><em class=\"icon-truck\" id=\"icon-truck\"></em>\n<div class=\"type-text\">\n<h3>Lorem Ipsum</h3>\n<p>Lorem ipsum dolor sit amet conse ctetur voluptate velit esse cillum dolore eu</p>\n</div>\n</li>\n<li><em class=\"icon-phone\" id=\"icon-phone\"></em>\n<div class=\"type-text\">\n<h3>Dolor Sit Amet</h3>\n<p>Lorem ipsum dolor sit amet conse ctetur voluptate velit esse cillum dolore eu</p>\n</div>\n</li>\n<li><em class=\"icon-credit-card\" id=\"icon-credit-card\"></em>\n<div class=\"type-text\">\n<h3>Ctetur Voluptate</h3>\n<p>Lorem ipsum dolor sit amet conse ctetur voluptate velit esse cillum dolore eu</p>\n</div>\n</li>\n</ul>'),(1,2,'<ul>\n<li><em class=\"icon-truck\" id=\"icon-truck\"></em>\n<div class=\"type-text\">\n<h3>Lorem Ipsum</h3>\n<p>Lorem ipsum dolor sit amet conse ctetur voluptate velit esse cillum dolore eu</p>\n</div>\n</li>\n<li><em class=\"icon-phone\" id=\"icon-phone\"></em>\n<div class=\"type-text\">\n<h3>Dolor Sit Amet</h3>\n<p>Lorem ipsum dolor sit amet conse ctetur voluptate velit esse cillum dolore eu</p>\n</div>\n</li>\n<li><em class=\"icon-credit-card\" id=\"icon-credit-card\"></em>\n<div class=\"type-text\">\n<h3>Ctetur Voluptate</h3>\n<p>Lorem ipsum dolor sit amet conse ctetur voluptate velit esse cillum dolore eu</p>\n</div>\n</li>\n</ul>'),(1,3,'<ul>\n<li><em class=\"icon-truck\" id=\"icon-truck\"></em>\n<div class=\"type-text\">\n<h3>Lorem Ipsum</h3>\n<p>Lorem ipsum dolor sit amet conse ctetur voluptate velit esse cillum dolore eu</p>\n</div>\n</li>\n<li><em class=\"icon-phone\" id=\"icon-phone\"></em>\n<div class=\"type-text\">\n<h3>Dolor Sit Amet</h3>\n<p>Lorem ipsum dolor sit amet conse ctetur voluptate velit esse cillum dolore eu</p>\n</div>\n</li>\n<li><em class=\"icon-credit-card\" id=\"icon-credit-card\"></em>\n<div class=\"type-text\">\n<h3>Ctetur Voluptate</h3>\n<p>Lorem ipsum dolor sit amet conse ctetur voluptate velit esse cillum dolore eu</p>\n</div>\n</li>\n</ul>'),(1,4,'<ul>\n<li><em class=\"icon-truck\" id=\"icon-truck\"></em>\n<div class=\"type-text\">\n<h3>Lorem Ipsum</h3>\n<p>Lorem ipsum dolor sit amet conse ctetur voluptate velit esse cillum dolore eu</p>\n</div>\n</li>\n<li><em class=\"icon-phone\" id=\"icon-phone\"></em>\n<div class=\"type-text\">\n<h3>Dolor Sit Amet</h3>\n<p>Lorem ipsum dolor sit amet conse ctetur voluptate velit esse cillum dolore eu</p>\n</div>\n</li>\n<li><em class=\"icon-credit-card\" id=\"icon-credit-card\"></em>\n<div class=\"type-text\">\n<h3>Ctetur Voluptate</h3>\n<p>Lorem ipsum dolor sit amet conse ctetur voluptate velit esse cillum dolore eu</p>\n</div>\n</li>\n</ul>'),(1,5,'<ul>\n<li><em class=\"icon-truck\" id=\"icon-truck\"></em>\n<div class=\"type-text\">\n<h3>Lorem Ipsum</h3>\n<p>Lorem ipsum dolor sit amet conse ctetur voluptate velit esse cillum dolore eu</p>\n</div>\n</li>\n<li><em class=\"icon-phone\" id=\"icon-phone\"></em>\n<div class=\"type-text\">\n<h3>Dolor Sit Amet</h3>\n<p>Lorem ipsum dolor sit amet conse ctetur voluptate velit esse cillum dolore eu</p>\n</div>\n</li>\n<li><em class=\"icon-credit-card\" id=\"icon-credit-card\"></em>\n<div class=\"type-text\">\n<h3>Ctetur Voluptate</h3>\n<p>Lorem ipsum dolor sit amet conse ctetur voluptate velit esse cillum dolore eu</p>\n</div>\n</li>\n</ul>'),(1,6,'<ul>\n<li><em class=\"icon-truck\" id=\"icon-truck\"></em>\n<div class=\"type-text\">\n<h3>Lorem Ipsum</h3>\n<p>Lorem ipsum dolor sit amet conse ctetur voluptate velit esse cillum dolore eu</p>\n</div>\n</li>\n<li><em class=\"icon-phone\" id=\"icon-phone\"></em>\n<div class=\"type-text\">\n<h3>Dolor Sit Amet</h3>\n<p>Lorem ipsum dolor sit amet conse ctetur voluptate velit esse cillum dolore eu</p>\n</div>\n</li>\n<li><em class=\"icon-credit-card\" id=\"icon-credit-card\"></em>\n<div class=\"type-text\">\n<h3>Ctetur Voluptate</h3>\n<p>Lorem ipsum dolor sit amet conse ctetur voluptate velit esse cillum dolore eu</p>\n</div>\n</li>\n</ul>'),(1,7,'<ul>\n<li><em class=\"icon-truck\" id=\"icon-truck\"></em>\n<div class=\"type-text\">\n<h3>Lorem Ipsum</h3>\n<p>Lorem ipsum dolor sit amet conse ctetur voluptate velit esse cillum dolore eu</p>\n</div>\n</li>\n<li><em class=\"icon-phone\" id=\"icon-phone\"></em>\n<div class=\"type-text\">\n<h3>Dolor Sit Amet</h3>\n<p>Lorem ipsum dolor sit amet conse ctetur voluptate velit esse cillum dolore eu</p>\n</div>\n</li>\n<li><em class=\"icon-credit-card\" id=\"icon-credit-card\"></em>\n<div class=\"type-text\">\n<h3>Ctetur Voluptate</h3>\n<p>Lorem ipsum dolor sit amet conse ctetur voluptate velit esse cillum dolore eu</p>\n</div>\n</li>\n</ul>'),(1,8,'<ul>\n<li><em class=\"icon-truck\" id=\"icon-truck\"></em>\n<div class=\"type-text\">\n<h3>Lorem Ipsum</h3>\n<p>Lorem ipsum dolor sit amet conse ctetur voluptate velit esse cillum dolore eu</p>\n</div>\n</li>\n<li><em class=\"icon-phone\" id=\"icon-phone\"></em>\n<div class=\"type-text\">\n<h3>Dolor Sit Amet</h3>\n<p>Lorem ipsum dolor sit amet conse ctetur voluptate velit esse cillum dolore eu</p>\n</div>\n</li>\n<li><em class=\"icon-credit-card\" id=\"icon-credit-card\"></em>\n<div class=\"type-text\">\n<h3>Ctetur Voluptate</h3>\n<p>Lorem ipsum dolor sit amet conse ctetur voluptate velit esse cillum dolore eu</p>\n</div>\n</li>\n</ul>'),(1,9,'<ul>\n<li><em class=\"icon-truck\" id=\"icon-truck\"></em>\n<div class=\"type-text\">\n<h3>Lorem Ipsum</h3>\n<p>Lorem ipsum dolor sit amet conse ctetur voluptate velit esse cillum dolore eu</p>\n</div>\n</li>\n<li><em class=\"icon-phone\" id=\"icon-phone\"></em>\n<div class=\"type-text\">\n<h3>Dolor Sit Amet</h3>\n<p>Lorem ipsum dolor sit amet conse ctetur voluptate velit esse cillum dolore eu</p>\n</div>\n</li>\n<li><em class=\"icon-credit-card\" id=\"icon-credit-card\"></em>\n<div class=\"type-text\">\n<h3>Ctetur Voluptate</h3>\n<p>Lorem ipsum dolor sit amet conse ctetur voluptate velit esse cillum dolore eu</p>\n</div>\n</li>\n</ul>'),(2,1,'<h3>Custom Block</h3>\n<p><strong class=\"dark\">Lorem ipsum dolor sit amet conse ctetu</strong></p>\n<p>Sit amet conse ctetur adipisicing elit, sed do eiusmod tempor incididunt ut labore et dolore magna aliqua. Ut enim ad minim veniam, quis nostrud exercitation ullamco laboris nisi ut aliquip ex ea commodo consequat. Duis aute irure dolor in reprehenderit.</p>'),(2,2,'<h3>Custom Block</h3>\n<p><strong class=\"dark\">Lorem ipsum dolor sit amet conse ctetu</strong></p>\n<p>Sit amet conse ctetur adipisicing elit, sed do eiusmod tempor incididunt ut labore et dolore magna aliqua. Ut enim ad minim veniam, quis nostrud exercitation ullamco laboris nisi ut aliquip ex ea commodo consequat. Duis aute irure dolor in reprehenderit.</p>'),(2,3,'<h3>Custom Block</h3>\n<p><strong class=\"dark\">Lorem ipsum dolor sit amet conse ctetu</strong></p>\n<p>Sit amet conse ctetur adipisicing elit, sed do eiusmod tempor incididunt ut labore et dolore magna aliqua. Ut enim ad minim veniam, quis nostrud exercitation ullamco laboris nisi ut aliquip ex ea commodo consequat. Duis aute irure dolor in reprehenderit.</p>'),(2,4,'<h3>Custom Block</h3>\n<p><strong class=\"dark\">Lorem ipsum dolor sit amet conse ctetu</strong></p>\n<p>Sit amet conse ctetur adipisicing elit, sed do eiusmod tempor incididunt ut labore et dolore magna aliqua. Ut enim ad minim veniam, quis nostrud exercitation ullamco laboris nisi ut aliquip ex ea commodo consequat. Duis aute irure dolor in reprehenderit.</p>'),(2,5,'<h3>Custom Block</h3>\n<p><strong class=\"dark\">Lorem ipsum dolor sit amet conse ctetu</strong></p>\n<p>Sit amet conse ctetur adipisicing elit, sed do eiusmod tempor incididunt ut labore et dolore magna aliqua. Ut enim ad minim veniam, quis nostrud exercitation ullamco laboris nisi ut aliquip ex ea commodo consequat. Duis aute irure dolor in reprehenderit.</p>'),(2,6,'<h3>Custom Block</h3>\n<p><strong class=\"dark\">Lorem ipsum dolor sit amet conse ctetu</strong></p>\n<p>Sit amet conse ctetur adipisicing elit, sed do eiusmod tempor incididunt ut labore et dolore magna aliqua. Ut enim ad minim veniam, quis nostrud exercitation ullamco laboris nisi ut aliquip ex ea commodo consequat. Duis aute irure dolor in reprehenderit.</p>'),(2,7,'<h3>Custom Block</h3>\n<p><strong class=\"dark\">Lorem ipsum dolor sit amet conse ctetu</strong></p>\n<p>Sit amet conse ctetur adipisicing elit, sed do eiusmod tempor incididunt ut labore et dolore magna aliqua. Ut enim ad minim veniam, quis nostrud exercitation ullamco laboris nisi ut aliquip ex ea commodo consequat. Duis aute irure dolor in reprehenderit.</p>'),(2,8,'<h3>Custom Block</h3>\n<p><strong class=\"dark\">Lorem ipsum dolor sit amet conse ctetu</strong></p>\n<p>Sit amet conse ctetur adipisicing elit, sed do eiusmod tempor incididunt ut labore et dolore magna aliqua. Ut enim ad minim veniam, quis nostrud exercitation ullamco laboris nisi ut aliquip ex ea commodo consequat. Duis aute irure dolor in reprehenderit.</p>'),(2,9,'<h3>Custom Block</h3>\n<p><strong class=\"dark\">Lorem ipsum dolor sit amet conse ctetu</strong></p>\n<p>Sit amet conse ctetur adipisicing elit, sed do eiusmod tempor incididunt ut labore et dolore magna aliqua. Ut enim ad minim veniam, quis nostrud exercitation ullamco laboris nisi ut aliquip ex ea commodo consequat. Duis aute irure dolor in reprehenderit.</p>');

--
-- Table structure for table `ps_lang`
--

CREATE TABLE `ps_lang` (
  `id_lang` int(10) unsigned NOT NULL AUTO_INCREMENT,
  `name` varchar(32) NOT NULL,
  `active` tinyint(3) unsigned NOT NULL DEFAULT '0',
  `iso_code` char(2) NOT NULL,
  `language_code` char(5) NOT NULL,
  `date_format_lite` char(32) NOT NULL DEFAULT 'Y-m-d',
  `date_format_full` char(32) NOT NULL DEFAULT 'Y-m-d H:i:s',
  `is_rtl` tinyint(1) NOT NULL DEFAULT '0',
  PRIMARY KEY (`id_lang`),
  KEY `lang_iso_code` (`iso_code`)
) ENGINE=InnoDB AUTO_INCREMENT=10 DEFAULT CHARSET=utf8;

--
-- Dumping data for table `ps_lang`
--

INSERT INTO `ps_lang` VALUES (1,'English (English)',0,'en','en-us','m/d/Y','m/d/Y H:i:s',0),(2,'Français (French)',1,'fr','fr-fr','d/m/Y','d/m/Y H:i:s',0),(3,'Deutsch (German)',0,'de','de-de','d.m.Y','d.m.Y H:i:s',0),(4,'Portuguese-Brazil',0,'br','pt-br','Y-m-d','Y-m-d H:i:s',0),(5,'Italiano (Italian)',0,'it','it-it','d/m/Y','d/m/Y H:i:s',0),(6,'Español (Spanish)',0,'es','es-es','d/m/Y','d/m/Y H:i:s',0),(7,'Russian',0,'ru','ru-ru','Y-m-d','Y-m-d H:i:s',0),(8,'Polish',0,'pl','pl-pl','Y-m-d','Y-m-d H:i:s',0),(9,'Arabic',0,'ar','ar-sa','Y-m-d','Y-m-d H:i:s',1);

--
-- Table structure for table `ps_lang_shop`
--

CREATE TABLE `ps_lang_shop` (
  `id_lang` int(11) unsigned NOT NULL,
  `id_shop` int(11) unsigned NOT NULL,
  PRIMARY KEY (`id_lang`,`id_shop`),
  KEY `id_shop` (`id_shop`)
) ENGINE=InnoDB DEFAULT CHARSET=utf8;

--
-- Dumping data for table `ps_lang_shop`
--

INSERT INTO `ps_lang_shop` VALUES (1,1),(2,1),(3,1),(4,1),(5,1),(6,1),(7,1),(8,1),(9,1);

--
-- Table structure for table `ps_layered_category`
--

CREATE TABLE `ps_layered_category` (
  `id_layered_category` int(10) unsigned NOT NULL AUTO_INCREMENT,
  `id_shop` int(11) unsigned NOT NULL,
  `id_category` int(10) unsigned NOT NULL,
  `id_value` int(10) unsigned DEFAULT '0',
  `type` enum('category','id_feature','id_attribute_group','quantity','condition','manufacturer','weight','price') NOT NULL,
  `position` int(10) unsigned NOT NULL,
  `filter_type` int(10) unsigned NOT NULL DEFAULT '0',
  `filter_show_limit` int(10) unsigned NOT NULL DEFAULT '0',
  PRIMARY KEY (`id_layered_category`),
  KEY `id_category` (`id_category`,`type`)
) ENGINE=InnoDB AUTO_INCREMENT=89 DEFAULT CHARSET=latin1;

--
-- Dumping data for table `ps_layered_category`
--

INSERT INTO `ps_layered_category` VALUES (1,1,4,NULL,'category',1,0,0),(2,1,4,3,'id_attribute_group',2,0,0),(3,1,4,1,'id_attribute_group',3,0,0),(4,1,4,5,'id_feature',4,0,0),(5,1,4,6,'id_feature',5,0,0),(6,1,4,7,'id_feature',6,0,0),(7,1,4,NULL,'quantity',7,0,0),(8,1,4,NULL,'manufacturer',8,0,0),(9,1,4,NULL,'condition',9,0,0),(10,1,4,NULL,'weight',10,0,0),(11,1,4,NULL,'price',11,0,0),(12,1,5,NULL,'category',1,0,0),(13,1,5,3,'id_attribute_group',2,0,0),(14,1,5,1,'id_attribute_group',3,0,0),(15,1,5,5,'id_feature',4,0,0),(16,1,5,6,'id_feature',5,0,0),(17,1,5,7,'id_feature',6,0,0),(18,1,5,NULL,'quantity',7,0,0),(19,1,5,NULL,'manufacturer',8,0,0),(20,1,5,NULL,'condition',9,0,0),(21,1,5,NULL,'weight',10,0,0),(22,1,5,NULL,'price',11,0,0),(23,1,2,NULL,'category',1,0,0),(24,1,2,3,'id_attribute_group',2,0,0),(25,1,2,1,'id_attribute_group',3,0,0),(26,1,2,5,'id_feature',4,0,0),(27,1,2,6,'id_feature',5,0,0),(28,1,2,7,'id_feature',6,0,0),(29,1,2,NULL,'quantity',7,0,0),(30,1,2,NULL,'manufacturer',8,0,0),(31,1,2,NULL,'condition',9,0,0),(32,1,2,NULL,'weight',10,0,0),(33,1,2,NULL,'price',11,0,0),(34,1,7,NULL,'category',1,0,0),(35,1,7,3,'id_attribute_group',2,0,0),(36,1,7,1,'id_attribute_group',3,0,0),(37,1,7,5,'id_feature',4,0,0),(38,1,7,6,'id_feature',5,0,0),(39,1,7,7,'id_feature',6,0,0),(40,1,7,NULL,'quantity',7,0,0),(41,1,7,NULL,'manufacturer',8,0,0),(42,1,7,NULL,'condition',9,0,0),(43,1,7,NULL,'weight',10,0,0),(44,1,7,NULL,'price',11,0,0),(45,1,8,NULL,'category',1,0,0),(46,1,8,3,'id_attribute_group',2,0,0),(47,1,8,1,'id_attribute_group',3,0,0),(48,1,8,5,'id_feature',4,0,0),(49,1,8,6,'id_feature',5,0,0),(50,1,8,7,'id_feature',6,0,0),(51,1,8,NULL,'quantity',7,0,0),(52,1,8,NULL,'manufacturer',8,0,0),(53,1,8,NULL,'condition',9,0,0),(54,1,8,NULL,'weight',10,0,0),(55,1,8,NULL,'price',11,0,0),(56,1,9,NULL,'category',1,0,0),(57,1,9,3,'id_attribute_group',2,0,0),(58,1,9,1,'id_attribute_group',3,0,0),(59,1,9,5,'id_feature',4,0,0),(60,1,9,6,'id_feature',5,0,0),(61,1,9,7,'id_feature',6,0,0),(62,1,9,NULL,'quantity',7,0,0),(63,1,9,NULL,'manufacturer',8,0,0),(64,1,9,NULL,'condition',9,0,0),(65,1,9,NULL,'weight',10,0,0),(66,1,9,NULL,'price',11,0,0),(67,1,10,NULL,'category',1,0,0),(68,1,10,3,'id_attribute_group',2,0,0),(69,1,10,1,'id_attribute_group',3,0,0),(70,1,10,5,'id_feature',4,0,0),(71,1,10,6,'id_feature',5,0,0),(72,1,10,7,'id_feature',6,0,0),(73,1,10,NULL,'quantity',7,0,0),(74,1,10,NULL,'manufacturer',8,0,0),(75,1,10,NULL,'condition',9,0,0),(76,1,10,NULL,'weight',10,0,0),(77,1,10,NULL,'price',11,0,0),(78,1,11,NULL,'category',1,0,0),(79,1,11,3,'id_attribute_group',2,0,0),(80,1,11,1,'id_attribute_group',3,0,0),(81,1,11,5,'id_feature',4,0,0),(82,1,11,6,'id_feature',5,0,0),(83,1,11,7,'id_feature',6,0,0),(84,1,11,NULL,'quantity',7,0,0),(85,1,11,NULL,'manufacturer',8,0,0),(86,1,11,NULL,'condition',9,0,0),(87,1,11,NULL,'weight',10,0,0),(88,1,11,NULL,'price',11,0,0);

--
-- Table structure for table `ps_layered_filter`
--

CREATE TABLE `ps_layered_filter` (
  `id_layered_filter` int(10) unsigned NOT NULL AUTO_INCREMENT,
  `name` varchar(64) NOT NULL,
  `filters` text,
  `n_categories` int(10) unsigned NOT NULL,
  `date_add` datetime NOT NULL,
  PRIMARY KEY (`id_layered_filter`)
) ENGINE=InnoDB AUTO_INCREMENT=2 DEFAULT CHARSET=utf8;

--
-- Dumping data for table `ps_layered_filter`
--

INSERT INTO `ps_layered_filter` VALUES (1,'My template 2014-08-30','a:13:{s:10:\"categories\";a:8:{i:0;i:4;i:1;i:5;i:2;i:2;i:4;i:7;i:5;i:8;i:6;i:9;i:7;i:10;i:8;i:11;}s:9:\"shop_list\";a:1:{i:1;i:1;}s:31:\"layered_selection_subcategories\";a:2:{s:11:\"filter_type\";i:0;s:17:\"filter_show_limit\";i:0;}s:22:\"layered_selection_ag_3\";a:2:{s:11:\"filter_type\";i:0;s:17:\"filter_show_limit\";i:0;}s:22:\"layered_selection_ag_1\";a:2:{s:11:\"filter_type\";i:0;s:17:\"filter_show_limit\";i:0;}s:24:\"layered_selection_feat_5\";a:2:{s:11:\"filter_type\";i:0;s:17:\"filter_show_limit\";i:0;}s:24:\"layered_selection_feat_6\";a:2:{s:11:\"filter_type\";i:0;s:17:\"filter_show_limit\";i:0;}s:24:\"layered_selection_feat_7\";a:2:{s:11:\"filter_type\";i:0;s:17:\"filter_show_limit\";i:0;}s:23:\"layered_selection_stock\";a:2:{s:11:\"filter_type\";i:0;s:17:\"filter_show_limit\";i:0;}s:30:\"layered_selection_manufacturer\";a:2:{s:11:\"filter_type\";i:0;s:17:\"filter_show_limit\";i:0;}s:27:\"layered_selection_condition\";a:2:{s:11:\"filter_type\";i:0;s:17:\"filter_show_limit\";i:0;}s:31:\"layered_selection_weight_slider\";a:2:{s:11:\"filter_type\";i:0;s:17:\"filter_show_limit\";i:0;}s:30:\"layered_selection_price_slider\";a:2:{s:11:\"filter_type\";i:0;s:17:\"filter_show_limit\";i:0;}}',9,'2014-08-30 16:08:30');

--
-- Table structure for table `ps_layered_filter_shop`
--

CREATE TABLE `ps_layered_filter_shop` (
  `id_layered_filter` int(10) unsigned NOT NULL,
  `id_shop` int(11) unsigned NOT NULL,
  PRIMARY KEY (`id_layered_filter`,`id_shop`),
  KEY `id_shop` (`id_shop`)
) ENGINE=InnoDB DEFAULT CHARSET=utf8;

--
-- Dumping data for table `ps_layered_filter_shop`
--

INSERT INTO `ps_layered_filter_shop` VALUES (1,1);

--
-- Table structure for table `ps_layered_friendly_url`
--

CREATE TABLE `ps_layered_friendly_url` (
  `id_layered_friendly_url` int(11) NOT NULL AUTO_INCREMENT,
  `url_key` varchar(32) NOT NULL,
  `data` varchar(200) NOT NULL,
  `id_lang` int(11) NOT NULL,
  PRIMARY KEY (`id_layered_friendly_url`),
  KEY `id_lang` (`id_lang`),
  KEY `url_key` (`url_key`(5))
) ENGINE=InnoDB AUTO_INCREMENT=539 DEFAULT CHARSET=utf8;

--
-- Dumping data for table `ps_layered_friendly_url`
--

INSERT INTO `ps_layered_friendly_url` VALUES (1,'3f1005f8be7881795fc5feddfdba756f','a:1:{s:8:\"category\";a:1:{i:1;s:1:\"1\";}}',1),(2,'e22ad4e9f8f445df1283ec3383c55ed8','a:1:{s:8:\"category\";a:1:{i:2;s:1:\"2\";}}',1),(3,'929674e49248753da273092629bb45ec','a:1:{s:8:\"category\";a:1:{i:3;s:1:\"3\";}}',1),(4,'c66ef06ef2ca8b06dd3d19b70727adb7','a:1:{s:8:\"category\";a:1:{i:4;s:1:\"4\";}}',1),(5,'eaaa28d2b62b097bb8706dd014c8203b','a:1:{s:8:\"category\";a:1:{i:8;s:1:\"8\";}}',1),(6,'6fc253242f3fe98946ecdd26762e95eb','a:1:{s:8:\"category\";a:1:{i:5;s:1:\"5\";}}',1),(7,'03c8c4cf29ea8a405778f138021df5df','a:1:{s:8:\"category\";a:1:{i:7;s:1:\"7\";}}',1),(8,'2def08957abfc829e80d5279c5086b73','a:1:{s:8:\"category\";a:1:{i:9;s:1:\"9\";}}',1),(9,'84ce4d36b2b77bb85d2a7aebd27c8a67','a:1:{s:8:\"category\";a:1:{i:10;s:2:\"10\";}}',1),(10,'3f9036e3dcf0507782e3d6a1d3ca1fe1','a:1:{s:8:\"category\";a:1:{i:11;s:2:\"11\";}}',1),(11,'c4d7335317f2f1ba381e038fb625d918','a:1:{s:10:\"id_feature\";a:1:{i:1;s:3:\"5_1\";}}',1),(12,'18f41c9cab1c150e429f1b670cae3bc1','a:1:{s:10:\"id_feature\";a:1:{i:2;s:3:\"5_2\";}}',1),(13,'823192a052e44927f06b39b32bcef002','a:1:{s:10:\"id_feature\";a:1:{i:3;s:3:\"5_3\";}}',1),(14,'905fe5b57eb2e1353911171da4ee7706','a:1:{s:10:\"id_feature\";a:1:{i:4;s:3:\"5_4\";}}',1),(15,'ebb42f1bbf0d25b40049c14f1860b952','a:1:{s:10:\"id_feature\";a:1:{i:5;s:3:\"5_5\";}}',1),(16,'f9a71edd8befbb99baceadc2b2fbe793','a:1:{s:10:\"id_feature\";a:1:{i:6;s:3:\"5_6\";}}',1),(17,'e195459fb3d97a32e94673db75dcf299','a:1:{s:10:\"id_feature\";a:1:{i:7;s:3:\"5_7\";}}',1),(18,'b7783cae5eeefc81ff4a69f4ea712ea7','a:1:{s:10:\"id_feature\";a:1:{i:8;s:3:\"5_8\";}}',1),(19,'45f1d9162a9fe2ffcf9f365eace9eeec','a:1:{s:10:\"id_feature\";a:1:{i:9;s:3:\"5_9\";}}',1),(20,'7a04872959f09781f3b883a91c5332c7','a:1:{s:10:\"id_feature\";a:1:{i:10;s:4:\"6_10\";}}',1),(21,'025d11eb379709c8e409a7d712d8e362','a:1:{s:10:\"id_feature\";a:1:{i:11;s:4:\"6_11\";}}',1),(22,'e224c427b75f7805c14e8b63ca9e4e0c','a:1:{s:10:\"id_feature\";a:1:{i:12;s:4:\"6_12\";}}',1),(23,'677717092975926de02151dd9227864e','a:1:{s:10:\"id_feature\";a:1:{i:13;s:4:\"6_13\";}}',1),(24,'00dff7b63b6f7ddb4b341a9308422730','a:1:{s:10:\"id_feature\";a:1:{i:14;s:4:\"6_14\";}}',1),(25,'ff721a9727728b15cd4654a462aaeea0','a:1:{s:10:\"id_feature\";a:1:{i:15;s:4:\"6_15\";}}',1),(26,'0327a5c6fbcd99ae1fa8ef01f1e7e100','a:1:{s:10:\"id_feature\";a:1:{i:16;s:4:\"6_16\";}}',1),(27,'58ddd7a988c042c25121ffeb149f3ac7','a:1:{s:10:\"id_feature\";a:1:{i:17;s:4:\"7_17\";}}',1),(28,'b7248af6c62c1e54b6f13739739e2d17','a:1:{s:10:\"id_feature\";a:1:{i:18;s:4:\"7_18\";}}',1),(29,'b97d201e9d169f46c2a9e6fa356e40d2','a:1:{s:10:\"id_feature\";a:1:{i:19;s:4:\"7_19\";}}',1),(30,'de50b73f078d5cde7cc9d8efc61c9e55','a:1:{s:10:\"id_feature\";a:1:{i:20;s:4:\"7_20\";}}',1),(31,'85a3c64761151fe72e5d027e729072a3','a:1:{s:10:\"id_feature\";a:1:{i:21;s:4:\"7_21\";}}',1),(32,'97d9dd08827238b39342d37e16ee7fc3','a:1:{s:18:\"id_attribute_group\";a:1:{i:1;s:3:\"1_1\";}}',1),(33,'2f3d5048a6335cac20241e0f8cb5294e','a:1:{s:18:\"id_attribute_group\";a:1:{i:2;s:3:\"1_2\";}}',1),(34,'19819345209f29bb2865355fa2cdb800','a:1:{s:18:\"id_attribute_group\";a:1:{i:3;s:3:\"1_3\";}}',1),(35,'27dd5799da96500f9e0ab61387a556b5','a:1:{s:18:\"id_attribute_group\";a:1:{i:4;s:3:\"1_4\";}}',1),(36,'6a73ce72468db97129f092fa3d9a0b2e','a:1:{s:18:\"id_attribute_group\";a:1:{i:5;s:3:\"3_5\";}}',1),(37,'f1fc935c7d64dfac606eb814dcc6c4a7','a:1:{s:18:\"id_attribute_group\";a:1:{i:6;s:3:\"3_6\";}}',1),(38,'f036e061c6e0e9cd6b3c463f72f524a5','a:1:{s:18:\"id_attribute_group\";a:1:{i:7;s:3:\"3_7\";}}',1),(39,'468a278b79ece55c0ed0d3bd1b2dd01f','a:1:{s:18:\"id_attribute_group\";a:1:{i:8;s:3:\"3_8\";}}',1),(40,'8996dbd99c9d2240f117ba0d26b39b10','a:1:{s:18:\"id_attribute_group\";a:1:{i:9;s:3:\"3_9\";}}',1),(41,'601a4dd13077730810f102b18680b537','a:1:{s:18:\"id_attribute_group\";a:1:{i:10;s:4:\"3_10\";}}',1),(42,'0a68b3ba0819d7126935f51335ef9503','a:1:{s:18:\"id_attribute_group\";a:1:{i:11;s:4:\"3_11\";}}',1),(43,'5f556205d67d7c26c2726dba638c2d95','a:1:{s:18:\"id_attribute_group\";a:1:{i:12;s:4:\"3_12\";}}',1),(44,'4b4bb79b20455e8047c972f9ca69cd72','a:1:{s:18:\"id_attribute_group\";a:1:{i:13;s:4:\"3_13\";}}',1),(45,'54dd539ce8bbf02b44485941f2d8d80b','a:1:{s:18:\"id_attribute_group\";a:1:{i:14;s:4:\"3_14\";}}',1),(46,'73b845a28e9ced9709fa414f9b97dae9','a:1:{s:18:\"id_attribute_group\";a:1:{i:15;s:4:\"3_15\";}}',1),(47,'be50cfae4c360fdb124af017a4e80905','a:1:{s:18:\"id_attribute_group\";a:1:{i:16;s:4:\"3_16\";}}',1),(48,'4c4550abfc4eec4c91e558fa9b5171c9','a:1:{s:18:\"id_attribute_group\";a:1:{i:17;s:4:\"3_17\";}}',1),(49,'ab223cc0ca7ebf34af71e067556ee2aa','a:1:{s:18:\"id_attribute_group\";a:1:{i:24;s:4:\"3_24\";}}',1),(50,'14ef3952eddf958ec1f628065f6c7689','a:1:{s:8:\"quantity\";a:1:{i:0;i:0;}}',1),(51,'19e5bdea58716c8f3ff52345d1b5a442','a:1:{s:8:\"quantity\";a:1:{i:0;i:1;}}',1),(52,'11c2881845b925423888cd329d0c4953','a:1:{s:9:\"condition\";a:1:{s:3:\"new\";s:3:\"new\";}}',1),(53,'074755ccbf623ca666bd866203d0dec7','a:1:{s:9:\"condition\";a:1:{s:4:\"used\";s:4:\"used\";}}',1),(54,'70b63b881a45f66c86ea78ace4cfb6a7','a:1:{s:9:\"condition\";a:1:{s:11:\"refurbished\";s:11:\"refurbished\";}}',1),(55,'7b51d2594a28b8f82cfe82b0c3f161e7','a:1:{s:12:\"manufacturer\";a:1:{i:1;s:1:\"1\";}}',1),(56,'14efb28e963650229c14eb7a2b22c6d4','a:1:{s:12:\"manufacturer\";a:1:{i:2;s:1:\"2\";}}',1),(57,'52c9b4282b490a3f3ca17661168defb3','a:1:{s:12:\"manufacturer\";a:1:{i:3;s:1:\"3\";}}',1),(58,'34c2a43e43cbb51db0bd6cbefb71dd3e','a:1:{s:12:\"manufacturer\";a:1:{i:4;s:1:\"4\";}}',1),(59,'57502c143290bfea9dd924bc5df527bf','a:1:{s:12:\"manufacturer\";a:1:{i:5;s:1:\"5\";}}',1),(60,'a16ef02103ff1e170fa0b4570a0b16d0','a:1:{s:12:\"manufacturer\";a:1:{i:6;s:1:\"6\";}}',1),(61,'3f1005f8be7881795fc5feddfdba756f','a:1:{s:8:\"category\";a:1:{i:1;s:1:\"1\";}}',2),(62,'e22ad4e9f8f445df1283ec3383c55ed8','a:1:{s:8:\"category\";a:1:{i:2;s:1:\"2\";}}',2),(63,'929674e49248753da273092629bb45ec','a:1:{s:8:\"category\";a:1:{i:3;s:1:\"3\";}}',2),(64,'c66ef06ef2ca8b06dd3d19b70727adb7','a:1:{s:8:\"category\";a:1:{i:4;s:1:\"4\";}}',2),(65,'eaaa28d2b62b097bb8706dd014c8203b','a:1:{s:8:\"category\";a:1:{i:8;s:1:\"8\";}}',2),(66,'6fc253242f3fe98946ecdd26762e95eb','a:1:{s:8:\"category\";a:1:{i:5;s:1:\"5\";}}',2),(67,'03c8c4cf29ea8a405778f138021df5df','a:1:{s:8:\"category\";a:1:{i:7;s:1:\"7\";}}',2),(68,'2def08957abfc829e80d5279c5086b73','a:1:{s:8:\"category\";a:1:{i:9;s:1:\"9\";}}',2),(69,'84ce4d36b2b77bb85d2a7aebd27c8a67','a:1:{s:8:\"category\";a:1:{i:10;s:2:\"10\";}}',2),(70,'3f9036e3dcf0507782e3d6a1d3ca1fe1','a:1:{s:8:\"category\";a:1:{i:11;s:2:\"11\";}}',2),(71,'c4d7335317f2f1ba381e038fb625d918','a:1:{s:10:\"id_feature\";a:1:{i:1;s:3:\"5_1\";}}',2),(72,'18f41c9cab1c150e429f1b670cae3bc1','a:1:{s:10:\"id_feature\";a:1:{i:2;s:3:\"5_2\";}}',2),(73,'823192a052e44927f06b39b32bcef002','a:1:{s:10:\"id_feature\";a:1:{i:3;s:3:\"5_3\";}}',2),(74,'905fe5b57eb2e1353911171da4ee7706','a:1:{s:10:\"id_feature\";a:1:{i:4;s:3:\"5_4\";}}',2),(75,'ebb42f1bbf0d25b40049c14f1860b952','a:1:{s:10:\"id_feature\";a:1:{i:5;s:3:\"5_5\";}}',2),(76,'f9a71edd8befbb99baceadc2b2fbe793','a:1:{s:10:\"id_feature\";a:1:{i:6;s:3:\"5_6\";}}',2),(77,'e195459fb3d97a32e94673db75dcf299','a:1:{s:10:\"id_feature\";a:1:{i:7;s:3:\"5_7\";}}',2),(78,'b7783cae5eeefc81ff4a69f4ea712ea7','a:1:{s:10:\"id_feature\";a:1:{i:8;s:3:\"5_8\";}}',2),(79,'45f1d9162a9fe2ffcf9f365eace9eeec','a:1:{s:10:\"id_feature\";a:1:{i:9;s:3:\"5_9\";}}',2),(80,'7a04872959f09781f3b883a91c5332c7','a:1:{s:10:\"id_feature\";a:1:{i:10;s:4:\"6_10\";}}',2),(81,'025d11eb379709c8e409a7d712d8e362','a:1:{s:10:\"id_feature\";a:1:{i:11;s:4:\"6_11\";}}',2),(82,'e224c427b75f7805c14e8b63ca9e4e0c','a:1:{s:10:\"id_feature\";a:1:{i:12;s:4:\"6_12\";}}',2),(83,'677717092975926de02151dd9227864e','a:1:{s:10:\"id_feature\";a:1:{i:13;s:4:\"6_13\";}}',2),(84,'00dff7b63b6f7ddb4b341a9308422730','a:1:{s:10:\"id_feature\";a:1:{i:14;s:4:\"6_14\";}}',2),(85,'ff721a9727728b15cd4654a462aaeea0','a:1:{s:10:\"id_feature\";a:1:{i:15;s:4:\"6_15\";}}',2),(86,'0327a5c6fbcd99ae1fa8ef01f1e7e100','a:1:{s:10:\"id_feature\";a:1:{i:16;s:4:\"6_16\";}}',2),(87,'58ddd7a988c042c25121ffeb149f3ac7','a:1:{s:10:\"id_feature\";a:1:{i:17;s:4:\"7_17\";}}',2),(88,'b7248af6c62c1e54b6f13739739e2d17','a:1:{s:10:\"id_feature\";a:1:{i:18;s:4:\"7_18\";}}',2),(89,'b97d201e9d169f46c2a9e6fa356e40d2','a:1:{s:10:\"id_feature\";a:1:{i:19;s:4:\"7_19\";}}',2),(90,'de50b73f078d5cde7cc9d8efc61c9e55','a:1:{s:10:\"id_feature\";a:1:{i:20;s:4:\"7_20\";}}',2),(91,'85a3c64761151fe72e5d027e729072a3','a:1:{s:10:\"id_feature\";a:1:{i:21;s:4:\"7_21\";}}',2),(92,'97d9dd08827238b39342d37e16ee7fc3','a:1:{s:18:\"id_attribute_group\";a:1:{i:1;s:3:\"1_1\";}}',2),(93,'2f3d5048a6335cac20241e0f8cb5294e','a:1:{s:18:\"id_attribute_group\";a:1:{i:2;s:3:\"1_2\";}}',2),(94,'19819345209f29bb2865355fa2cdb800','a:1:{s:18:\"id_attribute_group\";a:1:{i:3;s:3:\"1_3\";}}',2),(95,'27dd5799da96500f9e0ab61387a556b5','a:1:{s:18:\"id_attribute_group\";a:1:{i:4;s:3:\"1_4\";}}',2),(96,'6a73ce72468db97129f092fa3d9a0b2e','a:1:{s:18:\"id_attribute_group\";a:1:{i:5;s:3:\"3_5\";}}',2),(97,'f1fc935c7d64dfac606eb814dcc6c4a7','a:1:{s:18:\"id_attribute_group\";a:1:{i:6;s:3:\"3_6\";}}',2),(98,'f036e061c6e0e9cd6b3c463f72f524a5','a:1:{s:18:\"id_attribute_group\";a:1:{i:7;s:3:\"3_7\";}}',2),(99,'468a278b79ece55c0ed0d3bd1b2dd01f','a:1:{s:18:\"id_attribute_group\";a:1:{i:8;s:3:\"3_8\";}}',2),(100,'8996dbd99c9d2240f117ba0d26b39b10','a:1:{s:18:\"id_attribute_group\";a:1:{i:9;s:3:\"3_9\";}}',2),(101,'601a4dd13077730810f102b18680b537','a:1:{s:18:\"id_attribute_group\";a:1:{i:10;s:4:\"3_10\";}}',2),(102,'0a68b3ba0819d7126935f51335ef9503','a:1:{s:18:\"id_attribute_group\";a:1:{i:11;s:4:\"3_11\";}}',2),(103,'5f556205d67d7c26c2726dba638c2d95','a:1:{s:18:\"id_attribute_group\";a:1:{i:12;s:4:\"3_12\";}}',2),(104,'4b4bb79b20455e8047c972f9ca69cd72','a:1:{s:18:\"id_attribute_group\";a:1:{i:13;s:4:\"3_13\";}}',2),(105,'54dd539ce8bbf02b44485941f2d8d80b','a:1:{s:18:\"id_attribute_group\";a:1:{i:14;s:4:\"3_14\";}}',2),(106,'73b845a28e9ced9709fa414f9b97dae9','a:1:{s:18:\"id_attribute_group\";a:1:{i:15;s:4:\"3_15\";}}',2),(107,'be50cfae4c360fdb124af017a4e80905','a:1:{s:18:\"id_attribute_group\";a:1:{i:16;s:4:\"3_16\";}}',2),(108,'4c4550abfc4eec4c91e558fa9b5171c9','a:1:{s:18:\"id_attribute_group\";a:1:{i:17;s:4:\"3_17\";}}',2),(109,'ab223cc0ca7ebf34af71e067556ee2aa','a:1:{s:18:\"id_attribute_group\";a:1:{i:24;s:4:\"3_24\";}}',2),(110,'c8bab8565a8dc38e4ba196d04b1ab75a','a:1:{s:8:\"quantity\";a:1:{i:0;i:0;}}',2),(111,'aecc91ef502878d2b704377d49f7e8fb','a:1:{s:8:\"quantity\";a:1:{i:0;i:1;}}',2),(112,'47a6f6a9db83de31a52dc9366236ac18','a:1:{s:9:\"condition\";a:1:{s:3:\"new\";s:3:\"new\";}}',2),(113,'e67a9c5323b69dd8689bd121632c9f0d','a:1:{s:9:\"condition\";a:1:{s:4:\"used\";s:4:\"used\";}}',2),(114,'843057e2c505cc5164e3cb9729cad768','a:1:{s:9:\"condition\";a:1:{s:11:\"refurbished\";s:11:\"refurbished\";}}',2),(115,'aa4848c11a9cd606b68ee0a7d3be1097','a:1:{s:12:\"manufacturer\";a:1:{i:1;s:1:\"1\";}}',2),(116,'7b03550128127fdafff6b2537d92645b','a:1:{s:12:\"manufacturer\";a:1:{i:2;s:1:\"2\";}}',2),(117,'38d73ac7761f7e9fcc1a137f6c1b33c1','a:1:{s:12:\"manufacturer\";a:1:{i:3;s:1:\"3\";}}',2),(118,'37b946a4cc51d2a3babc26278434645c','a:1:{s:12:\"manufacturer\";a:1:{i:4;s:1:\"4\";}}',2),(119,'f82d2a1c150700434e73c2bf298cface','a:1:{s:12:\"manufacturer\";a:1:{i:5;s:1:\"5\";}}',2),(120,'8da8ed5323b06940474d99d6b9ecca9e','a:1:{s:12:\"manufacturer\";a:1:{i:6;s:1:\"6\";}}',2),(121,'01099f10617173ebe3d91b6a8a151cbd','a:1:{s:8:\"category\";a:1:{i:1;s:1:\"1\";}}',3),(122,'b0b4cabbbb071be72cb9f25286efa582','a:1:{s:8:\"category\";a:1:{i:2;s:1:\"2\";}}',3),(123,'fc67c798eb8e05a3ff81e44c872517fd','a:1:{s:8:\"category\";a:1:{i:3;s:1:\"3\";}}',3),(124,'6eb67dc0aaba1fd0d644e0722f9900d8','a:1:{s:8:\"category\";a:1:{i:4;s:1:\"4\";}}',3),(125,'263dcad424a0b8ec093090e80cfa4055','a:1:{s:8:\"category\";a:1:{i:8;s:1:\"8\";}}',3),(126,'cf804e6c97d2d1b88dd1e5ea15b3df8f','a:1:{s:8:\"category\";a:1:{i:5;s:1:\"5\";}}',3),(127,'7d5bf24304e592584ba549d110f871dd','a:1:{s:8:\"category\";a:1:{i:7;s:1:\"7\";}}',3),(128,'11aa20064de4fb1c05bee620102e312d','a:1:{s:8:\"category\";a:1:{i:9;s:1:\"9\";}}',3),(129,'29c044635fff49ec6273e2e16688412b','a:1:{s:8:\"category\";a:1:{i:10;s:2:\"10\";}}',3),(130,'5de838c4ca245d685858f589808ad6dd','a:1:{s:8:\"category\";a:1:{i:11;s:2:\"11\";}}',3),(131,'c4d7335317f2f1ba381e038fb625d918','a:1:{s:10:\"id_feature\";a:1:{i:1;s:3:\"5_1\";}}',3),(132,'18f41c9cab1c150e429f1b670cae3bc1','a:1:{s:10:\"id_feature\";a:1:{i:2;s:3:\"5_2\";}}',3),(133,'823192a052e44927f06b39b32bcef002','a:1:{s:10:\"id_feature\";a:1:{i:3;s:3:\"5_3\";}}',3),(134,'905fe5b57eb2e1353911171da4ee7706','a:1:{s:10:\"id_feature\";a:1:{i:4;s:3:\"5_4\";}}',3),(135,'ebb42f1bbf0d25b40049c14f1860b952','a:1:{s:10:\"id_feature\";a:1:{i:5;s:3:\"5_5\";}}',3),(136,'f9a71edd8befbb99baceadc2b2fbe793','a:1:{s:10:\"id_feature\";a:1:{i:6;s:3:\"5_6\";}}',3),(137,'e195459fb3d97a32e94673db75dcf299','a:1:{s:10:\"id_feature\";a:1:{i:7;s:3:\"5_7\";}}',3),(138,'b7783cae5eeefc81ff4a69f4ea712ea7','a:1:{s:10:\"id_feature\";a:1:{i:8;s:3:\"5_8\";}}',3),(139,'45f1d9162a9fe2ffcf9f365eace9eeec','a:1:{s:10:\"id_feature\";a:1:{i:9;s:3:\"5_9\";}}',3),(140,'7a04872959f09781f3b883a91c5332c7','a:1:{s:10:\"id_feature\";a:1:{i:10;s:4:\"6_10\";}}',3),(141,'025d11eb379709c8e409a7d712d8e362','a:1:{s:10:\"id_feature\";a:1:{i:11;s:4:\"6_11\";}}',3),(142,'e224c427b75f7805c14e8b63ca9e4e0c','a:1:{s:10:\"id_feature\";a:1:{i:12;s:4:\"6_12\";}}',3),(143,'677717092975926de02151dd9227864e','a:1:{s:10:\"id_feature\";a:1:{i:13;s:4:\"6_13\";}}',3),(144,'00dff7b63b6f7ddb4b341a9308422730','a:1:{s:10:\"id_feature\";a:1:{i:14;s:4:\"6_14\";}}',3),(145,'ff721a9727728b15cd4654a462aaeea0','a:1:{s:10:\"id_feature\";a:1:{i:15;s:4:\"6_15\";}}',3),(146,'0327a5c6fbcd99ae1fa8ef01f1e7e100','a:1:{s:10:\"id_feature\";a:1:{i:16;s:4:\"6_16\";}}',3),(147,'58ddd7a988c042c25121ffeb149f3ac7','a:1:{s:10:\"id_feature\";a:1:{i:17;s:4:\"7_17\";}}',3),(148,'b7248af6c62c1e54b6f13739739e2d17','a:1:{s:10:\"id_feature\";a:1:{i:18;s:4:\"7_18\";}}',3),(149,'b97d201e9d169f46c2a9e6fa356e40d2','a:1:{s:10:\"id_feature\";a:1:{i:19;s:4:\"7_19\";}}',3),(150,'de50b73f078d5cde7cc9d8efc61c9e55','a:1:{s:10:\"id_feature\";a:1:{i:20;s:4:\"7_20\";}}',3),(151,'85a3c64761151fe72e5d027e729072a3','a:1:{s:10:\"id_feature\";a:1:{i:21;s:4:\"7_21\";}}',3),(152,'97d9dd08827238b39342d37e16ee7fc3','a:1:{s:18:\"id_attribute_group\";a:1:{i:1;s:3:\"1_1\";}}',3),(153,'2f3d5048a6335cac20241e0f8cb5294e','a:1:{s:18:\"id_attribute_group\";a:1:{i:2;s:3:\"1_2\";}}',3),(154,'19819345209f29bb2865355fa2cdb800','a:1:{s:18:\"id_attribute_group\";a:1:{i:3;s:3:\"1_3\";}}',3),(155,'27dd5799da96500f9e0ab61387a556b5','a:1:{s:18:\"id_attribute_group\";a:1:{i:4;s:3:\"1_4\";}}',3),(156,'6a73ce72468db97129f092fa3d9a0b2e','a:1:{s:18:\"id_attribute_group\";a:1:{i:5;s:3:\"3_5\";}}',3),(157,'f1fc935c7d64dfac606eb814dcc6c4a7','a:1:{s:18:\"id_attribute_group\";a:1:{i:6;s:3:\"3_6\";}}',3),(158,'f036e061c6e0e9cd6b3c463f72f524a5','a:1:{s:18:\"id_attribute_group\";a:1:{i:7;s:3:\"3_7\";}}',3),(159,'468a278b79ece55c0ed0d3bd1b2dd01f','a:1:{s:18:\"id_attribute_group\";a:1:{i:8;s:3:\"3_8\";}}',3),(160,'8996dbd99c9d2240f117ba0d26b39b10','a:1:{s:18:\"id_attribute_group\";a:1:{i:9;s:3:\"3_9\";}}',3),(161,'601a4dd13077730810f102b18680b537','a:1:{s:18:\"id_attribute_group\";a:1:{i:10;s:4:\"3_10\";}}',3),(162,'0a68b3ba0819d7126935f51335ef9503','a:1:{s:18:\"id_attribute_group\";a:1:{i:11;s:4:\"3_11\";}}',3),(163,'5f556205d67d7c26c2726dba638c2d95','a:1:{s:18:\"id_attribute_group\";a:1:{i:12;s:4:\"3_12\";}}',3),(164,'4b4bb79b20455e8047c972f9ca69cd72','a:1:{s:18:\"id_attribute_group\";a:1:{i:13;s:4:\"3_13\";}}',3),(165,'54dd539ce8bbf02b44485941f2d8d80b','a:1:{s:18:\"id_attribute_group\";a:1:{i:14;s:4:\"3_14\";}}',3),(166,'73b845a28e9ced9709fa414f9b97dae9','a:1:{s:18:\"id_attribute_group\";a:1:{i:15;s:4:\"3_15\";}}',3),(167,'be50cfae4c360fdb124af017a4e80905','a:1:{s:18:\"id_attribute_group\";a:1:{i:16;s:4:\"3_16\";}}',3),(168,'4c4550abfc4eec4c91e558fa9b5171c9','a:1:{s:18:\"id_attribute_group\";a:1:{i:17;s:4:\"3_17\";}}',3),(169,'ab223cc0ca7ebf34af71e067556ee2aa','a:1:{s:18:\"id_attribute_group\";a:1:{i:24;s:4:\"3_24\";}}',3),(170,'0d8166a733f5b3c391f22b83cfba84ec','a:1:{s:8:\"quantity\";a:1:{i:0;i:0;}}',3),(171,'dc55d6c3cfb0d5c5def4251376cf03bd','a:1:{s:8:\"quantity\";a:1:{i:0;i:1;}}',3),(172,'8e9f51f92cd2f5c257b9e75454883afa','a:1:{s:9:\"condition\";a:1:{s:3:\"new\";s:3:\"new\";}}',3),(173,'41cf0d5b23afcf30aad819db5bc49a73','a:1:{s:9:\"condition\";a:1:{s:4:\"used\";s:4:\"used\";}}',3),(174,'83baa9b9da46eac6c3a3dcc1f4631bcb','a:1:{s:9:\"condition\";a:1:{s:11:\"refurbished\";s:11:\"refurbished\";}}',3),(175,'352168d1213a97cb6b98a54cdb38f625','a:1:{s:12:\"manufacturer\";a:1:{i:1;s:1:\"1\";}}',3),(176,'5e333d10fc588de2dd0cc517d25e1401','a:1:{s:12:\"manufacturer\";a:1:{i:2;s:1:\"2\";}}',3),(177,'73cdeffad9cdc1923ed5154956a8423f','a:1:{s:12:\"manufacturer\";a:1:{i:3;s:1:\"3\";}}',3),(178,'f74622e2ca7ab7ca8e001b95fd17ffa5','a:1:{s:12:\"manufacturer\";a:1:{i:4;s:1:\"4\";}}',3),(179,'df903b487e34a795d6f0443a8c19fd48','a:1:{s:12:\"manufacturer\";a:1:{i:5;s:1:\"5\";}}',3),(180,'a1c564aff87a901e6fc9308dec93cde2','a:1:{s:12:\"manufacturer\";a:1:{i:6;s:1:\"6\";}}',3),(181,'97125b86bddbf624c7a173d48be8a42d','a:1:{s:8:\"category\";a:1:{i:1;s:1:\"1\";}}',4),(182,'5f868fd070de20978c1011360df5838e','a:1:{s:8:\"category\";a:1:{i:2;s:1:\"2\";}}',4),(183,'cc030cffa30f6e5f4aca8af84a71ea89','a:1:{s:8:\"category\";a:1:{i:3;s:1:\"3\";}}',4),(184,'b2068d00a9aaf0da051d00ba0a6cc5a2','a:1:{s:8:\"category\";a:1:{i:4;s:1:\"4\";}}',4),(185,'abeaf4161a6cb79918c24673a8581655','a:1:{s:8:\"category\";a:1:{i:8;s:1:\"8\";}}',4),(186,'f25d5b4f940f97ab084208649cfc7584','a:1:{s:8:\"category\";a:1:{i:5;s:1:\"5\";}}',4),(187,'db29d02cf6d041fec2a0422294564ef1','a:1:{s:8:\"category\";a:1:{i:7;s:1:\"7\";}}',4),(188,'e11d20ca57f2efe9991314002227ad4c','a:1:{s:8:\"category\";a:1:{i:9;s:1:\"9\";}}',4),(189,'6a99eb4c5bb695002cec3ebe296f17b9','a:1:{s:8:\"category\";a:1:{i:10;s:2:\"10\";}}',4),(190,'fa5fed0bbc1db23f1b9692fde3174892','a:1:{s:8:\"category\";a:1:{i:11;s:2:\"11\";}}',4),(191,'c4d7335317f2f1ba381e038fb625d918','a:1:{s:10:\"id_feature\";a:1:{i:1;s:3:\"5_1\";}}',4),(192,'18f41c9cab1c150e429f1b670cae3bc1','a:1:{s:10:\"id_feature\";a:1:{i:2;s:3:\"5_2\";}}',4),(193,'823192a052e44927f06b39b32bcef002','a:1:{s:10:\"id_feature\";a:1:{i:3;s:3:\"5_3\";}}',4),(194,'905fe5b57eb2e1353911171da4ee7706','a:1:{s:10:\"id_feature\";a:1:{i:4;s:3:\"5_4\";}}',4),(195,'ebb42f1bbf0d25b40049c14f1860b952','a:1:{s:10:\"id_feature\";a:1:{i:5;s:3:\"5_5\";}}',4),(196,'f9a71edd8befbb99baceadc2b2fbe793','a:1:{s:10:\"id_feature\";a:1:{i:6;s:3:\"5_6\";}}',4),(197,'e195459fb3d97a32e94673db75dcf299','a:1:{s:10:\"id_feature\";a:1:{i:7;s:3:\"5_7\";}}',4),(198,'b7783cae5eeefc81ff4a69f4ea712ea7','a:1:{s:10:\"id_feature\";a:1:{i:8;s:3:\"5_8\";}}',4),(199,'45f1d9162a9fe2ffcf9f365eace9eeec','a:1:{s:10:\"id_feature\";a:1:{i:9;s:3:\"5_9\";}}',4),(200,'7a04872959f09781f3b883a91c5332c7','a:1:{s:10:\"id_feature\";a:1:{i:10;s:4:\"6_10\";}}',4),(201,'025d11eb379709c8e409a7d712d8e362','a:1:{s:10:\"id_feature\";a:1:{i:11;s:4:\"6_11\";}}',4),(202,'e224c427b75f7805c14e8b63ca9e4e0c','a:1:{s:10:\"id_feature\";a:1:{i:12;s:4:\"6_12\";}}',4),(203,'677717092975926de02151dd9227864e','a:1:{s:10:\"id_feature\";a:1:{i:13;s:4:\"6_13\";}}',4),(204,'00dff7b63b6f7ddb4b341a9308422730','a:1:{s:10:\"id_feature\";a:1:{i:14;s:4:\"6_14\";}}',4),(205,'ff721a9727728b15cd4654a462aaeea0','a:1:{s:10:\"id_feature\";a:1:{i:15;s:4:\"6_15\";}}',4),(206,'0327a5c6fbcd99ae1fa8ef01f1e7e100','a:1:{s:10:\"id_feature\";a:1:{i:16;s:4:\"6_16\";}}',4),(207,'58ddd7a988c042c25121ffeb149f3ac7','a:1:{s:10:\"id_feature\";a:1:{i:17;s:4:\"7_17\";}}',4),(208,'b7248af6c62c1e54b6f13739739e2d17','a:1:{s:10:\"id_feature\";a:1:{i:18;s:4:\"7_18\";}}',4),(209,'b97d201e9d169f46c2a9e6fa356e40d2','a:1:{s:10:\"id_feature\";a:1:{i:19;s:4:\"7_19\";}}',4),(210,'de50b73f078d5cde7cc9d8efc61c9e55','a:1:{s:10:\"id_feature\";a:1:{i:20;s:4:\"7_20\";}}',4),(211,'85a3c64761151fe72e5d027e729072a3','a:1:{s:10:\"id_feature\";a:1:{i:21;s:4:\"7_21\";}}',4),(212,'97d9dd08827238b39342d37e16ee7fc3','a:1:{s:18:\"id_attribute_group\";a:1:{i:1;s:3:\"1_1\";}}',4),(213,'2f3d5048a6335cac20241e0f8cb5294e','a:1:{s:18:\"id_attribute_group\";a:1:{i:2;s:3:\"1_2\";}}',4),(214,'19819345209f29bb2865355fa2cdb800','a:1:{s:18:\"id_attribute_group\";a:1:{i:3;s:3:\"1_3\";}}',4),(215,'27dd5799da96500f9e0ab61387a556b5','a:1:{s:18:\"id_attribute_group\";a:1:{i:4;s:3:\"1_4\";}}',4),(216,'6a73ce72468db97129f092fa3d9a0b2e','a:1:{s:18:\"id_attribute_group\";a:1:{i:5;s:3:\"3_5\";}}',4),(217,'f1fc935c7d64dfac606eb814dcc6c4a7','a:1:{s:18:\"id_attribute_group\";a:1:{i:6;s:3:\"3_6\";}}',4),(218,'f036e061c6e0e9cd6b3c463f72f524a5','a:1:{s:18:\"id_attribute_group\";a:1:{i:7;s:3:\"3_7\";}}',4),(219,'468a278b79ece55c0ed0d3bd1b2dd01f','a:1:{s:18:\"id_attribute_group\";a:1:{i:8;s:3:\"3_8\";}}',4),(220,'8996dbd99c9d2240f117ba0d26b39b10','a:1:{s:18:\"id_attribute_group\";a:1:{i:9;s:3:\"3_9\";}}',4),(221,'601a4dd13077730810f102b18680b537','a:1:{s:18:\"id_attribute_group\";a:1:{i:10;s:4:\"3_10\";}}',4),(222,'0a68b3ba0819d7126935f51335ef9503','a:1:{s:18:\"id_attribute_group\";a:1:{i:11;s:4:\"3_11\";}}',4),(223,'5f556205d67d7c26c2726dba638c2d95','a:1:{s:18:\"id_attribute_group\";a:1:{i:12;s:4:\"3_12\";}}',4),(224,'4b4bb79b20455e8047c972f9ca69cd72','a:1:{s:18:\"id_attribute_group\";a:1:{i:13;s:4:\"3_13\";}}',4),(225,'54dd539ce8bbf02b44485941f2d8d80b','a:1:{s:18:\"id_attribute_group\";a:1:{i:14;s:4:\"3_14\";}}',4),(226,'73b845a28e9ced9709fa414f9b97dae9','a:1:{s:18:\"id_attribute_group\";a:1:{i:15;s:4:\"3_15\";}}',4),(227,'be50cfae4c360fdb124af017a4e80905','a:1:{s:18:\"id_attribute_group\";a:1:{i:16;s:4:\"3_16\";}}',4),(228,'4c4550abfc4eec4c91e558fa9b5171c9','a:1:{s:18:\"id_attribute_group\";a:1:{i:17;s:4:\"3_17\";}}',4),(229,'ab223cc0ca7ebf34af71e067556ee2aa','a:1:{s:18:\"id_attribute_group\";a:1:{i:24;s:4:\"3_24\";}}',4),(230,'9da2e00a1ec00e2d5fa5da9de7fd76a7','a:1:{s:8:\"quantity\";a:1:{i:0;i:0;}}',4),(231,'0b023ae02e6af68386d1c579399b8087','a:1:{s:8:\"quantity\";a:1:{i:0;i:1;}}',4),(232,'0c8e817036b90da4693a3b0ca2a83273','a:1:{s:9:\"condition\";a:1:{s:3:\"new\";s:3:\"new\";}}',4),(233,'3a80d99dfe5680491987f3281bd8fce8','a:1:{s:9:\"condition\";a:1:{s:4:\"used\";s:4:\"used\";}}',4),(234,'8dae4c2edcb0c04a234de1d09fbf44d3','a:1:{s:9:\"condition\";a:1:{s:11:\"refurbished\";s:11:\"refurbished\";}}',4),(235,'e3d5c79878834b2f61e6f37c1425bee9','a:1:{s:12:\"manufacturer\";a:1:{i:1;s:1:\"1\";}}',4),(236,'96e906b8ebb5f825e42ff06f58679708','a:1:{s:12:\"manufacturer\";a:1:{i:2;s:1:\"2\";}}',4),(237,'27579346f261e13abc777acbf649b1f3','a:1:{s:12:\"manufacturer\";a:1:{i:3;s:1:\"3\";}}',4),(238,'9c11a4ffde3fd8a8a9b4797eeeeab72d','a:1:{s:12:\"manufacturer\";a:1:{i:4;s:1:\"4\";}}',4),(239,'a662b635eb926fa4af58ad1a2085b9c8','a:1:{s:12:\"manufacturer\";a:1:{i:5;s:1:\"5\";}}',4),(240,'3a4efb7fb3176ccd5f3547523ca1be17','a:1:{s:12:\"manufacturer\";a:1:{i:6;s:1:\"6\";}}',4),(241,'21804e082fb5931598eea11b35197e03','a:1:{s:8:\"category\";a:1:{i:1;s:1:\"1\";}}',5),(242,'97d85fb79f84f3477734bb83e66c1449','a:1:{s:8:\"category\";a:1:{i:2;s:1:\"2\";}}',5),(243,'c91420991c5c6b32fd0817db88ba721b','a:1:{s:8:\"category\";a:1:{i:3;s:1:\"3\";}}',5),(244,'1d35c7ee44b3e4a67d3ba4343f6aac67','a:1:{s:8:\"category\";a:1:{i:4;s:1:\"4\";}}',5),(245,'6c7d86e5738756cdf7388a16dc5007bb','a:1:{s:8:\"category\";a:1:{i:8;s:1:\"8\";}}',5),(246,'8a9dadedb58ef72b578937a3bde40640','a:1:{s:8:\"category\";a:1:{i:5;s:1:\"5\";}}',5),(247,'cb4c8a88847eff50062f690ec1fcd537','a:1:{s:8:\"category\";a:1:{i:7;s:1:\"7\";}}',5),(248,'cf4fd2ae7e0f68ed3faa9945b518bde6','a:1:{s:8:\"category\";a:1:{i:9;s:1:\"9\";}}',5),(249,'f5fbeb982b64c30a8b911bccdbf6c0f0','a:1:{s:8:\"category\";a:1:{i:10;s:2:\"10\";}}',5),(250,'0d0065e3ab80dbb6b0900f2631e9f0e7','a:1:{s:8:\"category\";a:1:{i:11;s:2:\"11\";}}',5),(251,'c4d7335317f2f1ba381e038fb625d918','a:1:{s:10:\"id_feature\";a:1:{i:1;s:3:\"5_1\";}}',5),(252,'18f41c9cab1c150e429f1b670cae3bc1','a:1:{s:10:\"id_feature\";a:1:{i:2;s:3:\"5_2\";}}',5),(253,'823192a052e44927f06b39b32bcef002','a:1:{s:10:\"id_feature\";a:1:{i:3;s:3:\"5_3\";}}',5),(254,'905fe5b57eb2e1353911171da4ee7706','a:1:{s:10:\"id_feature\";a:1:{i:4;s:3:\"5_4\";}}',5),(255,'ebb42f1bbf0d25b40049c14f1860b952','a:1:{s:10:\"id_feature\";a:1:{i:5;s:3:\"5_5\";}}',5),(256,'f9a71edd8befbb99baceadc2b2fbe793','a:1:{s:10:\"id_feature\";a:1:{i:6;s:3:\"5_6\";}}',5),(257,'e195459fb3d97a32e94673db75dcf299','a:1:{s:10:\"id_feature\";a:1:{i:7;s:3:\"5_7\";}}',5),(258,'b7783cae5eeefc81ff4a69f4ea712ea7','a:1:{s:10:\"id_feature\";a:1:{i:8;s:3:\"5_8\";}}',5),(259,'45f1d9162a9fe2ffcf9f365eace9eeec','a:1:{s:10:\"id_feature\";a:1:{i:9;s:3:\"5_9\";}}',5),(260,'7a04872959f09781f3b883a91c5332c7','a:1:{s:10:\"id_feature\";a:1:{i:10;s:4:\"6_10\";}}',5),(261,'025d11eb379709c8e409a7d712d8e362','a:1:{s:10:\"id_feature\";a:1:{i:11;s:4:\"6_11\";}}',5),(262,'e224c427b75f7805c14e8b63ca9e4e0c','a:1:{s:10:\"id_feature\";a:1:{i:12;s:4:\"6_12\";}}',5),(263,'677717092975926de02151dd9227864e','a:1:{s:10:\"id_feature\";a:1:{i:13;s:4:\"6_13\";}}',5),(264,'00dff7b63b6f7ddb4b341a9308422730','a:1:{s:10:\"id_feature\";a:1:{i:14;s:4:\"6_14\";}}',5),(265,'ff721a9727728b15cd4654a462aaeea0','a:1:{s:10:\"id_feature\";a:1:{i:15;s:4:\"6_15\";}}',5),(266,'0327a5c6fbcd99ae1fa8ef01f1e7e100','a:1:{s:10:\"id_feature\";a:1:{i:16;s:4:\"6_16\";}}',5),(267,'58ddd7a988c042c25121ffeb149f3ac7','a:1:{s:10:\"id_feature\";a:1:{i:17;s:4:\"7_17\";}}',5),(268,'b7248af6c62c1e54b6f13739739e2d17','a:1:{s:10:\"id_feature\";a:1:{i:18;s:4:\"7_18\";}}',5),(269,'b97d201e9d169f46c2a9e6fa356e40d2','a:1:{s:10:\"id_feature\";a:1:{i:19;s:4:\"7_19\";}}',5),(270,'de50b73f078d5cde7cc9d8efc61c9e55','a:1:{s:10:\"id_feature\";a:1:{i:20;s:4:\"7_20\";}}',5),(271,'85a3c64761151fe72e5d027e729072a3','a:1:{s:10:\"id_feature\";a:1:{i:21;s:4:\"7_21\";}}',5),(272,'97d9dd08827238b39342d37e16ee7fc3','a:1:{s:18:\"id_attribute_group\";a:1:{i:1;s:3:\"1_1\";}}',5),(273,'2f3d5048a6335cac20241e0f8cb5294e','a:1:{s:18:\"id_attribute_group\";a:1:{i:2;s:3:\"1_2\";}}',5),(274,'19819345209f29bb2865355fa2cdb800','a:1:{s:18:\"id_attribute_group\";a:1:{i:3;s:3:\"1_3\";}}',5),(275,'27dd5799da96500f9e0ab61387a556b5','a:1:{s:18:\"id_attribute_group\";a:1:{i:4;s:3:\"1_4\";}}',5),(276,'6a73ce72468db97129f092fa3d9a0b2e','a:1:{s:18:\"id_attribute_group\";a:1:{i:5;s:3:\"3_5\";}}',5),(277,'f1fc935c7d64dfac606eb814dcc6c4a7','a:1:{s:18:\"id_attribute_group\";a:1:{i:6;s:3:\"3_6\";}}',5),(278,'f036e061c6e0e9cd6b3c463f72f524a5','a:1:{s:18:\"id_attribute_group\";a:1:{i:7;s:3:\"3_7\";}}',5),(279,'468a278b79ece55c0ed0d3bd1b2dd01f','a:1:{s:18:\"id_attribute_group\";a:1:{i:8;s:3:\"3_8\";}}',5),(280,'8996dbd99c9d2240f117ba0d26b39b10','a:1:{s:18:\"id_attribute_group\";a:1:{i:9;s:3:\"3_9\";}}',5),(281,'601a4dd13077730810f102b18680b537','a:1:{s:18:\"id_attribute_group\";a:1:{i:10;s:4:\"3_10\";}}',5),(282,'0a68b3ba0819d7126935f51335ef9503','a:1:{s:18:\"id_attribute_group\";a:1:{i:11;s:4:\"3_11\";}}',5),(283,'5f556205d67d7c26c2726dba638c2d95','a:1:{s:18:\"id_attribute_group\";a:1:{i:12;s:4:\"3_12\";}}',5),(284,'4b4bb79b20455e8047c972f9ca69cd72','a:1:{s:18:\"id_attribute_group\";a:1:{i:13;s:4:\"3_13\";}}',5),(285,'54dd539ce8bbf02b44485941f2d8d80b','a:1:{s:18:\"id_attribute_group\";a:1:{i:14;s:4:\"3_14\";}}',5),(286,'73b845a28e9ced9709fa414f9b97dae9','a:1:{s:18:\"id_attribute_group\";a:1:{i:15;s:4:\"3_15\";}}',5),(287,'be50cfae4c360fdb124af017a4e80905','a:1:{s:18:\"id_attribute_group\";a:1:{i:16;s:4:\"3_16\";}}',5),(288,'4c4550abfc4eec4c91e558fa9b5171c9','a:1:{s:18:\"id_attribute_group\";a:1:{i:17;s:4:\"3_17\";}}',5),(289,'ab223cc0ca7ebf34af71e067556ee2aa','a:1:{s:18:\"id_attribute_group\";a:1:{i:24;s:4:\"3_24\";}}',5),(290,'e145f54b80ffd4a0b53ff0a2866ac5d5','a:1:{s:8:\"quantity\";a:1:{i:0;i:0;}}',5),(291,'9b1e1fb176c8af406051619e75908da1','a:1:{s:8:\"quantity\";a:1:{i:0;i:1;}}',5),(292,'0ca34991dd85fc29fb5d1053ee2e1fcc','a:1:{s:9:\"condition\";a:1:{s:3:\"new\";s:3:\"new\";}}',5),(293,'38370e03baee834d2d53395525a4ac56','a:1:{s:9:\"condition\";a:1:{s:4:\"used\";s:4:\"used\";}}',5),(294,'352bd2ca0fd5068c12fd6ca458ed2698','a:1:{s:9:\"condition\";a:1:{s:11:\"refurbished\";s:11:\"refurbished\";}}',5),(295,'327f7ccb21128a9f861a8e40477d4b15','a:1:{s:12:\"manufacturer\";a:1:{i:1;s:1:\"1\";}}',5),(296,'9a9bf87e3109407aad71bc1b3ea71ce0','a:1:{s:12:\"manufacturer\";a:1:{i:2;s:1:\"2\";}}',5),(297,'664d901cff721d75e8c8787abac109a2','a:1:{s:12:\"manufacturer\";a:1:{i:3;s:1:\"3\";}}',5),(298,'1bf8215472a19c97a56a4624e3073cd9','a:1:{s:12:\"manufacturer\";a:1:{i:4;s:1:\"4\";}}',5),(299,'51b4d2426fe4b58b8469c91671422a7d','a:1:{s:12:\"manufacturer\";a:1:{i:5;s:1:\"5\";}}',5),(300,'0843934cd9d7ee09e4593187e6965d91','a:1:{s:12:\"manufacturer\";a:1:{i:6;s:1:\"6\";}}',5),(301,'97125b86bddbf624c7a173d48be8a42d','a:1:{s:8:\"category\";a:1:{i:1;s:1:\"1\";}}',6),(302,'5f868fd070de20978c1011360df5838e','a:1:{s:8:\"category\";a:1:{i:2;s:1:\"2\";}}',6),(303,'cc030cffa30f6e5f4aca8af84a71ea89','a:1:{s:8:\"category\";a:1:{i:3;s:1:\"3\";}}',6),(304,'b2068d00a9aaf0da051d00ba0a6cc5a2','a:1:{s:8:\"category\";a:1:{i:4;s:1:\"4\";}}',6),(305,'abeaf4161a6cb79918c24673a8581655','a:1:{s:8:\"category\";a:1:{i:8;s:1:\"8\";}}',6),(306,'f25d5b4f940f97ab084208649cfc7584','a:1:{s:8:\"category\";a:1:{i:5;s:1:\"5\";}}',6),(307,'db29d02cf6d041fec2a0422294564ef1','a:1:{s:8:\"category\";a:1:{i:7;s:1:\"7\";}}',6),(308,'e11d20ca57f2efe9991314002227ad4c','a:1:{s:8:\"category\";a:1:{i:9;s:1:\"9\";}}',6),(309,'6a99eb4c5bb695002cec3ebe296f17b9','a:1:{s:8:\"category\";a:1:{i:10;s:2:\"10\";}}',6),(310,'fa5fed0bbc1db23f1b9692fde3174892','a:1:{s:8:\"category\";a:1:{i:11;s:2:\"11\";}}',6),(311,'c4d7335317f2f1ba381e038fb625d918','a:1:{s:10:\"id_feature\";a:1:{i:1;s:3:\"5_1\";}}',6),(312,'18f41c9cab1c150e429f1b670cae3bc1','a:1:{s:10:\"id_feature\";a:1:{i:2;s:3:\"5_2\";}}',6),(313,'823192a052e44927f06b39b32bcef002','a:1:{s:10:\"id_feature\";a:1:{i:3;s:3:\"5_3\";}}',6),(314,'905fe5b57eb2e1353911171da4ee7706','a:1:{s:10:\"id_feature\";a:1:{i:4;s:3:\"5_4\";}}',6),(315,'ebb42f1bbf0d25b40049c14f1860b952','a:1:{s:10:\"id_feature\";a:1:{i:5;s:3:\"5_5\";}}',6),(316,'f9a71edd8befbb99baceadc2b2fbe793','a:1:{s:10:\"id_feature\";a:1:{i:6;s:3:\"5_6\";}}',6),(317,'e195459fb3d97a32e94673db75dcf299','a:1:{s:10:\"id_feature\";a:1:{i:7;s:3:\"5_7\";}}',6),(318,'b7783cae5eeefc81ff4a69f4ea712ea7','a:1:{s:10:\"id_feature\";a:1:{i:8;s:3:\"5_8\";}}',6),(319,'45f1d9162a9fe2ffcf9f365eace9eeec','a:1:{s:10:\"id_feature\";a:1:{i:9;s:3:\"5_9\";}}',6),(320,'7a04872959f09781f3b883a91c5332c7','a:1:{s:10:\"id_feature\";a:1:{i:10;s:4:\"6_10\";}}',6),(321,'025d11eb379709c8e409a7d712d8e362','a:1:{s:10:\"id_feature\";a:1:{i:11;s:4:\"6_11\";}}',6),(322,'e224c427b75f7805c14e8b63ca9e4e0c','a:1:{s:10:\"id_feature\";a:1:{i:12;s:4:\"6_12\";}}',6),(323,'677717092975926de02151dd9227864e','a:1:{s:10:\"id_feature\";a:1:{i:13;s:4:\"6_13\";}}',6),(324,'00dff7b63b6f7ddb4b341a9308422730','a:1:{s:10:\"id_feature\";a:1:{i:14;s:4:\"6_14\";}}',6),(325,'ff721a9727728b15cd4654a462aaeea0','a:1:{s:10:\"id_feature\";a:1:{i:15;s:4:\"6_15\";}}',6),(326,'0327a5c6fbcd99ae1fa8ef01f1e7e100','a:1:{s:10:\"id_feature\";a:1:{i:16;s:4:\"6_16\";}}',6),(327,'58ddd7a988c042c25121ffeb149f3ac7','a:1:{s:10:\"id_feature\";a:1:{i:17;s:4:\"7_17\";}}',6),(328,'b7248af6c62c1e54b6f13739739e2d17','a:1:{s:10:\"id_feature\";a:1:{i:18;s:4:\"7_18\";}}',6),(329,'b97d201e9d169f46c2a9e6fa356e40d2','a:1:{s:10:\"id_feature\";a:1:{i:19;s:4:\"7_19\";}}',6),(330,'de50b73f078d5cde7cc9d8efc61c9e55','a:1:{s:10:\"id_feature\";a:1:{i:20;s:4:\"7_20\";}}',6),(331,'85a3c64761151fe72e5d027e729072a3','a:1:{s:10:\"id_feature\";a:1:{i:21;s:4:\"7_21\";}}',6),(332,'97d9dd08827238b39342d37e16ee7fc3','a:1:{s:18:\"id_attribute_group\";a:1:{i:1;s:3:\"1_1\";}}',6),(333,'2f3d5048a6335cac20241e0f8cb5294e','a:1:{s:18:\"id_attribute_group\";a:1:{i:2;s:3:\"1_2\";}}',6),(334,'19819345209f29bb2865355fa2cdb800','a:1:{s:18:\"id_attribute_group\";a:1:{i:3;s:3:\"1_3\";}}',6),(335,'27dd5799da96500f9e0ab61387a556b5','a:1:{s:18:\"id_attribute_group\";a:1:{i:4;s:3:\"1_4\";}}',6),(336,'6a73ce72468db97129f092fa3d9a0b2e','a:1:{s:18:\"id_attribute_group\";a:1:{i:5;s:3:\"3_5\";}}',6),(337,'f1fc935c7d64dfac606eb814dcc6c4a7','a:1:{s:18:\"id_attribute_group\";a:1:{i:6;s:3:\"3_6\";}}',6),(338,'f036e061c6e0e9cd6b3c463f72f524a5','a:1:{s:18:\"id_attribute_group\";a:1:{i:7;s:3:\"3_7\";}}',6),(339,'468a278b79ece55c0ed0d3bd1b2dd01f','a:1:{s:18:\"id_attribute_group\";a:1:{i:8;s:3:\"3_8\";}}',6),(340,'8996dbd99c9d2240f117ba0d26b39b10','a:1:{s:18:\"id_attribute_group\";a:1:{i:9;s:3:\"3_9\";}}',6),(341,'601a4dd13077730810f102b18680b537','a:1:{s:18:\"id_attribute_group\";a:1:{i:10;s:4:\"3_10\";}}',6),(342,'0a68b3ba0819d7126935f51335ef9503','a:1:{s:18:\"id_attribute_group\";a:1:{i:11;s:4:\"3_11\";}}',6),(343,'5f556205d67d7c26c2726dba638c2d95','a:1:{s:18:\"id_attribute_group\";a:1:{i:12;s:4:\"3_12\";}}',6),(344,'4b4bb79b20455e8047c972f9ca69cd72','a:1:{s:18:\"id_attribute_group\";a:1:{i:13;s:4:\"3_13\";}}',6),(345,'54dd539ce8bbf02b44485941f2d8d80b','a:1:{s:18:\"id_attribute_group\";a:1:{i:14;s:4:\"3_14\";}}',6),(346,'73b845a28e9ced9709fa414f9b97dae9','a:1:{s:18:\"id_attribute_group\";a:1:{i:15;s:4:\"3_15\";}}',6),(347,'be50cfae4c360fdb124af017a4e80905','a:1:{s:18:\"id_attribute_group\";a:1:{i:16;s:4:\"3_16\";}}',6),(348,'4c4550abfc4eec4c91e558fa9b5171c9','a:1:{s:18:\"id_attribute_group\";a:1:{i:17;s:4:\"3_17\";}}',6),(349,'ab223cc0ca7ebf34af71e067556ee2aa','a:1:{s:18:\"id_attribute_group\";a:1:{i:24;s:4:\"3_24\";}}',6),(350,'44294b0028a0213fc55128fecfbdfbed','a:1:{s:8:\"quantity\";a:1:{i:0;i:0;}}',6),(351,'dd4f6902b4e7b3fb676b9ce2cedfa9b4','a:1:{s:8:\"quantity\";a:1:{i:0;i:1;}}',6),(352,'f84cffad3cf7a6b7856c8a72b8c8df90','a:1:{s:9:\"condition\";a:1:{s:3:\"new\";s:3:\"new\";}}',6),(353,'14c9246c3ce6dd5317ffefc0545bba2e','a:1:{s:9:\"condition\";a:1:{s:4:\"used\";s:4:\"used\";}}',6),(354,'9b16a88b60f3455d51212bf2dc1d3a95','a:1:{s:9:\"condition\";a:1:{s:11:\"refurbished\";s:11:\"refurbished\";}}',6),(355,'e3d5c79878834b2f61e6f37c1425bee9','a:1:{s:12:\"manufacturer\";a:1:{i:1;s:1:\"1\";}}',6),(356,'96e906b8ebb5f825e42ff06f58679708','a:1:{s:12:\"manufacturer\";a:1:{i:2;s:1:\"2\";}}',6),(357,'27579346f261e13abc777acbf649b1f3','a:1:{s:12:\"manufacturer\";a:1:{i:3;s:1:\"3\";}}',6),(358,'9c11a4ffde3fd8a8a9b4797eeeeab72d','a:1:{s:12:\"manufacturer\";a:1:{i:4;s:1:\"4\";}}',6),(359,'a662b635eb926fa4af58ad1a2085b9c8','a:1:{s:12:\"manufacturer\";a:1:{i:5;s:1:\"5\";}}',6),(360,'3a4efb7fb3176ccd5f3547523ca1be17','a:1:{s:12:\"manufacturer\";a:1:{i:6;s:1:\"6\";}}',6),(361,'5c70292177d4d6103f8b626ddc8f878c','a:1:{s:8:\"category\";a:1:{i:1;s:1:\"1\";}}',7),(362,'b9e83f647f647d9b6561bce0fc515759','a:1:{s:8:\"category\";a:1:{i:2;s:1:\"2\";}}',7),(363,'9b1b1df69408480ba0a2a3166ba35b72','a:1:{s:8:\"category\";a:1:{i:3;s:1:\"3\";}}',7),(364,'b8ccc848a42133690aef4f98e52ba608','a:1:{s:8:\"category\";a:1:{i:4;s:1:\"4\";}}',7),(365,'3cb249b9498d2a785351c34992b868e2','a:1:{s:8:\"category\";a:1:{i:8;s:1:\"8\";}}',7),(366,'4a7819c59c759ed56498869f0c6339ad','a:1:{s:8:\"category\";a:1:{i:5;s:1:\"5\";}}',7),(367,'553d2e00a0d80be6df3fbdc9ec7b97e1','a:1:{s:8:\"category\";a:1:{i:7;s:1:\"7\";}}',7),(368,'3a2624a0a427feb7e6647530ec5f09d6','a:1:{s:8:\"category\";a:1:{i:9;s:1:\"9\";}}',7),(369,'c593be5cef6ec94fb562594d8264138b','a:1:{s:8:\"category\";a:1:{i:10;s:2:\"10\";}}',7),(370,'23aee1ec2b610e411d71732bfa515379','a:1:{s:8:\"category\";a:1:{i:11;s:2:\"11\";}}',7),(371,'c4d7335317f2f1ba381e038fb625d918','a:1:{s:10:\"id_feature\";a:1:{i:1;s:3:\"5_1\";}}',7),(372,'18f41c9cab1c150e429f1b670cae3bc1','a:1:{s:10:\"id_feature\";a:1:{i:2;s:3:\"5_2\";}}',7),(373,'823192a052e44927f06b39b32bcef002','a:1:{s:10:\"id_feature\";a:1:{i:3;s:3:\"5_3\";}}',7),(374,'905fe5b57eb2e1353911171da4ee7706','a:1:{s:10:\"id_feature\";a:1:{i:4;s:3:\"5_4\";}}',7),(375,'ebb42f1bbf0d25b40049c14f1860b952','a:1:{s:10:\"id_feature\";a:1:{i:5;s:3:\"5_5\";}}',7),(376,'f9a71edd8befbb99baceadc2b2fbe793','a:1:{s:10:\"id_feature\";a:1:{i:6;s:3:\"5_6\";}}',7),(377,'e195459fb3d97a32e94673db75dcf299','a:1:{s:10:\"id_feature\";a:1:{i:7;s:3:\"5_7\";}}',7),(378,'b7783cae5eeefc81ff4a69f4ea712ea7','a:1:{s:10:\"id_feature\";a:1:{i:8;s:3:\"5_8\";}}',7),(379,'45f1d9162a9fe2ffcf9f365eace9eeec','a:1:{s:10:\"id_feature\";a:1:{i:9;s:3:\"5_9\";}}',7),(380,'7a04872959f09781f3b883a91c5332c7','a:1:{s:10:\"id_feature\";a:1:{i:10;s:4:\"6_10\";}}',7),(381,'025d11eb379709c8e409a7d712d8e362','a:1:{s:10:\"id_feature\";a:1:{i:11;s:4:\"6_11\";}}',7),(382,'e224c427b75f7805c14e8b63ca9e4e0c','a:1:{s:10:\"id_feature\";a:1:{i:12;s:4:\"6_12\";}}',7),(383,'677717092975926de02151dd9227864e','a:1:{s:10:\"id_feature\";a:1:{i:13;s:4:\"6_13\";}}',7),(384,'00dff7b63b6f7ddb4b341a9308422730','a:1:{s:10:\"id_feature\";a:1:{i:14;s:4:\"6_14\";}}',7),(385,'ff721a9727728b15cd4654a462aaeea0','a:1:{s:10:\"id_feature\";a:1:{i:15;s:4:\"6_15\";}}',7),(386,'0327a5c6fbcd99ae1fa8ef01f1e7e100','a:1:{s:10:\"id_feature\";a:1:{i:16;s:4:\"6_16\";}}',7),(387,'58ddd7a988c042c25121ffeb149f3ac7','a:1:{s:10:\"id_feature\";a:1:{i:17;s:4:\"7_17\";}}',7),(388,'b7248af6c62c1e54b6f13739739e2d17','a:1:{s:10:\"id_feature\";a:1:{i:18;s:4:\"7_18\";}}',7),(389,'b97d201e9d169f46c2a9e6fa356e40d2','a:1:{s:10:\"id_feature\";a:1:{i:19;s:4:\"7_19\";}}',7),(390,'de50b73f078d5cde7cc9d8efc61c9e55','a:1:{s:10:\"id_feature\";a:1:{i:20;s:4:\"7_20\";}}',7),(391,'85a3c64761151fe72e5d027e729072a3','a:1:{s:10:\"id_feature\";a:1:{i:21;s:4:\"7_21\";}}',7),(392,'97d9dd08827238b39342d37e16ee7fc3','a:1:{s:18:\"id_attribute_group\";a:1:{i:1;s:3:\"1_1\";}}',7),(393,'2f3d5048a6335cac20241e0f8cb5294e','a:1:{s:18:\"id_attribute_group\";a:1:{i:2;s:3:\"1_2\";}}',7),(394,'19819345209f29bb2865355fa2cdb800','a:1:{s:18:\"id_attribute_group\";a:1:{i:3;s:3:\"1_3\";}}',7),(395,'27dd5799da96500f9e0ab61387a556b5','a:1:{s:18:\"id_attribute_group\";a:1:{i:4;s:3:\"1_4\";}}',7),(396,'6a73ce72468db97129f092fa3d9a0b2e','a:1:{s:18:\"id_attribute_group\";a:1:{i:5;s:3:\"3_5\";}}',7),(397,'f1fc935c7d64dfac606eb814dcc6c4a7','a:1:{s:18:\"id_attribute_group\";a:1:{i:6;s:3:\"3_6\";}}',7),(398,'f036e061c6e0e9cd6b3c463f72f524a5','a:1:{s:18:\"id_attribute_group\";a:1:{i:7;s:3:\"3_7\";}}',7),(399,'468a278b79ece55c0ed0d3bd1b2dd01f','a:1:{s:18:\"id_attribute_group\";a:1:{i:8;s:3:\"3_8\";}}',7),(400,'8996dbd99c9d2240f117ba0d26b39b10','a:1:{s:18:\"id_attribute_group\";a:1:{i:9;s:3:\"3_9\";}}',7),(401,'601a4dd13077730810f102b18680b537','a:1:{s:18:\"id_attribute_group\";a:1:{i:10;s:4:\"3_10\";}}',7),(402,'0a68b3ba0819d7126935f51335ef9503','a:1:{s:18:\"id_attribute_group\";a:1:{i:11;s:4:\"3_11\";}}',7),(403,'5f556205d67d7c26c2726dba638c2d95','a:1:{s:18:\"id_attribute_group\";a:1:{i:12;s:4:\"3_12\";}}',7),(404,'4b4bb79b20455e8047c972f9ca69cd72','a:1:{s:18:\"id_attribute_group\";a:1:{i:13;s:4:\"3_13\";}}',7),(405,'54dd539ce8bbf02b44485941f2d8d80b','a:1:{s:18:\"id_attribute_group\";a:1:{i:14;s:4:\"3_14\";}}',7),(406,'73b845a28e9ced9709fa414f9b97dae9','a:1:{s:18:\"id_attribute_group\";a:1:{i:15;s:4:\"3_15\";}}',7),(407,'be50cfae4c360fdb124af017a4e80905','a:1:{s:18:\"id_attribute_group\";a:1:{i:16;s:4:\"3_16\";}}',7),(408,'4c4550abfc4eec4c91e558fa9b5171c9','a:1:{s:18:\"id_attribute_group\";a:1:{i:17;s:4:\"3_17\";}}',7),(409,'ab223cc0ca7ebf34af71e067556ee2aa','a:1:{s:18:\"id_attribute_group\";a:1:{i:24;s:4:\"3_24\";}}',7),(410,'ef778f9d4d046112d0cacdb43e808a1c','a:1:{s:8:\"quantity\";a:1:{i:0;i:0;}}',7),(411,'937e96c696ebe23a04f806e8a851fc26','a:1:{s:8:\"quantity\";a:1:{i:0;i:1;}}',7),(412,'80a60800fb2bfa43b6b05458d6a12a3b','a:1:{s:9:\"condition\";a:1:{s:3:\"new\";s:3:\"new\";}}',7),(413,'cc2a0d34f882a8c07b6fb7a08775b1e8','a:1:{s:9:\"condition\";a:1:{s:4:\"used\";s:4:\"used\";}}',7),(414,'ada725c2df902416f88e6f941af4893e','a:1:{s:9:\"condition\";a:1:{s:11:\"refurbished\";s:11:\"refurbished\";}}',7),(415,'0c30cbfe6e66246a191a8f91b34bc731','a:1:{s:12:\"manufacturer\";a:1:{i:1;s:1:\"1\";}}',7),(416,'9034189cf062b2b8c375c7be48194782','a:1:{s:12:\"manufacturer\";a:1:{i:2;s:1:\"2\";}}',7),(417,'1ad7287f450caa2845c42d89ca2479a6','a:1:{s:12:\"manufacturer\";a:1:{i:3;s:1:\"3\";}}',7),(418,'a9d7e7446ceabc80a476d2ed7684ed0f','a:1:{s:12:\"manufacturer\";a:1:{i:4;s:1:\"4\";}}',7),(419,'e94aa5ade883710e0385763a4f5190ef','a:1:{s:12:\"manufacturer\";a:1:{i:5;s:1:\"5\";}}',7),(420,'50aafcd5fe650970e584209d71ac9822','a:1:{s:12:\"manufacturer\";a:1:{i:6;s:1:\"6\";}}',7),(421,'d67b910eb29d83eb9d903c31e22ca567','a:1:{s:8:\"category\";a:1:{i:1;s:1:\"1\";}}',8),(422,'8755324d71629d5c18c28a7a1aa28c01','a:1:{s:8:\"category\";a:1:{i:2;s:1:\"2\";}}',8),(423,'6f4a4923e92fa77baa1be09e18575a8c','a:1:{s:8:\"category\";a:1:{i:3;s:1:\"3\";}}',8),(424,'2b0769b78490b536de784d99b8507c3b','a:1:{s:8:\"category\";a:1:{i:4;s:1:\"4\";}}',8),(425,'5bbae538124c2c9db20fc31b436ce9de','a:1:{s:8:\"category\";a:1:{i:8;s:1:\"8\";}}',8),(426,'16956bc8263d8eb0d95d081d427030f9','a:1:{s:8:\"category\";a:1:{i:5;s:1:\"5\";}}',8),(427,'249fbd517206c325c31f5c37d0a504b1','a:1:{s:8:\"category\";a:1:{i:7;s:1:\"7\";}}',8),(428,'b923a0c4096a52fd26cbb65587e7b3de','a:1:{s:8:\"category\";a:1:{i:9;s:1:\"9\";}}',8),(429,'58d61d397251cab470327e8d0c8f9cf4','a:1:{s:8:\"category\";a:1:{i:10;s:2:\"10\";}}',8),(430,'a4d6a1a51ba848bca78cb8d0da0942de','a:1:{s:8:\"category\";a:1:{i:11;s:2:\"11\";}}',8),(431,'c4d7335317f2f1ba381e038fb625d918','a:1:{s:10:\"id_feature\";a:1:{i:1;s:3:\"5_1\";}}',8),(432,'18f41c9cab1c150e429f1b670cae3bc1','a:1:{s:10:\"id_feature\";a:1:{i:2;s:3:\"5_2\";}}',8),(433,'823192a052e44927f06b39b32bcef002','a:1:{s:10:\"id_feature\";a:1:{i:3;s:3:\"5_3\";}}',8),(434,'905fe5b57eb2e1353911171da4ee7706','a:1:{s:10:\"id_feature\";a:1:{i:4;s:3:\"5_4\";}}',8),(435,'ebb42f1bbf0d25b40049c14f1860b952','a:1:{s:10:\"id_feature\";a:1:{i:5;s:3:\"5_5\";}}',8),(436,'f9a71edd8befbb99baceadc2b2fbe793','a:1:{s:10:\"id_feature\";a:1:{i:6;s:3:\"5_6\";}}',8),(437,'e195459fb3d97a32e94673db75dcf299','a:1:{s:10:\"id_feature\";a:1:{i:7;s:3:\"5_7\";}}',8),(438,'b7783cae5eeefc81ff4a69f4ea712ea7','a:1:{s:10:\"id_feature\";a:1:{i:8;s:3:\"5_8\";}}',8),(439,'45f1d9162a9fe2ffcf9f365eace9eeec','a:1:{s:10:\"id_feature\";a:1:{i:9;s:3:\"5_9\";}}',8),(440,'7a04872959f09781f3b883a91c5332c7','a:1:{s:10:\"id_feature\";a:1:{i:10;s:4:\"6_10\";}}',8),(441,'025d11eb379709c8e409a7d712d8e362','a:1:{s:10:\"id_feature\";a:1:{i:11;s:4:\"6_11\";}}',8),(442,'e224c427b75f7805c14e8b63ca9e4e0c','a:1:{s:10:\"id_feature\";a:1:{i:12;s:4:\"6_12\";}}',8),(443,'677717092975926de02151dd9227864e','a:1:{s:10:\"id_feature\";a:1:{i:13;s:4:\"6_13\";}}',8),(444,'00dff7b63b6f7ddb4b341a9308422730','a:1:{s:10:\"id_feature\";a:1:{i:14;s:4:\"6_14\";}}',8),(445,'ff721a9727728b15cd4654a462aaeea0','a:1:{s:10:\"id_feature\";a:1:{i:15;s:4:\"6_15\";}}',8),(446,'0327a5c6fbcd99ae1fa8ef01f1e7e100','a:1:{s:10:\"id_feature\";a:1:{i:16;s:4:\"6_16\";}}',8),(447,'58ddd7a988c042c25121ffeb149f3ac7','a:1:{s:10:\"id_feature\";a:1:{i:17;s:4:\"7_17\";}}',8),(448,'b7248af6c62c1e54b6f13739739e2d17','a:1:{s:10:\"id_feature\";a:1:{i:18;s:4:\"7_18\";}}',8),(449,'b97d201e9d169f46c2a9e6fa356e40d2','a:1:{s:10:\"id_feature\";a:1:{i:19;s:4:\"7_19\";}}',8),(450,'de50b73f078d5cde7cc9d8efc61c9e55','a:1:{s:10:\"id_feature\";a:1:{i:20;s:4:\"7_20\";}}',8),(451,'85a3c64761151fe72e5d027e729072a3','a:1:{s:10:\"id_feature\";a:1:{i:21;s:4:\"7_21\";}}',8),(452,'97d9dd08827238b39342d37e16ee7fc3','a:1:{s:18:\"id_attribute_group\";a:1:{i:1;s:3:\"1_1\";}}',8),(453,'2f3d5048a6335cac20241e0f8cb5294e','a:1:{s:18:\"id_attribute_group\";a:1:{i:2;s:3:\"1_2\";}}',8),(454,'19819345209f29bb2865355fa2cdb800','a:1:{s:18:\"id_attribute_group\";a:1:{i:3;s:3:\"1_3\";}}',8),(455,'27dd5799da96500f9e0ab61387a556b5','a:1:{s:18:\"id_attribute_group\";a:1:{i:4;s:3:\"1_4\";}}',8),(456,'6a73ce72468db97129f092fa3d9a0b2e','a:1:{s:18:\"id_attribute_group\";a:1:{i:5;s:3:\"3_5\";}}',8),(457,'f1fc935c7d64dfac606eb814dcc6c4a7','a:1:{s:18:\"id_attribute_group\";a:1:{i:6;s:3:\"3_6\";}}',8),(458,'f036e061c6e0e9cd6b3c463f72f524a5','a:1:{s:18:\"id_attribute_group\";a:1:{i:7;s:3:\"3_7\";}}',8),(459,'468a278b79ece55c0ed0d3bd1b2dd01f','a:1:{s:18:\"id_attribute_group\";a:1:{i:8;s:3:\"3_8\";}}',8),(460,'8996dbd99c9d2240f117ba0d26b39b10','a:1:{s:18:\"id_attribute_group\";a:1:{i:9;s:3:\"3_9\";}}',8),(461,'601a4dd13077730810f102b18680b537','a:1:{s:18:\"id_attribute_group\";a:1:{i:10;s:4:\"3_10\";}}',8),(462,'0a68b3ba0819d7126935f51335ef9503','a:1:{s:18:\"id_attribute_group\";a:1:{i:11;s:4:\"3_11\";}}',8),(463,'5f556205d67d7c26c2726dba638c2d95','a:1:{s:18:\"id_attribute_group\";a:1:{i:12;s:4:\"3_12\";}}',8),(464,'4b4bb79b20455e8047c972f9ca69cd72','a:1:{s:18:\"id_attribute_group\";a:1:{i:13;s:4:\"3_13\";}}',8),(465,'54dd539ce8bbf02b44485941f2d8d80b','a:1:{s:18:\"id_attribute_group\";a:1:{i:14;s:4:\"3_14\";}}',8),(466,'73b845a28e9ced9709fa414f9b97dae9','a:1:{s:18:\"id_attribute_group\";a:1:{i:15;s:4:\"3_15\";}}',8),(467,'be50cfae4c360fdb124af017a4e80905','a:1:{s:18:\"id_attribute_group\";a:1:{i:16;s:4:\"3_16\";}}',8),(468,'4c4550abfc4eec4c91e558fa9b5171c9','a:1:{s:18:\"id_attribute_group\";a:1:{i:17;s:4:\"3_17\";}}',8),(469,'ab223cc0ca7ebf34af71e067556ee2aa','a:1:{s:18:\"id_attribute_group\";a:1:{i:24;s:4:\"3_24\";}}',8),(470,'c790fd3ae59ce38c295df07ee29b0610','a:1:{s:8:\"quantity\";a:1:{i:0;i:0;}}',8),(471,'758bf65a9ada0bd5e558e9e034151973','a:1:{s:8:\"quantity\";a:1:{i:0;i:1;}}',8),(472,'e2adbf1f81f5c27c9ba016e65baa829e','a:1:{s:9:\"condition\";a:1:{s:3:\"new\";s:3:\"new\";}}',8),(473,'57c65375e6338ee1bcaca22222fe7fb6','a:1:{s:9:\"condition\";a:1:{s:4:\"used\";s:4:\"used\";}}',8),(474,'3a46cfaa03a44684be4c937340ab573b','a:1:{s:9:\"condition\";a:1:{s:11:\"refurbished\";s:11:\"refurbished\";}}',8),(475,'b4e4a600eb535f83c1a6ddc323d28814','a:1:{s:12:\"manufacturer\";a:1:{i:1;s:1:\"1\";}}',8),(476,'ae89ca79a2e37cdace1124851c2a5128','a:1:{s:12:\"manufacturer\";a:1:{i:2;s:1:\"2\";}}',8),(477,'a4039dc695d3c2e490f480c0c0accebc','a:1:{s:12:\"manufacturer\";a:1:{i:3;s:1:\"3\";}}',8),(478,'04d74eda3d78cc5105dd68d09d7d58ae','a:1:{s:12:\"manufacturer\";a:1:{i:4;s:1:\"4\";}}',8),(479,'9f705ed073157953a50a9cf21ccfa919','a:1:{s:12:\"manufacturer\";a:1:{i:5;s:1:\"5\";}}',8),(480,'1dbe47e11e6f20c77959cb798ffa9e9b','a:1:{s:12:\"manufacturer\";a:1:{i:6;s:1:\"6\";}}',8),(481,'4682451c9feabfe5ca6279bd6353197b','a:1:{s:8:\"category\";a:1:{i:1;s:1:\"1\";}}',9),(482,'56ea0c920b7d24eb3d7f6275b937eddc','a:1:{s:8:\"category\";a:1:{i:2;s:1:\"2\";}}',9),(483,'494aa7eca75f0cc0032915ea2d7aa5bc','a:1:{s:8:\"category\";a:1:{i:3;s:1:\"3\";}}',9),(484,'981e39a4198b6d88c791e91e9d220477','a:1:{s:8:\"category\";a:1:{i:4;s:1:\"4\";}}',9),(485,'c9f9e1f81693eb57e41d06227bb49e9e','a:1:{s:8:\"category\";a:1:{i:8;s:1:\"8\";}}',9),(486,'cbde05f83c35bb807e6c63280ccfa5d1','a:1:{s:8:\"category\";a:1:{i:5;s:1:\"5\";}}',9),(487,'4797cde729c596562e82438add8efab6','a:1:{s:8:\"category\";a:1:{i:7;s:1:\"7\";}}',9),(488,'adcd052dcc3e88911fe85f5a57a723ca','a:1:{s:8:\"category\";a:1:{i:9;s:1:\"9\";}}',9),(489,'70993edefc521b0fdabab9d10087ad96','a:1:{s:8:\"category\";a:1:{i:10;s:2:\"10\";}}',9),(490,'e3146ede9bf83f9c2911dd1aeb9fe01e','a:1:{s:8:\"category\";a:1:{i:11;s:2:\"11\";}}',9),(491,'c4d7335317f2f1ba381e038fb625d918','a:1:{s:10:\"id_feature\";a:1:{i:1;s:3:\"5_1\";}}',9),(492,'18f41c9cab1c150e429f1b670cae3bc1','a:1:{s:10:\"id_feature\";a:1:{i:2;s:3:\"5_2\";}}',9),(493,'823192a052e44927f06b39b32bcef002','a:1:{s:10:\"id_feature\";a:1:{i:3;s:3:\"5_3\";}}',9),(494,'905fe5b57eb2e1353911171da4ee7706','a:1:{s:10:\"id_feature\";a:1:{i:4;s:3:\"5_4\";}}',9),(495,'ebb42f1bbf0d25b40049c14f1860b952','a:1:{s:10:\"id_feature\";a:1:{i:5;s:3:\"5_5\";}}',9),(496,'f9a71edd8befbb99baceadc2b2fbe793','a:1:{s:10:\"id_feature\";a:1:{i:6;s:3:\"5_6\";}}',9),(497,'e195459fb3d97a32e94673db75dcf299','a:1:{s:10:\"id_feature\";a:1:{i:7;s:3:\"5_7\";}}',9),(498,'b7783cae5eeefc81ff4a69f4ea712ea7','a:1:{s:10:\"id_feature\";a:1:{i:8;s:3:\"5_8\";}}',9),(499,'45f1d9162a9fe2ffcf9f365eace9eeec','a:1:{s:10:\"id_feature\";a:1:{i:9;s:3:\"5_9\";}}',9),(500,'7a04872959f09781f3b883a91c5332c7','a:1:{s:10:\"id_feature\";a:1:{i:10;s:4:\"6_10\";}}',9),(501,'025d11eb379709c8e409a7d712d8e362','a:1:{s:10:\"id_feature\";a:1:{i:11;s:4:\"6_11\";}}',9),(502,'e224c427b75f7805c14e8b63ca9e4e0c','a:1:{s:10:\"id_feature\";a:1:{i:12;s:4:\"6_12\";}}',9),(503,'677717092975926de02151dd9227864e','a:1:{s:10:\"id_feature\";a:1:{i:13;s:4:\"6_13\";}}',9),(504,'00dff7b63b6f7ddb4b341a9308422730','a:1:{s:10:\"id_feature\";a:1:{i:14;s:4:\"6_14\";}}',9),(505,'ff721a9727728b15cd4654a462aaeea0','a:1:{s:10:\"id_feature\";a:1:{i:15;s:4:\"6_15\";}}',9),(506,'0327a5c6fbcd99ae1fa8ef01f1e7e100','a:1:{s:10:\"id_feature\";a:1:{i:16;s:4:\"6_16\";}}',9),(507,'58ddd7a988c042c25121ffeb149f3ac7','a:1:{s:10:\"id_feature\";a:1:{i:17;s:4:\"7_17\";}}',9),(508,'b7248af6c62c1e54b6f13739739e2d17','a:1:{s:10:\"id_feature\";a:1:{i:18;s:4:\"7_18\";}}',9),(509,'b97d201e9d169f46c2a9e6fa356e40d2','a:1:{s:10:\"id_feature\";a:1:{i:19;s:4:\"7_19\";}}',9),(510,'de50b73f078d5cde7cc9d8efc61c9e55','a:1:{s:10:\"id_feature\";a:1:{i:20;s:4:\"7_20\";}}',9),(511,'85a3c64761151fe72e5d027e729072a3','a:1:{s:10:\"id_feature\";a:1:{i:21;s:4:\"7_21\";}}',9),(512,'97d9dd08827238b39342d37e16ee7fc3','a:1:{s:18:\"id_attribute_group\";a:1:{i:1;s:3:\"1_1\";}}',9),(513,'2f3d5048a6335cac20241e0f8cb5294e','a:1:{s:18:\"id_attribute_group\";a:1:{i:2;s:3:\"1_2\";}}',9),(514,'19819345209f29bb2865355fa2cdb800','a:1:{s:18:\"id_attribute_group\";a:1:{i:3;s:3:\"1_3\";}}',9),(515,'27dd5799da96500f9e0ab61387a556b5','a:1:{s:18:\"id_attribute_group\";a:1:{i:4;s:3:\"1_4\";}}',9),(516,'6a73ce72468db97129f092fa3d9a0b2e','a:1:{s:18:\"id_attribute_group\";a:1:{i:5;s:3:\"3_5\";}}',9),(517,'f1fc935c7d64dfac606eb814dcc6c4a7','a:1:{s:18:\"id_attribute_group\";a:1:{i:6;s:3:\"3_6\";}}',9),(518,'f036e061c6e0e9cd6b3c463f72f524a5','a:1:{s:18:\"id_attribute_group\";a:1:{i:7;s:3:\"3_7\";}}',9),(519,'468a278b79ece55c0ed0d3bd1b2dd01f','a:1:{s:18:\"id_attribute_group\";a:1:{i:8;s:3:\"3_8\";}}',9),(520,'8996dbd99c9d2240f117ba0d26b39b10','a:1:{s:18:\"id_attribute_group\";a:1:{i:9;s:3:\"3_9\";}}',9),(521,'601a4dd13077730810f102b18680b537','a:1:{s:18:\"id_attribute_group\";a:1:{i:10;s:4:\"3_10\";}}',9),(522,'0a68b3ba0819d7126935f51335ef9503','a:1:{s:18:\"id_attribute_group\";a:1:{i:11;s:4:\"3_11\";}}',9),(523,'5f556205d67d7c26c2726dba638c2d95','a:1:{s:18:\"id_attribute_group\";a:1:{i:12;s:4:\"3_12\";}}',9),(524,'4b4bb79b20455e8047c972f9ca69cd72','a:1:{s:18:\"id_attribute_group\";a:1:{i:13;s:4:\"3_13\";}}',9),(525,'54dd539ce8bbf02b44485941f2d8d80b','a:1:{s:18:\"id_attribute_group\";a:1:{i:14;s:4:\"3_14\";}}',9),(526,'73b845a28e9ced9709fa414f9b97dae9','a:1:{s:18:\"id_attribute_group\";a:1:{i:15;s:4:\"3_15\";}}',9),(527,'be50cfae4c360fdb124af017a4e80905','a:1:{s:18:\"id_attribute_group\";a:1:{i:16;s:4:\"3_16\";}}',9),(528,'4c4550abfc4eec4c91e558fa9b5171c9','a:1:{s:18:\"id_attribute_group\";a:1:{i:17;s:4:\"3_17\";}}',9),(529,'ab223cc0ca7ebf34af71e067556ee2aa','a:1:{s:18:\"id_attribute_group\";a:1:{i:24;s:4:\"3_24\";}}',9),(530,'14ef3952eddf958ec1f628065f6c7689','a:1:{s:8:\"quantity\";a:1:{i:0;i:0;}}',9),(531,'d29cae663576533c354543d2749e3c9d','a:1:{s:8:\"quantity\";a:1:{i:0;i:1;}}',9),(532,'702e5a9801d2f7a5456e3e1cf4c5c93f','a:1:{s:9:\"condition\";a:1:{s:3:\"new\";s:3:\"new\";}}',9),(533,'b35226d3c9fbfdc7e029308831cf1f86','a:1:{s:12:\"manufacturer\";a:1:{i:1;s:1:\"1\";}}',9),(534,'98091aaa462b86ad39d16b5650daacff','a:1:{s:12:\"manufacturer\";a:1:{i:2;s:1:\"2\";}}',9),(535,'edbadf4892a0d435eee46c556f68b065','a:1:{s:12:\"manufacturer\";a:1:{i:3;s:1:\"3\";}}',9),(536,'d1101436ba4abb294f0d943ef66fda79','a:1:{s:12:\"manufacturer\";a:1:{i:4;s:1:\"4\";}}',9),(537,'9f6e3f749b9a33b939dc37d015348609','a:1:{s:12:\"manufacturer\";a:1:{i:5;s:1:\"5\";}}',9),(538,'965e227688d023dc7810c7c3676338d9','a:1:{s:12:\"manufacturer\";a:1:{i:6;s:1:\"6\";}}',9);

--
-- Table structure for table `ps_layered_indexable_attribute_group`
--

CREATE TABLE `ps_layered_indexable_attribute_group` (
  `id_attribute_group` int(11) NOT NULL,
  `indexable` tinyint(1) NOT NULL DEFAULT '0',
  PRIMARY KEY (`id_attribute_group`)
) ENGINE=InnoDB DEFAULT CHARSET=utf8;

--
-- Dumping data for table `ps_layered_indexable_attribute_group`
--

INSERT INTO `ps_layered_indexable_attribute_group` VALUES (1,1),(2,1),(3,1);

--
-- Table structure for table `ps_layered_indexable_attribute_group_lang_value`
--

CREATE TABLE `ps_layered_indexable_attribute_group_lang_value` (
  `id_attribute_group` int(11) NOT NULL,
  `id_lang` int(11) NOT NULL,
  `url_name` varchar(128) DEFAULT NULL,
  `meta_title` varchar(128) DEFAULT NULL,
  PRIMARY KEY (`id_attribute_group`,`id_lang`)
) ENGINE=InnoDB DEFAULT CHARSET=utf8;

--
-- Dumping data for table `ps_layered_indexable_attribute_group_lang_value`
--

INSERT INTO `ps_layered_indexable_attribute_group_lang_value` VALUES (2,1,'shoes-size',''),(2,2,'modele',''),(2,3,'shoes-size',''),(2,4,'shoes-size',''),(2,5,'shoes-size',''),(2,6,'shoes-size',''),(2,7,'shoes-size',''),(2,8,'shoes-size',''),(2,9,'shoes-size','');

--
-- Table structure for table `ps_layered_indexable_attribute_lang_value`
--

CREATE TABLE `ps_layered_indexable_attribute_lang_value` (
  `id_attribute` int(11) NOT NULL,
  `id_lang` int(11) NOT NULL,
  `url_name` varchar(128) DEFAULT NULL,
  `meta_title` varchar(128) DEFAULT NULL,
  PRIMARY KEY (`id_attribute`,`id_lang`)
) ENGINE=InnoDB DEFAULT CHARSET=utf8;

--
-- Dumping data for table `ps_layered_indexable_attribute_lang_value`
--

INSERT INTO `ps_layered_indexable_attribute_lang_value` VALUES (18,1,'35',''),(18,2,'col-rond',''),(18,3,'35',''),(18,4,'35',''),(18,5,'35',''),(18,6,'35',''),(18,7,'35',''),(18,8,'35',''),(18,9,'35','');

--
-- Table structure for table `ps_layered_indexable_feature`
--

CREATE TABLE `ps_layered_indexable_feature` (
  `id_feature` int(11) NOT NULL,
  `indexable` tinyint(1) NOT NULL DEFAULT '0',
  PRIMARY KEY (`id_feature`)
) ENGINE=InnoDB DEFAULT CHARSET=utf8;

--
-- Dumping data for table `ps_layered_indexable_feature`
--

INSERT INTO `ps_layered_indexable_feature` VALUES (1,1),(2,1);

--
-- Table structure for table `ps_layered_indexable_feature_lang_value`
--

CREATE TABLE `ps_layered_indexable_feature_lang_value` (
  `id_feature` int(11) NOT NULL,
  `id_lang` int(11) NOT NULL,
  `url_name` varchar(128) NOT NULL,
  `meta_title` varchar(128) DEFAULT NULL,
  PRIMARY KEY (`id_feature`,`id_lang`)
) ENGINE=InnoDB DEFAULT CHARSET=utf8;

--
-- Dumping data for table `ps_layered_indexable_feature_lang_value`
--

INSERT INTO `ps_layered_indexable_feature_lang_value` VALUES (1,1,'height',''),(1,2,'couleur',''),(1,3,'height',''),(1,4,'height',''),(1,5,'height',''),(1,6,'height',''),(1,7,'height',''),(1,8,'height',''),(1,9,'height',''),(2,1,'width',''),(2,2,'taille',''),(2,3,'width',''),(2,4,'width',''),(2,5,'width',''),(2,6,'width',''),(2,7,'width',''),(2,8,'width',''),(2,9,'width','');

--
-- Table structure for table `ps_layered_indexable_feature_value_lang_value`
--

CREATE TABLE `ps_layered_indexable_feature_value_lang_value` (
  `id_feature_value` int(11) NOT NULL,
  `id_lang` int(11) NOT NULL,
  `url_name` varchar(128) DEFAULT NULL,
  `meta_title` varchar(128) DEFAULT NULL,
  PRIMARY KEY (`id_feature_value`,`id_lang`)
) ENGINE=InnoDB DEFAULT CHARSET=utf8;

--
-- Dumping data for table `ps_layered_indexable_feature_value_lang_value`
--

INSERT INTO `ps_layered_indexable_feature_value_lang_value` VALUES (34,1,'',''),(34,2,'',''),(34,3,'',''),(34,4,'',''),(34,5,'',''),(34,6,'',''),(34,7,'',''),(34,8,'',''),(34,9,'',''),(35,1,'',''),(35,2,'',''),(35,3,'',''),(35,4,'',''),(35,5,'',''),(35,6,'',''),(35,7,'',''),(35,8,'',''),(35,9,'','');

--
-- Table structure for table `ps_layered_price_index`
--

CREATE TABLE `ps_layered_price_index` (
  `id_product` int(11) NOT NULL,
  `id_currency` int(11) NOT NULL,
  `id_shop` int(11) NOT NULL,
  `price_min` int(11) NOT NULL,
  `price_max` int(11) NOT NULL,
  PRIMARY KEY (`id_product`,`id_currency`,`id_shop`),
  KEY `id_currency` (`id_currency`),
  KEY `price_min` (`price_min`),
  KEY `price_max` (`price_max`)
) ENGINE=InnoDB DEFAULT CHARSET=utf8;

--
-- Dumping data for table `ps_layered_price_index`
--

INSERT INTO `ps_layered_price_index` VALUES (1,2,1,18,23),(2,1,1,26,28),(2,2,1,32,34),(3,1,1,25,27),(3,2,1,31,32),(4,1,1,50,53),(4,2,1,61,64),(5,1,1,28,30),(5,2,1,34,36),(6,1,1,30,32),(6,2,1,36,38),(7,1,1,20,21),(7,2,1,24,26),(8,1,1,16,17),(8,2,1,19,20),(9,2,1,18,23),(10,2,1,18,23),(11,2,1,18,23),(12,2,1,18,23),(13,2,1,18,23),(14,2,1,18,23),(15,2,1,18,23),(16,2,1,18,23),(17,2,1,18,23),(18,2,1,18,23),(19,2,1,18,23),(20,2,1,18,23),(21,2,1,18,23),(22,2,1,18,23),(23,2,1,18,23),(24,2,1,18,23),(25,2,1,18,23),(26,2,1,18,23),(27,2,1,18,23),(28,2,1,18,23),(29,2,1,18,23),(30,2,1,18,23),(31,2,1,18,23),(32,2,1,18,23),(33,2,1,18,23),(34,2,1,18,23),(35,2,1,18,23),(36,2,1,18,23),(37,2,1,18,23),(38,2,1,18,23),(39,2,1,18,23),(40,2,1,18,23),(41,2,1,18,23);

--
-- Table structure for table `ps_layered_product_attribute`
--

CREATE TABLE `ps_layered_product_attribute` (
  `id_attribute` int(10) unsigned NOT NULL,
  `id_product` int(10) unsigned NOT NULL,
  `id_attribute_group` int(10) unsigned NOT NULL DEFAULT '0',
  `id_shop` int(10) unsigned NOT NULL DEFAULT '1',
  PRIMARY KEY (`id_attribute`,`id_product`,`id_shop`),
  UNIQUE KEY `id_attribute_group` (`id_attribute_group`,`id_attribute`,`id_product`,`id_shop`)
) ENGINE=InnoDB DEFAULT CHARSET=utf8;

--
-- Dumping data for table `ps_layered_product_attribute`
--

INSERT INTO `ps_layered_product_attribute` VALUES (1,2,1,1),(1,3,1,1),(1,4,1,1),(1,5,1,1),(1,6,1,1),(1,7,1,1),(1,8,1,1),(2,2,1,1),(2,3,1,1),(2,4,1,1),(2,5,1,1),(2,6,1,1),(2,7,1,1),(2,8,1,1),(3,2,1,1),(3,3,1,1),(3,4,1,1),(3,5,1,1),(3,6,1,1),(3,7,1,1),(3,8,1,1),(3,9,1,1),(3,10,1,1),(3,11,1,1),(3,12,1,1),(3,24,1,1),(3,25,1,1),(3,27,1,1),(3,28,1,1),(3,29,1,1),(3,31,1,1),(3,32,1,1),(3,33,1,1),(3,34,1,1),(3,35,1,1),(3,36,1,1),(3,37,1,1),(3,38,1,1),(3,39,1,1),(3,40,1,1),(3,41,1,1),(18,11,2,1),(18,31,2,1),(18,32,2,1),(18,33,2,1),(18,34,2,1),(18,35,2,1),(18,36,2,1),(18,37,2,1),(18,38,2,1),(18,39,2,1),(7,4,3,1),(8,2,3,1),(8,6,3,1),(10,36,3,1),(10,37,3,1),(10,38,3,1),(10,39,3,1),(10,40,3,1),(10,41,3,1),(11,2,3,1),(11,5,3,1),(11,9,3,1),(11,10,3,1),(11,11,3,1),(11,12,3,1),(11,24,3,1),(11,25,3,1),(11,27,3,1),(11,28,3,1),(11,29,3,1),(13,3,3,1),(13,5,3,1),(13,33,3,1),(14,5,3,1),(15,7,3,1),(15,8,3,1),(16,5,3,1),(16,6,3,1),(16,7,3,1),(16,8,3,1),(17,31,3,1),(17,32,3,1),(17,35,3,1),(24,4,3,1);

--
-- Table structure for table `ps_leohook`
--

CREATE TABLE `ps_leohook` (
  `id_hook` int(11) NOT NULL,
  `id_module` int(11) NOT NULL,
  `id_shop` int(11) NOT NULL,
  `theme` varchar(50) NOT NULL,
  `name_hook` varchar(100) NOT NULL,
  PRIMARY KEY (`id_hook`,`id_module`,`id_shop`)
) ENGINE=InnoDB DEFAULT CHARSET=utf8;

--
-- Dumping data for table `ps_leohook`
--

INSERT INTO `ps_leohook` VALUES (150,77,1,'leo_tshirt','displayTop'),(151,5,1,'leo_tshirt','displayTop'),(151,22,1,'leo_tshirt','displayTop'),(151,76,1,'leo_tshirt','displayTop');

--
-- Table structure for table `ps_leomanagewidget_backup`
--

CREATE TABLE `ps_leomanagewidget_backup` (
  `id_leomanagewidget` int(10) unsigned NOT NULL AUTO_INCREMENT,
  `id_group` int(10) unsigned NOT NULL,
  `id_shop` int(10) unsigned NOT NULL,
  `position` int(10) unsigned NOT NULL DEFAULT '0',
  `active` tinyint(1) unsigned NOT NULL DEFAULT '0',
  `key_widget` int(10) unsigned NOT NULL,
  `params` text,
  PRIMARY KEY (`id_leomanagewidget`,`id_shop`)
) ENGINE=InnoDB DEFAULT CHARSET=utf8;

--
-- Dumping data for table `ps_leomanagewidget_backup`
--


--
-- Table structure for table `ps_leomanagewidget_column`
--

CREATE TABLE `ps_leomanagewidget_column` (
  `id_column` int(10) unsigned NOT NULL AUTO_INCREMENT,
  `id_group` int(10) unsigned NOT NULL,
  `id_shop` int(10) unsigned NOT NULL,
  `position` int(10) unsigned NOT NULL DEFAULT '0',
  `active` tinyint(1) unsigned NOT NULL DEFAULT '0',
  `params` text,
  PRIMARY KEY (`id_column`)
) ENGINE=InnoDB AUTO_INCREMENT=45 DEFAULT CHARSET=utf8;

--
-- Dumping data for table `ps_leomanagewidget_column`
--

INSERT INTO `ps_leomanagewidget_column` VALUES (1,1,1,1,1,'eyJjbGFzcyI6ImhpZGRlbi1zcCIsImxnIjoiMTIiLCJtZCI6IjEyIiwic20iOiIxMiIsInhzIjoiMTIiLCJzcCI6IjEyIiwiYmFja2dyb3VuZCI6IiIsInBhZ2VzIjoiIiwic3BlY2lmaWMiOiJhbGwiLCJjb250cm9sbGVyaWRzIjoiIn0='),(2,2,1,1,1,'eyJjbGFzcyI6IiIsImxnIjoiMTIiLCJtZCI6IjEyIiwic20iOiIxMiIsInhzIjoiMTIiLCJzcCI6IjEyIiwiYmFja2dyb3VuZCI6IiIsInBhZ2VzIjoiIiwic3BlY2lmaWMiOiJhbGwiLCJjb250cm9sbGVyaWRzIjoiIn0='),(3,3,1,1,1,'eyJjbGFzcyI6IiIsImxnIjoiMi40IiwibWQiOiIyLjQiLCJzbSI6IjMiLCJ4cyI6IjQiLCJzcCI6IjEyIiwiYmFja2dyb3VuZCI6IiIsInBhZ2VzIjoiIiwic3BlY2lmaWMiOiJhbGwiLCJjb250cm9sbGVyaWRzIjoiIn0='),(4,3,1,2,1,'eyJjbGFzcyI6IiIsImxnIjoiNC44IiwibWQiOiI0LjgiLCJzbSI6IjQiLCJ4cyI6IjQiLCJzcCI6IjEyIiwiYmFja2dyb3VuZCI6IiIsInBhZ2VzIjoiIiwic3BlY2lmaWMiOiJhbGwiLCJjb250cm9sbGVyaWRzIjoiIn0='),(5,3,1,3,1,'eyJjbGFzcyI6IiIsImxnIjoiNC44IiwibWQiOiI0LjgiLCJzbSI6IjQuOCIsInhzIjoiNCIsInNwIjoiMTIiLCJiYWNrZ3JvdW5kIjoiIiwicGFnZXMiOiIiLCJzcGVjaWZpYyI6ImFsbCIsImNvbnRyb2xsZXJpZHMiOiIifQ=='),(11,7,1,1,1,'eyJjbGFzcyI6IiIsImxnIjoiMi40IiwibWQiOiI2Iiwic20iOiI2IiwieHMiOiI2Iiwic3AiOiIxMiIsImJhY2tncm91bmQiOiIiLCJwYWdlcyI6IiIsInNwZWNpZmljIjoiYWxsIiwiY29udHJvbGxlcmlkcyI6IiJ9'),(12,7,1,2,1,'eyJjbGFzcyI6IiIsImxnIjoiMi40IiwibWQiOiI2Iiwic20iOiI2IiwieHMiOiI2Iiwic3AiOiIxMiIsImJhY2tncm91bmQiOiIiLCJwYWdlcyI6IiIsInNwZWNpZmljIjoiYWxsIiwiY29udHJvbGxlcmlkcyI6IiJ9'),(13,7,1,3,1,'eyJjbGFzcyI6ImhpZGRlbi1zbSIsImxnIjoiMi40IiwibWQiOiI2Iiwic20iOiI2IiwieHMiOiI2Iiwic3AiOiIxMiIsImJhY2tncm91bmQiOiIiLCJwYWdlcyI6IiIsInNwZWNpZmljIjoiYWxsIiwiY29udHJvbGxlcmlkcyI6IiJ9'),(14,7,1,4,1,'eyJsZyI6Mi40LCJtZCI6Niwic20iOjYsInhzIjo2LCJzcCI6MTJ9'),(15,7,1,5,1,'eyJsZyI6IjIuNCIsIm1kIjo2LCJzbSI6NiwieHMiOjYsInNwIjoxMn0='),(16,8,1,1,1,'eyJjbGFzcyI6IiIsImxnIjoiMTIiLCJtZCI6IjEyIiwic20iOiIxMiIsInhzIjoiMTIiLCJzcCI6IjEyIiwiYmFja2dyb3VuZCI6IiIsInBhZ2VzIjoiIiwic3BlY2lmaWMiOiJhbGwiLCJjb250cm9sbGVyaWRzIjoiIn0='),(17,9,1,1,1,'eyJjbGFzcyI6IiIsImxnIjoiMTIiLCJtZCI6IjEyIiwic20iOiIxMiIsInhzIjoiMTIiLCJzcCI6IjEyIiwiYmFja2dyb3VuZCI6IiIsInBhZ2VzIjoiIiwic3BlY2lmaWMiOiJhbGwiLCJjb250cm9sbGVyaWRzIjoiIn0='),(18,10,1,1,1,'eyJjbGFzcyI6Im5vLXBhZGRpbmciLCJsZyI6IjEyIiwibWQiOiIxMiIsInNtIjoiMTIiLCJ4cyI6IjEyIiwic3AiOiIxMiIsImJhY2tncm91bmQiOiIiLCJwYWdlcyI6IiIsInNwZWNpZmljIjoiYWxsIiwiY29udHJvbGxlcmlkcyI6IiJ9'),(19,11,1,1,1,'eyJjbGFzcyI6ImhpZGRlbi1zcCIsImxnIjoiMTIiLCJtZCI6IjEyIiwic20iOiIxMiIsInhzIjoiMTIiLCJzcCI6IjEyIiwiYmFja2dyb3VuZCI6IiIsInBhZ2VzIjoiIiwic3BlY2lmaWMiOiJhbGwiLCJjb250cm9sbGVyaWRzIjoiIn0='),(20,12,1,1,1,'eyJjbGFzcyI6IiIsImxnIjoiMTIiLCJtZCI6IjEyIiwic20iOiIxMiIsInhzIjoiMTIiLCJzcCI6IjEyIiwiYmFja2dyb3VuZCI6IiIsInBhZ2VzIjoiIiwic3BlY2lmaWMiOiJhbGwiLCJjb250cm9sbGVyaWRzIjoiIn0='),(21,13,1,1,1,'eyJjbGFzcyI6IiIsImxnIjoiMi40IiwibWQiOiIyLjQiLCJzbSI6IjMiLCJ4cyI6IjQiLCJzcCI6IjEyIiwiYmFja2dyb3VuZCI6IiIsInBhZ2VzIjoiIiwic3BlY2lmaWMiOiJhbGwiLCJjb250cm9sbGVyaWRzIjoiIn0='),(22,13,1,2,1,'eyJjbGFzcyI6IiIsImxnIjoiNC44IiwibWQiOiI0LjgiLCJzbSI6IjQiLCJ4cyI6IjQiLCJzcCI6IjEyIiwiYmFja2dyb3VuZCI6IiIsInBhZ2VzIjoiIiwic3BlY2lmaWMiOiJhbGwiLCJjb250cm9sbGVyaWRzIjoiIn0='),(23,13,1,3,1,'eyJjbGFzcyI6IiIsImxnIjoiNC44IiwibWQiOiI0LjgiLCJzbSI6IjQuOCIsInhzIjoiNCIsInNwIjoiMTIiLCJiYWNrZ3JvdW5kIjoiIiwicGFnZXMiOiIiLCJzcGVjaWZpYyI6ImFsbCIsImNvbnRyb2xsZXJpZHMiOiIifQ=='),(24,15,1,1,1,'eyJjbGFzcyI6IiIsImxnIjoiMi40IiwibWQiOiI2Iiwic20iOiI2IiwieHMiOiI2Iiwic3AiOiIxMiIsImJhY2tncm91bmQiOiIiLCJwYWdlcyI6IiIsInNwZWNpZmljIjoiYWxsIiwiY29udHJvbGxlcmlkcyI6IiJ9'),(25,15,1,2,1,'eyJjbGFzcyI6IiIsImxnIjoiMi40IiwibWQiOiI2Iiwic20iOiI2IiwieHMiOiI2Iiwic3AiOiIxMiIsImJhY2tncm91bmQiOiIiLCJwYWdlcyI6IiIsInNwZWNpZmljIjoiYWxsIiwiY29udHJvbGxlcmlkcyI6IiJ9'),(26,15,1,3,1,'eyJjbGFzcyI6ImhpZGRlbi1zbSIsImxnIjoiMi40IiwibWQiOiI2Iiwic20iOiI2IiwieHMiOiI2Iiwic3AiOiIxMiIsImJhY2tncm91bmQiOiIiLCJwYWdlcyI6IiIsInNwZWNpZmljIjoiYWxsIiwiY29udHJvbGxlcmlkcyI6IiJ9'),(27,15,1,4,1,'eyJsZyI6Mi40LCJtZCI6Niwic20iOjYsInhzIjo2LCJzcCI6MTJ9'),(28,15,1,5,1,'eyJsZyI6IjIuNCIsIm1kIjo2LCJzbSI6NiwieHMiOjYsInNwIjoxMn0='),(29,16,1,1,1,'eyJjbGFzcyI6IiIsImxnIjoiMTIiLCJtZCI6IjEyIiwic20iOiIxMiIsInhzIjoiMTIiLCJzcCI6IjEyIiwiYmFja2dyb3VuZCI6IiIsInBhZ2VzIjoiIiwic3BlY2lmaWMiOiJhbGwiLCJjb250cm9sbGVyaWRzIjoiIn0='),(31,18,1,1,1,'eyJjbGFzcyI6Im5vLXBhZGRpbmciLCJsZyI6IjEyIiwibWQiOiIxMiIsInNtIjoiMTIiLCJ4cyI6IjEyIiwic3AiOiIxMiIsImJhY2tncm91bmQiOiIiLCJwYWdlcyI6IiIsInNwZWNpZmljIjoiYWxsIiwiY29udHJvbGxlcmlkcyI6IiJ9'),(32,19,2,1,1,'eyJjbGFzcyI6IiIsImxnIjoiMTIiLCJtZCI6IjEyIiwic20iOiIxMiIsInhzIjoiMTIiLCJzcCI6IjEyIiwiYmFja2dyb3VuZCI6IiIsInBhZ2VzIjoiIiwic3BlY2lmaWMiOiJhbGwiLCJjb250cm9sbGVyaWRzIjoiIn0='),(33,20,2,1,1,'eyJjbGFzcyI6IiIsImxnIjoiMi40IiwibWQiOiIyLjQiLCJzbSI6IjMiLCJ4cyI6IjQiLCJzcCI6IjEyIiwiYmFja2dyb3VuZCI6IiIsInBhZ2VzIjoiIiwic3BlY2lmaWMiOiJhbGwiLCJjb250cm9sbGVyaWRzIjoiIn0='),(34,20,2,2,1,'eyJjbGFzcyI6IiIsImxnIjoiNC44IiwibWQiOiI0LjgiLCJzbSI6IjQiLCJ4cyI6IjQiLCJzcCI6IjEyIiwiYmFja2dyb3VuZCI6IiIsInBhZ2VzIjoiIiwic3BlY2lmaWMiOiJhbGwiLCJjb250cm9sbGVyaWRzIjoiIn0='),(35,20,2,3,1,'eyJjbGFzcyI6IiIsImxnIjoiNC44IiwibWQiOiI0LjgiLCJzbSI6IjQuOCIsInhzIjoiNCIsInNwIjoiMTIiLCJiYWNrZ3JvdW5kIjoiIiwicGFnZXMiOiIiLCJzcGVjaWZpYyI6ImFsbCIsImNvbnRyb2xsZXJpZHMiOiIifQ=='),(36,22,2,1,1,'eyJjbGFzcyI6IiIsImxnIjoiMi40IiwibWQiOiI2Iiwic20iOiI2IiwieHMiOiI2Iiwic3AiOiIxMiIsImJhY2tncm91bmQiOiIiLCJwYWdlcyI6IiIsInNwZWNpZmljIjoiYWxsIiwiY29udHJvbGxlcmlkcyI6IiJ9'),(37,22,2,2,1,'eyJjbGFzcyI6IiIsImxnIjoiMi40IiwibWQiOiI2Iiwic20iOiI2IiwieHMiOiI2Iiwic3AiOiIxMiIsImJhY2tncm91bmQiOiIiLCJwYWdlcyI6IiIsInNwZWNpZmljIjoiYWxsIiwiY29udHJvbGxlcmlkcyI6IiJ9'),(38,22,2,3,1,'eyJjbGFzcyI6ImhpZGRlbi1zbSIsImxnIjoiMi40IiwibWQiOiI2Iiwic20iOiI2IiwieHMiOiI2Iiwic3AiOiIxMiIsImJhY2tncm91bmQiOiIiLCJwYWdlcyI6IiIsInNwZWNpZmljIjoiYWxsIiwiY29udHJvbGxlcmlkcyI6IiJ9'),(39,22,2,4,1,'eyJsZyI6Mi40LCJtZCI6Niwic20iOjYsInhzIjo2LCJzcCI6MTJ9'),(40,22,2,5,1,'eyJsZyI6IjIuNCIsIm1kIjo2LCJzbSI6NiwieHMiOjYsInNwIjoxMn0='),(41,23,2,1,1,'eyJjbGFzcyI6IiIsImxnIjoiMTIiLCJtZCI6IjEyIiwic20iOiIxMiIsInhzIjoiMTIiLCJzcCI6IjEyIiwiYmFja2dyb3VuZCI6IiIsInBhZ2VzIjoiIiwic3BlY2lmaWMiOiJhbGwiLCJjb250cm9sbGVyaWRzIjoiIn0='),(42,24,2,1,1,'eyJjbGFzcyI6IiIsImxnIjoiMTIiLCJtZCI6IjEyIiwic20iOiIxMiIsInhzIjoiMTIiLCJzcCI6IjEyIiwiYmFja2dyb3VuZCI6IiIsInBhZ2VzIjoiIiwic3BlY2lmaWMiOiJhbGwiLCJjb250cm9sbGVyaWRzIjoiIn0='),(43,25,2,1,1,'eyJjbGFzcyI6ImhpZGRlbi1zcCIsImxnIjoiMTIiLCJtZCI6IjEyIiwic20iOiIxMiIsInhzIjoiMTIiLCJzcCI6IjEyIiwiYmFja2dyb3VuZCI6IiIsInBhZ2VzIjoiIiwic3BlY2lmaWMiOiJhbGwiLCJjb250cm9sbGVyaWRzIjoiIn0='),(44,26,2,1,1,'eyJjbGFzcyI6Im5vLXBhZGRpbmciLCJsZyI6IjEyIiwibWQiOiIxMiIsInNtIjoiMTIiLCJ4cyI6IjEyIiwic3AiOiIxMiIsImJhY2tncm91bmQiOiIiLCJwYWdlcyI6IiIsInNwZWNpZmljIjoiYWxsIiwiY29udHJvbGxlcmlkcyI6IiJ9');

--
-- Table structure for table `ps_leomanagewidget_content`
--

CREATE TABLE `ps_leomanagewidget_content` (
  `id_content` int(10) unsigned NOT NULL AUTO_INCREMENT,
  `id_column` int(10) unsigned NOT NULL,
  `id_shop` int(10) unsigned NOT NULL,
  `position` int(10) unsigned NOT NULL DEFAULT '0',
  `active` tinyint(1) unsigned NOT NULL DEFAULT '0',
  `key_widget` int(10) unsigned NOT NULL,
  `module_name` varchar(64) NOT NULL,
  `hook_name` varchar(64) NOT NULL,
  `type` int(1) unsigned DEFAULT NULL,
  `params` text,
  PRIMARY KEY (`id_content`)
) ENGINE=InnoDB AUTO_INCREMENT=57 DEFAULT CHARSET=utf8;

--
-- Dumping data for table `ps_leomanagewidget_content`
--

INSERT INTO `ps_leomanagewidget_content` VALUES (1,1,1,1,1,1409020725,'','',0,'W10='),(2,2,1,1,1,1409023514,'','',0,'W10='),(3,2,1,2,1,1409218058,'','',0,'W10='),(4,2,1,3,1,1409219784,'','',0,'W10='),(5,2,1,4,1,1409299468,'','',0,'W10='),(6,3,1,1,1,1409305494,'','',0,'W10='),(7,4,1,1,1,1409307772,'','',0,'W10='),(8,5,1,1,1,0,'blocknewsletter','displayFooter',1,'W10='),(14,11,1,1,1,0,'blockcontactinfos','displayFooter',1,'W10='),(15,12,1,1,1,0,'blockmyaccountfooter','displayFooter',1,'W10='),(16,13,1,1,1,0,'blockcategories','displayFooter',1,'W10='),(17,14,1,1,1,0,'blockcms','displayFooter',1,'W10='),(20,15,1,1,1,1409365104,'','',0,'W10='),(21,16,1,1,1,0,'blocksocial','displayFooter',1,'W10='),(22,17,1,1,1,1409363184,'','',0,'W10='),(23,18,1,1,1,0,'blocktopmenu','displayNav',1,'W10='),(24,19,1,1,1,1409020725,'','',0,'W10='),(25,20,1,1,1,1409023514,'','',0,'W10='),(27,20,1,4,0,1409219784,'','',0,'W10='),(28,20,1,2,1,1409299468,'','',0,'W10='),(29,21,1,1,1,1409305494,'','',0,'W10='),(30,22,1,1,1,1409307772,'','',0,'W10='),(31,23,1,1,1,0,'blocknewsletter','displayFooter',1,'W10='),(32,24,1,1,1,0,'blockcontactinfos','displayFooter',1,'W10='),(33,25,1,1,1,0,'blockmyaccountfooter','displayFooter',1,'W10='),(34,26,1,1,1,0,'blockcategories','displayFooter',1,'W10='),(35,27,1,1,0,0,'blockcms','displayFooter',1,'W10='),(36,28,1,1,1,1409365104,'','',0,'W10='),(37,29,1,1,1,0,'blocksocial','displayFooter',1,'W10='),(39,31,1,1,1,0,'blocktopmenu','displayNav',1,'W10='),(40,32,2,1,1,1409363184,'','',0,'W10='),(41,33,2,1,1,1409305494,'','',0,'W10='),(42,34,2,1,1,1409307772,'','',0,'W10='),(43,35,2,1,1,0,'blocknewsletter','displayFooter',1,'W10='),(44,36,2,1,1,0,'blockcontactinfos','displayFooter',1,'W10='),(45,37,2,1,1,0,'blockmyaccountfooter','displayFooter',1,'W10='),(46,38,2,1,1,0,'blockcategories','displayFooter',1,'W10='),(47,39,2,1,1,0,'blockcms','displayFooter',1,'W10='),(48,40,2,1,1,1409365104,'','',0,'W10='),(49,41,2,1,1,0,'blocksocial','displayFooter',1,'W10='),(50,42,2,1,1,1409023514,'','',0,'W10='),(51,42,2,2,1,1409218058,'','',0,'W10='),(52,42,2,3,1,1409219784,'','',0,'W10='),(53,42,2,4,1,1409299468,'','',0,'W10='),(54,43,2,1,1,1409020725,'','',0,'W10='),(55,44,2,1,1,0,'blocktopmenu','displayNav',1,'W10='),(56,20,1,3,1,1461718158,'','',0,'W10=');

--
-- Table structure for table `ps_leomanagewidget_group`
--

CREATE TABLE `ps_leomanagewidget_group` (
  `id_leomanagewidget_group` int(10) unsigned NOT NULL AUTO_INCREMENT,
  `id_shop` int(10) unsigned NOT NULL,
  `position` int(10) unsigned NOT NULL DEFAULT '0',
  `active` tinyint(1) unsigned NOT NULL DEFAULT '0',
  `hook_name` varchar(64) NOT NULL,
  `type` int(1) unsigned DEFAULT NULL,
  `params` text,
  PRIMARY KEY (`id_leomanagewidget_group`,`id_shop`)
) ENGINE=InnoDB AUTO_INCREMENT=27 DEFAULT CHARSET=utf8;

--
-- Dumping data for table `ps_leomanagewidget_group`
--

INSERT INTO `ps_leomanagewidget_group` VALUES (11,1,1,1,'displaytopcolumn',NULL,'eyJjbGFzcyI6InJvdyIsImFjdGl2ZSI6IjEiLCJob29rX25hbWUiOiJkaXNwbGF5dG9wY29sdW1uIiwidGl0bGVfMSI6IiIsInRpdGxlXzIiOiIiLCJ0aXRsZV8zIjoiIiwidGl0bGVfNCI6IiIsInRpdGxlXzUiOiIiLCJ0aXRsZV82IjoiIiwidGl0bGVfNyI6IiIsInRpdGxlXzgiOiIiLCJ0aXRsZV85IjoiIn0='),(12,1,1,1,'displayhome',NULL,'eyJjbGFzcyI6InJvdyIsImFjdGl2ZSI6IjEiLCJob29rX25hbWUiOiJkaXNwbGF5aG9tZSIsInRpdGxlXzEiOiIiLCJ0aXRsZV8yIjoiIiwidGl0bGVfMyI6IiIsInRpdGxlXzQiOiIiLCJ0aXRsZV81IjoiIiwidGl0bGVfNiI6IiIsInRpdGxlXzciOiIiLCJ0aXRsZV84IjoiIiwidGl0bGVfOSI6IiJ9'),(13,1,1,1,'displaycontentbottom',NULL,'eyJjbGFzcyI6InJvdyIsImFjdGl2ZSI6IjEiLCJob29rX25hbWUiOiJkaXNwbGF5Y29udGVudGJvdHRvbSIsInRpdGxlXzEiOiIiLCJ0aXRsZV8yIjoiIiwidGl0bGVfMyI6IiIsInRpdGxlXzQiOiIiLCJ0aXRsZV81IjoiIiwidGl0bGVfNiI6IiIsInRpdGxlXzciOiIiLCJ0aXRsZV84IjoiIiwidGl0bGVfOSI6IiJ9'),(14,1,2,1,'displaycontentbottom',NULL,'eyJjbGFzcyI6InJvdyIsImJhY2tncm91bmQiOiIiLCJ0aXRsZV8xIjoiIiwidGl0bGVfMiI6IiIsInRpdGxlXzMiOiIiLCJ0aXRsZV80IjoiIiwidGl0bGVfNSI6IiIsInRpdGxlXzYiOiIiLCJ0aXRsZV83IjoiIiwidGl0bGVfOCI6IiIsInRpdGxlXzkiOiIifQ=='),(15,1,1,1,'displayfooter',NULL,'eyJjbGFzcyI6InJvdyIsImFjdGl2ZSI6IjEiLCJob29rX25hbWUiOiJkaXNwbGF5Zm9vdGVyIiwidGl0bGVfMSI6IiIsInRpdGxlXzIiOiIiLCJ0aXRsZV8zIjoiIiwidGl0bGVfNCI6IiIsInRpdGxlXzUiOiIiLCJ0aXRsZV82IjoiIiwidGl0bGVfNyI6IiIsInRpdGxlXzgiOiIiLCJ0aXRsZV85IjoiIn0='),(16,1,1,1,'displayfootnav',NULL,'eyJjbGFzcyI6InJvdyIsImFjdGl2ZSI6IjEiLCJob29rX25hbWUiOiJkaXNwbGF5Zm9vdG5hdiIsInRpdGxlXzEiOiIiLCJ0aXRsZV8yIjoiIiwidGl0bGVfMyI6IiIsInRpdGxlXzQiOiIiLCJ0aXRsZV81IjoiIiwidGl0bGVfNiI6IiIsInRpdGxlXzciOiIiLCJ0aXRsZV84IjoiIiwidGl0bGVfOSI6IiJ9'),(17,1,1,1,'displaybottom',NULL,'eyJjbGFzcyI6InJvdyIsImFjdGl2ZSI6IjEiLCJob29rX25hbWUiOiJkaXNwbGF5Ym90dG9tIiwidGl0bGVfMSI6IiIsInRpdGxlXzIiOiIiLCJ0aXRsZV8zIjoiIiwidGl0bGVfNCI6IiIsInRpdGxlXzUiOiIiLCJ0aXRsZV82IjoiIiwidGl0bGVfNyI6IiIsInRpdGxlXzgiOiIiLCJ0aXRsZV85IjoiIn0='),(18,1,1,1,'topnavigation',NULL,'eyJjbGFzcyI6InJvdyIsImFjdGl2ZSI6IjEiLCJob29rX25hbWUiOiJ0b3BuYXZpZ2F0aW9uIiwidGl0bGVfMSI6IiIsInRpdGxlXzIiOiIiLCJ0aXRsZV8zIjoiIiwidGl0bGVfNCI6IiIsInRpdGxlXzUiOiIiLCJ0aXRsZV82IjoiIiwidGl0bGVfNyI6IiIsInRpdGxlXzgiOiIiLCJ0aXRsZV85IjoiIn0='),(19,2,1,1,'displaybottom',NULL,'eyJjbGFzcyI6InJvdyIsImJhY2tncm91bmQiOiIiLCJ0aXRsZV8xIjoiIiwidGl0bGVfMiI6IiIsInRpdGxlXzMiOiIiLCJ0aXRsZV80IjoiIiwidGl0bGVfNSI6IiIsInRpdGxlXzYiOiIiLCJ0aXRsZV83IjoiIiwidGl0bGVfOCI6IiIsInRpdGxlXzkiOiIifQ=='),(20,2,1,1,'displaycontentbottom',NULL,'eyJjbGFzcyI6InJvdyIsImJhY2tncm91bmQiOiIiLCJ0aXRsZV8xIjoiIiwidGl0bGVfMiI6IiIsInRpdGxlXzMiOiIiLCJ0aXRsZV80IjoiIiwidGl0bGVfNSI6IiIsInRpdGxlXzYiOiIiLCJ0aXRsZV83IjoiIiwidGl0bGVfOCI6IiIsInRpdGxlXzkiOiIifQ=='),(21,2,2,1,'displaycontentbottom',NULL,'eyJjbGFzcyI6InJvdyIsImJhY2tncm91bmQiOiIiLCJ0aXRsZV8xIjoiIiwidGl0bGVfMiI6IiIsInRpdGxlXzMiOiIiLCJ0aXRsZV80IjoiIiwidGl0bGVfNSI6IiIsInRpdGxlXzYiOiIiLCJ0aXRsZV83IjoiIiwidGl0bGVfOCI6IiIsInRpdGxlXzkiOiIifQ=='),(22,2,1,1,'displayfooter',NULL,'eyJjbGFzcyI6InJvdyIsImJhY2tncm91bmQiOiIiLCJ0aXRsZV8xIjoiIiwidGl0bGVfMiI6IiIsInRpdGxlXzMiOiIiLCJ0aXRsZV80IjoiIiwidGl0bGVfNSI6IiIsInRpdGxlXzYiOiIiLCJ0aXRsZV83IjoiIiwidGl0bGVfOCI6IiIsInRpdGxlXzkiOiIifQ=='),(23,2,1,1,'displayfootnav',NULL,'eyJjbGFzcyI6InJvdyIsImJhY2tncm91bmQiOiIiLCJ0aXRsZV8xIjoiIiwidGl0bGVfMiI6IiIsInRpdGxlXzMiOiIiLCJ0aXRsZV80IjoiIiwidGl0bGVfNSI6IiIsInRpdGxlXzYiOiIiLCJ0aXRsZV83IjoiIiwidGl0bGVfOCI6IiIsInRpdGxlXzkiOiIifQ=='),(24,2,1,1,'displayhome',NULL,'eyJjbGFzcyI6InJvdyIsImJhY2tncm91bmQiOiIiLCJ0aXRsZV8xIjoiIiwidGl0bGVfMiI6IiIsInRpdGxlXzMiOiIiLCJ0aXRsZV80IjoiIiwidGl0bGVfNSI6IiIsInRpdGxlXzYiOiIiLCJ0aXRsZV83IjoiIiwidGl0bGVfOCI6IiIsInRpdGxlXzkiOiIifQ=='),(25,2,1,1,'displaytopcolumn',NULL,'eyJjbGFzcyI6InJvdyIsImJhY2tncm91bmQiOiIiLCJ0aXRsZV8xIjoiIiwidGl0bGVfMiI6IiIsInRpdGxlXzMiOiIiLCJ0aXRsZV80IjoiIiwidGl0bGVfNSI6IiIsInRpdGxlXzYiOiIiLCJ0aXRsZV83IjoiIiwidGl0bGVfOCI6IiIsInRpdGxlXzkiOiIifQ=='),(26,2,1,1,'topnavigation',NULL,'eyJjbGFzcyI6InJvdyIsImJhY2tncm91bmQiOiIiLCJ0aXRsZV8xIjoiIiwidGl0bGVfMiI6IiIsInRpdGxlXzMiOiIiLCJ0aXRsZV80IjoiIiwidGl0bGVfNSI6IiIsInRpdGxlXzYiOiIiLCJ0aXRsZV83IjoiIiwidGl0bGVfOCI6IiIsInRpdGxlXzkiOiIifQ==');

--
-- Table structure for table `ps_leosliderlayer_groups`
--

CREATE TABLE `ps_leosliderlayer_groups` (
  `id_leosliderlayer_groups` int(10) unsigned NOT NULL AUTO_INCREMENT,
  `title` varchar(255) NOT NULL,
  `id_shop` int(10) unsigned NOT NULL,
  `hook` varchar(64) NOT NULL,
  `active` tinyint(1) unsigned NOT NULL DEFAULT '1',
  `params` text NOT NULL,
  PRIMARY KEY (`id_leosliderlayer_groups`,`id_shop`)
) ENGINE=InnoDB AUTO_INCREMENT=5 DEFAULT CHARSET=utf8;

--
-- Dumping data for table `ps_leosliderlayer_groups`
--

INSERT INTO `ps_leosliderlayer_groups` VALUES (3,'Sample Group',1,'displayHome',0,'eyJhdXRvX3BsYXkiOiIwIiwiZGVsYXkiOiI5MDAwIiwiZnVsbHdpZHRoIjoiZnVsbHdpZHRoIiwibWRfd2lkdGgiOiIxMiIsInNtX3dpZHRoIjoiMTIiLCJ4c193aWR0aCI6IjEyIiwidG91Y2hfbW9iaWxlIjoiMSIsInN0b3Bfb25faG92ZXIiOiIxIiwic2h1ZmZsZV9tb2RlIjoiMSIsInNoYWRvd190eXBlIjoiMCIsInNob3dfdGltZV9saW5lIjoiMSIsInRpbWVfbGluZV9wb3NpdGlvbiI6InRvcCIsIm1hcmdpbiI6IjAgMCAyMHB4IiwicGFkZGluZyI6IjAiLCJiYWNrZ3JvdW5kX2NvbG9yIjoiI2VjZTFkYiIsImJhY2tncm91bmRfaW1hZ2UiOiIwIiwiYmFja2dyb3VuZF91cmwiOiIiLCJncm91cF9jbGFzcyI6IiIsIm5hdmlnYXRvcl90eXBlIjoiYnVsbGV0IiwibmF2aWdhdG9yX2Fycm93cyI6InZlcnRpY2FsY2VudGVyZWQiLCJuYXZpZ2F0aW9uX3N0eWxlIjoicm91bmQiLCJzaG93X25hdmlnYXRvciI6IjEiLCJoaWRlX25hdmlnYXRvcl9hZnRlciI6IjIwMCIsImltYWdlX2Nyb3BwaW5nIjoiMCIsIndpZHRoIjoiNjk0IiwiaGVpZ2h0IjoiMzM0IiwidGh1bWJuYWlsX3dpZHRoIjoiMTAwIiwidGh1bWJuYWlsX2hlaWdodCI6IjUwIiwidGh1bWJuYWlsX2Ftb3VudCI6IjUifQ=='),(4,'Sample 2',1,'displaySlideshow',1,'eyJhdXRvX3BsYXkiOiIxIiwiZGVsYXkiOiI5MDAwIiwiZnVsbHdpZHRoIjoiZnVsbHdpZHRoIiwibWRfd2lkdGgiOiIxMiIsInNtX3dpZHRoIjoiMTIiLCJ4c193aWR0aCI6IjEyIiwidG91Y2hfbW9iaWxlIjoiMSIsInN0b3Bfb25faG92ZXIiOiIxIiwic2h1ZmZsZV9tb2RlIjoiMSIsInNoYWRvd190eXBlIjoiMCIsInNob3dfdGltZV9saW5lIjoiMSIsInRpbWVfbGluZV9wb3NpdGlvbiI6InRvcCIsIm1hcmdpbiI6IjBweCAwcHggMjBweCIsInBhZGRpbmciOiIwIiwiYmFja2dyb3VuZF9jb2xvciI6IiNkOWQ5ZDkiLCJiYWNrZ3JvdW5kX2ltYWdlIjoiMCIsImJhY2tncm91bmRfdXJsIjoiIiwiZ3JvdXBfY2xhc3MiOiIiLCJuYXZpZ2F0b3JfdHlwZSI6ImJ1bGxldCIsIm5hdmlnYXRvcl9hcnJvd3MiOiJ2ZXJ0aWNhbGNlbnRlcmVkIiwibmF2aWdhdGlvbl9zdHlsZSI6InJvdW5kIiwic2hvd19uYXZpZ2F0b3IiOiIxIiwiaGlkZV9uYXZpZ2F0b3JfYWZ0ZXIiOiIyMDAiLCJpbWFnZV9jcm9wcGluZyI6IjAiLCJ3aWR0aCI6IjExNzAiLCJoZWlnaHQiOiI1NTAiLCJ0aHVtYm5haWxfd2lkdGgiOiIxMDAiLCJ0aHVtYm5haWxfaGVpZ2h0IjoiNTAiLCJ0aHVtYm5haWxfYW1vdW50IjoiNSJ9');

--
-- Table structure for table `ps_leosliderlayer_slides`
--

CREATE TABLE `ps_leosliderlayer_slides` (
  `id_leosliderlayer_slides` int(10) unsigned NOT NULL AUTO_INCREMENT,
  `id_group` int(11) NOT NULL,
  `position` int(10) unsigned NOT NULL DEFAULT '0',
  `active` tinyint(1) unsigned NOT NULL DEFAULT '1',
  `parent_id` int(11) NOT NULL,
  `params` text NOT NULL,
  PRIMARY KEY (`id_leosliderlayer_slides`)
) ENGINE=InnoDB AUTO_INCREMENT=13 DEFAULT CHARSET=utf8;

--
-- Dumping data for table `ps_leosliderlayer_slides`
--

INSERT INTO `ps_leosliderlayer_slides` VALUES (7,3,0,1,0,'eyJ0cmFuc2l0aW9uIjoicmFuZG9tIiwic2xvdCI6IjciLCJyb3RhdGlvbiI6IjAiLCJkdXJhdGlvbiI6IjMwMCIsImRlbGF5IjoiMCIsImVuYWJsZV9saW5rIjoiMSJ9'),(8,3,0,1,0,'eyJ0cmFuc2l0aW9uIjoicmFuZG9tIiwic2xvdCI6IjciLCJyb3RhdGlvbiI6IjAiLCJkdXJhdGlvbiI6IjMwMCIsImRlbGF5IjoiMCIsImVuYWJsZV9saW5rIjoiMSJ9'),(9,4,0,1,0,'eyJ0cmFuc2l0aW9uIjoicmFuZG9tIiwic2xvdCI6IjciLCJyb3RhdGlvbiI6IjAiLCJkdXJhdGlvbiI6IjMwMCIsImRlbGF5IjoiMCIsImVuYWJsZV9saW5rIjoiMSJ9'),(10,4,0,1,0,'eyJ0cmFuc2l0aW9uIjoicmFuZG9tIiwic2xvdCI6IjciLCJyb3RhdGlvbiI6IjAiLCJkdXJhdGlvbiI6IjMwMCIsImRlbGF5IjoiMCIsImVuYWJsZV9saW5rIjoiMSJ9'),(11,4,0,1,0,'eyJ0cmFuc2l0aW9uIjoicmFuZG9tIiwic2xvdCI6IjciLCJyb3RhdGlvbiI6IjAiLCJkdXJhdGlvbiI6IjMwMCIsImRlbGF5IjoiMCIsImVuYWJsZV9saW5rIjoiMSJ9'),(12,4,0,1,0,'eyJ0cmFuc2l0aW9uIjoicmFuZG9tIiwic2xvdCI6IjciLCJyb3RhdGlvbiI6IjAiLCJkdXJhdGlvbiI6IjMwMCIsImRlbGF5IjoiMCIsImVuYWJsZV9saW5rIjoiMSJ9');

--
-- Table structure for table `ps_leosliderlayer_slides_lang`
--

CREATE TABLE `ps_leosliderlayer_slides_lang` (
  `id_leosliderlayer_slides` int(10) unsigned NOT NULL,
  `id_lang` int(10) unsigned NOT NULL,
  `title` varchar(255) NOT NULL,
  `link` varchar(255) NOT NULL,
  `image` varchar(255) NOT NULL,
  `thumbnail` varchar(255) NOT NULL,
  `video` text,
  `layersparams` text,
  PRIMARY KEY (`id_leosliderlayer_slides`,`id_lang`)
) ENGINE=InnoDB DEFAULT CHARSET=utf8;

--
-- Dumping data for table `ps_leosliderlayer_slides_lang`
--

INSERT INTO `ps_leosliderlayer_slides_lang` VALUES (7,1,'Sample slider 1','http://prestashop.com','','','eyJ1c2V2aWRlbyI6IjAiLCJ2aWRlb2lkIjoiIiwidmlkZW9hdXRvIjoiMCIsImJhY2tncm91bmRfY29sb3IiOiIifQ==','W3sibGF5ZXJfdmlkZW9fdHlwZSI6InlvdXR1YmUiLCJsYXllcl92aWRlb19pZCI6IiIsImxheWVyX3ZpZGVvX2hlaWdodCI6IjIwMCIsImxheWVyX3ZpZGVvX3dpZHRoIjoiMzAwIiwibGF5ZXJfdmlkZW9fdGh1bWIiOiIiLCJsYXllcl9pZCI6IjFfMSIsImxheWVyX2NvbnRlbnQiOiJiYW5uZXIuanBnIiwibGF5ZXJfdHlwZSI6ImltYWdlIiwibGF5ZXJfY2xhc3MiOiIiLCJsYXllcl9jYXB0aW9uIjoiWW91ciBJbWFnZSBIZXJlIDIiLCJsYXllcl9mb250X3NpemUiOiIiLCJsYXllcl9iYWNrZ3JvdW5kX2NvbG9yIjoiIiwibGF5ZXJfY29sb3IiOiIiLCJsYXllcl9saW5rIjoiIiwibGF5ZXJfYW5pbWF0aW9uIjoiZmFkZSIsImxheWVyX2Vhc2luZyI6ImVhc2VPdXRFeHBvIiwibGF5ZXJfc3BlZWQiOiIzNTAiLCJsYXllcl90b3AiOiIwIiwibGF5ZXJfbGVmdCI6IjAiLCJsYXllcl9lbmR0aW1lIjoiMCIsImxheWVyX2VuZHNwZWVkIjoiMzAwIiwibGF5ZXJfZW5kYW5pbWF0aW9uIjoiYXV0byIsImxheWVyX2VuZGVhc2luZyI6Im5vdGhpbmciLCJ0aW1lX3N0YXJ0IjoiODAwIn1d'),(7,2,'Sample slider 1','http://prestashop.com','','','eyJ1c2V2aWRlbyI6IjAiLCJ2aWRlb2lkIjoiIiwidmlkZW9hdXRvIjoiMCIsImJhY2tncm91bmRfY29sb3IiOiIifQ==','W3sibGF5ZXJfdmlkZW9fdHlwZSI6InlvdXR1YmUiLCJsYXllcl92aWRlb19pZCI6IiIsImxheWVyX3ZpZGVvX2hlaWdodCI6IjIwMCIsImxheWVyX3ZpZGVvX3dpZHRoIjoiMzAwIiwibGF5ZXJfdmlkZW9fdGh1bWIiOiIiLCJsYXllcl9pZCI6IjFfMSIsImxheWVyX2NvbnRlbnQiOiJiYW5uZXIuanBnIiwibGF5ZXJfdHlwZSI6ImltYWdlIiwibGF5ZXJfY2xhc3MiOiIiLCJsYXllcl9jYXB0aW9uIjoiWW91ciBJbWFnZSBIZXJlIDIiLCJsYXllcl9mb250X3NpemUiOiIiLCJsYXllcl9iYWNrZ3JvdW5kX2NvbG9yIjoiIiwibGF5ZXJfY29sb3IiOiIiLCJsYXllcl9saW5rIjoiIiwibGF5ZXJfYW5pbWF0aW9uIjoiZmFkZSIsImxheWVyX2Vhc2luZyI6ImVhc2VPdXRFeHBvIiwibGF5ZXJfc3BlZWQiOiIzNTAiLCJsYXllcl90b3AiOiIwIiwibGF5ZXJfbGVmdCI6IjAiLCJsYXllcl9lbmR0aW1lIjoiMCIsImxheWVyX2VuZHNwZWVkIjoiMzAwIiwibGF5ZXJfZW5kYW5pbWF0aW9uIjoiYXV0byIsImxheWVyX2VuZGVhc2luZyI6Im5vdGhpbmciLCJ0aW1lX3N0YXJ0IjoiODAwIn1d'),(7,3,'Sample slider 1','http://prestashop.com','','','eyJ1c2V2aWRlbyI6IjAiLCJ2aWRlb2lkIjoiIiwidmlkZW9hdXRvIjoiMCIsImJhY2tncm91bmRfY29sb3IiOiIifQ==','W3sibGF5ZXJfdmlkZW9fdHlwZSI6InlvdXR1YmUiLCJsYXllcl92aWRlb19pZCI6IiIsImxheWVyX3ZpZGVvX2hlaWdodCI6IjIwMCIsImxheWVyX3ZpZGVvX3dpZHRoIjoiMzAwIiwibGF5ZXJfdmlkZW9fdGh1bWIiOiIiLCJsYXllcl9pZCI6IjFfMSIsImxheWVyX2NvbnRlbnQiOiJiYW5uZXIuanBnIiwibGF5ZXJfdHlwZSI6ImltYWdlIiwibGF5ZXJfY2xhc3MiOiIiLCJsYXllcl9jYXB0aW9uIjoiWW91ciBJbWFnZSBIZXJlIDIiLCJsYXllcl9mb250X3NpemUiOiIiLCJsYXllcl9iYWNrZ3JvdW5kX2NvbG9yIjoiIiwibGF5ZXJfY29sb3IiOiIiLCJsYXllcl9saW5rIjoiIiwibGF5ZXJfYW5pbWF0aW9uIjoiZmFkZSIsImxheWVyX2Vhc2luZyI6ImVhc2VPdXRFeHBvIiwibGF5ZXJfc3BlZWQiOiIzNTAiLCJsYXllcl90b3AiOiIwIiwibGF5ZXJfbGVmdCI6IjAiLCJsYXllcl9lbmR0aW1lIjoiMCIsImxheWVyX2VuZHNwZWVkIjoiMzAwIiwibGF5ZXJfZW5kYW5pbWF0aW9uIjoiYXV0byIsImxheWVyX2VuZGVhc2luZyI6Im5vdGhpbmciLCJ0aW1lX3N0YXJ0IjoiODAwIn1d'),(7,4,'Sample slider 1','http://prestashop.com','','','eyJ1c2V2aWRlbyI6IjAiLCJ2aWRlb2lkIjoiIiwidmlkZW9hdXRvIjoiMCIsImJhY2tncm91bmRfY29sb3IiOiIifQ==','W3sibGF5ZXJfdmlkZW9fdHlwZSI6InlvdXR1YmUiLCJsYXllcl92aWRlb19pZCI6IiIsImxheWVyX3ZpZGVvX2hlaWdodCI6IjIwMCIsImxheWVyX3ZpZGVvX3dpZHRoIjoiMzAwIiwibGF5ZXJfdmlkZW9fdGh1bWIiOiIiLCJsYXllcl9pZCI6IjFfMSIsImxheWVyX2NvbnRlbnQiOiJiYW5uZXIuanBnIiwibGF5ZXJfdHlwZSI6ImltYWdlIiwibGF5ZXJfY2xhc3MiOiIiLCJsYXllcl9jYXB0aW9uIjoiWW91ciBJbWFnZSBIZXJlIDIiLCJsYXllcl9mb250X3NpemUiOiIiLCJsYXllcl9iYWNrZ3JvdW5kX2NvbG9yIjoiIiwibGF5ZXJfY29sb3IiOiIiLCJsYXllcl9saW5rIjoiIiwibGF5ZXJfYW5pbWF0aW9uIjoiZmFkZSIsImxheWVyX2Vhc2luZyI6ImVhc2VPdXRFeHBvIiwibGF5ZXJfc3BlZWQiOiIzNTAiLCJsYXllcl90b3AiOiIwIiwibGF5ZXJfbGVmdCI6IjAiLCJsYXllcl9lbmR0aW1lIjoiMCIsImxheWVyX2VuZHNwZWVkIjoiMzAwIiwibGF5ZXJfZW5kYW5pbWF0aW9uIjoiYXV0byIsImxheWVyX2VuZGVhc2luZyI6Im5vdGhpbmciLCJ0aW1lX3N0YXJ0IjoiODAwIn1d'),(7,5,'Sample slider 1','http://prestashop.com','','','eyJ1c2V2aWRlbyI6IjAiLCJ2aWRlb2lkIjoiIiwidmlkZW9hdXRvIjoiMCIsImJhY2tncm91bmRfY29sb3IiOiIifQ==','W3sibGF5ZXJfdmlkZW9fdHlwZSI6InlvdXR1YmUiLCJsYXllcl92aWRlb19pZCI6IiIsImxheWVyX3ZpZGVvX2hlaWdodCI6IjIwMCIsImxheWVyX3ZpZGVvX3dpZHRoIjoiMzAwIiwibGF5ZXJfdmlkZW9fdGh1bWIiOiIiLCJsYXllcl9pZCI6IjFfMSIsImxheWVyX2NvbnRlbnQiOiJiYW5uZXIuanBnIiwibGF5ZXJfdHlwZSI6ImltYWdlIiwibGF5ZXJfY2xhc3MiOiIiLCJsYXllcl9jYXB0aW9uIjoiWW91ciBJbWFnZSBIZXJlIDIiLCJsYXllcl9mb250X3NpemUiOiIiLCJsYXllcl9iYWNrZ3JvdW5kX2NvbG9yIjoiIiwibGF5ZXJfY29sb3IiOiIiLCJsYXllcl9saW5rIjoiIiwibGF5ZXJfYW5pbWF0aW9uIjoiZmFkZSIsImxheWVyX2Vhc2luZyI6ImVhc2VPdXRFeHBvIiwibGF5ZXJfc3BlZWQiOiIzNTAiLCJsYXllcl90b3AiOiIwIiwibGF5ZXJfbGVmdCI6IjAiLCJsYXllcl9lbmR0aW1lIjoiMCIsImxheWVyX2VuZHNwZWVkIjoiMzAwIiwibGF5ZXJfZW5kYW5pbWF0aW9uIjoiYXV0byIsImxheWVyX2VuZGVhc2luZyI6Im5vdGhpbmciLCJ0aW1lX3N0YXJ0IjoiODAwIn1d'),(7,6,'Sample slider 1','http://prestashop.com','','','eyJ1c2V2aWRlbyI6IjAiLCJ2aWRlb2lkIjoiIiwidmlkZW9hdXRvIjoiMCIsImJhY2tncm91bmRfY29sb3IiOiIifQ==','W3sibGF5ZXJfdmlkZW9fdHlwZSI6InlvdXR1YmUiLCJsYXllcl92aWRlb19pZCI6IiIsImxheWVyX3ZpZGVvX2hlaWdodCI6IjIwMCIsImxheWVyX3ZpZGVvX3dpZHRoIjoiMzAwIiwibGF5ZXJfdmlkZW9fdGh1bWIiOiIiLCJsYXllcl9pZCI6IjFfMSIsImxheWVyX2NvbnRlbnQiOiJiYW5uZXIuanBnIiwibGF5ZXJfdHlwZSI6ImltYWdlIiwibGF5ZXJfY2xhc3MiOiIiLCJsYXllcl9jYXB0aW9uIjoiWW91ciBJbWFnZSBIZXJlIDIiLCJsYXllcl9mb250X3NpemUiOiIiLCJsYXllcl9iYWNrZ3JvdW5kX2NvbG9yIjoiIiwibGF5ZXJfY29sb3IiOiIiLCJsYXllcl9saW5rIjoiIiwibGF5ZXJfYW5pbWF0aW9uIjoiZmFkZSIsImxheWVyX2Vhc2luZyI6ImVhc2VPdXRFeHBvIiwibGF5ZXJfc3BlZWQiOiIzNTAiLCJsYXllcl90b3AiOiIwIiwibGF5ZXJfbGVmdCI6IjAiLCJsYXllcl9lbmR0aW1lIjoiMCIsImxheWVyX2VuZHNwZWVkIjoiMzAwIiwibGF5ZXJfZW5kYW5pbWF0aW9uIjoiYXV0byIsImxheWVyX2VuZGVhc2luZyI6Im5vdGhpbmciLCJ0aW1lX3N0YXJ0IjoiODAwIn1d'),(7,7,'Sample slider 1','http://prestashop.com','','','eyJ1c2V2aWRlbyI6IjAiLCJ2aWRlb2lkIjoiIiwidmlkZW9hdXRvIjoiMCIsImJhY2tncm91bmRfY29sb3IiOiIifQ==','W3sibGF5ZXJfdmlkZW9fdHlwZSI6InlvdXR1YmUiLCJsYXllcl92aWRlb19pZCI6IiIsImxheWVyX3ZpZGVvX2hlaWdodCI6IjIwMCIsImxheWVyX3ZpZGVvX3dpZHRoIjoiMzAwIiwibGF5ZXJfdmlkZW9fdGh1bWIiOiIiLCJsYXllcl9pZCI6IjFfMSIsImxheWVyX2NvbnRlbnQiOiJiYW5uZXIuanBnIiwibGF5ZXJfdHlwZSI6ImltYWdlIiwibGF5ZXJfY2xhc3MiOiIiLCJsYXllcl9jYXB0aW9uIjoiWW91ciBJbWFnZSBIZXJlIDIiLCJsYXllcl9mb250X3NpemUiOiIiLCJsYXllcl9iYWNrZ3JvdW5kX2NvbG9yIjoiIiwibGF5ZXJfY29sb3IiOiIiLCJsYXllcl9saW5rIjoiIiwibGF5ZXJfYW5pbWF0aW9uIjoiZmFkZSIsImxheWVyX2Vhc2luZyI6ImVhc2VPdXRFeHBvIiwibGF5ZXJfc3BlZWQiOiIzNTAiLCJsYXllcl90b3AiOiIwIiwibGF5ZXJfbGVmdCI6IjAiLCJsYXllcl9lbmR0aW1lIjoiMCIsImxheWVyX2VuZHNwZWVkIjoiMzAwIiwibGF5ZXJfZW5kYW5pbWF0aW9uIjoiYXV0byIsImxheWVyX2VuZGVhc2luZyI6Im5vdGhpbmciLCJ0aW1lX3N0YXJ0IjoiODAwIn1d'),(7,8,'Sample slider 1','http://prestashop.com','','','eyJ1c2V2aWRlbyI6IjAiLCJ2aWRlb2lkIjoiIiwidmlkZW9hdXRvIjoiMCIsImJhY2tncm91bmRfY29sb3IiOiIifQ==','W3sibGF5ZXJfdmlkZW9fdHlwZSI6InlvdXR1YmUiLCJsYXllcl92aWRlb19pZCI6IiIsImxheWVyX3ZpZGVvX2hlaWdodCI6IjIwMCIsImxheWVyX3ZpZGVvX3dpZHRoIjoiMzAwIiwibGF5ZXJfdmlkZW9fdGh1bWIiOiIiLCJsYXllcl9pZCI6IjFfMSIsImxheWVyX2NvbnRlbnQiOiJiYW5uZXIuanBnIiwibGF5ZXJfdHlwZSI6ImltYWdlIiwibGF5ZXJfY2xhc3MiOiIiLCJsYXllcl9jYXB0aW9uIjoiWW91ciBJbWFnZSBIZXJlIDIiLCJsYXllcl9mb250X3NpemUiOiIiLCJsYXllcl9iYWNrZ3JvdW5kX2NvbG9yIjoiIiwibGF5ZXJfY29sb3IiOiIiLCJsYXllcl9saW5rIjoiIiwibGF5ZXJfYW5pbWF0aW9uIjoiZmFkZSIsImxheWVyX2Vhc2luZyI6ImVhc2VPdXRFeHBvIiwibGF5ZXJfc3BlZWQiOiIzNTAiLCJsYXllcl90b3AiOiIwIiwibGF5ZXJfbGVmdCI6IjAiLCJsYXllcl9lbmR0aW1lIjoiMCIsImxheWVyX2VuZHNwZWVkIjoiMzAwIiwibGF5ZXJfZW5kYW5pbWF0aW9uIjoiYXV0byIsImxheWVyX2VuZGVhc2luZyI6Im5vdGhpbmciLCJ0aW1lX3N0YXJ0IjoiODAwIn1d'),(7,9,'Sample slider 1','http://prestashop.com','','','eyJ1c2V2aWRlbyI6IjAiLCJ2aWRlb2lkIjoiIiwidmlkZW9hdXRvIjoiMCIsImJhY2tncm91bmRfY29sb3IiOiIifQ==','W3sibGF5ZXJfdmlkZW9fdHlwZSI6InlvdXR1YmUiLCJsYXllcl92aWRlb19pZCI6IiIsImxheWVyX3ZpZGVvX2hlaWdodCI6IjIwMCIsImxheWVyX3ZpZGVvX3dpZHRoIjoiMzAwIiwibGF5ZXJfdmlkZW9fdGh1bWIiOiIiLCJsYXllcl9pZCI6IjFfMSIsImxheWVyX2NvbnRlbnQiOiJiYW5uZXIuanBnIiwibGF5ZXJfdHlwZSI6ImltYWdlIiwibGF5ZXJfY2xhc3MiOiIiLCJsYXllcl9jYXB0aW9uIjoiWW91ciBJbWFnZSBIZXJlIDIiLCJsYXllcl9mb250X3NpemUiOiIiLCJsYXllcl9iYWNrZ3JvdW5kX2NvbG9yIjoiIiwibGF5ZXJfY29sb3IiOiIiLCJsYXllcl9saW5rIjoiIiwibGF5ZXJfYW5pbWF0aW9uIjoiZmFkZSIsImxheWVyX2Vhc2luZyI6ImVhc2VPdXRFeHBvIiwibGF5ZXJfc3BlZWQiOiIzNTAiLCJsYXllcl90b3AiOiIwIiwibGF5ZXJfbGVmdCI6IjAiLCJsYXllcl9lbmR0aW1lIjoiMCIsImxheWVyX2VuZHNwZWVkIjoiMzAwIiwibGF5ZXJfZW5kYW5pbWF0aW9uIjoiYXV0byIsImxheWVyX2VuZGVhc2luZyI6Im5vdGhpbmciLCJ0aW1lX3N0YXJ0IjoiODAwIn1d'),(8,1,'Sample slider 2','http://prestashop.com','','','eyJ1c2V2aWRlbyI6IjAiLCJ2aWRlb2lkIjoiIiwidmlkZW9hdXRvIjoiMCIsImJhY2tncm91bmRfY29sb3IiOiIifQ==','W3sibGF5ZXJfdmlkZW9fdHlwZSI6InlvdXR1YmUiLCJsYXllcl92aWRlb19pZCI6IlZBNzcwd3BMWC1RIiwibGF5ZXJfdmlkZW9faGVpZ2h0IjoiMjAwIiwibGF5ZXJfdmlkZW9fd2lkdGgiOiIzMDAiLCJsYXllcl92aWRlb190aHVtYiI6Imh0dHA6XC9cL2kxLnl0aW1nLmNvbVwvdmlcL1ZBNzcwd3BMWC1RXC9ocWRlZmF1bHQuanBnIiwibGF5ZXJfaWQiOiIxXzEiLCJsYXllcl9jb250ZW50IjoiYmFubmVyLmpwZyIsImxheWVyX3R5cGUiOiJpbWFnZSIsImxheWVyX2NsYXNzIjoiIiwibGF5ZXJfY2FwdGlvbiI6IllvdXIgSW1hZ2UgSGVyZSAzIiwibGF5ZXJfZm9udF9zaXplIjoiIiwibGF5ZXJfYmFja2dyb3VuZF9jb2xvciI6IiIsImxheWVyX2NvbG9yIjoiIiwibGF5ZXJfbGluayI6IiIsImxheWVyX2FuaW1hdGlvbiI6ImZhZGUiLCJsYXllcl9lYXNpbmciOiJlYXNlT3V0RXhwbyIsImxheWVyX3NwZWVkIjoiMzUwIiwibGF5ZXJfdG9wIjoiMCIsImxheWVyX2xlZnQiOiIwIiwibGF5ZXJfZW5kdGltZSI6IjAiLCJsYXllcl9lbmRzcGVlZCI6IjMwMCIsImxheWVyX2VuZGFuaW1hdGlvbiI6ImF1dG8iLCJsYXllcl9lbmRlYXNpbmciOiJub3RoaW5nIiwidGltZV9zdGFydCI6IjEyMDAifSx7ImxheWVyX3ZpZGVvX3R5cGUiOiJ5b3V0dWJlIiwibGF5ZXJfdmlkZW9faWQiOiJWQTc3MHdwTFgtUSIsImxheWVyX3ZpZGVvX2hlaWdodCI6IjIwMCIsImxheWVyX3ZpZGVvX3dpZHRoIjoiMzAwIiwibGF5ZXJfdmlkZW9fdGh1bWIiOiJodHRwOlwvXC9pMS55dGltZy5jb21cL3ZpXC9WQTc3MHdwTFgtUVwvaHFkZWZhdWx0LmpwZyIsImxheWVyX2lkIjoiMV8yIiwibGF5ZXJfY29udGVudCI6ImJhbm5lci5qcGciLCJsYXllcl90eXBlIjoidGV4dCIsImxheWVyX2NsYXNzIjoiIiwibGF5ZXJfY2FwdGlvbiI6IllvdXIgQ2FwdGlvbiBIZXJlIDIiLCJsYXllcl9mb250X3NpemUiOiIiLCJsYXllcl9iYWNrZ3JvdW5kX2NvbG9yIjoiIiwibGF5ZXJfY29sb3IiOiIiLCJsYXllcl9saW5rIjoiIiwibGF5ZXJfYW5pbWF0aW9uIjoiZmFkZSIsImxheWVyX2Vhc2luZyI6ImVhc2VPdXRFeHBvIiwibGF5ZXJfc3BlZWQiOiIzNTAiLCJsYXllcl90b3AiOiI3OSIsImxheWVyX2xlZnQiOiI4MyIsImxheWVyX2VuZHRpbWUiOiIwIiwibGF5ZXJfZW5kc3BlZWQiOiIzMDAiLCJsYXllcl9lbmRhbmltYXRpb24iOiJhdXRvIiwibGF5ZXJfZW5kZWFzaW5nIjoibm90aGluZyIsInRpbWVfc3RhcnQiOiI4MDAifV0='),(8,2,'Sample slider 2','http://prestashop.com','','','eyJ1c2V2aWRlbyI6IjAiLCJ2aWRlb2lkIjoiIiwidmlkZW9hdXRvIjoiMCIsImJhY2tncm91bmRfY29sb3IiOiIifQ==','W3sibGF5ZXJfdmlkZW9fdHlwZSI6InlvdXR1YmUiLCJsYXllcl92aWRlb19pZCI6IlZBNzcwd3BMWC1RIiwibGF5ZXJfdmlkZW9faGVpZ2h0IjoiMjAwIiwibGF5ZXJfdmlkZW9fd2lkdGgiOiIzMDAiLCJsYXllcl92aWRlb190aHVtYiI6Imh0dHA6XC9cL2kxLnl0aW1nLmNvbVwvdmlcL1ZBNzcwd3BMWC1RXC9ocWRlZmF1bHQuanBnIiwibGF5ZXJfaWQiOiIxXzEiLCJsYXllcl9jb250ZW50IjoiYmFubmVyLmpwZyIsImxheWVyX3R5cGUiOiJpbWFnZSIsImxheWVyX2NsYXNzIjoiIiwibGF5ZXJfY2FwdGlvbiI6IllvdXIgSW1hZ2UgSGVyZSAzIiwibGF5ZXJfZm9udF9zaXplIjoiIiwibGF5ZXJfYmFja2dyb3VuZF9jb2xvciI6IiIsImxheWVyX2NvbG9yIjoiIiwibGF5ZXJfbGluayI6IiIsImxheWVyX2FuaW1hdGlvbiI6ImZhZGUiLCJsYXllcl9lYXNpbmciOiJlYXNlT3V0RXhwbyIsImxheWVyX3NwZWVkIjoiMzUwIiwibGF5ZXJfdG9wIjoiMCIsImxheWVyX2xlZnQiOiIwIiwibGF5ZXJfZW5kdGltZSI6IjAiLCJsYXllcl9lbmRzcGVlZCI6IjMwMCIsImxheWVyX2VuZGFuaW1hdGlvbiI6ImF1dG8iLCJsYXllcl9lbmRlYXNpbmciOiJub3RoaW5nIiwidGltZV9zdGFydCI6IjEyMDAifSx7ImxheWVyX3ZpZGVvX3R5cGUiOiJ5b3V0dWJlIiwibGF5ZXJfdmlkZW9faWQiOiJWQTc3MHdwTFgtUSIsImxheWVyX3ZpZGVvX2hlaWdodCI6IjIwMCIsImxheWVyX3ZpZGVvX3dpZHRoIjoiMzAwIiwibGF5ZXJfdmlkZW9fdGh1bWIiOiJodHRwOlwvXC9pMS55dGltZy5jb21cL3ZpXC9WQTc3MHdwTFgtUVwvaHFkZWZhdWx0LmpwZyIsImxheWVyX2lkIjoiMV8yIiwibGF5ZXJfY29udGVudCI6ImJhbm5lci5qcGciLCJsYXllcl90eXBlIjoidGV4dCIsImxheWVyX2NsYXNzIjoiIiwibGF5ZXJfY2FwdGlvbiI6IllvdXIgQ2FwdGlvbiBIZXJlIDIiLCJsYXllcl9mb250X3NpemUiOiIiLCJsYXllcl9iYWNrZ3JvdW5kX2NvbG9yIjoiIiwibGF5ZXJfY29sb3IiOiIiLCJsYXllcl9saW5rIjoiIiwibGF5ZXJfYW5pbWF0aW9uIjoiZmFkZSIsImxheWVyX2Vhc2luZyI6ImVhc2VPdXRFeHBvIiwibGF5ZXJfc3BlZWQiOiIzNTAiLCJsYXllcl90b3AiOiI3OSIsImxheWVyX2xlZnQiOiI4MyIsImxheWVyX2VuZHRpbWUiOiIwIiwibGF5ZXJfZW5kc3BlZWQiOiIzMDAiLCJsYXllcl9lbmRhbmltYXRpb24iOiJhdXRvIiwibGF5ZXJfZW5kZWFzaW5nIjoibm90aGluZyIsInRpbWVfc3RhcnQiOiI4MDAifV0='),(8,3,'Sample slider 2','http://prestashop.com','','','eyJ1c2V2aWRlbyI6IjAiLCJ2aWRlb2lkIjoiIiwidmlkZW9hdXRvIjoiMCIsImJhY2tncm91bmRfY29sb3IiOiIifQ==','W3sibGF5ZXJfdmlkZW9fdHlwZSI6InlvdXR1YmUiLCJsYXllcl92aWRlb19pZCI6IlZBNzcwd3BMWC1RIiwibGF5ZXJfdmlkZW9faGVpZ2h0IjoiMjAwIiwibGF5ZXJfdmlkZW9fd2lkdGgiOiIzMDAiLCJsYXllcl92aWRlb190aHVtYiI6Imh0dHA6XC9cL2kxLnl0aW1nLmNvbVwvdmlcL1ZBNzcwd3BMWC1RXC9ocWRlZmF1bHQuanBnIiwibGF5ZXJfaWQiOiIxXzEiLCJsYXllcl9jb250ZW50IjoiYmFubmVyLmpwZyIsImxheWVyX3R5cGUiOiJpbWFnZSIsImxheWVyX2NsYXNzIjoiIiwibGF5ZXJfY2FwdGlvbiI6IllvdXIgSW1hZ2UgSGVyZSAzIiwibGF5ZXJfZm9udF9zaXplIjoiIiwibGF5ZXJfYmFja2dyb3VuZF9jb2xvciI6IiIsImxheWVyX2NvbG9yIjoiIiwibGF5ZXJfbGluayI6IiIsImxheWVyX2FuaW1hdGlvbiI6ImZhZGUiLCJsYXllcl9lYXNpbmciOiJlYXNlT3V0RXhwbyIsImxheWVyX3NwZWVkIjoiMzUwIiwibGF5ZXJfdG9wIjoiMCIsImxheWVyX2xlZnQiOiIwIiwibGF5ZXJfZW5kdGltZSI6IjAiLCJsYXllcl9lbmRzcGVlZCI6IjMwMCIsImxheWVyX2VuZGFuaW1hdGlvbiI6ImF1dG8iLCJsYXllcl9lbmRlYXNpbmciOiJub3RoaW5nIiwidGltZV9zdGFydCI6IjEyMDAifSx7ImxheWVyX3ZpZGVvX3R5cGUiOiJ5b3V0dWJlIiwibGF5ZXJfdmlkZW9faWQiOiJWQTc3MHdwTFgtUSIsImxheWVyX3ZpZGVvX2hlaWdodCI6IjIwMCIsImxheWVyX3ZpZGVvX3dpZHRoIjoiMzAwIiwibGF5ZXJfdmlkZW9fdGh1bWIiOiJodHRwOlwvXC9pMS55dGltZy5jb21cL3ZpXC9WQTc3MHdwTFgtUVwvaHFkZWZhdWx0LmpwZyIsImxheWVyX2lkIjoiMV8yIiwibGF5ZXJfY29udGVudCI6ImJhbm5lci5qcGciLCJsYXllcl90eXBlIjoidGV4dCIsImxheWVyX2NsYXNzIjoiIiwibGF5ZXJfY2FwdGlvbiI6IllvdXIgQ2FwdGlvbiBIZXJlIDIiLCJsYXllcl9mb250X3NpemUiOiIiLCJsYXllcl9iYWNrZ3JvdW5kX2NvbG9yIjoiIiwibGF5ZXJfY29sb3IiOiIiLCJsYXllcl9saW5rIjoiIiwibGF5ZXJfYW5pbWF0aW9uIjoiZmFkZSIsImxheWVyX2Vhc2luZyI6ImVhc2VPdXRFeHBvIiwibGF5ZXJfc3BlZWQiOiIzNTAiLCJsYXllcl90b3AiOiI3OSIsImxheWVyX2xlZnQiOiI4MyIsImxheWVyX2VuZHRpbWUiOiIwIiwibGF5ZXJfZW5kc3BlZWQiOiIzMDAiLCJsYXllcl9lbmRhbmltYXRpb24iOiJhdXRvIiwibGF5ZXJfZW5kZWFzaW5nIjoibm90aGluZyIsInRpbWVfc3RhcnQiOiI4MDAifV0='),(8,4,'Sample slider 2','http://prestashop.com','','','eyJ1c2V2aWRlbyI6IjAiLCJ2aWRlb2lkIjoiIiwidmlkZW9hdXRvIjoiMCIsImJhY2tncm91bmRfY29sb3IiOiIifQ==','W3sibGF5ZXJfdmlkZW9fdHlwZSI6InlvdXR1YmUiLCJsYXllcl92aWRlb19pZCI6IlZBNzcwd3BMWC1RIiwibGF5ZXJfdmlkZW9faGVpZ2h0IjoiMjAwIiwibGF5ZXJfdmlkZW9fd2lkdGgiOiIzMDAiLCJsYXllcl92aWRlb190aHVtYiI6Imh0dHA6XC9cL2kxLnl0aW1nLmNvbVwvdmlcL1ZBNzcwd3BMWC1RXC9ocWRlZmF1bHQuanBnIiwibGF5ZXJfaWQiOiIxXzEiLCJsYXllcl9jb250ZW50IjoiYmFubmVyLmpwZyIsImxheWVyX3R5cGUiOiJpbWFnZSIsImxheWVyX2NsYXNzIjoiIiwibGF5ZXJfY2FwdGlvbiI6IllvdXIgSW1hZ2UgSGVyZSAzIiwibGF5ZXJfZm9udF9zaXplIjoiIiwibGF5ZXJfYmFja2dyb3VuZF9jb2xvciI6IiIsImxheWVyX2NvbG9yIjoiIiwibGF5ZXJfbGluayI6IiIsImxheWVyX2FuaW1hdGlvbiI6ImZhZGUiLCJsYXllcl9lYXNpbmciOiJlYXNlT3V0RXhwbyIsImxheWVyX3NwZWVkIjoiMzUwIiwibGF5ZXJfdG9wIjoiMCIsImxheWVyX2xlZnQiOiIwIiwibGF5ZXJfZW5kdGltZSI6IjAiLCJsYXllcl9lbmRzcGVlZCI6IjMwMCIsImxheWVyX2VuZGFuaW1hdGlvbiI6ImF1dG8iLCJsYXllcl9lbmRlYXNpbmciOiJub3RoaW5nIiwidGltZV9zdGFydCI6IjEyMDAifSx7ImxheWVyX3ZpZGVvX3R5cGUiOiJ5b3V0dWJlIiwibGF5ZXJfdmlkZW9faWQiOiJWQTc3MHdwTFgtUSIsImxheWVyX3ZpZGVvX2hlaWdodCI6IjIwMCIsImxheWVyX3ZpZGVvX3dpZHRoIjoiMzAwIiwibGF5ZXJfdmlkZW9fdGh1bWIiOiJodHRwOlwvXC9pMS55dGltZy5jb21cL3ZpXC9WQTc3MHdwTFgtUVwvaHFkZWZhdWx0LmpwZyIsImxheWVyX2lkIjoiMV8yIiwibGF5ZXJfY29udGVudCI6ImJhbm5lci5qcGciLCJsYXllcl90eXBlIjoidGV4dCIsImxheWVyX2NsYXNzIjoiIiwibGF5ZXJfY2FwdGlvbiI6IllvdXIgQ2FwdGlvbiBIZXJlIDIiLCJsYXllcl9mb250X3NpemUiOiIiLCJsYXllcl9iYWNrZ3JvdW5kX2NvbG9yIjoiIiwibGF5ZXJfY29sb3IiOiIiLCJsYXllcl9saW5rIjoiIiwibGF5ZXJfYW5pbWF0aW9uIjoiZmFkZSIsImxheWVyX2Vhc2luZyI6ImVhc2VPdXRFeHBvIiwibGF5ZXJfc3BlZWQiOiIzNTAiLCJsYXllcl90b3AiOiI3OSIsImxheWVyX2xlZnQiOiI4MyIsImxheWVyX2VuZHRpbWUiOiIwIiwibGF5ZXJfZW5kc3BlZWQiOiIzMDAiLCJsYXllcl9lbmRhbmltYXRpb24iOiJhdXRvIiwibGF5ZXJfZW5kZWFzaW5nIjoibm90aGluZyIsInRpbWVfc3RhcnQiOiI4MDAifV0='),(8,5,'Sample slider 2','http://prestashop.com','','','eyJ1c2V2aWRlbyI6IjAiLCJ2aWRlb2lkIjoiIiwidmlkZW9hdXRvIjoiMCIsImJhY2tncm91bmRfY29sb3IiOiIifQ==','W3sibGF5ZXJfdmlkZW9fdHlwZSI6InlvdXR1YmUiLCJsYXllcl92aWRlb19pZCI6IlZBNzcwd3BMWC1RIiwibGF5ZXJfdmlkZW9faGVpZ2h0IjoiMjAwIiwibGF5ZXJfdmlkZW9fd2lkdGgiOiIzMDAiLCJsYXllcl92aWRlb190aHVtYiI6Imh0dHA6XC9cL2kxLnl0aW1nLmNvbVwvdmlcL1ZBNzcwd3BMWC1RXC9ocWRlZmF1bHQuanBnIiwibGF5ZXJfaWQiOiIxXzEiLCJsYXllcl9jb250ZW50IjoiYmFubmVyLmpwZyIsImxheWVyX3R5cGUiOiJpbWFnZSIsImxheWVyX2NsYXNzIjoiIiwibGF5ZXJfY2FwdGlvbiI6IllvdXIgSW1hZ2UgSGVyZSAzIiwibGF5ZXJfZm9udF9zaXplIjoiIiwibGF5ZXJfYmFja2dyb3VuZF9jb2xvciI6IiIsImxheWVyX2NvbG9yIjoiIiwibGF5ZXJfbGluayI6IiIsImxheWVyX2FuaW1hdGlvbiI6ImZhZGUiLCJsYXllcl9lYXNpbmciOiJlYXNlT3V0RXhwbyIsImxheWVyX3NwZWVkIjoiMzUwIiwibGF5ZXJfdG9wIjoiMCIsImxheWVyX2xlZnQiOiIwIiwibGF5ZXJfZW5kdGltZSI6IjAiLCJsYXllcl9lbmRzcGVlZCI6IjMwMCIsImxheWVyX2VuZGFuaW1hdGlvbiI6ImF1dG8iLCJsYXllcl9lbmRlYXNpbmciOiJub3RoaW5nIiwidGltZV9zdGFydCI6IjEyMDAifSx7ImxheWVyX3ZpZGVvX3R5cGUiOiJ5b3V0dWJlIiwibGF5ZXJfdmlkZW9faWQiOiJWQTc3MHdwTFgtUSIsImxheWVyX3ZpZGVvX2hlaWdodCI6IjIwMCIsImxheWVyX3ZpZGVvX3dpZHRoIjoiMzAwIiwibGF5ZXJfdmlkZW9fdGh1bWIiOiJodHRwOlwvXC9pMS55dGltZy5jb21cL3ZpXC9WQTc3MHdwTFgtUVwvaHFkZWZhdWx0LmpwZyIsImxheWVyX2lkIjoiMV8yIiwibGF5ZXJfY29udGVudCI6ImJhbm5lci5qcGciLCJsYXllcl90eXBlIjoidGV4dCIsImxheWVyX2NsYXNzIjoiIiwibGF5ZXJfY2FwdGlvbiI6IllvdXIgQ2FwdGlvbiBIZXJlIDIiLCJsYXllcl9mb250X3NpemUiOiIiLCJsYXllcl9iYWNrZ3JvdW5kX2NvbG9yIjoiIiwibGF5ZXJfY29sb3IiOiIiLCJsYXllcl9saW5rIjoiIiwibGF5ZXJfYW5pbWF0aW9uIjoiZmFkZSIsImxheWVyX2Vhc2luZyI6ImVhc2VPdXRFeHBvIiwibGF5ZXJfc3BlZWQiOiIzNTAiLCJsYXllcl90b3AiOiI3OSIsImxheWVyX2xlZnQiOiI4MyIsImxheWVyX2VuZHRpbWUiOiIwIiwibGF5ZXJfZW5kc3BlZWQiOiIzMDAiLCJsYXllcl9lbmRhbmltYXRpb24iOiJhdXRvIiwibGF5ZXJfZW5kZWFzaW5nIjoibm90aGluZyIsInRpbWVfc3RhcnQiOiI4MDAifV0='),(8,6,'Sample slider 2','http://prestashop.com','','','eyJ1c2V2aWRlbyI6IjAiLCJ2aWRlb2lkIjoiIiwidmlkZW9hdXRvIjoiMCIsImJhY2tncm91bmRfY29sb3IiOiIifQ==','W3sibGF5ZXJfdmlkZW9fdHlwZSI6InlvdXR1YmUiLCJsYXllcl92aWRlb19pZCI6IlZBNzcwd3BMWC1RIiwibGF5ZXJfdmlkZW9faGVpZ2h0IjoiMjAwIiwibGF5ZXJfdmlkZW9fd2lkdGgiOiIzMDAiLCJsYXllcl92aWRlb190aHVtYiI6Imh0dHA6XC9cL2kxLnl0aW1nLmNvbVwvdmlcL1ZBNzcwd3BMWC1RXC9ocWRlZmF1bHQuanBnIiwibGF5ZXJfaWQiOiIxXzEiLCJsYXllcl9jb250ZW50IjoiYmFubmVyLmpwZyIsImxheWVyX3R5cGUiOiJpbWFnZSIsImxheWVyX2NsYXNzIjoiIiwibGF5ZXJfY2FwdGlvbiI6IllvdXIgSW1hZ2UgSGVyZSAzIiwibGF5ZXJfZm9udF9zaXplIjoiIiwibGF5ZXJfYmFja2dyb3VuZF9jb2xvciI6IiIsImxheWVyX2NvbG9yIjoiIiwibGF5ZXJfbGluayI6IiIsImxheWVyX2FuaW1hdGlvbiI6ImZhZGUiLCJsYXllcl9lYXNpbmciOiJlYXNlT3V0RXhwbyIsImxheWVyX3NwZWVkIjoiMzUwIiwibGF5ZXJfdG9wIjoiMCIsImxheWVyX2xlZnQiOiIwIiwibGF5ZXJfZW5kdGltZSI6IjAiLCJsYXllcl9lbmRzcGVlZCI6IjMwMCIsImxheWVyX2VuZGFuaW1hdGlvbiI6ImF1dG8iLCJsYXllcl9lbmRlYXNpbmciOiJub3RoaW5nIiwidGltZV9zdGFydCI6IjEyMDAifSx7ImxheWVyX3ZpZGVvX3R5cGUiOiJ5b3V0dWJlIiwibGF5ZXJfdmlkZW9faWQiOiJWQTc3MHdwTFgtUSIsImxheWVyX3ZpZGVvX2hlaWdodCI6IjIwMCIsImxheWVyX3ZpZGVvX3dpZHRoIjoiMzAwIiwibGF5ZXJfdmlkZW9fdGh1bWIiOiJodHRwOlwvXC9pMS55dGltZy5jb21cL3ZpXC9WQTc3MHdwTFgtUVwvaHFkZWZhdWx0LmpwZyIsImxheWVyX2lkIjoiMV8yIiwibGF5ZXJfY29udGVudCI6ImJhbm5lci5qcGciLCJsYXllcl90eXBlIjoidGV4dCIsImxheWVyX2NsYXNzIjoiIiwibGF5ZXJfY2FwdGlvbiI6IllvdXIgQ2FwdGlvbiBIZXJlIDIiLCJsYXllcl9mb250X3NpemUiOiIiLCJsYXllcl9iYWNrZ3JvdW5kX2NvbG9yIjoiIiwibGF5ZXJfY29sb3IiOiIiLCJsYXllcl9saW5rIjoiIiwibGF5ZXJfYW5pbWF0aW9uIjoiZmFkZSIsImxheWVyX2Vhc2luZyI6ImVhc2VPdXRFeHBvIiwibGF5ZXJfc3BlZWQiOiIzNTAiLCJsYXllcl90b3AiOiI3OSIsImxheWVyX2xlZnQiOiI4MyIsImxheWVyX2VuZHRpbWUiOiIwIiwibGF5ZXJfZW5kc3BlZWQiOiIzMDAiLCJsYXllcl9lbmRhbmltYXRpb24iOiJhdXRvIiwibGF5ZXJfZW5kZWFzaW5nIjoibm90aGluZyIsInRpbWVfc3RhcnQiOiI4MDAifV0='),(8,7,'Sample slider 2','http://prestashop.com','','','eyJ1c2V2aWRlbyI6IjAiLCJ2aWRlb2lkIjoiIiwidmlkZW9hdXRvIjoiMCIsImJhY2tncm91bmRfY29sb3IiOiIifQ==','W3sibGF5ZXJfdmlkZW9fdHlwZSI6InlvdXR1YmUiLCJsYXllcl92aWRlb19pZCI6IlZBNzcwd3BMWC1RIiwibGF5ZXJfdmlkZW9faGVpZ2h0IjoiMjAwIiwibGF5ZXJfdmlkZW9fd2lkdGgiOiIzMDAiLCJsYXllcl92aWRlb190aHVtYiI6Imh0dHA6XC9cL2kxLnl0aW1nLmNvbVwvdmlcL1ZBNzcwd3BMWC1RXC9ocWRlZmF1bHQuanBnIiwibGF5ZXJfaWQiOiIxXzEiLCJsYXllcl9jb250ZW50IjoiYmFubmVyLmpwZyIsImxheWVyX3R5cGUiOiJpbWFnZSIsImxheWVyX2NsYXNzIjoiIiwibGF5ZXJfY2FwdGlvbiI6IllvdXIgSW1hZ2UgSGVyZSAzIiwibGF5ZXJfZm9udF9zaXplIjoiIiwibGF5ZXJfYmFja2dyb3VuZF9jb2xvciI6IiIsImxheWVyX2NvbG9yIjoiIiwibGF5ZXJfbGluayI6IiIsImxheWVyX2FuaW1hdGlvbiI6ImZhZGUiLCJsYXllcl9lYXNpbmciOiJlYXNlT3V0RXhwbyIsImxheWVyX3NwZWVkIjoiMzUwIiwibGF5ZXJfdG9wIjoiMCIsImxheWVyX2xlZnQiOiIwIiwibGF5ZXJfZW5kdGltZSI6IjAiLCJsYXllcl9lbmRzcGVlZCI6IjMwMCIsImxheWVyX2VuZGFuaW1hdGlvbiI6ImF1dG8iLCJsYXllcl9lbmRlYXNpbmciOiJub3RoaW5nIiwidGltZV9zdGFydCI6IjEyMDAifSx7ImxheWVyX3ZpZGVvX3R5cGUiOiJ5b3V0dWJlIiwibGF5ZXJfdmlkZW9faWQiOiJWQTc3MHdwTFgtUSIsImxheWVyX3ZpZGVvX2hlaWdodCI6IjIwMCIsImxheWVyX3ZpZGVvX3dpZHRoIjoiMzAwIiwibGF5ZXJfdmlkZW9fdGh1bWIiOiJodHRwOlwvXC9pMS55dGltZy5jb21cL3ZpXC9WQTc3MHdwTFgtUVwvaHFkZWZhdWx0LmpwZyIsImxheWVyX2lkIjoiMV8yIiwibGF5ZXJfY29udGVudCI6ImJhbm5lci5qcGciLCJsYXllcl90eXBlIjoidGV4dCIsImxheWVyX2NsYXNzIjoiIiwibGF5ZXJfY2FwdGlvbiI6IllvdXIgQ2FwdGlvbiBIZXJlIDIiLCJsYXllcl9mb250X3NpemUiOiIiLCJsYXllcl9iYWNrZ3JvdW5kX2NvbG9yIjoiIiwibGF5ZXJfY29sb3IiOiIiLCJsYXllcl9saW5rIjoiIiwibGF5ZXJfYW5pbWF0aW9uIjoiZmFkZSIsImxheWVyX2Vhc2luZyI6ImVhc2VPdXRFeHBvIiwibGF5ZXJfc3BlZWQiOiIzNTAiLCJsYXllcl90b3AiOiI3OSIsImxheWVyX2xlZnQiOiI4MyIsImxheWVyX2VuZHRpbWUiOiIwIiwibGF5ZXJfZW5kc3BlZWQiOiIzMDAiLCJsYXllcl9lbmRhbmltYXRpb24iOiJhdXRvIiwibGF5ZXJfZW5kZWFzaW5nIjoibm90aGluZyIsInRpbWVfc3RhcnQiOiI4MDAifV0='),(8,8,'Sample slider 2','http://prestashop.com','','','eyJ1c2V2aWRlbyI6IjAiLCJ2aWRlb2lkIjoiIiwidmlkZW9hdXRvIjoiMCIsImJhY2tncm91bmRfY29sb3IiOiIifQ==','W3sibGF5ZXJfdmlkZW9fdHlwZSI6InlvdXR1YmUiLCJsYXllcl92aWRlb19pZCI6IlZBNzcwd3BMWC1RIiwibGF5ZXJfdmlkZW9faGVpZ2h0IjoiMjAwIiwibGF5ZXJfdmlkZW9fd2lkdGgiOiIzMDAiLCJsYXllcl92aWRlb190aHVtYiI6Imh0dHA6XC9cL2kxLnl0aW1nLmNvbVwvdmlcL1ZBNzcwd3BMWC1RXC9ocWRlZmF1bHQuanBnIiwibGF5ZXJfaWQiOiIxXzEiLCJsYXllcl9jb250ZW50IjoiYmFubmVyLmpwZyIsImxheWVyX3R5cGUiOiJpbWFnZSIsImxheWVyX2NsYXNzIjoiIiwibGF5ZXJfY2FwdGlvbiI6IllvdXIgSW1hZ2UgSGVyZSAzIiwibGF5ZXJfZm9udF9zaXplIjoiIiwibGF5ZXJfYmFja2dyb3VuZF9jb2xvciI6IiIsImxheWVyX2NvbG9yIjoiIiwibGF5ZXJfbGluayI6IiIsImxheWVyX2FuaW1hdGlvbiI6ImZhZGUiLCJsYXllcl9lYXNpbmciOiJlYXNlT3V0RXhwbyIsImxheWVyX3NwZWVkIjoiMzUwIiwibGF5ZXJfdG9wIjoiMCIsImxheWVyX2xlZnQiOiIwIiwibGF5ZXJfZW5kdGltZSI6IjAiLCJsYXllcl9lbmRzcGVlZCI6IjMwMCIsImxheWVyX2VuZGFuaW1hdGlvbiI6ImF1dG8iLCJsYXllcl9lbmRlYXNpbmciOiJub3RoaW5nIiwidGltZV9zdGFydCI6IjEyMDAifSx7ImxheWVyX3ZpZGVvX3R5cGUiOiJ5b3V0dWJlIiwibGF5ZXJfdmlkZW9faWQiOiJWQTc3MHdwTFgtUSIsImxheWVyX3ZpZGVvX2hlaWdodCI6IjIwMCIsImxheWVyX3ZpZGVvX3dpZHRoIjoiMzAwIiwibGF5ZXJfdmlkZW9fdGh1bWIiOiJodHRwOlwvXC9pMS55dGltZy5jb21cL3ZpXC9WQTc3MHdwTFgtUVwvaHFkZWZhdWx0LmpwZyIsImxheWVyX2lkIjoiMV8yIiwibGF5ZXJfY29udGVudCI6ImJhbm5lci5qcGciLCJsYXllcl90eXBlIjoidGV4dCIsImxheWVyX2NsYXNzIjoiIiwibGF5ZXJfY2FwdGlvbiI6IllvdXIgQ2FwdGlvbiBIZXJlIDIiLCJsYXllcl9mb250X3NpemUiOiIiLCJsYXllcl9iYWNrZ3JvdW5kX2NvbG9yIjoiIiwibGF5ZXJfY29sb3IiOiIiLCJsYXllcl9saW5rIjoiIiwibGF5ZXJfYW5pbWF0aW9uIjoiZmFkZSIsImxheWVyX2Vhc2luZyI6ImVhc2VPdXRFeHBvIiwibGF5ZXJfc3BlZWQiOiIzNTAiLCJsYXllcl90b3AiOiI3OSIsImxheWVyX2xlZnQiOiI4MyIsImxheWVyX2VuZHRpbWUiOiIwIiwibGF5ZXJfZW5kc3BlZWQiOiIzMDAiLCJsYXllcl9lbmRhbmltYXRpb24iOiJhdXRvIiwibGF5ZXJfZW5kZWFzaW5nIjoibm90aGluZyIsInRpbWVfc3RhcnQiOiI4MDAifV0='),(8,9,'Sample slider 2','http://prestashop.com','','','eyJ1c2V2aWRlbyI6IjAiLCJ2aWRlb2lkIjoiIiwidmlkZW9hdXRvIjoiMCIsImJhY2tncm91bmRfY29sb3IiOiIifQ==','W3sibGF5ZXJfdmlkZW9fdHlwZSI6InlvdXR1YmUiLCJsYXllcl92aWRlb19pZCI6IlZBNzcwd3BMWC1RIiwibGF5ZXJfdmlkZW9faGVpZ2h0IjoiMjAwIiwibGF5ZXJfdmlkZW9fd2lkdGgiOiIzMDAiLCJsYXllcl92aWRlb190aHVtYiI6Imh0dHA6XC9cL2kxLnl0aW1nLmNvbVwvdmlcL1ZBNzcwd3BMWC1RXC9ocWRlZmF1bHQuanBnIiwibGF5ZXJfaWQiOiIxXzEiLCJsYXllcl9jb250ZW50IjoiYmFubmVyLmpwZyIsImxheWVyX3R5cGUiOiJpbWFnZSIsImxheWVyX2NsYXNzIjoiIiwibGF5ZXJfY2FwdGlvbiI6IllvdXIgSW1hZ2UgSGVyZSAzIiwibGF5ZXJfZm9udF9zaXplIjoiIiwibGF5ZXJfYmFja2dyb3VuZF9jb2xvciI6IiIsImxheWVyX2NvbG9yIjoiIiwibGF5ZXJfbGluayI6IiIsImxheWVyX2FuaW1hdGlvbiI6ImZhZGUiLCJsYXllcl9lYXNpbmciOiJlYXNlT3V0RXhwbyIsImxheWVyX3NwZWVkIjoiMzUwIiwibGF5ZXJfdG9wIjoiMCIsImxheWVyX2xlZnQiOiIwIiwibGF5ZXJfZW5kdGltZSI6IjAiLCJsYXllcl9lbmRzcGVlZCI6IjMwMCIsImxheWVyX2VuZGFuaW1hdGlvbiI6ImF1dG8iLCJsYXllcl9lbmRlYXNpbmciOiJub3RoaW5nIiwidGltZV9zdGFydCI6IjEyMDAifSx7ImxheWVyX3ZpZGVvX3R5cGUiOiJ5b3V0dWJlIiwibGF5ZXJfdmlkZW9faWQiOiJWQTc3MHdwTFgtUSIsImxheWVyX3ZpZGVvX2hlaWdodCI6IjIwMCIsImxheWVyX3ZpZGVvX3dpZHRoIjoiMzAwIiwibGF5ZXJfdmlkZW9fdGh1bWIiOiJodHRwOlwvXC9pMS55dGltZy5jb21cL3ZpXC9WQTc3MHdwTFgtUVwvaHFkZWZhdWx0LmpwZyIsImxheWVyX2lkIjoiMV8yIiwibGF5ZXJfY29udGVudCI6ImJhbm5lci5qcGciLCJsYXllcl90eXBlIjoidGV4dCIsImxheWVyX2NsYXNzIjoiIiwibGF5ZXJfY2FwdGlvbiI6IllvdXIgQ2FwdGlvbiBIZXJlIDIiLCJsYXllcl9mb250X3NpemUiOiIiLCJsYXllcl9iYWNrZ3JvdW5kX2NvbG9yIjoiIiwibGF5ZXJfY29sb3IiOiIiLCJsYXllcl9saW5rIjoiIiwibGF5ZXJfYW5pbWF0aW9uIjoiZmFkZSIsImxheWVyX2Vhc2luZyI6ImVhc2VPdXRFeHBvIiwibGF5ZXJfc3BlZWQiOiIzNTAiLCJsYXllcl90b3AiOiI3OSIsImxheWVyX2xlZnQiOiI4MyIsImxheWVyX2VuZHRpbWUiOiIwIiwibGF5ZXJfZW5kc3BlZWQiOiIzMDAiLCJsYXllcl9lbmRhbmltYXRpb24iOiJhdXRvIiwibGF5ZXJfZW5kZWFzaW5nIjoibm90aGluZyIsInRpbWVfc3RhcnQiOiI4MDAifV0='),(9,1,'Slide1','','banner-4.jpg','','eyJ1c2V2aWRlbyI6IjAiLCJ2aWRlb2lkIjoiIiwidmlkZW9hdXRvIjoiMCIsImJhY2tncm91bmRfY29sb3IiOiIifQ==','W3sibGF5ZXJfdmlkZW9fdHlwZSI6InlvdXR1YmUiLCJsYXllcl92aWRlb19pZCI6IiIsImxheWVyX3ZpZGVvX2hlaWdodCI6IjIwMCIsImxheWVyX3ZpZGVvX3dpZHRoIjoiMzAwIiwibGF5ZXJfdmlkZW9fdGh1bWIiOiIiLCJsYXllcl9pZCI6IjFfMSIsImxheWVyX2NvbnRlbnQiOiJzbGlkZTEucG5nIiwibGF5ZXJfdHlwZSI6ImltYWdlIiwibGF5ZXJfY2xhc3MiOiIiLCJsYXllcl9jYXB0aW9uIjoiWW91ciBJbWFnZSBIZXJlIDIiLCJsYXllcl9mb250X3NpemUiOiIiLCJsYXllcl9iYWNrZ3JvdW5kX2NvbG9yIjoiIiwibGF5ZXJfY29sb3IiOiIiLCJsYXllcl9saW5rIjoiIiwibGF5ZXJfYW5pbWF0aW9uIjoiZmFkZSIsImxheWVyX2Vhc2luZyI6ImVhc2VPdXRFeHBvIiwibGF5ZXJfc3BlZWQiOiIzNTAiLCJsYXllcl90b3AiOiI1NiIsImxheWVyX2xlZnQiOiI0OSIsImxheWVyX2VuZHRpbWUiOiIwIiwibGF5ZXJfZW5kc3BlZWQiOiIzMDAiLCJsYXllcl9lbmRhbmltYXRpb24iOiJhdXRvIiwibGF5ZXJfZW5kZWFzaW5nIjoibm90aGluZyIsInRpbWVfc3RhcnQiOiI4MDAifV0='),(9,2,'Slide1','','banner-4.jpg','','eyJ1c2V2aWRlbyI6IjAiLCJ2aWRlb2lkIjoiIiwidmlkZW9hdXRvIjoiMCIsImJhY2tncm91bmRfY29sb3IiOiIifQ==','W3sibGF5ZXJfdmlkZW9fdHlwZSI6InlvdXR1YmUiLCJsYXllcl92aWRlb19pZCI6IiIsImxheWVyX3ZpZGVvX2hlaWdodCI6IjIwMCIsImxheWVyX3ZpZGVvX3dpZHRoIjoiMzAwIiwibGF5ZXJfdmlkZW9fdGh1bWIiOiIiLCJsYXllcl9pZCI6IjFfMSIsImxheWVyX2NvbnRlbnQiOiJzbGlkZTEucG5nIiwibGF5ZXJfdHlwZSI6ImltYWdlIiwibGF5ZXJfY2xhc3MiOiIiLCJsYXllcl9jYXB0aW9uIjoiWW91ciBJbWFnZSBIZXJlIDIiLCJsYXllcl9mb250X3NpemUiOiIiLCJsYXllcl9iYWNrZ3JvdW5kX2NvbG9yIjoiIiwibGF5ZXJfY29sb3IiOiIiLCJsYXllcl9saW5rIjoiIiwibGF5ZXJfYW5pbWF0aW9uIjoiZmFkZSIsImxheWVyX2Vhc2luZyI6ImVhc2VPdXRFeHBvIiwibGF5ZXJfc3BlZWQiOiIzNTAiLCJsYXllcl90b3AiOiI1NiIsImxheWVyX2xlZnQiOiI0OSIsImxheWVyX2VuZHRpbWUiOiIwIiwibGF5ZXJfZW5kc3BlZWQiOiIzMDAiLCJsYXllcl9lbmRhbmltYXRpb24iOiJhdXRvIiwibGF5ZXJfZW5kZWFzaW5nIjoibm90aGluZyIsInRpbWVfc3RhcnQiOiI4MDAifV0='),(9,3,'Slide1','','banner-4.jpg','','eyJ1c2V2aWRlbyI6IjAiLCJ2aWRlb2lkIjoiIiwidmlkZW9hdXRvIjoiMCIsImJhY2tncm91bmRfY29sb3IiOiIifQ==','W3sibGF5ZXJfdmlkZW9fdHlwZSI6InlvdXR1YmUiLCJsYXllcl92aWRlb19pZCI6IiIsImxheWVyX3ZpZGVvX2hlaWdodCI6IjIwMCIsImxheWVyX3ZpZGVvX3dpZHRoIjoiMzAwIiwibGF5ZXJfdmlkZW9fdGh1bWIiOiIiLCJsYXllcl9pZCI6IjFfMSIsImxheWVyX2NvbnRlbnQiOiJzbGlkZTEucG5nIiwibGF5ZXJfdHlwZSI6ImltYWdlIiwibGF5ZXJfY2xhc3MiOiIiLCJsYXllcl9jYXB0aW9uIjoiWW91ciBJbWFnZSBIZXJlIDIiLCJsYXllcl9mb250X3NpemUiOiIiLCJsYXllcl9iYWNrZ3JvdW5kX2NvbG9yIjoiIiwibGF5ZXJfY29sb3IiOiIiLCJsYXllcl9saW5rIjoiIiwibGF5ZXJfYW5pbWF0aW9uIjoiZmFkZSIsImxheWVyX2Vhc2luZyI6ImVhc2VPdXRFeHBvIiwibGF5ZXJfc3BlZWQiOiIzNTAiLCJsYXllcl90b3AiOiI1NiIsImxheWVyX2xlZnQiOiI0OSIsImxheWVyX2VuZHRpbWUiOiIwIiwibGF5ZXJfZW5kc3BlZWQiOiIzMDAiLCJsYXllcl9lbmRhbmltYXRpb24iOiJhdXRvIiwibGF5ZXJfZW5kZWFzaW5nIjoibm90aGluZyIsInRpbWVfc3RhcnQiOiI4MDAifV0='),(9,4,'Slide1','','banner-4.jpg','','eyJ1c2V2aWRlbyI6IjAiLCJ2aWRlb2lkIjoiIiwidmlkZW9hdXRvIjoiMCIsImJhY2tncm91bmRfY29sb3IiOiIifQ==','W3sibGF5ZXJfdmlkZW9fdHlwZSI6InlvdXR1YmUiLCJsYXllcl92aWRlb19pZCI6IiIsImxheWVyX3ZpZGVvX2hlaWdodCI6IjIwMCIsImxheWVyX3ZpZGVvX3dpZHRoIjoiMzAwIiwibGF5ZXJfdmlkZW9fdGh1bWIiOiIiLCJsYXllcl9pZCI6IjFfMSIsImxheWVyX2NvbnRlbnQiOiJzbGlkZTEucG5nIiwibGF5ZXJfdHlwZSI6ImltYWdlIiwibGF5ZXJfY2xhc3MiOiIiLCJsYXllcl9jYXB0aW9uIjoiWW91ciBJbWFnZSBIZXJlIDIiLCJsYXllcl9mb250X3NpemUiOiIiLCJsYXllcl9iYWNrZ3JvdW5kX2NvbG9yIjoiIiwibGF5ZXJfY29sb3IiOiIiLCJsYXllcl9saW5rIjoiIiwibGF5ZXJfYW5pbWF0aW9uIjoiZmFkZSIsImxheWVyX2Vhc2luZyI6ImVhc2VPdXRFeHBvIiwibGF5ZXJfc3BlZWQiOiIzNTAiLCJsYXllcl90b3AiOiI1NiIsImxheWVyX2xlZnQiOiI0OSIsImxheWVyX2VuZHRpbWUiOiIwIiwibGF5ZXJfZW5kc3BlZWQiOiIzMDAiLCJsYXllcl9lbmRhbmltYXRpb24iOiJhdXRvIiwibGF5ZXJfZW5kZWFzaW5nIjoibm90aGluZyIsInRpbWVfc3RhcnQiOiI4MDAifV0='),(9,5,'Slide1','','banner-4.jpg','','eyJ1c2V2aWRlbyI6IjAiLCJ2aWRlb2lkIjoiIiwidmlkZW9hdXRvIjoiMCIsImJhY2tncm91bmRfY29sb3IiOiIifQ==','W3sibGF5ZXJfdmlkZW9fdHlwZSI6InlvdXR1YmUiLCJsYXllcl92aWRlb19pZCI6IiIsImxheWVyX3ZpZGVvX2hlaWdodCI6IjIwMCIsImxheWVyX3ZpZGVvX3dpZHRoIjoiMzAwIiwibGF5ZXJfdmlkZW9fdGh1bWIiOiIiLCJsYXllcl9pZCI6IjFfMSIsImxheWVyX2NvbnRlbnQiOiJzbGlkZTEucG5nIiwibGF5ZXJfdHlwZSI6ImltYWdlIiwibGF5ZXJfY2xhc3MiOiIiLCJsYXllcl9jYXB0aW9uIjoiWW91ciBJbWFnZSBIZXJlIDIiLCJsYXllcl9mb250X3NpemUiOiIiLCJsYXllcl9iYWNrZ3JvdW5kX2NvbG9yIjoiIiwibGF5ZXJfY29sb3IiOiIiLCJsYXllcl9saW5rIjoiIiwibGF5ZXJfYW5pbWF0aW9uIjoiZmFkZSIsImxheWVyX2Vhc2luZyI6ImVhc2VPdXRFeHBvIiwibGF5ZXJfc3BlZWQiOiIzNTAiLCJsYXllcl90b3AiOiI1NiIsImxheWVyX2xlZnQiOiI0OSIsImxheWVyX2VuZHRpbWUiOiIwIiwibGF5ZXJfZW5kc3BlZWQiOiIzMDAiLCJsYXllcl9lbmRhbmltYXRpb24iOiJhdXRvIiwibGF5ZXJfZW5kZWFzaW5nIjoibm90aGluZyIsInRpbWVfc3RhcnQiOiI4MDAifV0='),(9,6,'Slide1','','banner-4.jpg','','eyJ1c2V2aWRlbyI6IjAiLCJ2aWRlb2lkIjoiIiwidmlkZW9hdXRvIjoiMCIsImJhY2tncm91bmRfY29sb3IiOiIifQ==','W3sibGF5ZXJfdmlkZW9fdHlwZSI6InlvdXR1YmUiLCJsYXllcl92aWRlb19pZCI6IiIsImxheWVyX3ZpZGVvX2hlaWdodCI6IjIwMCIsImxheWVyX3ZpZGVvX3dpZHRoIjoiMzAwIiwibGF5ZXJfdmlkZW9fdGh1bWIiOiIiLCJsYXllcl9pZCI6IjFfMSIsImxheWVyX2NvbnRlbnQiOiJzbGlkZTEucG5nIiwibGF5ZXJfdHlwZSI6ImltYWdlIiwibGF5ZXJfY2xhc3MiOiIiLCJsYXllcl9jYXB0aW9uIjoiWW91ciBJbWFnZSBIZXJlIDIiLCJsYXllcl9mb250X3NpemUiOiIiLCJsYXllcl9iYWNrZ3JvdW5kX2NvbG9yIjoiIiwibGF5ZXJfY29sb3IiOiIiLCJsYXllcl9saW5rIjoiIiwibGF5ZXJfYW5pbWF0aW9uIjoiZmFkZSIsImxheWVyX2Vhc2luZyI6ImVhc2VPdXRFeHBvIiwibGF5ZXJfc3BlZWQiOiIzNTAiLCJsYXllcl90b3AiOiI1NiIsImxheWVyX2xlZnQiOiI0OSIsImxheWVyX2VuZHRpbWUiOiIwIiwibGF5ZXJfZW5kc3BlZWQiOiIzMDAiLCJsYXllcl9lbmRhbmltYXRpb24iOiJhdXRvIiwibGF5ZXJfZW5kZWFzaW5nIjoibm90aGluZyIsInRpbWVfc3RhcnQiOiI4MDAifV0='),(9,7,'Slide1','','banner-4.jpg','','eyJ1c2V2aWRlbyI6IjAiLCJ2aWRlb2lkIjoiIiwidmlkZW9hdXRvIjoiMCIsImJhY2tncm91bmRfY29sb3IiOiIifQ==','W3sibGF5ZXJfdmlkZW9fdHlwZSI6InlvdXR1YmUiLCJsYXllcl92aWRlb19pZCI6IiIsImxheWVyX3ZpZGVvX2hlaWdodCI6IjIwMCIsImxheWVyX3ZpZGVvX3dpZHRoIjoiMzAwIiwibGF5ZXJfdmlkZW9fdGh1bWIiOiIiLCJsYXllcl9pZCI6IjFfMSIsImxheWVyX2NvbnRlbnQiOiJzbGlkZTEucG5nIiwibGF5ZXJfdHlwZSI6ImltYWdlIiwibGF5ZXJfY2xhc3MiOiIiLCJsYXllcl9jYXB0aW9uIjoiWW91ciBJbWFnZSBIZXJlIDIiLCJsYXllcl9mb250X3NpemUiOiIiLCJsYXllcl9iYWNrZ3JvdW5kX2NvbG9yIjoiIiwibGF5ZXJfY29sb3IiOiIiLCJsYXllcl9saW5rIjoiIiwibGF5ZXJfYW5pbWF0aW9uIjoiZmFkZSIsImxheWVyX2Vhc2luZyI6ImVhc2VPdXRFeHBvIiwibGF5ZXJfc3BlZWQiOiIzNTAiLCJsYXllcl90b3AiOiI1NiIsImxheWVyX2xlZnQiOiI0OSIsImxheWVyX2VuZHRpbWUiOiIwIiwibGF5ZXJfZW5kc3BlZWQiOiIzMDAiLCJsYXllcl9lbmRhbmltYXRpb24iOiJhdXRvIiwibGF5ZXJfZW5kZWFzaW5nIjoibm90aGluZyIsInRpbWVfc3RhcnQiOiI4MDAifV0='),(9,8,'Slide1','','banner-4.jpg','','eyJ1c2V2aWRlbyI6IjAiLCJ2aWRlb2lkIjoiIiwidmlkZW9hdXRvIjoiMCIsImJhY2tncm91bmRfY29sb3IiOiIifQ==','W3sibGF5ZXJfdmlkZW9fdHlwZSI6InlvdXR1YmUiLCJsYXllcl92aWRlb19pZCI6IiIsImxheWVyX3ZpZGVvX2hlaWdodCI6IjIwMCIsImxheWVyX3ZpZGVvX3dpZHRoIjoiMzAwIiwibGF5ZXJfdmlkZW9fdGh1bWIiOiIiLCJsYXllcl9pZCI6IjFfMSIsImxheWVyX2NvbnRlbnQiOiJzbGlkZTEucG5nIiwibGF5ZXJfdHlwZSI6ImltYWdlIiwibGF5ZXJfY2xhc3MiOiIiLCJsYXllcl9jYXB0aW9uIjoiWW91ciBJbWFnZSBIZXJlIDIiLCJsYXllcl9mb250X3NpemUiOiIiLCJsYXllcl9iYWNrZ3JvdW5kX2NvbG9yIjoiIiwibGF5ZXJfY29sb3IiOiIiLCJsYXllcl9saW5rIjoiIiwibGF5ZXJfYW5pbWF0aW9uIjoiZmFkZSIsImxheWVyX2Vhc2luZyI6ImVhc2VPdXRFeHBvIiwibGF5ZXJfc3BlZWQiOiIzNTAiLCJsYXllcl90b3AiOiI1NiIsImxheWVyX2xlZnQiOiI0OSIsImxheWVyX2VuZHRpbWUiOiIwIiwibGF5ZXJfZW5kc3BlZWQiOiIzMDAiLCJsYXllcl9lbmRhbmltYXRpb24iOiJhdXRvIiwibGF5ZXJfZW5kZWFzaW5nIjoibm90aGluZyIsInRpbWVfc3RhcnQiOiI4MDAifV0='),(9,9,'Slide1','','banner-4.jpg','','eyJ1c2V2aWRlbyI6IjAiLCJ2aWRlb2lkIjoiIiwidmlkZW9hdXRvIjoiMCIsImJhY2tncm91bmRfY29sb3IiOiIifQ==','W3sibGF5ZXJfdmlkZW9fdHlwZSI6InlvdXR1YmUiLCJsYXllcl92aWRlb19pZCI6IiIsImxheWVyX3ZpZGVvX2hlaWdodCI6IjIwMCIsImxheWVyX3ZpZGVvX3dpZHRoIjoiMzAwIiwibGF5ZXJfdmlkZW9fdGh1bWIiOiIiLCJsYXllcl9pZCI6IjFfMSIsImxheWVyX2NvbnRlbnQiOiJzbGlkZTEucG5nIiwibGF5ZXJfdHlwZSI6ImltYWdlIiwibGF5ZXJfY2xhc3MiOiIiLCJsYXllcl9jYXB0aW9uIjoiWW91ciBJbWFnZSBIZXJlIDIiLCJsYXllcl9mb250X3NpemUiOiIiLCJsYXllcl9iYWNrZ3JvdW5kX2NvbG9yIjoiIiwibGF5ZXJfY29sb3IiOiIiLCJsYXllcl9saW5rIjoiIiwibGF5ZXJfYW5pbWF0aW9uIjoiZmFkZSIsImxheWVyX2Vhc2luZyI6ImVhc2VPdXRFeHBvIiwibGF5ZXJfc3BlZWQiOiIzNTAiLCJsYXllcl90b3AiOiI1NiIsImxheWVyX2xlZnQiOiI0OSIsImxheWVyX2VuZHRpbWUiOiIwIiwibGF5ZXJfZW5kc3BlZWQiOiIzMDAiLCJsYXllcl9lbmRhbmltYXRpb24iOiJhdXRvIiwibGF5ZXJfZW5kZWFzaW5nIjoibm90aGluZyIsInRpbWVfc3RhcnQiOiI4MDAifV0='),(10,1,'slide2','','banner-3.jpg','','eyJ1c2V2aWRlbyI6IjAiLCJ2aWRlb2lkIjoiIiwidmlkZW9hdXRvIjoiMCIsImJhY2tncm91bmRfY29sb3IiOiIifQ==','W3sibGF5ZXJfdmlkZW9fdHlwZSI6InlvdXR1YmUiLCJsYXllcl92aWRlb19pZCI6IiIsImxheWVyX3ZpZGVvX2hlaWdodCI6IjIwMCIsImxheWVyX3ZpZGVvX3dpZHRoIjoiMzAwIiwibGF5ZXJfdmlkZW9fdGh1bWIiOiIiLCJsYXllcl9pZCI6IjFfMSIsImxheWVyX2NvbnRlbnQiOiJiYW5uZXItMy5qcGciLCJsYXllcl90eXBlIjoidGV4dCIsImxheWVyX2NsYXNzIjoiYmlnX29yYW5nZSIsImxheWVyX2NhcHRpb24iOiJTdW1tZXIgSGF0IiwibGF5ZXJfZm9udF9zaXplIjoiNDhweCIsImxheWVyX2JhY2tncm91bmRfY29sb3IiOiJ0cmFuc3BhcmVudCIsImxheWVyX2NvbG9yIjoiI2ZmZmZmZiIsImxheWVyX2xpbmsiOiIiLCJsYXllcl9hbmltYXRpb24iOiJmYWRlIiwibGF5ZXJfZWFzaW5nIjoiZWFzZU91dEV4cG8iLCJsYXllcl9zcGVlZCI6IjM1MCIsImxheWVyX3RvcCI6IjEzOSIsImxheWVyX2xlZnQiOiI3OSIsImxheWVyX2VuZHRpbWUiOiIwIiwibGF5ZXJfZW5kc3BlZWQiOiIzMDAiLCJsYXllcl9lbmRhbmltYXRpb24iOiJhdXRvIiwibGF5ZXJfZW5kZWFzaW5nIjoibm90aGluZyIsInRpbWVfc3RhcnQiOiI4MDAifSx7ImxheWVyX3ZpZGVvX3R5cGUiOiJ5b3V0dWJlIiwibGF5ZXJfdmlkZW9faWQiOiIiLCJsYXllcl92aWRlb19oZWlnaHQiOiIyMDAiLCJsYXllcl92aWRlb193aWR0aCI6IjMwMCIsImxheWVyX3ZpZGVvX3RodW1iIjoiIiwibGF5ZXJfaWQiOiIxXzIiLCJsYXllcl9jb250ZW50IjoiYmFubmVyLTMuanBnIiwibGF5ZXJfdHlwZSI6InRleHQiLCJsYXllcl9jbGFzcyI6ImJpZ193aGl0ZSIsImxheWVyX2NhcHRpb24iOiJUaGUgUGVyZmVjdCIsImxheWVyX2ZvbnRfc2l6ZSI6IiIsImxheWVyX2JhY2tncm91bmRfY29sb3IiOiJ0cmFuc3BhcmVudCIsImxheWVyX2NvbG9yIjoiIiwibGF5ZXJfbGluayI6IiIsImxheWVyX2FuaW1hdGlvbiI6InNmdCIsImxheWVyX2Vhc2luZyI6ImVhc2VPdXRFeHBvIiwibGF5ZXJfc3BlZWQiOiIzNTAiLCJsYXllcl90b3AiOiI5NiIsImxheWVyX2xlZnQiOiIyMTQiLCJsYXllcl9lbmR0aW1lIjoiMCIsImxheWVyX2VuZHNwZWVkIjoiMzAwIiwibGF5ZXJfZW5kYW5pbWF0aW9uIjoiYXV0byIsImxheWVyX2VuZGVhc2luZyI6Im5vdGhpbmciLCJ0aW1lX3N0YXJ0IjoiMTIwMCJ9LHsibGF5ZXJfdmlkZW9fdHlwZSI6InlvdXR1YmUiLCJsYXllcl92aWRlb19pZCI6IiIsImxheWVyX3ZpZGVvX2hlaWdodCI6IjIwMCIsImxheWVyX3ZpZGVvX3dpZHRoIjoiMzAwIiwibGF5ZXJfdmlkZW9fdGh1bWIiOiIiLCJsYXllcl9pZCI6IjFfMyIsImxheWVyX2NvbnRlbnQiOiJiYW5uZXItMy5qcGciLCJsYXllcl90eXBlIjoidGV4dCIsImxheWVyX2NsYXNzIjoibWVkaXVtX3RleHQiLCJsYXllcl9jYXB0aW9uIjoiVW5pdmVyc2FsbHkgRmxhdHRlcmluZyIsImxheWVyX2ZvbnRfc2l6ZSI6IjE4cHgiLCJsYXllcl9iYWNrZ3JvdW5kX2NvbG9yIjoiIiwibGF5ZXJfY29sb3IiOiIjZmZmZmZmIiwibGF5ZXJfbGluayI6IiIsImxheWVyX2FuaW1hdGlvbiI6InNmYiIsImxheWVyX2Vhc2luZyI6ImVhc2VPdXRFeHBvIiwibGF5ZXJfc3BlZWQiOiIzNTAiLCJsYXllcl90b3AiOiIxOTQiLCJsYXllcl9sZWZ0IjoiMTE1IiwibGF5ZXJfZW5kdGltZSI6IjAiLCJsYXllcl9lbmRzcGVlZCI6IjMwMCIsImxheWVyX2VuZGFuaW1hdGlvbiI6ImF1dG8iLCJsYXllcl9lbmRlYXNpbmciOiJub3RoaW5nIiwidGltZV9zdGFydCI6IjE2MDAifV0='),(10,2,'slide2','','banner-3.jpg','','eyJ1c2V2aWRlbyI6IjAiLCJ2aWRlb2lkIjoiIiwidmlkZW9hdXRvIjoiMCIsImJhY2tncm91bmRfY29sb3IiOiIifQ==','W3sibGF5ZXJfdmlkZW9fdHlwZSI6InlvdXR1YmUiLCJsYXllcl92aWRlb19pZCI6IiIsImxheWVyX3ZpZGVvX2hlaWdodCI6IjIwMCIsImxheWVyX3ZpZGVvX3dpZHRoIjoiMzAwIiwibGF5ZXJfdmlkZW9fdGh1bWIiOiIiLCJsYXllcl9pZCI6IjFfMSIsImxheWVyX2NvbnRlbnQiOiJiYW5uZXItMy5qcGciLCJsYXllcl90eXBlIjoidGV4dCIsImxheWVyX2NsYXNzIjoiYmlnX29yYW5nZSIsImxheWVyX2NhcHRpb24iOiJTdW1tZXIgSGF0IiwibGF5ZXJfZm9udF9zaXplIjoiNDhweCIsImxheWVyX2JhY2tncm91bmRfY29sb3IiOiJ0cmFuc3BhcmVudCIsImxheWVyX2NvbG9yIjoiI2ZmZmZmZiIsImxheWVyX2xpbmsiOiIiLCJsYXllcl9hbmltYXRpb24iOiJmYWRlIiwibGF5ZXJfZWFzaW5nIjoiZWFzZU91dEV4cG8iLCJsYXllcl9zcGVlZCI6IjM1MCIsImxheWVyX3RvcCI6IjEzOSIsImxheWVyX2xlZnQiOiI3OSIsImxheWVyX2VuZHRpbWUiOiIwIiwibGF5ZXJfZW5kc3BlZWQiOiIzMDAiLCJsYXllcl9lbmRhbmltYXRpb24iOiJhdXRvIiwibGF5ZXJfZW5kZWFzaW5nIjoibm90aGluZyIsInRpbWVfc3RhcnQiOiI4MDAifSx7ImxheWVyX3ZpZGVvX3R5cGUiOiJ5b3V0dWJlIiwibGF5ZXJfdmlkZW9faWQiOiIiLCJsYXllcl92aWRlb19oZWlnaHQiOiIyMDAiLCJsYXllcl92aWRlb193aWR0aCI6IjMwMCIsImxheWVyX3ZpZGVvX3RodW1iIjoiIiwibGF5ZXJfaWQiOiIxXzIiLCJsYXllcl9jb250ZW50IjoiYmFubmVyLTMuanBnIiwibGF5ZXJfdHlwZSI6InRleHQiLCJsYXllcl9jbGFzcyI6ImJpZ193aGl0ZSIsImxheWVyX2NhcHRpb24iOiJUaGUgUGVyZmVjdCIsImxheWVyX2ZvbnRfc2l6ZSI6IiIsImxheWVyX2JhY2tncm91bmRfY29sb3IiOiJ0cmFuc3BhcmVudCIsImxheWVyX2NvbG9yIjoiIiwibGF5ZXJfbGluayI6IiIsImxheWVyX2FuaW1hdGlvbiI6InNmdCIsImxheWVyX2Vhc2luZyI6ImVhc2VPdXRFeHBvIiwibGF5ZXJfc3BlZWQiOiIzNTAiLCJsYXllcl90b3AiOiI5NiIsImxheWVyX2xlZnQiOiIyMTQiLCJsYXllcl9lbmR0aW1lIjoiMCIsImxheWVyX2VuZHNwZWVkIjoiMzAwIiwibGF5ZXJfZW5kYW5pbWF0aW9uIjoiYXV0byIsImxheWVyX2VuZGVhc2luZyI6Im5vdGhpbmciLCJ0aW1lX3N0YXJ0IjoiMTIwMCJ9LHsibGF5ZXJfdmlkZW9fdHlwZSI6InlvdXR1YmUiLCJsYXllcl92aWRlb19pZCI6IiIsImxheWVyX3ZpZGVvX2hlaWdodCI6IjIwMCIsImxheWVyX3ZpZGVvX3dpZHRoIjoiMzAwIiwibGF5ZXJfdmlkZW9fdGh1bWIiOiIiLCJsYXllcl9pZCI6IjFfMyIsImxheWVyX2NvbnRlbnQiOiJiYW5uZXItMy5qcGciLCJsYXllcl90eXBlIjoidGV4dCIsImxheWVyX2NsYXNzIjoibWVkaXVtX3RleHQiLCJsYXllcl9jYXB0aW9uIjoiVW5pdmVyc2FsbHkgRmxhdHRlcmluZyIsImxheWVyX2ZvbnRfc2l6ZSI6IjE4cHgiLCJsYXllcl9iYWNrZ3JvdW5kX2NvbG9yIjoiIiwibGF5ZXJfY29sb3IiOiIjZmZmZmZmIiwibGF5ZXJfbGluayI6IiIsImxheWVyX2FuaW1hdGlvbiI6InNmYiIsImxheWVyX2Vhc2luZyI6ImVhc2VPdXRFeHBvIiwibGF5ZXJfc3BlZWQiOiIzNTAiLCJsYXllcl90b3AiOiIxOTQiLCJsYXllcl9sZWZ0IjoiMTE1IiwibGF5ZXJfZW5kdGltZSI6IjAiLCJsYXllcl9lbmRzcGVlZCI6IjMwMCIsImxheWVyX2VuZGFuaW1hdGlvbiI6ImF1dG8iLCJsYXllcl9lbmRlYXNpbmciOiJub3RoaW5nIiwidGltZV9zdGFydCI6IjE2MDAifV0='),(10,3,'slide2','','banner-3.jpg','','eyJ1c2V2aWRlbyI6IjAiLCJ2aWRlb2lkIjoiIiwidmlkZW9hdXRvIjoiMCIsImJhY2tncm91bmRfY29sb3IiOiIifQ==','W3sibGF5ZXJfdmlkZW9fdHlwZSI6InlvdXR1YmUiLCJsYXllcl92aWRlb19pZCI6IiIsImxheWVyX3ZpZGVvX2hlaWdodCI6IjIwMCIsImxheWVyX3ZpZGVvX3dpZHRoIjoiMzAwIiwibGF5ZXJfdmlkZW9fdGh1bWIiOiIiLCJsYXllcl9pZCI6IjFfMSIsImxheWVyX2NvbnRlbnQiOiJiYW5uZXItMy5qcGciLCJsYXllcl90eXBlIjoidGV4dCIsImxheWVyX2NsYXNzIjoiYmlnX29yYW5nZSIsImxheWVyX2NhcHRpb24iOiJTdW1tZXIgSGF0IiwibGF5ZXJfZm9udF9zaXplIjoiNDhweCIsImxheWVyX2JhY2tncm91bmRfY29sb3IiOiJ0cmFuc3BhcmVudCIsImxheWVyX2NvbG9yIjoiI2ZmZmZmZiIsImxheWVyX2xpbmsiOiIiLCJsYXllcl9hbmltYXRpb24iOiJmYWRlIiwibGF5ZXJfZWFzaW5nIjoiZWFzZU91dEV4cG8iLCJsYXllcl9zcGVlZCI6IjM1MCIsImxheWVyX3RvcCI6IjEzOSIsImxheWVyX2xlZnQiOiI3OSIsImxheWVyX2VuZHRpbWUiOiIwIiwibGF5ZXJfZW5kc3BlZWQiOiIzMDAiLCJsYXllcl9lbmRhbmltYXRpb24iOiJhdXRvIiwibGF5ZXJfZW5kZWFzaW5nIjoibm90aGluZyIsInRpbWVfc3RhcnQiOiI4MDAifSx7ImxheWVyX3ZpZGVvX3R5cGUiOiJ5b3V0dWJlIiwibGF5ZXJfdmlkZW9faWQiOiIiLCJsYXllcl92aWRlb19oZWlnaHQiOiIyMDAiLCJsYXllcl92aWRlb193aWR0aCI6IjMwMCIsImxheWVyX3ZpZGVvX3RodW1iIjoiIiwibGF5ZXJfaWQiOiIxXzIiLCJsYXllcl9jb250ZW50IjoiYmFubmVyLTMuanBnIiwibGF5ZXJfdHlwZSI6InRleHQiLCJsYXllcl9jbGFzcyI6ImJpZ193aGl0ZSIsImxheWVyX2NhcHRpb24iOiJUaGUgUGVyZmVjdCIsImxheWVyX2ZvbnRfc2l6ZSI6IiIsImxheWVyX2JhY2tncm91bmRfY29sb3IiOiJ0cmFuc3BhcmVudCIsImxheWVyX2NvbG9yIjoiIiwibGF5ZXJfbGluayI6IiIsImxheWVyX2FuaW1hdGlvbiI6InNmdCIsImxheWVyX2Vhc2luZyI6ImVhc2VPdXRFeHBvIiwibGF5ZXJfc3BlZWQiOiIzNTAiLCJsYXllcl90b3AiOiI5NiIsImxheWVyX2xlZnQiOiIyMTQiLCJsYXllcl9lbmR0aW1lIjoiMCIsImxheWVyX2VuZHNwZWVkIjoiMzAwIiwibGF5ZXJfZW5kYW5pbWF0aW9uIjoiYXV0byIsImxheWVyX2VuZGVhc2luZyI6Im5vdGhpbmciLCJ0aW1lX3N0YXJ0IjoiMTIwMCJ9LHsibGF5ZXJfdmlkZW9fdHlwZSI6InlvdXR1YmUiLCJsYXllcl92aWRlb19pZCI6IiIsImxheWVyX3ZpZGVvX2hlaWdodCI6IjIwMCIsImxheWVyX3ZpZGVvX3dpZHRoIjoiMzAwIiwibGF5ZXJfdmlkZW9fdGh1bWIiOiIiLCJsYXllcl9pZCI6IjFfMyIsImxheWVyX2NvbnRlbnQiOiJiYW5uZXItMy5qcGciLCJsYXllcl90eXBlIjoidGV4dCIsImxheWVyX2NsYXNzIjoibWVkaXVtX3RleHQiLCJsYXllcl9jYXB0aW9uIjoiVW5pdmVyc2FsbHkgRmxhdHRlcmluZyIsImxheWVyX2ZvbnRfc2l6ZSI6IjE4cHgiLCJsYXllcl9iYWNrZ3JvdW5kX2NvbG9yIjoiIiwibGF5ZXJfY29sb3IiOiIjZmZmZmZmIiwibGF5ZXJfbGluayI6IiIsImxheWVyX2FuaW1hdGlvbiI6InNmYiIsImxheWVyX2Vhc2luZyI6ImVhc2VPdXRFeHBvIiwibGF5ZXJfc3BlZWQiOiIzNTAiLCJsYXllcl90b3AiOiIxOTQiLCJsYXllcl9sZWZ0IjoiMTE1IiwibGF5ZXJfZW5kdGltZSI6IjAiLCJsYXllcl9lbmRzcGVlZCI6IjMwMCIsImxheWVyX2VuZGFuaW1hdGlvbiI6ImF1dG8iLCJsYXllcl9lbmRlYXNpbmciOiJub3RoaW5nIiwidGltZV9zdGFydCI6IjE2MDAifV0='),(10,4,'slide2','','banner-3.jpg','','eyJ1c2V2aWRlbyI6IjAiLCJ2aWRlb2lkIjoiIiwidmlkZW9hdXRvIjoiMCIsImJhY2tncm91bmRfY29sb3IiOiIifQ==','W3sibGF5ZXJfdmlkZW9fdHlwZSI6InlvdXR1YmUiLCJsYXllcl92aWRlb19pZCI6IiIsImxheWVyX3ZpZGVvX2hlaWdodCI6IjIwMCIsImxheWVyX3ZpZGVvX3dpZHRoIjoiMzAwIiwibGF5ZXJfdmlkZW9fdGh1bWIiOiIiLCJsYXllcl9pZCI6IjFfMSIsImxheWVyX2NvbnRlbnQiOiJiYW5uZXItMy5qcGciLCJsYXllcl90eXBlIjoidGV4dCIsImxheWVyX2NsYXNzIjoiYmlnX29yYW5nZSIsImxheWVyX2NhcHRpb24iOiJTdW1tZXIgSGF0IiwibGF5ZXJfZm9udF9zaXplIjoiNDhweCIsImxheWVyX2JhY2tncm91bmRfY29sb3IiOiJ0cmFuc3BhcmVudCIsImxheWVyX2NvbG9yIjoiI2ZmZmZmZiIsImxheWVyX2xpbmsiOiIiLCJsYXllcl9hbmltYXRpb24iOiJmYWRlIiwibGF5ZXJfZWFzaW5nIjoiZWFzZU91dEV4cG8iLCJsYXllcl9zcGVlZCI6IjM1MCIsImxheWVyX3RvcCI6IjEzOSIsImxheWVyX2xlZnQiOiI3OSIsImxheWVyX2VuZHRpbWUiOiIwIiwibGF5ZXJfZW5kc3BlZWQiOiIzMDAiLCJsYXllcl9lbmRhbmltYXRpb24iOiJhdXRvIiwibGF5ZXJfZW5kZWFzaW5nIjoibm90aGluZyIsInRpbWVfc3RhcnQiOiI4MDAifSx7ImxheWVyX3ZpZGVvX3R5cGUiOiJ5b3V0dWJlIiwibGF5ZXJfdmlkZW9faWQiOiIiLCJsYXllcl92aWRlb19oZWlnaHQiOiIyMDAiLCJsYXllcl92aWRlb193aWR0aCI6IjMwMCIsImxheWVyX3ZpZGVvX3RodW1iIjoiIiwibGF5ZXJfaWQiOiIxXzIiLCJsYXllcl9jb250ZW50IjoiYmFubmVyLTMuanBnIiwibGF5ZXJfdHlwZSI6InRleHQiLCJsYXllcl9jbGFzcyI6ImJpZ193aGl0ZSIsImxheWVyX2NhcHRpb24iOiJUaGUgUGVyZmVjdCIsImxheWVyX2ZvbnRfc2l6ZSI6IiIsImxheWVyX2JhY2tncm91bmRfY29sb3IiOiJ0cmFuc3BhcmVudCIsImxheWVyX2NvbG9yIjoiIiwibGF5ZXJfbGluayI6IiIsImxheWVyX2FuaW1hdGlvbiI6InNmdCIsImxheWVyX2Vhc2luZyI6ImVhc2VPdXRFeHBvIiwibGF5ZXJfc3BlZWQiOiIzNTAiLCJsYXllcl90b3AiOiI5NiIsImxheWVyX2xlZnQiOiIyMTQiLCJsYXllcl9lbmR0aW1lIjoiMCIsImxheWVyX2VuZHNwZWVkIjoiMzAwIiwibGF5ZXJfZW5kYW5pbWF0aW9uIjoiYXV0byIsImxheWVyX2VuZGVhc2luZyI6Im5vdGhpbmciLCJ0aW1lX3N0YXJ0IjoiMTIwMCJ9LHsibGF5ZXJfdmlkZW9fdHlwZSI6InlvdXR1YmUiLCJsYXllcl92aWRlb19pZCI6IiIsImxheWVyX3ZpZGVvX2hlaWdodCI6IjIwMCIsImxheWVyX3ZpZGVvX3dpZHRoIjoiMzAwIiwibGF5ZXJfdmlkZW9fdGh1bWIiOiIiLCJsYXllcl9pZCI6IjFfMyIsImxheWVyX2NvbnRlbnQiOiJiYW5uZXItMy5qcGciLCJsYXllcl90eXBlIjoidGV4dCIsImxheWVyX2NsYXNzIjoibWVkaXVtX3RleHQiLCJsYXllcl9jYXB0aW9uIjoiVW5pdmVyc2FsbHkgRmxhdHRlcmluZyIsImxheWVyX2ZvbnRfc2l6ZSI6IjE4cHgiLCJsYXllcl9iYWNrZ3JvdW5kX2NvbG9yIjoiIiwibGF5ZXJfY29sb3IiOiIjZmZmZmZmIiwibGF5ZXJfbGluayI6IiIsImxheWVyX2FuaW1hdGlvbiI6InNmYiIsImxheWVyX2Vhc2luZyI6ImVhc2VPdXRFeHBvIiwibGF5ZXJfc3BlZWQiOiIzNTAiLCJsYXllcl90b3AiOiIxOTQiLCJsYXllcl9sZWZ0IjoiMTE1IiwibGF5ZXJfZW5kdGltZSI6IjAiLCJsYXllcl9lbmRzcGVlZCI6IjMwMCIsImxheWVyX2VuZGFuaW1hdGlvbiI6ImF1dG8iLCJsYXllcl9lbmRlYXNpbmciOiJub3RoaW5nIiwidGltZV9zdGFydCI6IjE2MDAifV0='),(10,5,'slide2','','banner-3.jpg','','eyJ1c2V2aWRlbyI6IjAiLCJ2aWRlb2lkIjoiIiwidmlkZW9hdXRvIjoiMCIsImJhY2tncm91bmRfY29sb3IiOiIifQ==','W3sibGF5ZXJfdmlkZW9fdHlwZSI6InlvdXR1YmUiLCJsYXllcl92aWRlb19pZCI6IiIsImxheWVyX3ZpZGVvX2hlaWdodCI6IjIwMCIsImxheWVyX3ZpZGVvX3dpZHRoIjoiMzAwIiwibGF5ZXJfdmlkZW9fdGh1bWIiOiIiLCJsYXllcl9pZCI6IjFfMSIsImxheWVyX2NvbnRlbnQiOiJiYW5uZXItMy5qcGciLCJsYXllcl90eXBlIjoidGV4dCIsImxheWVyX2NsYXNzIjoiYmlnX29yYW5nZSIsImxheWVyX2NhcHRpb24iOiJTdW1tZXIgSGF0IiwibGF5ZXJfZm9udF9zaXplIjoiNDhweCIsImxheWVyX2JhY2tncm91bmRfY29sb3IiOiJ0cmFuc3BhcmVudCIsImxheWVyX2NvbG9yIjoiI2ZmZmZmZiIsImxheWVyX2xpbmsiOiIiLCJsYXllcl9hbmltYXRpb24iOiJmYWRlIiwibGF5ZXJfZWFzaW5nIjoiZWFzZU91dEV4cG8iLCJsYXllcl9zcGVlZCI6IjM1MCIsImxheWVyX3RvcCI6IjEzOSIsImxheWVyX2xlZnQiOiI3OSIsImxheWVyX2VuZHRpbWUiOiIwIiwibGF5ZXJfZW5kc3BlZWQiOiIzMDAiLCJsYXllcl9lbmRhbmltYXRpb24iOiJhdXRvIiwibGF5ZXJfZW5kZWFzaW5nIjoibm90aGluZyIsInRpbWVfc3RhcnQiOiI4MDAifSx7ImxheWVyX3ZpZGVvX3R5cGUiOiJ5b3V0dWJlIiwibGF5ZXJfdmlkZW9faWQiOiIiLCJsYXllcl92aWRlb19oZWlnaHQiOiIyMDAiLCJsYXllcl92aWRlb193aWR0aCI6IjMwMCIsImxheWVyX3ZpZGVvX3RodW1iIjoiIiwibGF5ZXJfaWQiOiIxXzIiLCJsYXllcl9jb250ZW50IjoiYmFubmVyLTMuanBnIiwibGF5ZXJfdHlwZSI6InRleHQiLCJsYXllcl9jbGFzcyI6ImJpZ193aGl0ZSIsImxheWVyX2NhcHRpb24iOiJUaGUgUGVyZmVjdCIsImxheWVyX2ZvbnRfc2l6ZSI6IiIsImxheWVyX2JhY2tncm91bmRfY29sb3IiOiJ0cmFuc3BhcmVudCIsImxheWVyX2NvbG9yIjoiIiwibGF5ZXJfbGluayI6IiIsImxheWVyX2FuaW1hdGlvbiI6InNmdCIsImxheWVyX2Vhc2luZyI6ImVhc2VPdXRFeHBvIiwibGF5ZXJfc3BlZWQiOiIzNTAiLCJsYXllcl90b3AiOiI5NiIsImxheWVyX2xlZnQiOiIyMTQiLCJsYXllcl9lbmR0aW1lIjoiMCIsImxheWVyX2VuZHNwZWVkIjoiMzAwIiwibGF5ZXJfZW5kYW5pbWF0aW9uIjoiYXV0byIsImxheWVyX2VuZGVhc2luZyI6Im5vdGhpbmciLCJ0aW1lX3N0YXJ0IjoiMTIwMCJ9LHsibGF5ZXJfdmlkZW9fdHlwZSI6InlvdXR1YmUiLCJsYXllcl92aWRlb19pZCI6IiIsImxheWVyX3ZpZGVvX2hlaWdodCI6IjIwMCIsImxheWVyX3ZpZGVvX3dpZHRoIjoiMzAwIiwibGF5ZXJfdmlkZW9fdGh1bWIiOiIiLCJsYXllcl9pZCI6IjFfMyIsImxheWVyX2NvbnRlbnQiOiJiYW5uZXItMy5qcGciLCJsYXllcl90eXBlIjoidGV4dCIsImxheWVyX2NsYXNzIjoibWVkaXVtX3RleHQiLCJsYXllcl9jYXB0aW9uIjoiVW5pdmVyc2FsbHkgRmxhdHRlcmluZyIsImxheWVyX2ZvbnRfc2l6ZSI6IjE4cHgiLCJsYXllcl9iYWNrZ3JvdW5kX2NvbG9yIjoiIiwibGF5ZXJfY29sb3IiOiIjZmZmZmZmIiwibGF5ZXJfbGluayI6IiIsImxheWVyX2FuaW1hdGlvbiI6InNmYiIsImxheWVyX2Vhc2luZyI6ImVhc2VPdXRFeHBvIiwibGF5ZXJfc3BlZWQiOiIzNTAiLCJsYXllcl90b3AiOiIxOTQiLCJsYXllcl9sZWZ0IjoiMTE1IiwibGF5ZXJfZW5kdGltZSI6IjAiLCJsYXllcl9lbmRzcGVlZCI6IjMwMCIsImxheWVyX2VuZGFuaW1hdGlvbiI6ImF1dG8iLCJsYXllcl9lbmRlYXNpbmciOiJub3RoaW5nIiwidGltZV9zdGFydCI6IjE2MDAifV0='),(10,6,'slide2','','banner-3.jpg','','eyJ1c2V2aWRlbyI6IjAiLCJ2aWRlb2lkIjoiIiwidmlkZW9hdXRvIjoiMCIsImJhY2tncm91bmRfY29sb3IiOiIifQ==','W3sibGF5ZXJfdmlkZW9fdHlwZSI6InlvdXR1YmUiLCJsYXllcl92aWRlb19pZCI6IiIsImxheWVyX3ZpZGVvX2hlaWdodCI6IjIwMCIsImxheWVyX3ZpZGVvX3dpZHRoIjoiMzAwIiwibGF5ZXJfdmlkZW9fdGh1bWIiOiIiLCJsYXllcl9pZCI6IjFfMSIsImxheWVyX2NvbnRlbnQiOiJiYW5uZXItMy5qcGciLCJsYXllcl90eXBlIjoidGV4dCIsImxheWVyX2NsYXNzIjoiYmlnX29yYW5nZSIsImxheWVyX2NhcHRpb24iOiJTdW1tZXIgSGF0IiwibGF5ZXJfZm9udF9zaXplIjoiNDhweCIsImxheWVyX2JhY2tncm91bmRfY29sb3IiOiJ0cmFuc3BhcmVudCIsImxheWVyX2NvbG9yIjoiI2ZmZmZmZiIsImxheWVyX2xpbmsiOiIiLCJsYXllcl9hbmltYXRpb24iOiJmYWRlIiwibGF5ZXJfZWFzaW5nIjoiZWFzZU91dEV4cG8iLCJsYXllcl9zcGVlZCI6IjM1MCIsImxheWVyX3RvcCI6IjEzOSIsImxheWVyX2xlZnQiOiI3OSIsImxheWVyX2VuZHRpbWUiOiIwIiwibGF5ZXJfZW5kc3BlZWQiOiIzMDAiLCJsYXllcl9lbmRhbmltYXRpb24iOiJhdXRvIiwibGF5ZXJfZW5kZWFzaW5nIjoibm90aGluZyIsInRpbWVfc3RhcnQiOiI4MDAifSx7ImxheWVyX3ZpZGVvX3R5cGUiOiJ5b3V0dWJlIiwibGF5ZXJfdmlkZW9faWQiOiIiLCJsYXllcl92aWRlb19oZWlnaHQiOiIyMDAiLCJsYXllcl92aWRlb193aWR0aCI6IjMwMCIsImxheWVyX3ZpZGVvX3RodW1iIjoiIiwibGF5ZXJfaWQiOiIxXzIiLCJsYXllcl9jb250ZW50IjoiYmFubmVyLTMuanBnIiwibGF5ZXJfdHlwZSI6InRleHQiLCJsYXllcl9jbGFzcyI6ImJpZ193aGl0ZSIsImxheWVyX2NhcHRpb24iOiJUaGUgUGVyZmVjdCIsImxheWVyX2ZvbnRfc2l6ZSI6IiIsImxheWVyX2JhY2tncm91bmRfY29sb3IiOiJ0cmFuc3BhcmVudCIsImxheWVyX2NvbG9yIjoiIiwibGF5ZXJfbGluayI6IiIsImxheWVyX2FuaW1hdGlvbiI6InNmdCIsImxheWVyX2Vhc2luZyI6ImVhc2VPdXRFeHBvIiwibGF5ZXJfc3BlZWQiOiIzNTAiLCJsYXllcl90b3AiOiI5NiIsImxheWVyX2xlZnQiOiIyMTQiLCJsYXllcl9lbmR0aW1lIjoiMCIsImxheWVyX2VuZHNwZWVkIjoiMzAwIiwibGF5ZXJfZW5kYW5pbWF0aW9uIjoiYXV0byIsImxheWVyX2VuZGVhc2luZyI6Im5vdGhpbmciLCJ0aW1lX3N0YXJ0IjoiMTIwMCJ9LHsibGF5ZXJfdmlkZW9fdHlwZSI6InlvdXR1YmUiLCJsYXllcl92aWRlb19pZCI6IiIsImxheWVyX3ZpZGVvX2hlaWdodCI6IjIwMCIsImxheWVyX3ZpZGVvX3dpZHRoIjoiMzAwIiwibGF5ZXJfdmlkZW9fdGh1bWIiOiIiLCJsYXllcl9pZCI6IjFfMyIsImxheWVyX2NvbnRlbnQiOiJiYW5uZXItMy5qcGciLCJsYXllcl90eXBlIjoidGV4dCIsImxheWVyX2NsYXNzIjoibWVkaXVtX3RleHQiLCJsYXllcl9jYXB0aW9uIjoiVW5pdmVyc2FsbHkgRmxhdHRlcmluZyIsImxheWVyX2ZvbnRfc2l6ZSI6IjE4cHgiLCJsYXllcl9iYWNrZ3JvdW5kX2NvbG9yIjoiIiwibGF5ZXJfY29sb3IiOiIjZmZmZmZmIiwibGF5ZXJfbGluayI6IiIsImxheWVyX2FuaW1hdGlvbiI6InNmYiIsImxheWVyX2Vhc2luZyI6ImVhc2VPdXRFeHBvIiwibGF5ZXJfc3BlZWQiOiIzNTAiLCJsYXllcl90b3AiOiIxOTQiLCJsYXllcl9sZWZ0IjoiMTE1IiwibGF5ZXJfZW5kdGltZSI6IjAiLCJsYXllcl9lbmRzcGVlZCI6IjMwMCIsImxheWVyX2VuZGFuaW1hdGlvbiI6ImF1dG8iLCJsYXllcl9lbmRlYXNpbmciOiJub3RoaW5nIiwidGltZV9zdGFydCI6IjE2MDAifV0='),(10,7,'slide2','','banner-3.jpg','','eyJ1c2V2aWRlbyI6IjAiLCJ2aWRlb2lkIjoiIiwidmlkZW9hdXRvIjoiMCIsImJhY2tncm91bmRfY29sb3IiOiIifQ==','W3sibGF5ZXJfdmlkZW9fdHlwZSI6InlvdXR1YmUiLCJsYXllcl92aWRlb19pZCI6IiIsImxheWVyX3ZpZGVvX2hlaWdodCI6IjIwMCIsImxheWVyX3ZpZGVvX3dpZHRoIjoiMzAwIiwibGF5ZXJfdmlkZW9fdGh1bWIiOiIiLCJsYXllcl9pZCI6IjFfMSIsImxheWVyX2NvbnRlbnQiOiJiYW5uZXItMy5qcGciLCJsYXllcl90eXBlIjoidGV4dCIsImxheWVyX2NsYXNzIjoiYmlnX29yYW5nZSIsImxheWVyX2NhcHRpb24iOiJTdW1tZXIgSGF0IiwibGF5ZXJfZm9udF9zaXplIjoiNDhweCIsImxheWVyX2JhY2tncm91bmRfY29sb3IiOiJ0cmFuc3BhcmVudCIsImxheWVyX2NvbG9yIjoiI2ZmZmZmZiIsImxheWVyX2xpbmsiOiIiLCJsYXllcl9hbmltYXRpb24iOiJmYWRlIiwibGF5ZXJfZWFzaW5nIjoiZWFzZU91dEV4cG8iLCJsYXllcl9zcGVlZCI6IjM1MCIsImxheWVyX3RvcCI6IjEzOSIsImxheWVyX2xlZnQiOiI3OSIsImxheWVyX2VuZHRpbWUiOiIwIiwibGF5ZXJfZW5kc3BlZWQiOiIzMDAiLCJsYXllcl9lbmRhbmltYXRpb24iOiJhdXRvIiwibGF5ZXJfZW5kZWFzaW5nIjoibm90aGluZyIsInRpbWVfc3RhcnQiOiI4MDAifSx7ImxheWVyX3ZpZGVvX3R5cGUiOiJ5b3V0dWJlIiwibGF5ZXJfdmlkZW9faWQiOiIiLCJsYXllcl92aWRlb19oZWlnaHQiOiIyMDAiLCJsYXllcl92aWRlb193aWR0aCI6IjMwMCIsImxheWVyX3ZpZGVvX3RodW1iIjoiIiwibGF5ZXJfaWQiOiIxXzIiLCJsYXllcl9jb250ZW50IjoiYmFubmVyLTMuanBnIiwibGF5ZXJfdHlwZSI6InRleHQiLCJsYXllcl9jbGFzcyI6ImJpZ193aGl0ZSIsImxheWVyX2NhcHRpb24iOiJUaGUgUGVyZmVjdCIsImxheWVyX2ZvbnRfc2l6ZSI6IiIsImxheWVyX2JhY2tncm91bmRfY29sb3IiOiJ0cmFuc3BhcmVudCIsImxheWVyX2NvbG9yIjoiIiwibGF5ZXJfbGluayI6IiIsImxheWVyX2FuaW1hdGlvbiI6InNmdCIsImxheWVyX2Vhc2luZyI6ImVhc2VPdXRFeHBvIiwibGF5ZXJfc3BlZWQiOiIzNTAiLCJsYXllcl90b3AiOiI5NiIsImxheWVyX2xlZnQiOiIyMTQiLCJsYXllcl9lbmR0aW1lIjoiMCIsImxheWVyX2VuZHNwZWVkIjoiMzAwIiwibGF5ZXJfZW5kYW5pbWF0aW9uIjoiYXV0byIsImxheWVyX2VuZGVhc2luZyI6Im5vdGhpbmciLCJ0aW1lX3N0YXJ0IjoiMTIwMCJ9LHsibGF5ZXJfdmlkZW9fdHlwZSI6InlvdXR1YmUiLCJsYXllcl92aWRlb19pZCI6IiIsImxheWVyX3ZpZGVvX2hlaWdodCI6IjIwMCIsImxheWVyX3ZpZGVvX3dpZHRoIjoiMzAwIiwibGF5ZXJfdmlkZW9fdGh1bWIiOiIiLCJsYXllcl9pZCI6IjFfMyIsImxheWVyX2NvbnRlbnQiOiJiYW5uZXItMy5qcGciLCJsYXllcl90eXBlIjoidGV4dCIsImxheWVyX2NsYXNzIjoibWVkaXVtX3RleHQiLCJsYXllcl9jYXB0aW9uIjoiVW5pdmVyc2FsbHkgRmxhdHRlcmluZyIsImxheWVyX2ZvbnRfc2l6ZSI6IjE4cHgiLCJsYXllcl9iYWNrZ3JvdW5kX2NvbG9yIjoiIiwibGF5ZXJfY29sb3IiOiIjZmZmZmZmIiwibGF5ZXJfbGluayI6IiIsImxheWVyX2FuaW1hdGlvbiI6InNmYiIsImxheWVyX2Vhc2luZyI6ImVhc2VPdXRFeHBvIiwibGF5ZXJfc3BlZWQiOiIzNTAiLCJsYXllcl90b3AiOiIxOTQiLCJsYXllcl9sZWZ0IjoiMTE1IiwibGF5ZXJfZW5kdGltZSI6IjAiLCJsYXllcl9lbmRzcGVlZCI6IjMwMCIsImxheWVyX2VuZGFuaW1hdGlvbiI6ImF1dG8iLCJsYXllcl9lbmRlYXNpbmciOiJub3RoaW5nIiwidGltZV9zdGFydCI6IjE2MDAifV0='),(10,8,'slide2','','banner-3.jpg','','eyJ1c2V2aWRlbyI6IjAiLCJ2aWRlb2lkIjoiIiwidmlkZW9hdXRvIjoiMCIsImJhY2tncm91bmRfY29sb3IiOiIifQ==','W3sibGF5ZXJfdmlkZW9fdHlwZSI6InlvdXR1YmUiLCJsYXllcl92aWRlb19pZCI6IiIsImxheWVyX3ZpZGVvX2hlaWdodCI6IjIwMCIsImxheWVyX3ZpZGVvX3dpZHRoIjoiMzAwIiwibGF5ZXJfdmlkZW9fdGh1bWIiOiIiLCJsYXllcl9pZCI6IjFfMSIsImxheWVyX2NvbnRlbnQiOiJiYW5uZXItMy5qcGciLCJsYXllcl90eXBlIjoidGV4dCIsImxheWVyX2NsYXNzIjoiYmlnX29yYW5nZSIsImxheWVyX2NhcHRpb24iOiJTdW1tZXIgSGF0IiwibGF5ZXJfZm9udF9zaXplIjoiNDhweCIsImxheWVyX2JhY2tncm91bmRfY29sb3IiOiJ0cmFuc3BhcmVudCIsImxheWVyX2NvbG9yIjoiI2ZmZmZmZiIsImxheWVyX2xpbmsiOiIiLCJsYXllcl9hbmltYXRpb24iOiJmYWRlIiwibGF5ZXJfZWFzaW5nIjoiZWFzZU91dEV4cG8iLCJsYXllcl9zcGVlZCI6IjM1MCIsImxheWVyX3RvcCI6IjEzOSIsImxheWVyX2xlZnQiOiI3OSIsImxheWVyX2VuZHRpbWUiOiIwIiwibGF5ZXJfZW5kc3BlZWQiOiIzMDAiLCJsYXllcl9lbmRhbmltYXRpb24iOiJhdXRvIiwibGF5ZXJfZW5kZWFzaW5nIjoibm90aGluZyIsInRpbWVfc3RhcnQiOiI4MDAifSx7ImxheWVyX3ZpZGVvX3R5cGUiOiJ5b3V0dWJlIiwibGF5ZXJfdmlkZW9faWQiOiIiLCJsYXllcl92aWRlb19oZWlnaHQiOiIyMDAiLCJsYXllcl92aWRlb193aWR0aCI6IjMwMCIsImxheWVyX3ZpZGVvX3RodW1iIjoiIiwibGF5ZXJfaWQiOiIxXzIiLCJsYXllcl9jb250ZW50IjoiYmFubmVyLTMuanBnIiwibGF5ZXJfdHlwZSI6InRleHQiLCJsYXllcl9jbGFzcyI6ImJpZ193aGl0ZSIsImxheWVyX2NhcHRpb24iOiJUaGUgUGVyZmVjdCIsImxheWVyX2ZvbnRfc2l6ZSI6IiIsImxheWVyX2JhY2tncm91bmRfY29sb3IiOiJ0cmFuc3BhcmVudCIsImxheWVyX2NvbG9yIjoiIiwibGF5ZXJfbGluayI6IiIsImxheWVyX2FuaW1hdGlvbiI6InNmdCIsImxheWVyX2Vhc2luZyI6ImVhc2VPdXRFeHBvIiwibGF5ZXJfc3BlZWQiOiIzNTAiLCJsYXllcl90b3AiOiI5NiIsImxheWVyX2xlZnQiOiIyMTQiLCJsYXllcl9lbmR0aW1lIjoiMCIsImxheWVyX2VuZHNwZWVkIjoiMzAwIiwibGF5ZXJfZW5kYW5pbWF0aW9uIjoiYXV0byIsImxheWVyX2VuZGVhc2luZyI6Im5vdGhpbmciLCJ0aW1lX3N0YXJ0IjoiMTIwMCJ9LHsibGF5ZXJfdmlkZW9fdHlwZSI6InlvdXR1YmUiLCJsYXllcl92aWRlb19pZCI6IiIsImxheWVyX3ZpZGVvX2hlaWdodCI6IjIwMCIsImxheWVyX3ZpZGVvX3dpZHRoIjoiMzAwIiwibGF5ZXJfdmlkZW9fdGh1bWIiOiIiLCJsYXllcl9pZCI6IjFfMyIsImxheWVyX2NvbnRlbnQiOiJiYW5uZXItMy5qcGciLCJsYXllcl90eXBlIjoidGV4dCIsImxheWVyX2NsYXNzIjoibWVkaXVtX3RleHQiLCJsYXllcl9jYXB0aW9uIjoiVW5pdmVyc2FsbHkgRmxhdHRlcmluZyIsImxheWVyX2ZvbnRfc2l6ZSI6IjE4cHgiLCJsYXllcl9iYWNrZ3JvdW5kX2NvbG9yIjoiIiwibGF5ZXJfY29sb3IiOiIjZmZmZmZmIiwibGF5ZXJfbGluayI6IiIsImxheWVyX2FuaW1hdGlvbiI6InNmYiIsImxheWVyX2Vhc2luZyI6ImVhc2VPdXRFeHBvIiwibGF5ZXJfc3BlZWQiOiIzNTAiLCJsYXllcl90b3AiOiIxOTQiLCJsYXllcl9sZWZ0IjoiMTE1IiwibGF5ZXJfZW5kdGltZSI6IjAiLCJsYXllcl9lbmRzcGVlZCI6IjMwMCIsImxheWVyX2VuZGFuaW1hdGlvbiI6ImF1dG8iLCJsYXllcl9lbmRlYXNpbmciOiJub3RoaW5nIiwidGltZV9zdGFydCI6IjE2MDAifV0='),(10,9,'slide2','','banner-3.jpg','','eyJ1c2V2aWRlbyI6IjAiLCJ2aWRlb2lkIjoiIiwidmlkZW9hdXRvIjoiMCIsImJhY2tncm91bmRfY29sb3IiOiIifQ==','W3sibGF5ZXJfdmlkZW9fdHlwZSI6InlvdXR1YmUiLCJsYXllcl92aWRlb19pZCI6IiIsImxheWVyX3ZpZGVvX2hlaWdodCI6IjIwMCIsImxheWVyX3ZpZGVvX3dpZHRoIjoiMzAwIiwibGF5ZXJfdmlkZW9fdGh1bWIiOiIiLCJsYXllcl9pZCI6IjFfMSIsImxheWVyX2NvbnRlbnQiOiJiYW5uZXItMy5qcGciLCJsYXllcl90eXBlIjoidGV4dCIsImxheWVyX2NsYXNzIjoiYmlnX29yYW5nZSIsImxheWVyX2NhcHRpb24iOiJTdW1tZXIgSGF0IiwibGF5ZXJfZm9udF9zaXplIjoiNDhweCIsImxheWVyX2JhY2tncm91bmRfY29sb3IiOiJ0cmFuc3BhcmVudCIsImxheWVyX2NvbG9yIjoiI2ZmZmZmZiIsImxheWVyX2xpbmsiOiIiLCJsYXllcl9hbmltYXRpb24iOiJmYWRlIiwibGF5ZXJfZWFzaW5nIjoiZWFzZU91dEV4cG8iLCJsYXllcl9zcGVlZCI6IjM1MCIsImxheWVyX3RvcCI6IjEzOSIsImxheWVyX2xlZnQiOiI3OSIsImxheWVyX2VuZHRpbWUiOiIwIiwibGF5ZXJfZW5kc3BlZWQiOiIzMDAiLCJsYXllcl9lbmRhbmltYXRpb24iOiJhdXRvIiwibGF5ZXJfZW5kZWFzaW5nIjoibm90aGluZyIsInRpbWVfc3RhcnQiOiI4MDAifSx7ImxheWVyX3ZpZGVvX3R5cGUiOiJ5b3V0dWJlIiwibGF5ZXJfdmlkZW9faWQiOiIiLCJsYXllcl92aWRlb19oZWlnaHQiOiIyMDAiLCJsYXllcl92aWRlb193aWR0aCI6IjMwMCIsImxheWVyX3ZpZGVvX3RodW1iIjoiIiwibGF5ZXJfaWQiOiIxXzIiLCJsYXllcl9jb250ZW50IjoiYmFubmVyLTMuanBnIiwibGF5ZXJfdHlwZSI6InRleHQiLCJsYXllcl9jbGFzcyI6ImJpZ193aGl0ZSIsImxheWVyX2NhcHRpb24iOiJUaGUgUGVyZmVjdCIsImxheWVyX2ZvbnRfc2l6ZSI6IiIsImxheWVyX2JhY2tncm91bmRfY29sb3IiOiJ0cmFuc3BhcmVudCIsImxheWVyX2NvbG9yIjoiIiwibGF5ZXJfbGluayI6IiIsImxheWVyX2FuaW1hdGlvbiI6InNmdCIsImxheWVyX2Vhc2luZyI6ImVhc2VPdXRFeHBvIiwibGF5ZXJfc3BlZWQiOiIzNTAiLCJsYXllcl90b3AiOiI5NiIsImxheWVyX2xlZnQiOiIyMTQiLCJsYXllcl9lbmR0aW1lIjoiMCIsImxheWVyX2VuZHNwZWVkIjoiMzAwIiwibGF5ZXJfZW5kYW5pbWF0aW9uIjoiYXV0byIsImxheWVyX2VuZGVhc2luZyI6Im5vdGhpbmciLCJ0aW1lX3N0YXJ0IjoiMTIwMCJ9LHsibGF5ZXJfdmlkZW9fdHlwZSI6InlvdXR1YmUiLCJsYXllcl92aWRlb19pZCI6IiIsImxheWVyX3ZpZGVvX2hlaWdodCI6IjIwMCIsImxheWVyX3ZpZGVvX3dpZHRoIjoiMzAwIiwibGF5ZXJfdmlkZW9fdGh1bWIiOiIiLCJsYXllcl9pZCI6IjFfMyIsImxheWVyX2NvbnRlbnQiOiJiYW5uZXItMy5qcGciLCJsYXllcl90eXBlIjoidGV4dCIsImxheWVyX2NsYXNzIjoibWVkaXVtX3RleHQiLCJsYXllcl9jYXB0aW9uIjoiVW5pdmVyc2FsbHkgRmxhdHRlcmluZyIsImxheWVyX2ZvbnRfc2l6ZSI6IjE4cHgiLCJsYXllcl9iYWNrZ3JvdW5kX2NvbG9yIjoiIiwibGF5ZXJfY29sb3IiOiIjZmZmZmZmIiwibGF5ZXJfbGluayI6IiIsImxheWVyX2FuaW1hdGlvbiI6InNmYiIsImxheWVyX2Vhc2luZyI6ImVhc2VPdXRFeHBvIiwibGF5ZXJfc3BlZWQiOiIzNTAiLCJsYXllcl90b3AiOiIxOTQiLCJsYXllcl9sZWZ0IjoiMTE1IiwibGF5ZXJfZW5kdGltZSI6IjAiLCJsYXllcl9lbmRzcGVlZCI6IjMwMCIsImxheWVyX2VuZGFuaW1hdGlvbiI6ImF1dG8iLCJsYXllcl9lbmRlYXNpbmciOiJub3RoaW5nIiwidGltZV9zdGFydCI6IjE2MDAifV0='),(11,1,'Slide3','','banner-31.jpg','','eyJ1c2V2aWRlbyI6IjAiLCJ2aWRlb2lkIjoiIiwidmlkZW9hdXRvIjoiMCIsImJhY2tncm91bmRfY29sb3IiOiIifQ==',NULL),(11,2,'Slide3','','banner-31.jpg','','eyJ1c2V2aWRlbyI6IjAiLCJ2aWRlb2lkIjoiIiwidmlkZW9hdXRvIjoiMCIsImJhY2tncm91bmRfY29sb3IiOiIifQ==',NULL),(11,3,'Slide3','','banner-31.jpg','','eyJ1c2V2aWRlbyI6IjAiLCJ2aWRlb2lkIjoiIiwidmlkZW9hdXRvIjoiMCIsImJhY2tncm91bmRfY29sb3IiOiIifQ==',NULL),(11,4,'Slide3','','banner-31.jpg','','eyJ1c2V2aWRlbyI6IjAiLCJ2aWRlb2lkIjoiIiwidmlkZW9hdXRvIjoiMCIsImJhY2tncm91bmRfY29sb3IiOiIifQ==',NULL),(11,5,'Slide3','','banner-31.jpg','','eyJ1c2V2aWRlbyI6IjAiLCJ2aWRlb2lkIjoiIiwidmlkZW9hdXRvIjoiMCIsImJhY2tncm91bmRfY29sb3IiOiIifQ==',NULL),(11,6,'Slide3','','banner-31.jpg','','eyJ1c2V2aWRlbyI6IjAiLCJ2aWRlb2lkIjoiIiwidmlkZW9hdXRvIjoiMCIsImJhY2tncm91bmRfY29sb3IiOiIifQ==',NULL),(11,7,'Slide3','','banner-31.jpg','','eyJ1c2V2aWRlbyI6IjAiLCJ2aWRlb2lkIjoiIiwidmlkZW9hdXRvIjoiMCIsImJhY2tncm91bmRfY29sb3IiOiIifQ==',NULL),(11,8,'Slide3','','banner-31.jpg','','eyJ1c2V2aWRlbyI6IjAiLCJ2aWRlb2lkIjoiIiwidmlkZW9hdXRvIjoiMCIsImJhY2tncm91bmRfY29sb3IiOiIifQ==',NULL),(11,9,'Slide3','','banner-31.jpg','','eyJ1c2V2aWRlbyI6IjAiLCJ2aWRlb2lkIjoiIiwidmlkZW9hdXRvIjoiMCIsImJhY2tncm91bmRfY29sb3IiOiIifQ==',NULL),(12,1,'Slide4','','banner-41.jpg','','eyJ1c2V2aWRlbyI6IjAiLCJ2aWRlb2lkIjoiIiwidmlkZW9hdXRvIjoiMCIsImJhY2tncm91bmRfY29sb3IiOiIjZmZmMmU2In0=',NULL),(12,2,'Slide4','','banner-41.jpg','','eyJ1c2V2aWRlbyI6IjAiLCJ2aWRlb2lkIjoiIiwidmlkZW9hdXRvIjoiMCIsImJhY2tncm91bmRfY29sb3IiOiIjZmZmMmU2In0=',NULL),(12,3,'Slide4','','banner-41.jpg','','eyJ1c2V2aWRlbyI6IjAiLCJ2aWRlb2lkIjoiIiwidmlkZW9hdXRvIjoiMCIsImJhY2tncm91bmRfY29sb3IiOiIjZmZmMmU2In0=',NULL),(12,4,'Slide4','','banner-41.jpg','','eyJ1c2V2aWRlbyI6IjAiLCJ2aWRlb2lkIjoiIiwidmlkZW9hdXRvIjoiMCIsImJhY2tncm91bmRfY29sb3IiOiIjZmZmMmU2In0=',NULL),(12,5,'Slide4','','banner-41.jpg','','eyJ1c2V2aWRlbyI6IjAiLCJ2aWRlb2lkIjoiIiwidmlkZW9hdXRvIjoiMCIsImJhY2tncm91bmRfY29sb3IiOiIjZmZmMmU2In0=',NULL),(12,6,'Slide4','','banner-41.jpg','','eyJ1c2V2aWRlbyI6IjAiLCJ2aWRlb2lkIjoiIiwidmlkZW9hdXRvIjoiMCIsImJhY2tncm91bmRfY29sb3IiOiIjZmZmMmU2In0=',NULL),(12,7,'Slide4','','banner-41.jpg','','eyJ1c2V2aWRlbyI6IjAiLCJ2aWRlb2lkIjoiIiwidmlkZW9hdXRvIjoiMCIsImJhY2tncm91bmRfY29sb3IiOiIjZmZmMmU2In0=',NULL),(12,8,'Slide4','','banner-41.jpg','','eyJ1c2V2aWRlbyI6IjAiLCJ2aWRlb2lkIjoiIiwidmlkZW9hdXRvIjoiMCIsImJhY2tncm91bmRfY29sb3IiOiIjZmZmMmU2In0=',NULL),(12,9,'Slide4','','banner-41.jpg','','eyJ1c2V2aWRlbyI6IjAiLCJ2aWRlb2lkIjoiIiwidmlkZW9hdXRvIjoiMCIsImJhY2tncm91bmRfY29sb3IiOiIjZmZmMmU2In0=',NULL);

--
-- Table structure for table `ps_leowidgets`
--

CREATE TABLE `ps_leowidgets` (
  `id_leowidgets` int(11) NOT NULL AUTO_INCREMENT,
  `name` varchar(250) NOT NULL,
  `type` varchar(250) NOT NULL,
  `params` text,
  `id_shop` int(11) unsigned NOT NULL,
  `key_widget` int(11) NOT NULL,
  PRIMARY KEY (`id_leowidgets`,`id_shop`)
) ENGINE=InnoDB AUTO_INCREMENT=74 DEFAULT CHARSET=utf8;

--
-- Dumping data for table `ps_leowidgets`
--

INSERT INTO `ps_leowidgets` VALUES (49,'Top Menu - List Product','product_list','eyJhZGRsZW93aWRnZXRzIjoiMSIsImlkX2xlb3dpZGdldHMiOiI0OSIsIndpZGdldF9uYW1lIjoiVG9wIE1lbnUgLSBMaXN0IFByb2R1Y3QiLCJ3aWRnZXRfdHlwZSI6InByb2R1Y3RfbGlzdCIsInNhdmVhbmRzdGF5bGVvdGVtcGNwIjoiIiwid2lkZ2V0X3RpdGxlXzEiOiIiLCJ3aWRnZXRfdGl0bGVfMiI6IiIsIndpZGdldF90aXRsZV8zIjoiIiwid2lkZ2V0X3RpdGxlXzQiOiIiLCJ3aWRnZXRfdGl0bGVfNSI6IiIsIndpZGdldF90aXRsZV82IjoiIiwid2lkZ2V0X3RpdGxlXzciOiIiLCJ3aWRnZXRfdGl0bGVfOCI6IiIsIndpZGdldF90aXRsZV85IjoiIiwic291cmNlIjoicGNhdGVnb3JpZXMiLCJjYXRlZ29yaWVzIjpbIjIiLCIxMyIsIjEyIl0sInB0eXBlIjoibmV3ZXN0IiwicHByb2R1Y3RpZHMiOiIiLCJsaW1pdCI6IjIiLCJvcmRlcmJ5IjoibmFtZSIsIm9yZGVyd2F5IjoiQVNDIn0=',1,1400733885),(50,'Top Menu - Block link','links','eyJhZGRsZW93aWRnZXRzIjoiMSIsImlkX2xlb3dpZGdldHMiOiIyOCIsIndpZGdldF9uYW1lIjoiVG9wIE1lbnUgLSBCbG9jayBsaW5rIiwid2lkZ2V0X3RpdGxlXzEiOiJCbG9jayBsaW5rIiwid2lkZ2V0X3RpdGxlXzIiOiIiLCJ3aWRnZXRfdGl0bGVfMyI6IiIsIndpZGdldF90aXRsZV80IjoiIiwid2lkZ2V0X3RpdGxlXzUiOiIiLCJ3aWRnZXRfdGl0bGVfNiI6IiIsIndpZGdldF90aXRsZV83IjoiIiwid2lkZ2V0X3RpdGxlXzgiOiIiLCJ3aWRnZXRfdGl0bGVfOSI6IiIsIndpZGdldF90eXBlIjoibGlua3MiLCJzYXZlbGVvdGVtcGNwIjoiIiwidGV4dF9saW5rXzFfMSI6IkxvcmVtIGlwc3VtIGRvbG9yIiwidGV4dF9saW5rXzEiOiIiLCJ0ZXh0X2xpbmtfMiI6IiIsInRleHRfbGlua18zIjoiIiwidGV4dF9saW5rXzQiOiIiLCJ0ZXh0X2xpbmtfNSI6IiIsInRleHRfbGlua182IjoiIiwidGV4dF9saW5rXzciOiIiLCJ0ZXh0X2xpbmtfOCI6IiIsInRleHRfbGlua185IjoiIiwidGV4dF9saW5rXzFfMiI6ImxpbmsgMSIsInRleHRfbGlua18xXzMiOiJsaW5rIDEiLCJ0ZXh0X2xpbmtfMV80IjoibGluayAxIiwidGV4dF9saW5rXzFfNSI6ImxpbmsgMSIsInRleHRfbGlua18xXzYiOiJsaW5rIDEiLCJ0ZXh0X2xpbmtfMV83IjoibGluayAxIiwidGV4dF9saW5rXzFfOCI6ImxpbmsgMSIsInRleHRfbGlua18xXzkiOiJsaW5rIDEiLCJsaW5rXzEiOiIjbGluazEiLCJ0ZXh0X2xpbmtfMl8xIjoiSW4gZXQgc29sbGljaXR1ZGluIG9kaW8iLCJ0ZXh0X2xpbmtfMl8yIjoibGluayAyIiwidGV4dF9saW5rXzJfMyI6ImxpbmsgMiIsInRleHRfbGlua18yXzQiOiJsaW5rIDIiLCJ0ZXh0X2xpbmtfMl81IjoibGluayAyIiwidGV4dF9saW5rXzJfNiI6ImxpbmsgMiIsInRleHRfbGlua18yXzciOiJsaW5rIDIiLCJ0ZXh0X2xpbmtfMl84IjoibGluayAyIiwidGV4dF9saW5rXzJfOSI6ImxpbmsgMiIsImxpbmtfMiI6IiNsaW5rMiIsInRleHRfbGlua18zXzEiOiJJbnRlZ2VyIGdyYXZpZGEgY29ucyIsInRleHRfbGlua18zXzIiOiJsaW5rMyIsInRleHRfbGlua18zXzMiOiJsaW5rMyIsInRleHRfbGlua18zXzQiOiJsaW5rMyIsInRleHRfbGlua18zXzUiOiJsaW5rMyIsInRleHRfbGlua18zXzYiOiJsaW5rMyIsInRleHRfbGlua18zXzciOiJsaW5rMyIsInRleHRfbGlua18zXzgiOiJsaW5rMyIsInRleHRfbGlua18zXzkiOiJsaW5rMyIsImxpbmtfMyI6IiNsaW5rMSIsInRleHRfbGlua180XzEiOiJNb3JiaSBudW5jIGxlY3R1cyIsInRleHRfbGlua180XzIiOiIiLCJ0ZXh0X2xpbmtfNF8zIjoiIiwidGV4dF9saW5rXzRfNCI6IiIsInRleHRfbGlua180XzUiOiIiLCJ0ZXh0X2xpbmtfNF82IjoiIiwidGV4dF9saW5rXzRfNyI6IiIsInRleHRfbGlua180XzgiOiIiLCJ0ZXh0X2xpbmtfNF85IjoiIiwibGlua180IjoiI2xpbmsxIiwidGV4dF9saW5rXzVfMSI6IlBlbGxlbnRlc3F1ZSBydXRydW0iLCJ0ZXh0X2xpbmtfNV8yIjoiIiwidGV4dF9saW5rXzVfMyI6IiIsInRleHRfbGlua181XzQiOiIiLCJ0ZXh0X2xpbmtfNV81IjoiIiwidGV4dF9saW5rXzVfNiI6IiIsInRleHRfbGlua181XzciOiIiLCJ0ZXh0X2xpbmtfNV84IjoiIiwidGV4dF9saW5rXzVfOSI6IiIsImxpbmtfNSI6IiNsaW5rMSIsInRleHRfbGlua182XzEiOiJNb3JiaSBudW5jIGxlY3R1cyIsInRleHRfbGlua182XzIiOiIiLCJ0ZXh0X2xpbmtfNl8zIjoiIiwidGV4dF9saW5rXzZfNCI6IiIsInRleHRfbGlua182XzUiOiIiLCJ0ZXh0X2xpbmtfNl82IjoiIiwidGV4dF9saW5rXzZfNyI6IiIsInRleHRfbGlua182XzgiOiIiLCJ0ZXh0X2xpbmtfNl85IjoiIiwibGlua182IjoiI2xpbmsxIiwidGV4dF9saW5rXzdfMSI6IlBlbGxlbnRlc3F1ZSBydXRydW0iLCJ0ZXh0X2xpbmtfN18yIjoiIiwidGV4dF9saW5rXzdfMyI6IiIsInRleHRfbGlua183XzQiOiIiLCJ0ZXh0X2xpbmtfN181IjoiIiwidGV4dF9saW5rXzdfNiI6IiIsInRleHRfbGlua183XzciOiIiLCJ0ZXh0X2xpbmtfN184IjoiIiwidGV4dF9saW5rXzdfOSI6IiIsImxpbmtfNyI6IiNsaW5rMSIsInRleHRfbGlua184XzEiOiJJbnRlZ2VyIGdyYXZpZGEgY29ucyIsInRleHRfbGlua184XzIiOiIiLCJ0ZXh0X2xpbmtfOF8zIjoiIiwidGV4dF9saW5rXzhfNCI6IiIsInRleHRfbGlua184XzUiOiIiLCJ0ZXh0X2xpbmtfOF82IjoiIiwidGV4dF9saW5rXzhfNyI6IiIsInRleHRfbGlua184XzgiOiIiLCJ0ZXh0X2xpbmtfOF85IjoiIiwibGlua184IjoiI2xpbmsxIiwidGV4dF9saW5rXzlfMSI6IiIsInRleHRfbGlua185XzIiOiIiLCJ0ZXh0X2xpbmtfOV8zIjoiIiwidGV4dF9saW5rXzlfNCI6IiIsInRleHRfbGlua185XzUiOiIiLCJ0ZXh0X2xpbmtfOV82IjoiIiwidGV4dF9saW5rXzlfNyI6IiIsInRleHRfbGlua185XzgiOiIiLCJ0ZXh0X2xpbmtfOV85IjoiIiwibGlua185IjoiI2xpbmsxIiwidGV4dF9saW5rXzEwXzEiOiIiLCJ0ZXh0X2xpbmtfMTBfMiI6IiIsInRleHRfbGlua18xMF8zIjoiIiwidGV4dF9saW5rXzEwXzQiOiIiLCJ0ZXh0X2xpbmtfMTBfNSI6IiIsInRleHRfbGlua18xMF82IjoiIiwidGV4dF9saW5rXzEwXzciOiIiLCJ0ZXh0X2xpbmtfMTBfOCI6IiIsInRleHRfbGlua18xMF85IjoiIn0=',1,1400742727),(51,'Top Menu - HTML','html','[encoded data, 8220 characters]',1,1400744856),(52,'Menu sidebar - block links 1','links','[encoded data, 5000 characters]',1,1401700832),(53,'Menu sidebar - block links 2','links','eyJhZGRsZW93aWRnZXRzIjoiMSIsImlkX2xlb3dpZGdldHMiOiIzMSIsIndpZGdldF9uYW1lIjoiTWVudSBzaWRlYmFyIC0gYmxvY2sgbGlua3MgMiIsIndpZGdldF90aXRsZV8xIjoiRWxlY3Ryb25pY3MiLCJ3aWRnZXRfdGl0bGVfMiI6IiIsIndpZGdldF90aXRsZV8zIjoiIiwid2lkZ2V0X3RpdGxlXzQiOiIiLCJ3aWRnZXRfdGl0bGVfNSI6IiIsIndpZGdldF90aXRsZV82IjoiIiwid2lkZ2V0X3RpdGxlXzciOiIiLCJ3aWRnZXRfdGl0bGVfOCI6IiIsIndpZGdldF90aXRsZV85IjoiIiwid2lkZ2V0X3R5cGUiOiJsaW5rcyIsInNhdmVsZW90ZW1wY3AiOiIiLCJ0ZXh0X2xpbmtfMV8xIjoiUGVsbGVudGVzcXVlIHJ1dHJ1bSIsInRleHRfbGlua18xIjoiIiwidGV4dF9saW5rXzIiOiIiLCJ0ZXh0X2xpbmtfMyI6IiIsInRleHRfbGlua180IjoiIiwidGV4dF9saW5rXzUiOiIiLCJ0ZXh0X2xpbmtfNiI6IiIsInRleHRfbGlua183IjoiIiwidGV4dF9saW5rXzgiOiIiLCJ0ZXh0X2xpbmtfOSI6IiIsInRleHRfbGlua18xXzIiOiJsaW5rIDEiLCJ0ZXh0X2xpbmtfMV8zIjoibGluayAxIiwidGV4dF9saW5rXzFfNCI6ImxpbmsgMSIsInRleHRfbGlua18xXzUiOiJsaW5rIDEiLCJ0ZXh0X2xpbmtfMV82IjoibGluayAxIiwidGV4dF9saW5rXzFfNyI6ImxpbmsgMSIsInRleHRfbGlua18xXzgiOiJsaW5rIDEiLCJ0ZXh0X2xpbmtfMV85IjoibGluayAxIiwibGlua18xIjoiI2xpbmsxIiwidGV4dF9saW5rXzJfMSI6IiBNb3JiaSBudW5jIGxlY3R1cyIsInRleHRfbGlua18yXzIiOiJsaW5rIDIiLCJ0ZXh0X2xpbmtfMl8zIjoibGluayAyIiwidGV4dF9saW5rXzJfNCI6ImxpbmsgMiIsInRleHRfbGlua18yXzUiOiJsaW5rIDIiLCJ0ZXh0X2xpbmtfMl82IjoibGluayAyIiwidGV4dF9saW5rXzJfNyI6ImxpbmsgMiIsInRleHRfbGlua18yXzgiOiJsaW5rIDIiLCJ0ZXh0X2xpbmtfMl85IjoibGluayAyIiwibGlua18yIjoiI2xpbmsyIiwidGV4dF9saW5rXzNfMSI6IkludGVnZXIgZ3JhdmlkYSBjb25zIiwidGV4dF9saW5rXzNfMiI6ImxpbmszIiwidGV4dF9saW5rXzNfMyI6ImxpbmszIiwidGV4dF9saW5rXzNfNCI6ImxpbmszIiwidGV4dF9saW5rXzNfNSI6ImxpbmszIiwidGV4dF9saW5rXzNfNiI6ImxpbmszIiwidGV4dF9saW5rXzNfNyI6ImxpbmszIiwidGV4dF9saW5rXzNfOCI6ImxpbmszIiwidGV4dF9saW5rXzNfOSI6ImxpbmszIiwibGlua18zIjoiI2xpbmsxIiwidGV4dF9saW5rXzRfMSI6IlBlbGxlbnRlc3F1ZSBydXRydW0iLCJ0ZXh0X2xpbmtfNF8yIjoiIiwidGV4dF9saW5rXzRfMyI6IiIsInRleHRfbGlua180XzQiOiIiLCJ0ZXh0X2xpbmtfNF81IjoiIiwidGV4dF9saW5rXzRfNiI6IiIsInRleHRfbGlua180XzciOiIiLCJ0ZXh0X2xpbmtfNF84IjoiIiwidGV4dF9saW5rXzRfOSI6IiIsImxpbmtfNCI6IiNsaW5rMSIsInRleHRfbGlua181XzEiOiJMb3JlbSBpcHN1bSBkb2xvciIsInRleHRfbGlua181XzIiOiIiLCJ0ZXh0X2xpbmtfNV8zIjoiIiwidGV4dF9saW5rXzVfNCI6IiIsInRleHRfbGlua181XzUiOiIiLCJ0ZXh0X2xpbmtfNV82IjoiIiwidGV4dF9saW5rXzVfNyI6IiIsInRleHRfbGlua181XzgiOiIiLCJ0ZXh0X2xpbmtfNV85IjoiIiwibGlua181IjoiI2xpbmsxIiwidGV4dF9saW5rXzZfMSI6IkludGVnZXIgZ3JhdmlkYSBjb25zIiwidGV4dF9saW5rXzZfMiI6IiIsInRleHRfbGlua182XzMiOiIiLCJ0ZXh0X2xpbmtfNl80IjoiIiwidGV4dF9saW5rXzZfNSI6IiIsInRleHRfbGlua182XzYiOiIiLCJ0ZXh0X2xpbmtfNl83IjoiIiwidGV4dF9saW5rXzZfOCI6IiIsInRleHRfbGlua182XzkiOiIiLCJsaW5rXzYiOiIjbGluazEiLCJ0ZXh0X2xpbmtfN18xIjoiSW50ZWdlciBncmF2aWRhIGNvbnMiLCJ0ZXh0X2xpbmtfN18yIjoiIiwidGV4dF9saW5rXzdfMyI6IiIsInRleHRfbGlua183XzQiOiIiLCJ0ZXh0X2xpbmtfN181IjoiIiwidGV4dF9saW5rXzdfNiI6IiIsInRleHRfbGlua183XzciOiIiLCJ0ZXh0X2xpbmtfN184IjoiIiwidGV4dF9saW5rXzdfOSI6IiIsImxpbmtfNyI6IiNsaW5rMSIsInRleHRfbGlua184XzEiOiIiLCJ0ZXh0X2xpbmtfOF8yIjoiIiwidGV4dF9saW5rXzhfMyI6IiIsInRleHRfbGlua184XzQiOiIiLCJ0ZXh0X2xpbmtfOF81IjoiIiwidGV4dF9saW5rXzhfNiI6IiIsInRleHRfbGlua184XzciOiIiLCJ0ZXh0X2xpbmtfOF84IjoiIiwidGV4dF9saW5rXzhfOSI6IiIsImxpbmtfOCI6IiNsaW5rMSIsInRleHRfbGlua185XzEiOiIiLCJ0ZXh0X2xpbmtfOV8yIjoiIiwidGV4dF9saW5rXzlfMyI6IiIsInRleHRfbGlua185XzQiOiIiLCJ0ZXh0X2xpbmtfOV81IjoiIiwidGV4dF9saW5rXzlfNiI6IiIsInRleHRfbGlua185XzciOiIiLCJ0ZXh0X2xpbmtfOV84IjoiIiwidGV4dF9saW5rXzlfOSI6IiIsImxpbmtfOSI6IiNsaW5rMSIsInRleHRfbGlua18xMF8xIjoiIiwidGV4dF9saW5rXzEwXzIiOiIiLCJ0ZXh0X2xpbmtfMTBfMyI6IiIsInRleHRfbGlua18xMF80IjoiIiwidGV4dF9saW5rXzEwXzUiOiIiLCJ0ZXh0X2xpbmtfMTBfNiI6IiIsInRleHRfbGlua18xMF83IjoiIiwidGV4dF9saW5rXzEwXzgiOiIiLCJ0ZXh0X2xpbmtfMTBfOSI6IiJ9',1,1401700894),(54,'Menu sidebar - block links 3','links','eyJhZGRsZW93aWRnZXRzIjoiMSIsImlkX2xlb3dpZGdldHMiOiIzMiIsIndpZGdldF9uYW1lIjoiTWVudSBzaWRlYmFyIC0gYmxvY2sgbGlua3MgMyIsIndpZGdldF90aXRsZV8xIjoiQWNjZXNzb3JpZXMiLCJ3aWRnZXRfdGl0bGVfMiI6IiIsIndpZGdldF90aXRsZV8zIjoiIiwid2lkZ2V0X3RpdGxlXzQiOiIiLCJ3aWRnZXRfdGl0bGVfNSI6IiIsIndpZGdldF90aXRsZV82IjoiIiwid2lkZ2V0X3RpdGxlXzciOiIiLCJ3aWRnZXRfdGl0bGVfOCI6IiIsIndpZGdldF90aXRsZV85IjoiIiwid2lkZ2V0X3R5cGUiOiJsaW5rcyIsInNhdmVsZW90ZW1wY3AiOiIiLCJ0ZXh0X2xpbmtfMV8xIjoiQWNjZXNzb3JpZXMiLCJ0ZXh0X2xpbmtfMSI6IiIsInRleHRfbGlua18yIjoiIiwidGV4dF9saW5rXzMiOiIiLCJ0ZXh0X2xpbmtfNCI6IiIsInRleHRfbGlua181IjoiIiwidGV4dF9saW5rXzYiOiIiLCJ0ZXh0X2xpbmtfNyI6IiIsInRleHRfbGlua184IjoiIiwidGV4dF9saW5rXzkiOiIiLCJ0ZXh0X2xpbmtfMV8yIjoibGluayAxIiwidGV4dF9saW5rXzFfMyI6ImxpbmsgMSIsInRleHRfbGlua18xXzQiOiJsaW5rIDEiLCJ0ZXh0X2xpbmtfMV81IjoibGluayAxIiwidGV4dF9saW5rXzFfNiI6ImxpbmsgMSIsInRleHRfbGlua18xXzciOiJsaW5rIDEiLCJ0ZXh0X2xpbmtfMV84IjoibGluayAxIiwidGV4dF9saW5rXzFfOSI6ImxpbmsgMSIsImxpbmtfMSI6IiNsaW5rMSIsInRleHRfbGlua18yXzEiOiJNb3JiaSBudW5jIGxlY3R1cyIsInRleHRfbGlua18yXzIiOiJsaW5rIDIiLCJ0ZXh0X2xpbmtfMl8zIjoibGluayAyIiwidGV4dF9saW5rXzJfNCI6ImxpbmsgMiIsInRleHRfbGlua18yXzUiOiJsaW5rIDIiLCJ0ZXh0X2xpbmtfMl82IjoibGluayAyIiwidGV4dF9saW5rXzJfNyI6ImxpbmsgMiIsInRleHRfbGlua18yXzgiOiJsaW5rIDIiLCJ0ZXh0X2xpbmtfMl85IjoibGluayAyIiwibGlua18yIjoiI2xpbmsyIiwidGV4dF9saW5rXzNfMSI6IiBQZWxsZW50ZXNxdWUgcnV0cnVtIiwidGV4dF9saW5rXzNfMiI6ImxpbmszIiwidGV4dF9saW5rXzNfMyI6ImxpbmszIiwidGV4dF9saW5rXzNfNCI6ImxpbmszIiwidGV4dF9saW5rXzNfNSI6ImxpbmszIiwidGV4dF9saW5rXzNfNiI6ImxpbmszIiwidGV4dF9saW5rXzNfNyI6ImxpbmszIiwidGV4dF9saW5rXzNfOCI6ImxpbmszIiwidGV4dF9saW5rXzNfOSI6ImxpbmszIiwibGlua18zIjoiI2xpbmsxIiwidGV4dF9saW5rXzRfMSI6Ik1vcmJpIG51bmMgbGVjdHVzIiwidGV4dF9saW5rXzRfMiI6IiIsInRleHRfbGlua180XzMiOiIiLCJ0ZXh0X2xpbmtfNF80IjoiIiwidGV4dF9saW5rXzRfNSI6IiIsInRleHRfbGlua180XzYiOiIiLCJ0ZXh0X2xpbmtfNF83IjoiIiwidGV4dF9saW5rXzRfOCI6IiIsInRleHRfbGlua180XzkiOiIiLCJsaW5rXzQiOiIjbGluazEiLCJ0ZXh0X2xpbmtfNV8xIjoiUGVsbGVudGVzcXVlIHJ1dHJ1bSIsInRleHRfbGlua181XzIiOiIiLCJ0ZXh0X2xpbmtfNV8zIjoiIiwidGV4dF9saW5rXzVfNCI6IiIsInRleHRfbGlua181XzUiOiIiLCJ0ZXh0X2xpbmtfNV82IjoiIiwidGV4dF9saW5rXzVfNyI6IiIsInRleHRfbGlua181XzgiOiIiLCJ0ZXh0X2xpbmtfNV85IjoiIiwibGlua181IjoiI2xpbmsxIiwidGV4dF9saW5rXzZfMSI6IkludGVnZXIgZ3JhdmlkYSBjb25zIiwidGV4dF9saW5rXzZfMiI6IiIsInRleHRfbGlua182XzMiOiIiLCJ0ZXh0X2xpbmtfNl80IjoiIiwidGV4dF9saW5rXzZfNSI6IiIsInRleHRfbGlua182XzYiOiIiLCJ0ZXh0X2xpbmtfNl83IjoiIiwidGV4dF9saW5rXzZfOCI6IiIsInRleHRfbGlua182XzkiOiIiLCJsaW5rXzYiOiIjbGluazEiLCJ0ZXh0X2xpbmtfN18xIjoiTG9yZW0gaXBzdW0gZG9sb3IiLCJ0ZXh0X2xpbmtfN18yIjoiIiwidGV4dF9saW5rXzdfMyI6IiIsInRleHRfbGlua183XzQiOiIiLCJ0ZXh0X2xpbmtfN181IjoiIiwidGV4dF9saW5rXzdfNiI6IiIsInRleHRfbGlua183XzciOiIiLCJ0ZXh0X2xpbmtfN184IjoiIiwidGV4dF9saW5rXzdfOSI6IiIsImxpbmtfNyI6IiNsaW5rMSIsInRleHRfbGlua184XzEiOiJJbnRlZ2VyIGdyYXZpZGEgY29ucyIsInRleHRfbGlua184XzIiOiIiLCJ0ZXh0X2xpbmtfOF8zIjoiIiwidGV4dF9saW5rXzhfNCI6IiIsInRleHRfbGlua184XzUiOiIiLCJ0ZXh0X2xpbmtfOF82IjoiIiwidGV4dF9saW5rXzhfNyI6IiIsInRleHRfbGlua184XzgiOiIiLCJ0ZXh0X2xpbmtfOF85IjoiIiwibGlua184IjoiI2xpbmsxIiwidGV4dF9saW5rXzlfMSI6IiIsInRleHRfbGlua185XzIiOiIiLCJ0ZXh0X2xpbmtfOV8zIjoiIiwidGV4dF9saW5rXzlfNCI6IiIsInRleHRfbGlua185XzUiOiIiLCJ0ZXh0X2xpbmtfOV82IjoiIiwidGV4dF9saW5rXzlfNyI6IiIsInRleHRfbGlua185XzgiOiIiLCJ0ZXh0X2xpbmtfOV85IjoiIiwibGlua185IjoiI2xpbmsxIiwidGV4dF9saW5rXzEwXzEiOiIiLCJ0ZXh0X2xpbmtfMTBfMiI6IiIsInRleHRfbGlua18xMF8zIjoiIiwidGV4dF9saW5rXzEwXzQiOiIiLCJ0ZXh0X2xpbmtfMTBfNSI6IiIsInRleHRfbGlua18xMF82IjoiIiwidGV4dF9saW5rXzEwXzciOiIiLCJ0ZXh0X2xpbmtfMTBfOCI6IiIsInRleHRfbGlua18xMF85IjoiIn0=',1,1401701002),(55,'Menu sidebar - Product list 1','product_list','eyJhZGRsZW93aWRnZXRzIjoiMSIsImlkX2xlb3dpZGdldHMiOiIzMyIsIndpZGdldF9uYW1lIjoiTWVudSBzaWRlYmFyIC0gUHJvZHVjdCBsaXN0IDEiLCJ3aWRnZXRfdGl0bGVfMSI6IlNwZWNpYWxzIiwid2lkZ2V0X3RpdGxlXzIiOiIiLCJ3aWRnZXRfdGl0bGVfMyI6IiIsIndpZGdldF90aXRsZV80IjoiIiwid2lkZ2V0X3RpdGxlXzUiOiIiLCJ3aWRnZXRfdGl0bGVfNiI6IiIsIndpZGdldF90aXRsZV83IjoiIiwid2lkZ2V0X3RpdGxlXzgiOiIiLCJ3aWRnZXRfdGl0bGVfOSI6IiIsIndpZGdldF90eXBlIjoicHJvZHVjdF9saXN0Iiwic2F2ZWxlb3RlbXBjcCI6IiIsInNvdXJjZSI6InBjYXRlZ29yaWVzIiwiY2F0ZWdvcmllcyI6WyIyIiwiMyIsIjQiLCI1IiwiNiIsIjciLCI4IiwiOSIsIjEwIiwiMTEiXSwicHR5cGUiOiJuZXdlc3QiLCJwcHJvZHVjdGlkcyI6IiIsImxpbWl0IjoiMSIsIm9yZGVyYnkiOiJkYXRlX2FkZCIsIm9yZGVyd2F5IjoiQVNDIn0=',1,1401704304),(56,'Top Menu - Video','video_code','eyJhZGRsZW93aWRnZXRzIjoiMSIsImlkX2xlb3dpZGdldHMiOiIzNCIsIndpZGdldF9uYW1lIjoiVG9wIE1lbnUgLSBWaWRlbyIsIndpZGdldF90aXRsZV8xIjoiIiwid2lkZ2V0X3RpdGxlXzIiOiIiLCJ3aWRnZXRfdGl0bGVfMyI6IiIsIndpZGdldF90aXRsZV80IjoiIiwid2lkZ2V0X3RpdGxlXzUiOiIiLCJ3aWRnZXRfdGl0bGVfNiI6IiIsIndpZGdldF90aXRsZV83IjoiIiwid2lkZ2V0X3RpdGxlXzgiOiIiLCJ3aWRnZXRfdGl0bGVfOSI6IiIsIndpZGdldF90eXBlIjoidmlkZW9fY29kZSIsInZpZGVvX2NvZGUiOiI8aWZyYW1lIHdpZHRoPVwiNDUwXCIgaGVpZ2h0PVwiMjUwXCIgc3JjPVwiXC9cL3d3dy55b3V0dWJlLmNvbVwvZW1iZWRcL1pST0k4YWpsdzF3XCIgZnJhbWVib3JkZXI9XCIwXCIgYWxsb3dmdWxsc2NyZWVuPjxcL2lmcmFtZT4iLCJzYXZlbGVvdGVtcGNwIjoiIn0=',1,1406099268),(57,'Top Menu - Banner','html','[encoded data, 4616 characters]',1,1406099515),(59,'Top Menu - Product list','product_list','eyJhZGRsZW93aWRnZXRzIjoiMSIsImlkX2xlb3dpZGdldHMiOiI1OSIsIndpZGdldF9uYW1lIjoiVG9wIE1lbnUgLSBQcm9kdWN0IGxpc3QiLCJ3aWRnZXRfdHlwZSI6InByb2R1Y3RfbGlzdCIsInNhdmVhbmRzdGF5bGVvdGVtcGNwIjoiIiwid2lkZ2V0X3RpdGxlXzEiOiIiLCJ3aWRnZXRfdGl0bGVfMiI6IiIsIndpZGdldF90aXRsZV8zIjoiIiwid2lkZ2V0X3RpdGxlXzQiOiIiLCJ3aWRnZXRfdGl0bGVfNSI6IiIsIndpZGdldF90aXRsZV82IjoiIiwid2lkZ2V0X3RpdGxlXzciOiIiLCJ3aWRnZXRfdGl0bGVfOCI6IiIsIndpZGdldF90aXRsZV85IjoiIiwic291cmNlIjoicGNhdGVnb3JpZXMiLCJjYXRlZ29yaWVzIjpbIjIiLCIxMiIsIjEzIl0sInB0eXBlIjoibmV3ZXN0IiwicHByb2R1Y3RpZHMiOiIiLCJsaW1pdCI6IjQiLCJvcmRlcmJ5IjoiZGF0ZV9hZGQiLCJvcmRlcndheSI6IkFTQyJ9',1,1406104673),(60,'Top - Slideshow','customercarousel','[encoded data, 15416 characters]',1,1409020725),(61,'Home - Latest Products','carousel','eyJhZGRsZW93aWRnZXRzIjoiMSIsImlkX2xlb3dpZGdldHMiOiI2MSIsIndpZGdldF9uYW1lIjoiSG9tZSAtIExhdGVzdCBQcm9kdWN0cyIsIndpZGdldF90eXBlIjoiY2Fyb3VzZWwiLCJzYXZlYW5kc3RheWxlb3RlbXBjcCI6IiIsIndpZGdldF90aXRsZV8xIjoiTGF0ZXN0IFByb2R1Y3RzIiwid2lkZ2V0X3RpdGxlXzIiOiJPcGVuIGJldGEiLCJ3aWRnZXRfdGl0bGVfMyI6IkxhdGVzdCBQcm9kdWN0cyIsIndpZGdldF90aXRsZV80IjoiTGF0ZXN0IFByb2R1Y3RzIiwid2lkZ2V0X3RpdGxlXzUiOiJMYXRlc3QgUHJvZHVjdHMiLCJ3aWRnZXRfdGl0bGVfNiI6IkxhdGVzdCBQcm9kdWN0cyIsIndpZGdldF90aXRsZV83IjoiTGF0ZXN0IFByb2R1Y3RzIiwid2lkZ2V0X3RpdGxlXzgiOiJMYXRlc3QgUHJvZHVjdHMiLCJ3aWRnZXRfdGl0bGVfOSI6IkxhdGVzdCBQcm9kdWN0cyIsInNvdXJjZSI6InB0eXBlIiwiY2F0ZWdvcmllcyI6IiIsInB0eXBlIjoibmV3ZXN0IiwicHByb2R1Y3RpZHMiOiIiLCJvcmRlcmJ5IjoiZGF0ZV91cGQiLCJvcmRlcndheSI6IkRFU0MiLCJpdGVtc3RhYiI6IjE2IiwiY2Fyb3VzZWxfdHlwZSI6ImNhcm91c2VsX2Jvb3RzdHJhcCIsIml0ZW1zcGFnZSI6IjUiLCJjb2x1bW5zIjoiNSIsImludGVydmFsIjoiMTAwMDAiLCJvd2xfaXRlbXMiOiIzIiwib3dsX3Jvd3MiOiIxIiwib3dsX2F1dG9QbGF5IjoiODAwMCIsIm93bF9zdG9wT25Ib3ZlciI6IjEiLCJvd2xfYXV0b0hlaWdodCI6IjAiLCJvd2xfcmVzcG9uc2l2ZSI6IjEiLCJvd2xfbW91c2VEcmFnIjoiMSIsIm93bF90b3VjaERyYWciOiIxIiwib3dsX25hdmlnYXRpb24iOiIxIiwib3dsX3NsaWRlU3BlZWQiOiIyMDAiLCJvd2xfaXRlbXNEZXNrdG9wIjoiMCIsIm93bF9pdGVtc0Rlc2t0b3BTbWFsbCI6IjAiLCJvd2xfaXRlbXNUYWJsZXQiOiIwIiwib3dsX2l0ZW1zVGFibGV0U21hbGwiOiIwIiwib3dsX2l0ZW1zTW9iaWxlIjoiMCIsIm93bF9pdGVtc0N1c3RvbSI6IjAiLCJvd2xfbGF6eUxvYWQiOiIwIiwib3dsX2xhenlFZmZlY3QiOiIxIiwib3dsX2xhenlGb2xsb3ciOiIxIiwib3dsX3BhZ2luYXRpb24iOiIxIiwib3dsX3BhZ2luYXRpb25OdW1iZXJzIjoiMCIsIm93bF9wYWdpbmF0aW9uU3BlZWQiOiI4MDAiLCJvd2xfcmV3aW5kTmF2IjoiMSIsIm93bF9yZXdpbmRTcGVlZCI6IjEwMDAiLCJvd2xfc2Nyb2xsUGVyUGFnZSI6IjAifQ==',1,1409023514),(63,'Home - Categories Tabs','categoriestabs','eyJhZGRsZW93aWRnZXRzIjoiMSIsImlkX2xlb3dpZGdldHMiOiI2MyIsIndpZGdldF9uYW1lIjoiSG9tZSAtIENhdGVnb3JpZXMgVGFicyIsIndpZGdldF90eXBlIjoiY2F0ZWdvcmllc3RhYnMiLCJzYXZlYW5kc3RheWxlb3RlbXBjcCI6IiIsIndpZGdldF90aXRsZV8xIjoiRmVhdHVyZWQgUHJvZHVjdCIsIndpZGdldF90aXRsZV8yIjoiRmVhdHVyZWQgUHJvZHVjdCIsIndpZGdldF90aXRsZV8zIjoiRmVhdHVyZWQgUHJvZHVjdCIsIndpZGdldF90aXRsZV80IjoiRmVhdHVyZWQgUHJvZHVjdCIsIndpZGdldF90aXRsZV81IjoiRmVhdHVyZWQgUHJvZHVjdCIsIndpZGdldF90aXRsZV82IjoiRmVhdHVyZWQgUHJvZHVjdCIsIndpZGdldF90aXRsZV83IjoiRmVhdHVyZWQgUHJvZHVjdCIsIndpZGdldF90aXRsZV84IjoiRmVhdHVyZWQgUHJvZHVjdCIsIndpZGdldF90aXRsZV85IjoiRmVhdHVyZWQgUHJvZHVjdCIsImNhdGVnb3JpZXMiOlsiMTIiXSwib3JkZXJieSI6ImRhdGVfdXBkIiwib3JkZXJ3YXkiOiJERVNDIiwiaXRlbXN0YWIiOiIxMDAiLCJjYXJvdXNlbF90eXBlIjoiY2Fyb3VzZWxfYm9vdHN0cmFwIiwiaXRlbXNwYWdlIjoiNiIsImNvbHVtbnMiOiI2Iiwib3dsX2l0ZW1zIjoiMyIsIm93bF9yb3dzIjoiMSIsIm93bF9hdXRvUGxheSI6IjgwMDAiLCJvd2xfc3RvcE9uSG92ZXIiOiIxIiwib3dsX2F1dG9IZWlnaHQiOiIwIiwib3dsX3Jlc3BvbnNpdmUiOiIxIiwib3dsX21vdXNlRHJhZyI6IjEiLCJvd2xfdG91Y2hEcmFnIjoiMSIsIm93bF9uYXZpZ2F0aW9uIjoiMSIsIm93bF9zbGlkZVNwZWVkIjoiMjAwIiwib3dsX2l0ZW1zRGVza3RvcCI6IjAiLCJvd2xfaXRlbXNEZXNrdG9wU21hbGwiOiIwIiwib3dsX2l0ZW1zVGFibGV0IjoiMCIsIm93bF9pdGVtc1RhYmxldFNtYWxsIjoiMCIsIm93bF9pdGVtc01vYmlsZSI6IjAiLCJvd2xfaXRlbXNDdXN0b20iOiIwIiwib3dsX2xhenlMb2FkIjoiMCIsIm93bF9sYXp5RWZmZWN0IjoiMSIsIm93bF9sYXp5Rm9sbG93IjoiMSIsIm93bF9wYWdpbmF0aW9uIjoiMSIsIm93bF9wYWdpbmF0aW9uTnVtYmVycyI6IjAiLCJvd2xfcGFnaW5hdGlvblNwZWVkIjoiODAwIiwib3dsX3Jld2luZE5hdiI6IjEiLCJvd2xfcmV3aW5kU3BlZWQiOiIxMDAwIiwib3dsX3Njcm9sbFBlclBhZ2UiOiIwIn0=',1,1409219784),(64,'Home - Custom HTML Bottom','html','[encoded data, 20976 characters]',1,1409299468),(65,'Content Bottom - HTML','html','eyJhZGRsZW93aWRnZXRzIjoiMSIsImlkX2xlb3dpZGdldHMiOiI2NSIsIndpZGdldF9uYW1lIjoiQ29udGVudCBCb3R0b20gLSBIVE1MIiwid2lkZ2V0X3R5cGUiOiJodG1sIiwic2F2ZWFuZHN0YXlsZW90ZW1wY3AiOiIiLCJ3aWRnZXRfdGl0bGVfMSI6IiIsIndpZGdldF90aXRsZV8yIjoiIiwid2lkZ2V0X3RpdGxlXzMiOiIiLCJ3aWRnZXRfdGl0bGVfNCI6IiIsIndpZGdldF90aXRsZV81IjoiIiwid2lkZ2V0X3RpdGxlXzYiOiIiLCJ3aWRnZXRfdGl0bGVfNyI6IiIsIndpZGdldF90aXRsZV84IjoiIiwid2lkZ2V0X3RpdGxlXzkiOiIiLCJodG1sY29udGVudF8xIjoiPGRpdiBjbGFzcz1cImxvZ28tYm90dG9tXCI+PGltZyBzcmM9XCJcL3RoZW1lc1wvbGVvX3RzaGlydFwvaW1nXC9tb2R1bGVzXC9sZW9tYW5hZ2V3aWRnZXRzXC9sb2dvLWJvdHRvbS5wbmdcIiBhbHQ9XCJcIiBcLz48XC9kaXY+IiwiY29udGVudF8xIjoiPGRpdiBjbGFzcz1cImxvZ28tYm90dG9tXCI+PGltZyBzcmM9XCJcL3RoZW1lc1wvbGVvX3RzaGlydFwvaW1nXC9tb2R1bGVzXC9sZW9tYW5hZ2V3aWRnZXRzXC9sb2dvLWJvdHRvbS5wbmdcIiBhbHQ9XCJcIiBcLz48XC9kaXY+IiwiY29udGVudF8yIjoiPGRpdiBjbGFzcz1cImxvZ28tYm90dG9tXCI+PGltZyBzcmM9XCJcL3RoZW1lc1wvbGVvX3RzaGlydFwvaW1nXC9tb2R1bGVzXC9sZW9tYW5hZ2V3aWRnZXRzXC9sb2dvLWJvdHRvbS5wbmdcIiBhbHQ9XCJcIiBcLz48XC9kaXY+IiwiY29udGVudF8zIjoiPGRpdiBjbGFzcz1cImxvZ28tYm90dG9tXCI+PGltZyBzcmM9XCJcL3RoZW1lc1wvbGVvX3RzaGlydFwvaW1nXC9tb2R1bGVzXC9sZW9tYW5hZ2V3aWRnZXRzXC9sb2dvLWJvdHRvbS5wbmdcIiBhbHQ9XCJcIiBcLz48XC9kaXY+IiwiY29udGVudF80IjoiPGRpdiBjbGFzcz1cImxvZ28tYm90dG9tXCI+PGltZyBzcmM9XCJcL3RoZW1lc1wvbGVvX3RzaGlydFwvaW1nXC9tb2R1bGVzXC9sZW9tYW5hZ2V3aWRnZXRzXC9sb2dvLWJvdHRvbS5wbmdcIiBhbHQ9XCJcIiBcLz48XC9kaXY+IiwiY29udGVudF81IjoiPGRpdiBjbGFzcz1cImxvZ28tYm90dG9tXCI+PGltZyBzcmM9XCJcL3RoZW1lc1wvbGVvX3RzaGlydFwvaW1nXC9tb2R1bGVzXC9sZW9tYW5hZ2V3aWRnZXRzXC9sb2dvLWJvdHRvbS5wbmdcIiBhbHQ9XCJcIiBcLz48XC9kaXY+IiwiY29udGVudF82IjoiPGRpdiBjbGFzcz1cImxvZ28tYm90dG9tXCI+PGltZyBzcmM9XCJcL3RoZW1lc1wvbGVvX3RzaGlydFwvaW1nXC9tb2R1bGVzXC9sZW9tYW5hZ2V3aWRnZXRzXC9sb2dvLWJvdHRvbS5wbmdcIiBhbHQ9XCJcIiBcLz48XC9kaXY+IiwiY29udGVudF83IjoiPGRpdiBjbGFzcz1cImxvZ28tYm90dG9tXCI+PGltZyBzcmM9XCJcL3RoZW1lc1wvbGVvX3RzaGlydFwvaW1nXC9tb2R1bGVzXC9sZW9tYW5hZ2V3aWRnZXRzXC9sb2dvLWJvdHRvbS5wbmdcIiBhbHQ9XCJcIiBcLz48XC9kaXY+IiwiY29udGVudF84IjoiPGRpdiBjbGFzcz1cImxvZ28tYm90dG9tXCI+PGltZyBzcmM9XCJcL3RoZW1lc1wvbGVvX3RzaGlydFwvaW1nXC9tb2R1bGVzXC9sZW9tYW5hZ2V3aWRnZXRzXC9sb2dvLWJvdHRvbS5wbmdcIiBhbHQ9XCJcIiBcLz48XC9kaXY+IiwiY29udGVudF85IjoiPGRpdiBjbGFzcz1cImxvZ28tYm90dG9tXCI+PGltZyBzcmM9XCJcL3RoZW1lc1wvbGVvX3RzaGlydFwvaW1nXC9tb2R1bGVzXC9sZW9tYW5hZ2V3aWRnZXRzXC9sb2dvLWJvdHRvbS5wbmdcIiBhbHQ9XCJcIiBcLz48XC9kaXY+IiwiaHRtbGNvbnRlbnRfMiI6IjxkaXYgY2xhc3M9XCJsb2dvLWJvdHRvbVwiPjxcL2Rpdj4iLCJodG1sY29udGVudF8zIjoiPGRpdiBjbGFzcz1cImxvZ28tYm90dG9tXCI+PGltZyBzcmM9XCJcL3RoZW1lc1wvbGVvX3RzaGlydFwvaW1nXC9tb2R1bGVzXC9sZW9tYW5hZ2V3aWRnZXRzXC9sb2dvLWJvdHRvbS5wbmdcIiBhbHQ9XCJcIiBcLz48XC9kaXY+IiwiaHRtbGNvbnRlbnRfNCI6IjxkaXYgY2xhc3M9XCJsb2dvLWJvdHRvbVwiPjxpbWcgc3JjPVwiXC90aGVtZXNcL2xlb190c2hpcnRcL2ltZ1wvbW9kdWxlc1wvbGVvbWFuYWdld2lkZ2V0c1wvbG9nby1ib3R0b20ucG5nXCIgYWx0PVwiXCIgXC8+PFwvZGl2PiIsImh0bWxjb250ZW50XzUiOiI8ZGl2IGNsYXNzPVwibG9nby1ib3R0b21cIj48aW1nIHNyYz1cIlwvdGhlbWVzXC9sZW9fdHNoaXJ0XC9pbWdcL21vZHVsZXNcL2xlb21hbmFnZXdpZGdldHNcL2xvZ28tYm90dG9tLnBuZ1wiIGFsdD1cIlwiIFwvPjxcL2Rpdj4iLCJodG1sY29udGVudF82IjoiPGRpdiBjbGFzcz1cImxvZ28tYm90dG9tXCI+PGltZyBzcmM9XCJcL3RoZW1lc1wvbGVvX3RzaGlydFwvaW1nXC9tb2R1bGVzXC9sZW9tYW5hZ2V3aWRnZXRzXC9sb2dvLWJvdHRvbS5wbmdcIiBhbHQ9XCJcIiBcLz48XC9kaXY+IiwiaHRtbGNvbnRlbnRfNyI6IjxkaXYgY2xhc3M9XCJsb2dvLWJvdHRvbVwiPjxpbWcgc3JjPVwiXC90aGVtZXNcL2xlb190c2hpcnRcL2ltZ1wvbW9kdWxlc1wvbGVvbWFuYWdld2lkZ2V0c1wvbG9nby1ib3R0b20ucG5nXCIgYWx0PVwiXCIgXC8+PFwvZGl2PiIsImh0bWxjb250ZW50XzgiOiI8ZGl2IGNsYXNzPVwibG9nby1ib3R0b21cIj48aW1nIHNyYz1cIlwvdGhlbWVzXC9sZW9fdHNoaXJ0XC9pbWdcL21vZHVsZXNcL2xlb21hbmFnZXdpZGdldHNcL2xvZ28tYm90dG9tLnBuZ1wiIGFsdD1cIlwiIFwvPjxcL2Rpdj4iLCJodG1sY29udGVudF85IjoiPGRpdiBjbGFzcz1cImxvZ28tYm90dG9tXCI+PGltZyBzcmM9XCJcL3RoZW1lc1wvbGVvX3RzaGlydFwvaW1nXC9tb2R1bGVzXC9sZW9tYW5hZ2V3aWRnZXRzXC9sb2dvLWJvdHRvbS5wbmdcIiBhbHQ9XCJcIiBcLz48XC9kaXY+In0=',1,1409305494),(66,'Content Bottom - HTML About US','html','[encoded data, 11208 characters]',1,1409307772),(67,'Content Bottom - Newsletter','newsletter','eyJhZGRsZW93aWRnZXRzIjoiMSIsImlkX2xlb3dpZGdldHMiOiIiLCJ3aWRnZXRfbmFtZSI6IkNvbnRlbnQgQm90dG9tIC0gTmV3c2xldHRlciIsIndpZGdldF90aXRsZV8xIjoiTmV3c2xldHRlciIsIndpZGdldF90aXRsZV8yIjoiTmV3c2xldHRlciIsIndpZGdldF90aXRsZV8zIjoiTmV3c2xldHRlciIsIndpZGdldF90aXRsZV80IjoiTmV3c2xldHRlciIsIndpZGdldF90aXRsZV81IjoiTmV3c2xldHRlciIsIndpZGdldF90aXRsZV82IjoiTmV3c2xldHRlciIsIndpZGdldF90aXRsZV83IjoiTmV3c2xldHRlciIsIndpZGdldF90aXRsZV84IjoiTmV3c2xldHRlciIsIndpZGdldF90aXRsZV85IjoiTmV3c2xldHRlciIsIndpZGdldF90eXBlIjoibmV3c2xldHRlciIsImNsYXNzIjoibGVvLW5ld3NsZXR0ZXIiLCJpbmZvcm1hdGlvbl8xIjoiPHA+U2lnbiB1cCB0byBvdXIgbmV3c2xldHRlciBhbmQgZ2V0IGV4Y2x1c2l2ZSBkZWFscyB5b3Ugd29udCBmaW5kIGFueXdoZXJlIGVsc2Ugc3RyYWlnaHQgdG8geW91ciBpbmJveCE8XC9wPiIsImluZm9ybWF0aW9uXzIiOiI8cD5TaWduIHVwIHRvIG91ciBuZXdzbGV0dGVyIGFuZCBnZXQgZXhjbHVzaXZlIGRlYWxzIHlvdSB3b250IGZpbmQgYW55d2hlcmUgZWxzZSBzdHJhaWdodCB0byB5b3VyIGluYm94ITxcL3A+IiwiaW5mb3JtYXRpb25fMyI6IjxwPlNpZ24gdXAgdG8gb3VyIG5ld3NsZXR0ZXIgYW5kIGdldCBleGNsdXNpdmUgZGVhbHMgeW91IHdvbnQgZmluZCBhbnl3aGVyZSBlbHNlIHN0cmFpZ2h0IHRvIHlvdXIgaW5ib3ghPFwvcD4iLCJpbmZvcm1hdGlvbl80IjoiPHA+U2lnbiB1cCB0byBvdXIgbmV3c2xldHRlciBhbmQgZ2V0IGV4Y2x1c2l2ZSBkZWFscyB5b3Ugd29udCBmaW5kIGFueXdoZXJlIGVsc2Ugc3RyYWlnaHQgdG8geW91ciBpbmJveCE8XC9wPiIsImluZm9ybWF0aW9uXzUiOiI8cD5TaWduIHVwIHRvIG91ciBuZXdzbGV0dGVyIGFuZCBnZXQgZXhjbHVzaXZlIGRlYWxzIHlvdSB3b250IGZpbmQgYW55d2hlcmUgZWxzZSBzdHJhaWdodCB0byB5b3VyIGluYm94ITxcL3A+IiwiaW5mb3JtYXRpb25fNiI6IjxwPlNpZ24gdXAgdG8gb3VyIG5ld3NsZXR0ZXIgYW5kIGdldCBleGNsdXNpdmUgZGVhbHMgeW91IHdvbnQgZmluZCBhbnl3aGVyZSBlbHNlIHN0cmFpZ2h0IHRvIHlvdXIgaW5ib3ghPFwvcD4iLCJpbmZvcm1hdGlvbl83IjoiPHA+U2lnbiB1cCB0byBvdXIgbmV3c2xldHRlciBhbmQgZ2V0IGV4Y2x1c2l2ZSBkZWFscyB5b3Ugd29udCBmaW5kIGFueXdoZXJlIGVsc2Ugc3RyYWlnaHQgdG8geW91ciBpbmJveCE8XC9wPiIsImluZm9ybWF0aW9uXzgiOiI8cD5TaWduIHVwIHRvIG91ciBuZXdzbGV0dGVyIGFuZCBnZXQgZXhjbHVzaXZlIGRlYWxzIHlvdSB3b250IGZpbmQgYW55d2hlcmUgZWxzZSBzdHJhaWdodCB0byB5b3VyIGluYm94ITxcL3A+IiwiaW5mb3JtYXRpb25fOSI6IjxwPlNpZ24gdXAgdG8gb3VyIG5ld3NsZXR0ZXIgYW5kIGdldCBleGNsdXNpdmUgZGVhbHMgeW91IHdvbnQgZmluZCBhbnl3aGVyZSBlbHNlIHN0cmFpZ2h0IHRvIHlvdXIgaW5ib3ghPFwvcD4iLCJzYXZlbGVvdGVtcGNwIjoiIn0=',1,1409307960),(69,'Footer Top - HTML Openning','html','[encoded data, 10152 characters]',1,1409365104),(70,'liste','carousel','eyJhZGRsZW93aWRnZXRzIjoiMSIsImlkX2xlb3dpZGdldHMiOiIiLCJ3aWRnZXRfbmFtZSI6Imxpc3RlIiwid2lkZ2V0X3R5cGUiOiJjYXJvdXNlbCIsInNhdmVhbmRzdGF5bGVvdGVtcGNwIjoiIiwid2lkZ2V0X3RpdGxlXzEiOiIiLCJ3aWRnZXRfdGl0bGVfMyI6IiIsIndpZGdldF90aXRsZV80IjoiIiwid2lkZ2V0X3RpdGxlXzUiOiIiLCJ3aWRnZXRfdGl0bGVfNiI6IiIsIndpZGdldF90aXRsZV83IjoiIiwid2lkZ2V0X3RpdGxlXzgiOiIiLCJ3aWRnZXRfdGl0bGVfOSI6IiIsIndpZGdldF90aXRsZV8yIjoibGlzdGUiLCJzb3VyY2UiOiJwY2F0ZWdvcmllcyIsImNhdGVnb3JpZXMiOiIiLCJwdHlwZSI6Im5ld2VzdCIsInBwcm9kdWN0aWRzIjoiIiwib3JkZXJieSI6ImRhdGVfYWRkIiwib3JkZXJ3YXkiOiJBU0MiLCJpdGVtc3RhYiI6IjYiLCJjYXJvdXNlbF90eXBlIjoiY2Fyb3VzZWxfYm9vdHN0cmFwIiwiaXRlbXNwYWdlIjoiMyIsImNvbHVtbnMiOiIzIiwiaW50ZXJ2YWwiOiI4MDAwIiwib3dsX2l0ZW1zIjoiMyIsIm93bF9yb3dzIjoiMSIsIm93bF9hdXRvUGxheSI6IjgwMDAiLCJvd2xfc3RvcE9uSG92ZXIiOiIxIiwib3dsX2F1dG9IZWlnaHQiOiIwIiwib3dsX3Jlc3BvbnNpdmUiOiIxIiwib3dsX21vdXNlRHJhZyI6IjEiLCJvd2xfdG91Y2hEcmFnIjoiMSIsIm93bF9uYXZpZ2F0aW9uIjoiMSIsIm93bF9zbGlkZVNwZWVkIjoiMjAwIiwib3dsX2l0ZW1zRGVza3RvcCI6IjAiLCJvd2xfaXRlbXNEZXNrdG9wU21hbGwiOiIwIiwib3dsX2l0ZW1zVGFibGV0IjoiMCIsIm93bF9pdGVtc1RhYmxldFNtYWxsIjoiMCIsIm93bF9pdGVtc01vYmlsZSI6IjAiLCJvd2xfaXRlbXNDdXN0b20iOiIwIiwib3dsX2xhenlMb2FkIjoiMCIsIm93bF9sYXp5RWZmZWN0IjoiMSIsIm93bF9sYXp5Rm9sbG93IjoiMSIsIm93bF9wYWdpbmF0aW9uIjoiMSIsIm93bF9wYWdpbmF0aW9uTnVtYmVycyI6IjAiLCJvd2xfcGFnaW5hdGlvblNwZWVkIjoiODAwIiwib3dsX3Jld2luZE5hdiI6IjEiLCJvd2xfcmV3aW5kU3BlZWQiOiIxMDAwIiwib3dsX3Njcm9sbFBlclBhZ2UiOiIwIn0=',2,1460931321),(71,'home-list','carousel','eyJhZGRsZW93aWRnZXRzIjoiMSIsImlkX2xlb3dpZGdldHMiOiIiLCJ3aWRnZXRfbmFtZSI6ImhvbWUtbGlzdCIsIndpZGdldF90eXBlIjoiY2Fyb3VzZWwiLCJzYXZlYW5kc3RheWxlb3RlbXBjcCI6IiIsIndpZGdldF90aXRsZV8xIjoiIiwid2lkZ2V0X3RpdGxlXzMiOiIiLCJ3aWRnZXRfdGl0bGVfNCI6IiIsIndpZGdldF90aXRsZV81IjoiIiwid2lkZ2V0X3RpdGxlXzYiOiIiLCJ3aWRnZXRfdGl0bGVfNyI6IiIsIndpZGdldF90aXRsZV84IjoiIiwid2lkZ2V0X3RpdGxlXzkiOiIiLCJ3aWRnZXRfdGl0bGVfMiI6ImhvbWUtbGlzdCIsInNvdXJjZSI6InBjYXRlZ29yaWVzIiwiY2F0ZWdvcmllcyI6IiIsInB0eXBlIjoibmV3ZXN0IiwicHByb2R1Y3RpZHMiOiIiLCJvcmRlcmJ5IjoiZGF0ZV9hZGQiLCJvcmRlcndheSI6IkFTQyIsIml0ZW1zdGFiIjoiNiIsImNhcm91c2VsX3R5cGUiOiJjYXJvdXNlbF9ib290c3RyYXAiLCJpdGVtc3BhZ2UiOiIzIiwiY29sdW1ucyI6IjMiLCJpbnRlcnZhbCI6IjgwMDAiLCJvd2xfaXRlbXMiOiIzIiwib3dsX3Jvd3MiOiIxIiwib3dsX2F1dG9QbGF5IjoiODAwMCIsIm93bF9zdG9wT25Ib3ZlciI6IjEiLCJvd2xfYXV0b0hlaWdodCI6IjAiLCJvd2xfcmVzcG9uc2l2ZSI6IjEiLCJvd2xfbW91c2VEcmFnIjoiMSIsIm93bF90b3VjaERyYWciOiIxIiwib3dsX25hdmlnYXRpb24iOiIxIiwib3dsX3NsaWRlU3BlZWQiOiIyMDAiLCJvd2xfaXRlbXNEZXNrdG9wIjoiMCIsIm93bF9pdGVtc0Rlc2t0b3BTbWFsbCI6IjAiLCJvd2xfaXRlbXNUYWJsZXQiOiIwIiwib3dsX2l0ZW1zVGFibGV0U21hbGwiOiIwIiwib3dsX2l0ZW1zTW9iaWxlIjoiMCIsIm93bF9pdGVtc0N1c3RvbSI6IjAiLCJvd2xfbGF6eUxvYWQiOiIwIiwib3dsX2xhenlFZmZlY3QiOiIxIiwib3dsX2xhenlGb2xsb3ciOiIxIiwib3dsX3BhZ2luYXRpb24iOiIxIiwib3dsX3BhZ2luYXRpb25OdW1iZXJzIjoiMCIsIm93bF9wYWdpbmF0aW9uU3BlZWQiOiI4MDAiLCJvd2xfcmV3aW5kTmF2IjoiMSIsIm93bF9yZXdpbmRTcGVlZCI6IjEwMDAiLCJvd2xfc2Nyb2xsUGVyUGFnZSI6IjAifQ==',1,1461717969),(72,'mylist','carousel','eyJhZGRsZW93aWRnZXRzIjoiMSIsImlkX2xlb3dpZGdldHMiOiIiLCJ3aWRnZXRfbmFtZSI6Im15bGlzdCIsIndpZGdldF90eXBlIjoiY2Fyb3VzZWwiLCJzYXZlYW5kc3RheWxlb3RlbXBjcCI6IiIsIndpZGdldF90aXRsZV8xIjoiIiwid2lkZ2V0X3RpdGxlXzMiOiIiLCJ3aWRnZXRfdGl0bGVfNCI6IiIsIndpZGdldF90aXRsZV81IjoiIiwid2lkZ2V0X3RpdGxlXzYiOiIiLCJ3aWRnZXRfdGl0bGVfNyI6IiIsIndpZGdldF90aXRsZV84IjoiIiwid2lkZ2V0X3RpdGxlXzkiOiIiLCJ3aWRnZXRfdGl0bGVfMiI6Im15bGlzdCIsInNvdXJjZSI6InBjYXRlZ29yaWVzIiwiY2F0ZWdvcmllcyI6IiIsInB0eXBlIjoibmV3ZXN0IiwicHByb2R1Y3RpZHMiOiIiLCJvcmRlcmJ5IjoiZGF0ZV9hZGQiLCJvcmRlcndheSI6IkFTQyIsIml0ZW1zdGFiIjoiNiIsImNhcm91c2VsX3R5cGUiOiJjYXJvdXNlbF9ib290c3RyYXAiLCJpdGVtc3BhZ2UiOiIzIiwiY29sdW1ucyI6IjMiLCJpbnRlcnZhbCI6IjgwMDAiLCJvd2xfaXRlbXMiOiIzIiwib3dsX3Jvd3MiOiIxIiwib3dsX2F1dG9QbGF5IjoiODAwMCIsIm93bF9zdG9wT25Ib3ZlciI6IjEiLCJvd2xfYXV0b0hlaWdodCI6IjAiLCJvd2xfcmVzcG9uc2l2ZSI6IjEiLCJvd2xfbW91c2VEcmFnIjoiMSIsIm93bF90b3VjaERyYWciOiIxIiwib3dsX25hdmlnYXRpb24iOiIxIiwib3dsX3NsaWRlU3BlZWQiOiIyMDAiLCJvd2xfaXRlbXNEZXNrdG9wIjoiMCIsIm93bF9pdGVtc0Rlc2t0b3BTbWFsbCI6IjAiLCJvd2xfaXRlbXNUYWJsZXQiOiIwIiwib3dsX2l0ZW1zVGFibGV0U21hbGwiOiIwIiwib3dsX2l0ZW1zTW9iaWxlIjoiMCIsIm93bF9pdGVtc0N1c3RvbSI6IjAiLCJvd2xfbGF6eUxvYWQiOiIwIiwib3dsX2xhenlFZmZlY3QiOiIxIiwib3dsX2xhenlGb2xsb3ciOiIxIiwib3dsX3BhZ2luYXRpb24iOiIxIiwib3dsX3BhZ2luYXRpb25OdW1iZXJzIjoiMCIsIm93bF9wYWdpbmF0aW9uU3BlZWQiOiI4MDAiLCJvd2xfcmV3aW5kTmF2IjoiMSIsIm93bF9yZXdpbmRTcGVlZCI6IjEwMDAiLCJvd2xfc2Nyb2xsUGVyUGFnZSI6IjAifQ==',1,1461718058),(73,'ISOKAY','carousel','eyJhZGRsZW93aWRnZXRzIjoiMSIsImlkX2xlb3dpZGdldHMiOiI3MyIsIndpZGdldF9uYW1lIjoiSVNPS0FZIiwid2lkZ2V0X3R5cGUiOiJjYXJvdXNlbCIsInNhdmVhbmRzdGF5bGVvdGVtcGNwIjoiIiwid2lkZ2V0X3RpdGxlXzEiOiIiLCJ3aWRnZXRfdGl0bGVfMyI6IiIsIndpZGdldF90aXRsZV80IjoiIiwid2lkZ2V0X3RpdGxlXzUiOiIiLCJ3aWRnZXRfdGl0bGVfNiI6IiIsIndpZGdldF90aXRsZV83IjoiIiwid2lkZ2V0X3RpdGxlXzgiOiIiLCJ3aWRnZXRfdGl0bGVfOSI6IiIsIndpZGdldF90aXRsZV8yIjoiRGlzcG8iLCJzb3VyY2UiOiJwY2F0ZWdvcmllcyIsImNhdGVnb3JpZXMiOlsiMTIiXSwicHR5cGUiOiJuZXdlc3QiLCJwcHJvZHVjdGlkcyI6IiIsIm9yZGVyYnkiOiJkYXRlX2FkZCIsIm9yZGVyd2F5IjoiQVNDIiwiaXRlbXN0YWIiOiIyNCIsImNhcm91c2VsX3R5cGUiOiJjYXJvdXNlbF9ib290c3RyYXAiLCJpdGVtc3BhZ2UiOiI1IiwiY29sdW1ucyI6IjUiLCJpbnRlcnZhbCI6IjgwMDAiLCJvd2xfaXRlbXMiOiIzIiwib3dsX3Jvd3MiOiIxIiwib3dsX2F1dG9QbGF5IjoiODAwMCIsIm93bF9zdG9wT25Ib3ZlciI6IjEiLCJvd2xfYXV0b0hlaWdodCI6IjAiLCJvd2xfcmVzcG9uc2l2ZSI6IjEiLCJvd2xfbW91c2VEcmFnIjoiMSIsIm93bF90b3VjaERyYWciOiIxIiwib3dsX25hdmlnYXRpb24iOiIxIiwib3dsX3NsaWRlU3BlZWQiOiIyMDAiLCJvd2xfaXRlbXNEZXNrdG9wIjoiMCIsIm93bF9pdGVtc0Rlc2t0b3BTbWFsbCI6IjAiLCJvd2xfaXRlbXNUYWJsZXQiOiIwIiwib3dsX2l0ZW1zVGFibGV0U21hbGwiOiIwIiwib3dsX2l0ZW1zTW9iaWxlIjoiMCIsIm93bF9pdGVtc0N1c3RvbSI6IjAiLCJvd2xfbGF6eUxvYWQiOiIwIiwib3dsX2xhenlFZmZlY3QiOiIxIiwib3dsX2xhenlGb2xsb3ciOiIxIiwib3dsX3BhZ2luYXRpb24iOiIxIiwib3dsX3BhZ2luYXRpb25OdW1iZXJzIjoiMCIsIm93bF9wYWdpbmF0aW9uU3BlZWQiOiI4MDAiLCJvd2xfcmV3aW5kTmF2IjoiMSIsIm93bF9yZXdpbmRTcGVlZCI6IjEwMDAiLCJvd2xfc2Nyb2xsUGVyUGFnZSI6IjAifQ==',1,1461718158);

--
